000
CDUS46 KLOX 220904
CLIBUR


CLIMATE REPORT
NATIONAL WEATHER SERVICE LOS ANGELES/OXNARD CA
104 AM PST WED FEB 22 2017


...................................

...THE BOB HOPE AIRPORT (BURBANK) CA CLIMATE SUMMARY FOR FEBRUARY 21 2017...

CLIMATE NORMAL PERIOD 1981 TO 2010
CLIMATE RECORD PERIOD 1939 TO 2017


WEATHER ITEM   OBSERVED TIME   RECORD YEAR NORMAL DEPARTURE LAST
                VALUE   (LST)  VALUE       VALUE  FROM      YEAR
                                                  NORMAL
..................................................................
TEMPERATURE (F)
 YESTERDAY
  MAXIMUM         64    325 PM  90    1995  68     -4       74
  MINIMUM         52   1159 PM  33    1953  45      7       46
  AVERAGE         58                        56      2       60

PRECIPITATION (IN)
  YESTERDAY        0.05          2.79 1996   0.18  -0.13     0.00
  MONTH TO DATE    3.36                      3.37  -0.01     0.63
  SINCE OCT 1     13.31                     11.34   1.97     5.47
  SINCE JAN 1      9.05                      6.90   2.15     4.37

SNOWFALL (IN)
  YESTERDAY        0.0
  MONTH TO DATE    0.0
  SINCE DEC 1      0.0
  SINCE JUL 1      0.0

DEGREE DAYS
 HEATING
  YESTERDAY        7                         9     -2        5
  MONTH TO DATE  141                       199    -58       89
  SINCE DEC 1    784                       854    -70      729
  SINCE JUL 1    902                      1082   -180      905

 COOLING
  YESTERDAY        0                         0      0        0
  MONTH TO DATE    1                         0      1       45
  SINCE DEC 1      1                         3     -2       49
  SINCE JAN 1      1                         2     -1       45
..................................................................


WIND (MPH)
  HIGHEST WIND SPEED    10   HIGHEST WIND DIRECTION    SW (210)
  HIGHEST GUST SPEED    14   HIGHEST GUST DIRECTION    SW (230)
  AVERAGE WIND SPEED     2.5


SKY COVER
  POSSIBLE SUNSHINE  MM
  AVERAGE SKY COVER 0.9


WEATHER CONDITIONS
 THE FOLLOWING WEATHER WAS RECORDED YESTERDAY.
  LIGHT RAIN
  FOG
  HAZE


RELATIVE HUMIDITY (PERCENT)
 HIGHEST    93           500 AM
 LOWEST     52           400 PM
 AVERAGE    73

..........................................................


THE BOB HOPE AIRPORT (BURBANK) CA CLIMATE NORMALS FOR TODAY
                         NORMAL    RECORD    YEAR
 MAXIMUM TEMPERATURE (F)   68        88      2002
 MINIMUM TEMPERATURE (F)   45        34      1976


SUNRISE AND SUNSET
FEBRUARY 22 2017......SUNRISE   630 AM PST   SUNSET   544 PM PST
FEBRUARY 23 2017......SUNRISE   629 AM PST   SUNSET   545 PM PST


-  INDICATES NEGATIVE NUMBERS.
R  INDICATES RECORD WAS SET OR TIED.
MM INDICATES DATA IS MISSING.
T  INDICATES TRACE AMOUNT.




$$
