000
CDUS46 KLOX 230917
CLIBUR


CLIMATE REPORT
NATIONAL WEATHER SERVICE LOS ANGELES/OXNARD CA
217 AM PDT SAT MAY 23 2015


...................................

...THE BOB HOPE AIRPORT (BURBANK) CA CLIMATE SUMMARY FOR MAY 22 2015...

CLIMATE NORMAL PERIOD 1981 TO 2010
CLIMATE RECORD PERIOD 1939 TO 2015


WEATHER ITEM   OBSERVED TIME   RECORD YEAR NORMAL DEPARTURE LAST
                VALUE   (LST)  VALUE       VALUE  FROM      YEAR
                                                  NORMAL
..................................................................
TEMPERATURE (F)
 YESTERDAY
  MAXIMUM         66   1256 PM  94    1967  77    -11       70
  MINIMUM         57    608 AM  45    1945  55      2       56
  AVERAGE         62                        66     -4       63

PRECIPITATION (IN)
  YESTERDAY        0.00          0.47 2006   0.00   0.00      T
  MONTH TO DATE    0.30                      0.28   0.02      T
  SINCE OCT 1      7.58                     16.81  -9.23     5.54
  SINCE JAN 1      3.08                     12.37  -9.29     4.91

SNOWFALL (IN)
  YESTERDAY        0.0
  MONTH TO DATE    0.0
  SINCE MAR 1      0.0
  SINCE JUL 1      0.0

DEGREE DAYS
 HEATING
  YESTERDAY        3                         1      2        2
  MONTH TO DATE   61                        48     13       21
  SINCE MAR 1    173                       404   -231      181
  SINCE JUL 1    730                      1545   -815      658

 COOLING
  YESTERDAY        0                         2     -2        0
  MONTH TO DATE   26                        44    -18      149
  SINCE MAR 1    221                        89    132      250
  SINCE JAN 1    247                        95    152      310
..................................................................


WIND (MPH)
  HIGHEST WIND SPEED    14   HIGHEST WIND DIRECTION     S (170)
  HIGHEST GUST SPEED    17   HIGHEST GUST DIRECTION     S (160)
  AVERAGE WIND SPEED     4.9


SKY COVER
  POSSIBLE SUNSHINE  MM
  AVERAGE SKY COVER 0.9


WEATHER CONDITIONS
 THE FOLLOWING WEATHER WAS RECORDED YESTERDAY.
  NO SIGNIFICANT WEATHER WAS OBSERVED.


RELATIVE HUMIDITY (PERCENT)
 HIGHEST    77           700 AM
 LOWEST     48          1100 AM
 AVERAGE    63

..........................................................


THE BOB HOPE AIRPORT (BURBANK) CA CLIMATE NORMALS FOR TODAY
                         NORMAL    RECORD    YEAR
 MAXIMUM TEMPERATURE (F)   77        96      1949
 MINIMUM TEMPERATURE (F)   56        46      1960


SUNRISE AND SUNSET
MAY 23 2015...........SUNRISE   547 AM PDT   SUNSET   754 PM PDT
MAY 24 2015...........SUNRISE   546 AM PDT   SUNSET   755 PM PDT


-  INDICATES NEGATIVE NUMBERS.
R  INDICATES RECORD WAS SET OR TIED.
MM INDICATES DATA IS MISSING.
T  INDICATES TRACE AMOUNT.




$$
