000
CDUS46 KLOX 310118
CLIBUR


CLIMATE REPORT
NATIONAL WEATHER SERVICE LOS ANGELES/OXNARD CA
518 PM PST FRI JAN 30 2015


...................................

...THE BOB HOPE AIRPORT (BURBANK) CA CLIMATE SUMMARY FOR JANUARY 30 2015...
VALID TODAY AS OF 0500 PM LOCAL TIME.

CLIMATE NORMAL PERIOD 1981 TO 2010
CLIMATE RECORD PERIOD 1939 TO 2015


WEATHER ITEM   OBSERVED TIME   RECORD YEAR NORMAL DEPARTURE LAST
                VALUE   (LST)  VALUE       VALUE  FROM      YEAR
                                                  NORMAL
..................................................................
TEMPERATURE (F)
 TODAY
  MAXIMUM         67    206 PM  85    2003  68     -1       63
  MINIMUM         57    335 PM  29    1969  43     14       57
  AVERAGE         62                        55      7       60

PRECIPITATION (IN)
  TODAY            0.23          2.85 1986   0.13   0.10      T
  MONTH TO DATE    1.11                      3.40  -2.29      T
  SINCE OCT 1      5.61                      7.84  -2.23     0.63
  SINCE JAN 1      1.11                      3.40  -2.29      T

SNOWFALL (IN)
  TODAY            0.0
  MONTH TO DATE    0.0
  SINCE DEC 1      0.0
  SINCE JUL 1      0.0

DEGREE DAYS
 HEATING
  TODAY            3                        10     -7        5
  MONTH TO DATE  166                       306   -140       62
  SINCE DEC 1    404                       645   -241      272
  SINCE JUL 1    464                       873   -409      360

 COOLING
  TODAY            0                         0      0        0
  MONTH TO DATE    6                         0      6       37
  SINCE DEC 1      9                         1      8       51
  SINCE JAN 1      6                         0      6       37
..................................................................


WIND (MPH)
  HIGHEST WIND SPEED    20   HIGHEST WIND DIRECTION     W (270)
  HIGHEST GUST SPEED    24   HIGHEST GUST DIRECTION     W (280)
  AVERAGE WIND SPEED     5.3


SKY COVER
  POSSIBLE SUNSHINE  MM
  AVERAGE SKY COVER 0.7


WEATHER CONDITIONS
 THE FOLLOWING WEATHER WAS RECORDED TODAY.
  RAIN
  LIGHT RAIN
  FOG


RELATIVE HUMIDITY (PERCENT)
 HIGHEST    72          1100 AM
 LOWEST     52           200 AM
 AVERAGE    62

..........................................................


THE BOB HOPE AIRPORT (BURBANK) CA CLIMATE NORMALS FOR TOMORROW
                         NORMAL    RECORD    YEAR
 MAXIMUM TEMPERATURE (F)   68        91      2003
 MINIMUM TEMPERATURE (F)   43        28      1975


SUNRISE AND SUNSET
JANUARY 30 2015.......SUNRISE   652 AM PST   SUNSET   522 PM PST
JANUARY 31 2015.......SUNRISE   652 AM PST   SUNSET   523 PM PST


-  INDICATES NEGATIVE NUMBERS.
R  INDICATES RECORD WAS SET OR TIED.
MM INDICATES DATA IS MISSING.
T  INDICATES TRACE AMOUNT.




$$
