000
CDUS46 KLOX 200921
CLIBUR


CLIMATE REPORT
NATIONAL WEATHER SERVICE LOS ANGELES/OXNARD CA
220 AM PDT SUN APR 20 2014


...................................

...THE BOB HOPE AIRPORT (BURBANK) CA CLIMATE SUMMARY FOR APRIL 19 2014...

CLIMATE NORMAL PERIOD 1981 TO 2010
CLIMATE RECORD PERIOD 1939 TO 2014


WEATHER ITEM   OBSERVED TIME   RECORD YEAR NORMAL DEPARTURE LAST
                VALUE   (LST)  VALUE       VALUE  FROM      YEAR
                                                  NORMAL
..................................................................
TEMPERATURE (F)
 YESTERDAY
  MAXIMUM         75    310 PM  98    1958  74      1       86
  MINIMUM         54    553 AM  38    1967  51      3       52
  AVERAGE         65                        62      3       69

PRECIPITATION (IN)
  YESTERDAY        0.00          0.27 1983   0.03  -0.03     0.00
  MONTH TO DATE    0.04                      0.80  -0.76      T
  SINCE JUL 1      5.34                     16.54 -11.20     4.70
  SINCE JAN 1      4.91                     11.78  -6.87     1.90

SNOWFALL (IN)
  YESTERDAY        0.0
  MONTH TO DATE    0.0
  SINCE MAR 1      0.0
  SINCE JUL 1      0.0

DEGREE DAYS
 HEATING
  YESTERDAY        0                         4     -4        0
  MONTH TO DATE   55                        99    -44       18
  SINCE MAR 1    143                       317   -174       87
  SINCE JUL 1    620                      1458   -838     1098

 COOLING
  YESTERDAY        0                         1     -1        4
  MONTH TO DATE   42                        19     23       33
  SINCE MAR 1     62                        29     33       81
  SINCE JAN 1    122                        35     87       83
..................................................................


WIND (MPH)
  HIGHEST WIND SPEED    12   HIGHEST WIND DIRECTION     E (100)
  HIGHEST GUST SPEED    17   HIGHEST GUST DIRECTION     E (100)
  AVERAGE WIND SPEED     3.9


SKY COVER
  POSSIBLE SUNSHINE  MM
  AVERAGE SKY COVER 0.0


WEATHER CONDITIONS
 THE FOLLOWING WEATHER WAS RECORDED YESTERDAY.
  NO SIGNIFICANT WEATHER WAS OBSERVED.


RELATIVE HUMIDITY (PERCENT)
 HIGHEST    83           500 AM
 LOWEST     46           100 PM
 AVERAGE    65

..........................................................


THE BOB HOPE AIRPORT (BURBANK) CA CLIMATE NORMALS FOR TODAY
                         NORMAL    RECORD    YEAR
 MAXIMUM TEMPERATURE (F)   74       100      1958
 MINIMUM TEMPERATURE (F)   51        38      1972


SUNRISE AND SUNSET
APRIL 20 2014.........SUNRISE   616 AM PDT   SUNSET   729 PM PDT
APRIL 21 2014.........SUNRISE   615 AM PDT   SUNSET   730 PM PDT


-  INDICATES NEGATIVE NUMBERS.
R  INDICATES RECORD WAS SET OR TIED.
MM INDICATES DATA IS MISSING.
T  INDICATES TRACE AMOUNT.




$$
