000
CDUS43 KLMK 170627
CLIBWG


CLIMATE REPORT
NATIONAL WEATHER SERVICE LOUISVILLE KY
227 AM EDT WED SEP 17 2014


...................................

...THE BOWLING GREEN KY CLIMATE SUMMARY FOR SEPTEMBER 16 2014...

CLIMATE NORMAL PERIOD 1981 TO 2010
CLIMATE RECORD PERIOD 1870 TO 2014


WEATHER ITEM   OBSERVED TIME   RECORD YEAR NORMAL DEPARTURE LAST
                VALUE   (LST)  VALUE       VALUE  FROM      YEAR
                                                  NORMAL
..................................................................
TEMPERATURE (F)
 YESTERDAY
  MAXIMUM         75    234 PM 101    1927  82     -7       76
  MINIMUM         56   1159 PM  38    1916  58     -2       58
                                      1904
  AVERAGE         66                        70     -4       67

PRECIPITATION (IN)
  YESTERDAY        T             1.98 1894   0.13  -0.13     0.00
  MONTH TO DATE    0.14                      2.11  -1.97     3.50
  SINCE SEP 1      0.14                      2.11  -1.97     3.50
  SINCE JAN 1     36.30                     35.67   0.63    46.20

SNOWFALL (IN)
  YESTERDAY        0.0           0.0    MM   0.0    0.0      0.0
  MONTH TO DATE    0.0                       0.0    0.0      0.0
  SINCE SEP 1      0.0                       0.0    0.0      0.0
  SINCE JUL 1      0.0                       0.0    0.0      0.0
  SNOW DEPTH       0

DEGREE DAYS
 HEATING
  YESTERDAY        0                         1     -1        0
  MONTH TO DATE   12                         3      9        6
  SINCE SEP 1     12                         3      9        6
  SINCE JUL 1     12                         4      8        6

 COOLING
  YESTERDAY        1                         6     -5        2
  MONTH TO DATE  127                       129     -2      139
  SINCE SEP 1    127                       129     -2      139
  SINCE JAN 1   1404                      1398      6     1399
..................................................................


WIND (MPH)
  HIGHEST WIND SPEED     9   HIGHEST WIND DIRECTION    NE (40)
  HIGHEST GUST SPEED    14   HIGHEST GUST DIRECTION    NW (330)
  AVERAGE WIND SPEED     4.4


SKY COVER
  POSSIBLE SUNSHINE  MM
  AVERAGE SKY COVER 0.8


WEATHER CONDITIONS
 THE FOLLOWING WEATHER WAS RECORDED YESTERDAY.
  LIGHT RAIN
  FOG


RELATIVE HUMIDITY (PERCENT)
 HIGHEST    93           700 AM
 LOWEST     53           400 PM
 AVERAGE    73

..........................................................


THE BOWLING GREEN KY CLIMATE NORMALS FOR TODAY
                         NORMAL    RECORD    YEAR
 MAXIMUM TEMPERATURE (F)   82       101      1931
 MINIMUM TEMPERATURE (F)   58        38      1916


SUNRISE AND SUNSET
SEPTEMBER 17 2014.....SUNRISE   629 AM CDT   SUNSET   650 PM CDT
SEPTEMBER 18 2014.....SUNRISE   630 AM CDT   SUNSET   649 PM CDT


-  INDICATES NEGATIVE NUMBERS.
R  INDICATES RECORD WAS SET OR TIED.
MM INDICATES DATA IS MISSING.
T  INDICATES TRACE AMOUNT.




$$
