000
CDUS41 KLWX 030522
CLIBWI


CLIMATE REPORT
NATIONAL WEATHER SERVICE BALTIMORE MD/WASHINGTON DC
122 AM EDT MON AUG 3 2015


...................................

...THE BALTIMORE MD CLIMATE SUMMARY FOR AUGUST 2 2015...

CLIMATE NORMAL PERIOD 1981 TO 2010
CLIMATE RECORD PERIOD 1870 TO 2015


WEATHER ITEM   OBSERVED TIME   RECORD YEAR NORMAL DEPARTURE LAST
                VALUE   (LST)  VALUE       VALUE  FROM      YEAR
                                                  NORMAL
..................................................................
TEMPERATURE (F)
 YESTERDAY
  MAXIMUM         89    355 PM 100    1955  86      3       79
  MINIMUM         64    525 AM  55    1998  67     -3       65
  AVERAGE         77                        76      1       72

PRECIPITATION (IN)
  YESTERDAY        0.00          3.00 1944   0.12  -0.12     0.20
  MONTH TO DATE    0.00                      0.24  -0.24     0.29
  SINCE JUN 1     16.58                      7.77   8.81     7.04
  SINCE JAN 1     33.78                     24.80   8.98    30.66

SNOWFALL (IN)
  YESTERDAY        0.0          MM      MM   0.0    0.0
  MONTH TO DATE    0.0                       0.0    0.0
  SINCE JUL 1      0.0                       0.0    0.0
  SNOW DEPTH       0

DEGREE DAYS
 HEATING
  YESTERDAY        0                         0      0        0
  MONTH TO DATE    0                         0      0        0
  SINCE JUN 1     14                        15     -1        2
  SINCE JUL 1      0                         0      0        0

 COOLING
  YESTERDAY       12                        12      0        7
  MONTH TO DATE   25                        24      1       16
  SINCE JUN 1    703                       634     69      607
  SINCE JAN 1    892                       718    174      692
..................................................................


WIND (MPH)
  HIGHEST WIND SPEED    10   HIGHEST WIND DIRECTION    SW (220)
  HIGHEST GUST SPEED    18   HIGHEST GUST DIRECTION     N (350)
  AVERAGE WIND SPEED     3.5


SKY COVER
  POSSIBLE SUNSHINE  MM
  AVERAGE SKY COVER 0.6


WEATHER CONDITIONS
 THE FOLLOWING WEATHER WAS RECORDED YESTERDAY.
  NO SIGNIFICANT WEATHER WAS OBSERVED.


RELATIVE HUMIDITY (PERCENT)
 HIGHEST    93           600 AM
 LOWEST     29           100 PM
 AVERAGE    61

..........................................................


THE BALTIMORE MD CLIMATE NORMALS FOR TODAY
                         NORMAL    RECORD    YEAR
 MAXIMUM TEMPERATURE (F)   86       100      2006
                                             1931
 MINIMUM TEMPERATURE (F)   67        55      1998
                                             1959


SUNRISE AND SUNSET
AUGUST  3 2015........SUNRISE   609 AM EDT   SUNSET   817 PM EDT
AUGUST  4 2015........SUNRISE   609 AM EDT   SUNSET   816 PM EDT


-  INDICATES NEGATIVE NUMBERS.
R  INDICATES RECORD WAS SET OR TIED.
MM INDICATES DATA IS MISSING.
T  INDICATES TRACE AMOUNT.




$$
