000
CDUS41 KLWX 312122
CLIBWI


CLIMATE REPORT
NATIONAL WEATHER SERVICE BALTIMORE MD/WASHINGTON DC
522 PM EDT WED AUG 31 2016


...................................

...THE BALTIMORE MD CLIMATE SUMMARY FOR AUGUST 31 2016...
VALID TODAY AS OF 0500 PM LOCAL TIME.

CLIMATE NORMAL PERIOD 1981 TO 2010
CLIMATE RECORD PERIOD 1870 TO 2016


WEATHER ITEM   OBSERVED TIME   RECORD YEAR NORMAL DEPARTURE LAST
                VALUE   (LST)  VALUE       VALUE  FROM      YEAR
                                                  NORMAL
..................................................................
TEMPERATURE (F)
 TODAY
  MAXIMUM         91    217 PM 102    1953  83      8       88
  MINIMUM         65    609 AM  49    1986  63      2       73
  AVERAGE         78                        73      5       81

PRECIPITATION (IN)
  TODAY            0.00          2.12 1975   0.10  -0.10      T
  MONTH TO DATE    3.96                      3.29   0.67     2.46
  SINCE JUN 1     13.25                     10.82   2.43    19.04
  SINCE JAN 1     31.10                     27.85   3.25    36.24

SNOWFALL (IN)
  TODAY            0.0          MM      MM   0.0    0.0
  MONTH TO DATE    0.0                       0.0    0.0
  SINCE JUL 1      0.0                       0.0    0.0
  SNOW DEPTH       0

DEGREE DAYS
 HEATING
  TODAY            0                         0      0        0
  MONTH TO DATE    0                         0      0        0
  SINCE JUN 1      4                        16    -12       14
  SINCE JUL 1      0                         1     -1        0

 COOLING
  TODAY           13                         8      5       16
  MONTH TO DATE  448                       316    132      322
  SINCE JUN 1   1165                       926    239     1000
  SINCE JAN 1   1267                      1010    257     1189
..................................................................


WIND (MPH)
  HIGHEST WIND SPEED    14   HIGHEST WIND DIRECTION    SE (150)
  HIGHEST GUST SPEED    17   HIGHEST GUST DIRECTION    SE (150)
  AVERAGE WIND SPEED     2.9


SKY COVER
  POSSIBLE SUNSHINE  MM
  AVERAGE SKY COVER 0.5


WEATHER CONDITIONS
 THE FOLLOWING WEATHER WAS RECORDED TODAY.
  NO SIGNIFICANT WEATHER WAS OBSERVED.


RELATIVE HUMIDITY (PERCENT)
 HIGHEST    93           100 AM
 LOWEST     47           100 PM
 AVERAGE    70

..........................................................


THE BALTIMORE MD CLIMATE NORMALS FOR TOMORROW
                         NORMAL    RECORD    YEAR
 MAXIMUM TEMPERATURE (F)   83        99      1962
 MINIMUM TEMPERATURE (F)   63        53      1963


SUNRISE AND SUNSET
AUGUST 31 2016........SUNRISE   635 AM EDT   SUNSET   738 PM EDT
SEPTEMBER  1 2016.....SUNRISE   636 AM EDT   SUNSET   736 PM EDT


-  INDICATES NEGATIVE NUMBERS.
R  INDICATES RECORD WAS SET OR TIED.
MM INDICATES DATA IS MISSING.
T  INDICATES TRACE AMOUNT.




$$
