000
CDUS41 KLWX 260525
CLIBWI


CLIMATE REPORT
NATIONAL WEATHER SERVICE BALTIMORE MD/WASHINGTON DC
1225 AM EST WED NOV 26 2014


...................................

...THE BALTIMORE MD CLIMATE SUMMARY FOR NOVEMBER 25 2014...

CLIMATE NORMAL PERIOD 1981 TO 2010
CLIMATE RECORD PERIOD 1870 TO 2014


WEATHER ITEM   OBSERVED TIME   RECORD YEAR NORMAL DEPARTURE LAST
                VALUE   (LST)  VALUE       VALUE  FROM      YEAR
                                                  NORMAL
..................................................................
TEMPERATURE (F)
 YESTERDAY
  MAXIMUM         66   1216 AM  75    1973  53     13       36
  MINIMUM         42   1117 PM  18    1956  34      8       19
                                      1950
  AVERAGE         54                        43     11       28

PRECIPITATION (IN)
  YESTERDAY        0.00          2.02 1964   0.11  -0.11     0.00
  MONTH TO DATE    2.17                      2.73  -0.56     0.55
  SINCE SEP 1      9.54                     10.09  -0.55     9.82
  SINCE JAN 1     47.81                     37.94   9.87    35.39

SNOWFALL (IN)
  YESTERDAY        0.0           3.5  1938   0.0    0.0
  MONTH TO DATE    T                         0.2   -0.2
  SINCE JUL 1      T                         0.2   -0.2
  SNOW DEPTH       0

DEGREE DAYS
 HEATING
  YESTERDAY       11                        22    -11       37
  MONTH TO DATE  514                       443     71      486
  SINCE SEP 1    766                       789    -23      775
  SINCE JUL 1    766                       790    -24      775

 COOLING
  YESTERDAY        0                         0      0        0
  MONTH TO DATE    0                         0      0        0
  SINCE SEP 1    167                       153     14      194
  SINCE JAN 1   1084                      1163    -79     1339
..................................................................


WIND (MPH)
  HIGHEST WIND SPEED    16   HIGHEST WIND DIRECTION    NW (310)
  HIGHEST GUST SPEED    22   HIGHEST GUST DIRECTION    NW (310)
  AVERAGE WIND SPEED     4.8


SKY COVER
  POSSIBLE SUNSHINE  MM
  AVERAGE SKY COVER 0.9


WEATHER CONDITIONS
 THE FOLLOWING WEATHER WAS RECORDED YESTERDAY.
  NO SIGNIFICANT WEATHER WAS OBSERVED.


RELATIVE HUMIDITY (PERCENT)
 HIGHEST    86           400 AM
 LOWEST     35           300 PM
 AVERAGE    61

..........................................................


THE BALTIMORE MD CLIMATE NORMALS FOR TODAY
                         NORMAL    RECORD    YEAR
 MAXIMUM TEMPERATURE (F)   52        72      1979
 MINIMUM TEMPERATURE (F)   34        15      1950


SUNRISE AND SUNSET
NOVEMBER 26 2014......SUNRISE   702 AM EST   SUNSET   446 PM EST
NOVEMBER 27 2014......SUNRISE   703 AM EST   SUNSET   445 PM EST


-  INDICATES NEGATIVE NUMBERS.
R  INDICATES RECORD WAS SET OR TIED.
MM INDICATES DATA IS MISSING.
T  INDICATES TRACE AMOUNT.




$$
