000
CDUS41 KLWX 130530
CLIBWI


CLIMATE REPORT
NATIONAL WEATHER SERVICE BALTIMORE MD/WASHINGTON DC
1229 AM EST SAT FEB 13 2016


...................................

...THE BALTIMORE MD CLIMATE SUMMARY FOR FEBRUARY 12 2016...

CLIMATE NORMAL PERIOD 1981 TO 2010
CLIMATE RECORD PERIOD 1870 TO 2016


WEATHER ITEM   OBSERVED TIME   RECORD YEAR NORMAL DEPARTURE LAST
                VALUE   (LST)  VALUE       VALUE  FROM      YEAR
                                                  NORMAL
..................................................................
TEMPERATURE (F)
 YESTERDAY
  MAXIMUM         29    213 PM  73    1999  44    -15       41
  MINIMUM         13    701 AM   5    1899  26    -13       17
  AVERAGE         21                        35    -14       29

PRECIPITATION (IN)
  YESTERDAY        T             1.32 1985   0.10  -0.10      T
  MONTH TO DATE    1.27                      1.23   0.04     0.50
  SINCE DEC 1     10.62                      7.65   2.97     7.97
  SINCE JAN 1      4.77                      4.28   0.49     4.39

SNOWFALL (IN)
  YESTERDAY        T             9.6  2006   0.3   -0.3
  MONTH TO DATE    0.4                       3.8   -3.4
  SINCE JUL 1     30.4                      14.0   16.4
  SNOW DEPTH       0

DEGREE DAYS
 HEATING
  YESTERDAY       44                        30     14       36
  MONTH TO DATE  346                       368    -22      394
  SINCE DEC 1   1852                      2240   -388     2215
  SINCE JUL 1   2572                      3144   -572     3107

 COOLING
  YESTERDAY        0                         0      0        0
  MONTH TO DATE    0                         0      0        0
  SINCE DEC 1      1                         0      1        0
  SINCE JAN 1      0                         0      0        0
..................................................................


WIND (MPH)
  HIGHEST WIND SPEED    14   HIGHEST WIND DIRECTION     E (70)
  HIGHEST GUST SPEED    16   HIGHEST GUST DIRECTION     E (70)
  AVERAGE WIND SPEED     4.4


SKY COVER
  POSSIBLE SUNSHINE  MM
  AVERAGE SKY COVER 0.8


WEATHER CONDITIONS
 THE FOLLOWING WEATHER WAS RECORDED YESTERDAY.
  LIGHT SNOW
  HAZE


RELATIVE HUMIDITY (PERCENT)
 HIGHEST    74          1100 PM
 LOWEST     34           200 PM
 AVERAGE    54

..........................................................


THE BALTIMORE MD CLIMATE NORMALS FOR TODAY
                         NORMAL    RECORD    YEAR
 MAXIMUM TEMPERATURE (F)   44        72      1951
 MINIMUM TEMPERATURE (F)   26         1      1983


SUNRISE AND SUNSET
FEBRUARY 13 2016......SUNRISE   701 AM EST   SUNSET   541 PM EST
FEBRUARY 14 2016......SUNRISE   700 AM EST   SUNSET   542 PM EST


-  INDICATES NEGATIVE NUMBERS.
R  INDICATES RECORD WAS SET OR TIED.
MM INDICATES DATA IS MISSING.
T  INDICATES TRACE AMOUNT.




$$
