000
CDUS41 KLWX 280519
CLIBWI


CLIMATE REPORT
NATIONAL WEATHER SERVICE BALTIMORE MD/WASHINGTON DC
119 AM EDT THU AUG 28 2014


...................................

...THE BALTIMORE MD CLIMATE SUMMARY FOR AUGUST 27 2014...

CLIMATE NORMAL PERIOD 1981 TO 2010
CLIMATE RECORD PERIOD 1870 TO 2014


WEATHER ITEM   OBSERVED TIME   RECORD YEAR NORMAL DEPARTURE LAST
                VALUE   (LST)  VALUE       VALUE  FROM      YEAR
                                                  NORMAL
..................................................................
TEMPERATURE (F)
 YESTERDAY
  MAXIMUM         89    410 PM 102    1948  84      5       92
  MINIMUM         60    347 AM  53    1885  64     -4       73
  AVERAGE         75                        74      1       83

PRECIPITATION (IN)
  YESTERDAY        0.00          4.04 1971   0.10  -0.10      T
  MONTH TO DATE    7.36                      2.90   4.46     1.12
  SINCE JUN 1     14.11                     10.43   3.68    11.70
  SINCE JAN 1     37.73                     27.46  10.27    25.56

SNOWFALL (IN)
  YESTERDAY        0.0          MM      MM   0.0    0.0
  MONTH TO DATE    0.0                       0.0    0.0
  SINCE JUL 1      0.0                       0.0    0.0
  SNOW DEPTH       0

DEGREE DAYS
 HEATING
  YESTERDAY        0                         0      0        0
  MONTH TO DATE    0                         0      0        0
  SINCE JUN 1      2                        15    -13        0
  SINCE JUL 1      0                         0      0        0

 COOLING
  YESTERDAY       10                         9      1       18
  MONTH TO DATE  205                       282    -77      237
  SINCE JUN 1    796                       892    -96      959
  SINCE JAN 1    881                       976    -95     1090
..................................................................


WIND (MPH)
  HIGHEST WIND SPEED    10   HIGHEST WIND DIRECTION     W (270)
  HIGHEST GUST SPEED    13   HIGHEST GUST DIRECTION     W (270)
  AVERAGE WIND SPEED     1.9


SKY COVER
  POSSIBLE SUNSHINE  MM
  AVERAGE SKY COVER 0.2


WEATHER CONDITIONS
 THE FOLLOWING WEATHER WAS RECORDED YESTERDAY.
  FOG
  HAZE


RELATIVE HUMIDITY (PERCENT)
 HIGHEST    93          1200 AM
 LOWEST     37          1200 PM
 AVERAGE    65

..........................................................


THE BALTIMORE MD CLIMATE NORMALS FOR TODAY
                         NORMAL    RECORD    YEAR
 MAXIMUM TEMPERATURE (F)   84       101      1948
 MINIMUM TEMPERATURE (F)   64        48      1986


SUNRISE AND SUNSET
AUGUST 28 2014........SUNRISE   632 AM EDT   SUNSET   743 PM EDT
AUGUST 29 2014........SUNRISE   633 AM EDT   SUNSET   742 PM EDT


-  INDICATES NEGATIVE NUMBERS.
R  INDICATES RECORD WAS SET OR TIED.
MM INDICATES DATA IS MISSING.
T  INDICATES TRACE AMOUNT.




$$
