000
CDUS41 KLWX 260539
CLIBWI


CLIMATE REPORT
NATIONAL WEATHER SERVICE BALTIMORE MD/WASHINGTON DC
1234 AM EST MON JAN 26 2015


...................................

...THE BALTIMORE MD CLIMATE SUMMARY FOR JANUARY 25 2015...

CLIMATE NORMAL PERIOD 1981 TO 2010
CLIMATE RECORD PERIOD 1870 TO 2015


WEATHER ITEM   OBSERVED TIME   RECORD YEAR NORMAL DEPARTURE LAST
                VALUE   (LST)  VALUE       VALUE  FROM      YEAR
                                                  NORMAL
..................................................................
TEMPERATURE (F)
 YESTERDAY
  MAXIMUM         49    310 PM  75    1967  42      7       31
  MINIMUM         34    501 AM   0    1897  24     10       19
  AVERAGE         42                        33      9       25

PRECIPITATION (IN)
  YESTERDAY        0.00          1.83 1978   0.10  -0.10      T
  MONTH TO DATE    3.68                      2.46   1.22     2.68
  SINCE DEC 1      7.26                      5.83   1.43     7.95
  SINCE JAN 1      3.68                      2.46   1.22     2.68

SNOWFALL (IN)
  YESTERDAY        0.0          14.9  2000   0.2   -0.2
  MONTH TO DATE    4.9                       5.1   -0.2
  SINCE JUL 1      5.4                       8.5   -3.1
  SNOW DEPTH       0

DEGREE DAYS
 HEATING
  YESTERDAY       23                        32     -9       40
  MONTH TO DATE  835                       800     35      903
  SINCE DEC 1   1604                      1677    -73     1686
  SINCE JUL 1   2496                      2581    -85     2611

 COOLING
  YESTERDAY        0                         0      0        0
  MONTH TO DATE    0                         0      0        0
  SINCE DEC 1      0                         0      0        2
  SINCE JAN 1      0                         0      0        0
..................................................................


WIND (MPH)
  HIGHEST WIND SPEED    20   HIGHEST WIND DIRECTION     W (270)
  HIGHEST GUST SPEED    24   HIGHEST GUST DIRECTION     W (280)
  AVERAGE WIND SPEED     7.6


SKY COVER
  POSSIBLE SUNSHINE  MM
  AVERAGE SKY COVER 0.9


WEATHER CONDITIONS
 THE FOLLOWING WEATHER WAS RECORDED YESTERDAY.
  NO SIGNIFICANT WEATHER WAS OBSERVED.


RELATIVE HUMIDITY (PERCENT)
 HIGHEST    75           500 AM
 LOWEST     50           100 PM
 AVERAGE    63

..........................................................


THE BALTIMORE MD CLIMATE NORMALS FOR TODAY
                         NORMAL    RECORD    YEAR
 MAXIMUM TEMPERATURE (F)   42        79      1950
 MINIMUM TEMPERATURE (F)   24         2      1961


SUNRISE AND SUNSET
JANUARY 26 2015.......SUNRISE   719 AM EST   SUNSET   520 PM EST
JANUARY 27 2015.......SUNRISE   718 AM EST   SUNSET   521 PM EST


-  INDICATES NEGATIVE NUMBERS.
R  INDICATES RECORD WAS SET OR TIED.
MM INDICATES DATA IS MISSING.
T  INDICATES TRACE AMOUNT.




$$
