000
CDUS41 KLWX 270525
CLIBWI


CLIMATE REPORT
NATIONAL WEATHER SERVICE BALTIMORE MD/WASHINGTON DC
125 AM EDT FRI MAR 27 2015


...................................

...THE BALTIMORE MD CLIMATE SUMMARY FOR MARCH 26 2015...

CLIMATE NORMAL PERIOD 1981 TO 2010
CLIMATE RECORD PERIOD 1870 TO 2015


WEATHER ITEM   OBSERVED TIME   RECORD YEAR NORMAL DEPARTURE LAST
                VALUE   (LST)  VALUE       VALUE  FROM      YEAR
                                                  NORMAL
..................................................................
TEMPERATURE (F)
 YESTERDAY
  MAXIMUM         74    435 PM  84    1921  57     17       36
  MINIMUM         40   1203 AM  21    1878  37      3       25
  AVERAGE         57                        47     10       31

PRECIPITATION (IN)
  YESTERDAY        0.20          2.31 1978   0.13   0.07     0.00
  MONTH TO DATE    4.19                      3.23   0.96     1.94
  SINCE MAR 1      4.19                      3.23   0.96     1.94
  SINCE JAN 1     10.32                      9.18   1.14     9.23

SNOWFALL (IN)
  YESTERDAY        0.0           3.0  1900   0.0    0.0
  MONTH TO DATE    7.7                       1.8    5.9
  SINCE JUL 1     28.7                      20.0    8.7
  SNOW DEPTH       0

DEGREE DAYS
 HEATING
  YESTERDAY        8                        18    -10       34
  MONTH TO DATE  666                       580     86      723
  SINCE MAR 1    666                       580     86      723
  SINCE JUL 1   4481                      4175    306     4480

 COOLING
  YESTERDAY        0                         0      0        0
  MONTH TO DATE    0                         0      0        0
  SINCE MAR 1      0                         0      0        0
  SINCE JAN 1      0                         0      0        0
..................................................................


WIND (MPH)
  HIGHEST WIND SPEED    20   HIGHEST WIND DIRECTION     S (200)
  HIGHEST GUST SPEED    29   HIGHEST GUST DIRECTION    SW (210)
  AVERAGE WIND SPEED     5.2


SKY COVER
  POSSIBLE SUNSHINE  MM
  AVERAGE SKY COVER 0.8


WEATHER CONDITIONS
 THE FOLLOWING WEATHER WAS RECORDED YESTERDAY.
  RAIN
  LIGHT RAIN
  FOG


RELATIVE HUMIDITY (PERCENT)
 HIGHEST    93          1100 AM
 LOWEST     53           400 PM
 AVERAGE    73

..........................................................


THE BALTIMORE MD CLIMATE NORMALS FOR TODAY
                         NORMAL    RECORD    YEAR
 MAXIMUM TEMPERATURE (F)   58        86      1921
 MINIMUM TEMPERATURE (F)   37        20      2014
                                             2001
                                             1894


SUNRISE AND SUNSET
MARCH 27 2015.........SUNRISE   659 AM EDT   SUNSET   725 PM EDT
MARCH 28 2015.........SUNRISE   658 AM EDT   SUNSET   726 PM EDT


-  INDICATES NEGATIVE NUMBERS.
R  INDICATES RECORD WAS SET OR TIED.
MM INDICATES DATA IS MISSING.
T  INDICATES TRACE AMOUNT.




$$
