000
CDUS41 KLWX 142122
CLIBWI


CLIMATE REPORT
NATIONAL WEATHER SERVICE BALTIMORE MD/WASHINGTON DC
522 PM EDT SUN SEP 14 2014


...................................

...THE BALTIMORE MD CLIMATE SUMMARY FOR SEPTEMBER 14 2014...
VALID TODAY AS OF 0500 PM LOCAL TIME.

CLIMATE NORMAL PERIOD 1981 TO 2010
CLIMATE RECORD PERIOD 1870 TO 2014


WEATHER ITEM   OBSERVED TIME   RECORD YEAR NORMAL DEPARTURE LAST
                VALUE   (LST)  VALUE       VALUE  FROM      YEAR
                                                  NORMAL
..................................................................
TEMPERATURE (F)
 TODAY
  MAXIMUM         70    332 PM  94    1931  79     -9       70
  MINIMUM         49    606 AM  42    1975  59    -10       51
  AVERAGE         60                        69     -9       61

PRECIPITATION (IN)
  TODAY            0.00          3.82 1966   0.14  -0.14     0.00
  MONTH TO DATE    0.94                      1.75  -0.81     0.67
  SINCE SEP 1      0.94                      1.75  -0.81     0.67
  SINCE JAN 1     39.21                     29.60   9.61    26.24

SNOWFALL (IN)
  TODAY           MM            MM      MM   0.0   MM
  MONTH TO DATE    0.0                       0.0    0.0
  SINCE JUL 1      0.0                       0.0    0.0
  SNOW DEPTH       0

DEGREE DAYS
 HEATING
  TODAY            5                         1      4        4
  MONTH TO DATE    8                         6      2        4
  SINCE SEP 1      8                         6      2        4
  SINCE JUL 1      8                         7      1        4

 COOLING
  TODAY            0                         5     -5        0
  MONTH TO DATE  134                        88     46      137
  SINCE SEP 1    134                        88     46      137
  SINCE JAN 1   1051                      1098    -47     1282
..................................................................


WIND (MPH)
  HIGHEST WIND SPEED    12   HIGHEST WIND DIRECTION    NE (30)
  HIGHEST GUST SPEED    21   HIGHEST GUST DIRECTION     N (10)
  AVERAGE WIND SPEED     4.3


SKY COVER
  POSSIBLE SUNSHINE  MM
  AVERAGE SKY COVER 0.5


WEATHER CONDITIONS
 THE FOLLOWING WEATHER WAS RECORDED TODAY.
  NO SIGNIFICANT WEATHER WAS OBSERVED.


RELATIVE HUMIDITY (PERCENT)
 HIGHEST    89           400 AM
 LOWEST     45           100 PM
 AVERAGE    67

..........................................................


THE BALTIMORE MD CLIMATE NORMALS FOR TOMORROW
                         NORMAL    RECORD    YEAR
 MAXIMUM TEMPERATURE (F)   78        97      1927
 MINIMUM TEMPERATURE (F)   58        40      1873


SUNRISE AND SUNSET
SEPTEMBER 14 2014.....SUNRISE   647 AM EDT   SUNSET   717 PM EDT
SEPTEMBER 15 2014.....SUNRISE   648 AM EDT   SUNSET   715 PM EDT


-  INDICATES NEGATIVE NUMBERS.
R  INDICATES RECORD WAS SET OR TIED.
MM INDICATES DATA IS MISSING.
T  INDICATES TRACE AMOUNT.




$$
