000
CDUS41 KLWX 300527
CLIBWI


CLIMATE REPORT
NATIONAL WEATHER SERVICE BALTIMORE MD/WASHINGTON DC
125 AM EDT SAT APR 30 2016


...................................

...THE BALTIMORE MD CLIMATE SUMMARY FOR APRIL 29 2016...

CLIMATE NORMAL PERIOD 1981 TO 2010
CLIMATE RECORD PERIOD 1870 TO 2016


WEATHER ITEM   OBSERVED TIME   RECORD YEAR NORMAL DEPARTURE LAST
                VALUE   (LST)  VALUE       VALUE  FROM      YEAR
                                                  NORMAL
..................................................................
TEMPERATURE (F)
 YESTERDAY
  MAXIMUM         53    327 PM  91    1974  69    -16       76
  MINIMUM         46    642 AM  33    1874  47     -1       43
  AVERAGE         50                        58     -8       60

PRECIPITATION (IN)
  YESTERDAY        0.07          2.50 1875   0.11  -0.04     0.00
  MONTH TO DATE    1.29                      3.09  -1.80     3.97
  SINCE MAR 1      3.39                      6.99  -3.60     8.64
  SINCE JAN 1     12.59                     12.94  -0.35    14.77

SNOWFALL (IN)
  YESTERDAY        0.0           0.0    MM   0.0    0.0
  MONTH TO DATE    T                         0.0    0.0
  SINCE JUL 1     35.1                      20.1   15.0
  SNOW DEPTH       0

DEGREE DAYS
 HEATING
  YESTERDAY       15                         8      7        5
  MONTH TO DATE  333                       346    -13      306
  SINCE MAR 1    793                      1012   -219     1083
  SINCE JUL 1   3814                      4607   -793     4898

 COOLING
  YESTERDAY        0                         1     -1        0
  MONTH TO DATE   23                        11     12        5
  SINCE MAR 1     27                        12     15        5
  SINCE JAN 1     27                        12     15        5
..................................................................


WIND (MPH)
  HIGHEST WIND SPEED    12   HIGHEST WIND DIRECTION    NE (60)
  HIGHEST GUST SPEED    14   HIGHEST GUST DIRECTION    NE (50)
  AVERAGE WIND SPEED     6.8


SKY COVER
  POSSIBLE SUNSHINE  MM
  AVERAGE SKY COVER 1.0


WEATHER CONDITIONS
 THE FOLLOWING WEATHER WAS RECORDED YESTERDAY.
  LIGHT RAIN
  FOG
  HAZE


RELATIVE HUMIDITY (PERCENT)
 HIGHEST   100           800 AM
 LOWEST     83           200 PM
 AVERAGE    92

..........................................................


THE BALTIMORE MD CLIMATE NORMALS FOR TODAY
                         NORMAL    RECORD    YEAR
 MAXIMUM TEMPERATURE (F)   70        92      1910
 MINIMUM TEMPERATURE (F)   47        32      1961


SUNRISE AND SUNSET
APRIL 30 2016.........SUNRISE   609 AM EDT   SUNSET   759 PM EDT
MAY  1 2016...........SUNRISE   608 AM EDT   SUNSET   800 PM EDT


-  INDICATES NEGATIVE NUMBERS.
R  INDICATES RECORD WAS SET OR TIED.
MM INDICATES DATA IS MISSING.
T  INDICATES TRACE AMOUNT.




$$
