260
CDUS41 KLWX 240540
CLIBWI


CLIMATE REPORT
NATIONAL WEATHER SERVICE BALTIMORE MD/WASHINGTON DC
140 AM EDT MON JUL 24 2017


...................................

...THE BALTIMORE MD CLIMATE SUMMARY FOR JULY 23 2017...

CLIMATE NORMAL PERIOD 1981 TO 2010
CLIMATE RECORD PERIOD 1871 TO 2017


WEATHER ITEM   OBSERVED TIME   RECORD YEAR NORMAL DEPARTURE LAST
                VALUE   (LST)  VALUE       VALUE  FROM      YEAR
                                                  NORMAL
..................................................................
TEMPERATURE (F)
 YESTERDAY
  MAXIMUM         89   1145 AM 102    2011  87      2       98
                                      1991
  MINIMUM         72    353 AM  57    1977  67      5       73
  AVERAGE         81                        77      4       86

PRECIPITATION (IN)
  YESTERDAY        0.41          2.42 2008   0.14   0.27     0.08
  MONTH TO DATE    3.14                      2.99   0.15     3.22
  SINCE JUN 1      4.54                      6.45  -1.91     6.42
  SINCE JAN 1     21.67                     23.48  -1.81    24.27

SNOWFALL (IN)
  YESTERDAY        0.0          MM      MM   0.0    0.0
  MONTH TO DATE    0.0                       0.0    0.0
  SINCE JUL 1      0.0                       0.0    0.0
  SNOW DEPTH       0

DEGREE DAYS
 HEATING
  YESTERDAY        0                         0      0        0
  MONTH TO DATE    0                         0      0        0
  SINCE JUN 1     11                        15     -4        4
  SINCE JUL 1      0                         0      0        0

 COOLING
  YESTERDAY       16                        12      4       21
  MONTH TO DATE  357                       274     83      316
  SINCE JUN 1    636                       512    124      566
  SINCE JAN 1    744                       596    148      668
..................................................................


WIND (MPH)
  HIGHEST WIND SPEED    16   HIGHEST WIND DIRECTION    SW (210)
  HIGHEST GUST SPEED    24   HIGHEST GUST DIRECTION    SW (210)
  AVERAGE WIND SPEED     5.7


SKY COVER
  POSSIBLE SUNSHINE  MM
  AVERAGE SKY COVER 0.7


WEATHER CONDITIONS
 THE FOLLOWING WEATHER WAS RECORDED YESTERDAY.
  THUNDERSTORM
  HEAVY RAIN
  RAIN
  LIGHT RAIN
  FOG


RELATIVE HUMIDITY (PERCENT)
 HIGHEST   100           200 AM
 LOWEST     59          1100 AM
 AVERAGE    80

..........................................................


THE BALTIMORE MD CLIMATE NORMALS FOR TODAY
                         NORMAL    RECORD    YEAR
 MAXIMUM TEMPERATURE (F)   87       101      2010
 MINIMUM TEMPERATURE (F)   67        55      1985


SUNRISE AND SUNSET
JULY 24 2017..........SUNRISE   600 AM EDT   SUNSET   826 PM EDT
JULY 25 2017..........SUNRISE   601 AM EDT   SUNSET   825 PM EDT


-  INDICATES NEGATIVE NUMBERS.
R  INDICATES RECORD WAS SET OR TIED.
MM INDICATES DATA IS MISSING.
T  INDICATES TRACE AMOUNT.




$$
