000
CDUS45 KRIW 240731
CLIBYG


CLIMATE REPORT
NATIONAL WEATHER SERVICE RIVERTON WY
128 AM MDT WED MAY 24 2017


...................................

...THE BUFFALO WY CLIMATE SUMMARY FOR MAY 23 2017...

CLIMATE NORMAL PERIOD 1981 TO 2010
CLIMATE RECORD PERIOD 1998 TO 2017


WEATHER ITEM   OBSERVED TIME   RECORD YEAR NORMAL DEPARTURE LAST
                VALUE   (LST)  VALUE       VALUE  FROM      YEAR
                                                  NORMAL
..................................................................
TEMPERATURE (F)
 YESTERDAY
  MAXIMUM         64    406 PM  77    2014  65     -1       67
  MINIMUM         38    346 AM  27    2002  42     -4       39
  AVERAGE         51                        54     -3       53

PRECIPITATION (IN)
  YESTERDAY        0.00          1.11 2010   0.09  -0.09     0.00
  MONTH TO DATE    2.57                      1.90   0.67     1.12
  SINCE MAR 1      7.77                      4.12   3.65     3.94
  SINCE JAN 1      8.20                      4.89   3.31     4.53

DEGREE DAYS
 HEATING
  YESTERDAY       14                        12      2       12
  MONTH TO DATE  274                       326    -52      262
  SINCE MAR 1   1529                      1930   -401     1416
  SINCE JUL 1   6371                      7170   -799     5807

 COOLING
  YESTERDAY        0                         0      0        0
  MONTH TO DATE   11                         0     11        4
  SINCE MAR 1     11                         0     11        5
  SINCE JAN 1     11                         0     11        5
..................................................................


WIND (MPH)
  HIGHEST WIND SPEED    18   HIGHEST WIND DIRECTION     N (360)
  HIGHEST GUST SPEED    27   HIGHEST GUST DIRECTION     N (340)
  AVERAGE WIND SPEED     8.6


SKY COVER
  POSSIBLE SUNSHINE  MM
  AVERAGE SKY COVER 0.1


WEATHER CONDITIONS
 THE FOLLOWING WEATHER WAS RECORDED YESTERDAY.
  NO SIGNIFICANT WEATHER WAS OBSERVED.


RELATIVE HUMIDITY (PERCENT)
 HIGHEST    79           300 AM
 LOWEST     34           200 PM
 AVERAGE    57

..........................................................


THE BUFFALO WY CLIMATE NORMALS FOR TODAY
                         NORMAL    RECORD    YEAR
 MAXIMUM TEMPERATURE (F)   66        76      2001
 MINIMUM TEMPERATURE (F)   42        26      2002


SUNRISE AND SUNSET
MAY 24 2017...........SUNRISE   531 AM MDT   SUNSET   837 PM MDT
MAY 25 2017...........SUNRISE   530 AM MDT   SUNSET   838 PM MDT


-  INDICATES NEGATIVE NUMBERS.
R  INDICATES RECORD WAS SET OR TIED.
MM INDICATES DATA IS MISSING.
T  INDICATES TRACE AMOUNT.




$$
