000
CDUS45 KRIW 140744
CLIBYG


CLIMATE REPORT
NATIONAL WEATHER SERVICE RIVERTON WY
1233 AM MST SUN FEB 14 2016


...................................

...THE BUFFALO WY CLIMATE SUMMARY FOR FEBRUARY 13 2016...

CLIMATE NORMAL PERIOD 1981 TO 2010
CLIMATE RECORD PERIOD 1998 TO 2016


WEATHER ITEM   OBSERVED TIME   RECORD YEAR NORMAL DEPARTURE LAST
                VALUE   (LST)  VALUE       VALUE  FROM      YEAR
                                                  NORMAL
..................................................................
TEMPERATURE (F)
 YESTERDAY
  MAXIMUM         60R   104 PM  58    2015  38     22       58
  MINIMUM         32   1155 PM  -1    2007  18     14       35
  AVERAGE         46                        28     18       47

PRECIPITATION (IN)
  YESTERDAY        T             0.01 2003   0.01  -0.01     0.00
                                      2013
  MONTH TO DATE    0.22                      0.16   0.06     0.04
  SINCE DEC 1      0.45                      0.98  -0.53     0.28
  SINCE JAN 1      0.35                      0.58  -0.23     0.20

DEGREE DAYS
 HEATING
  YESTERDAY       19                        37    -18       18
  MONTH TO DATE  405                       492    -87      326
  SINCE DEC 1   2562                      2865   -303     2311
  SINCE JUL 1   3991                      4699   -708     4067

 COOLING
  YESTERDAY        0                         0      0        0
  MONTH TO DATE    0                         0      0        0
  SINCE DEC 1      0                         0      0        0
  SINCE JAN 1      0                         0      0        0
..................................................................


WIND (MPH)
  HIGHEST WIND SPEED    53   HIGHEST WIND DIRECTION    NW (320)
  HIGHEST GUST SPEED    70   HIGHEST GUST DIRECTION    NW (330)
  AVERAGE WIND SPEED    13.0


SKY COVER
  POSSIBLE SUNSHINE  MM
  AVERAGE SKY COVER 0.3


WEATHER CONDITIONS
 THE FOLLOWING WEATHER WAS RECORDED YESTERDAY.
  SNOW
  LIGHT SNOW
  FOG
  FOG W/VISIBILITY <= 1/4 MILE


RELATIVE HUMIDITY (PERCENT)
 HIGHEST    76           200 PM
 LOWEST     33           100 PM
 AVERAGE    55

..........................................................


THE BUFFALO WY CLIMATE NORMALS FOR TODAY
                         NORMAL    RECORD    YEAR
 MAXIMUM TEMPERATURE (F)   38        61      2015
 MINIMUM TEMPERATURE (F)   18        -5      2007


SUNRISE AND SUNSET
FEBRUARY 14 2016......SUNRISE   709 AM MST   SUNSET   534 PM MST
FEBRUARY 15 2016......SUNRISE   707 AM MST   SUNSET   535 PM MST


-  INDICATES NEGATIVE NUMBERS.
R  INDICATES RECORD WAS SET OR TIED.
MM INDICATES DATA IS MISSING.
T  INDICATES TRACE AMOUNT.




$$
