000
CDUS45 KRIW 050746
CLIBYG


CLIMATE REPORT
NATIONAL WEATHER SERVICE RIVERTON WY
141 AM MDT SUN JUL 5 2015


...................................

...THE BUFFALO WY CLIMATE SUMMARY FOR JULY 4 2015...

CLIMATE NORMAL PERIOD 1981 TO 2010
CLIMATE RECORD PERIOD 1998 TO 2015


WEATHER ITEM   OBSERVED TIME   RECORD YEAR NORMAL DEPARTURE LAST
                VALUE   (LST)  VALUE       VALUE  FROM      YEAR
                                                  NORMAL
..................................................................
TEMPERATURE (F)
 YESTERDAY
  MAXIMUM         91    358 PM  97    2002  82      9       88
  MINIMUM         62    114 AM  48    2005  55      7       58
  AVERAGE         77                        68      9       73

PRECIPITATION (IN)
  YESTERDAY        0.00          0.36 2009   0.06  -0.06     0.00
  MONTH TO DATE    0.07                      0.21  -0.14     0.13
  SINCE JUN 1      3.30                      2.49   0.81     3.04
  SINCE JAN 1     10.56                      8.01   2.55     6.80

DEGREE DAYS
 HEATING
  YESTERDAY        0                         1     -1        0
  MONTH TO DATE    0                         7     -7        8
  SINCE JUN 1     54                       170   -116      214
  SINCE JUL 1      0                         7     -7        8

 COOLING
  YESTERDAY       12                         5      7        8
  MONTH TO DATE   29                        18     11       13
  SINCE JUN 1     99                        69     30       18
  SINCE JAN 1     99                        76     23       29
..................................................................


WIND (MPH)
  HIGHEST WIND SPEED    13   HIGHEST WIND DIRECTION     E (100)
  HIGHEST GUST SPEED    25   HIGHEST GUST DIRECTION    NE (50)
  AVERAGE WIND SPEED     6.1


SKY COVER
  POSSIBLE SUNSHINE  MM
  AVERAGE SKY COVER 0.0


WEATHER CONDITIONS
 THE FOLLOWING WEATHER WAS RECORDED YESTERDAY.
  NO SIGNIFICANT WEATHER WAS OBSERVED.


RELATIVE HUMIDITY (PERCENT)
 HIGHEST    63          1200 AM
 LOWEST     24           100 PM
 AVERAGE    44

..........................................................


THE BUFFALO WY CLIMATE NORMALS FOR TODAY
                         NORMAL    RECORD    YEAR
 MAXIMUM TEMPERATURE (F)   83        99      2001
 MINIMUM TEMPERATURE (F)   55        46      2004


SUNRISE AND SUNSET
JULY  5 2015..........SUNRISE   529 AM MDT   SUNSET   854 PM MDT
JULY  6 2015..........SUNRISE   529 AM MDT   SUNSET   853 PM MDT


-  INDICATES NEGATIVE NUMBERS.
R  INDICATES RECORD WAS SET OR TIED.
MM INDICATES DATA IS MISSING.
T  INDICATES TRACE AMOUNT.




$$
