000
CDUS45 KRIW 300729
CLIBYG


CLIMATE REPORT
NATIONAL WEATHER SERVICE RIVERTON WY
128 AM MDT THU MAR 30 2017


...................................

...THE BUFFALO WY CLIMATE SUMMARY FOR MARCH 29 2017...

CLIMATE NORMAL PERIOD 1981 TO 2010
CLIMATE RECORD PERIOD 1998 TO 2017


WEATHER ITEM   OBSERVED TIME   RECORD YEAR NORMAL DEPARTURE LAST
                VALUE   (LST)  VALUE       VALUE  FROM      YEAR
                                                  NORMAL
..................................................................
TEMPERATURE (F)
 YESTERDAY
  MAXIMUM         60    402 PM  66    2010  49     11       MM
  MINIMUM         32    213 AM  19    2011  26      6       MM
                                      2003
  AVERAGE         46                        38      8       MM

PRECIPITATION (IN)
  YESTERDAY        0.00          0.50 2007   0.04  -0.04     0.08
  MONTH TO DATE    1.31                      0.84   0.47     0.61
  SINCE MAR 1      1.31                      0.84   0.47     0.61
  SINCE JAN 1      1.74                      1.61   0.13     1.20

DEGREE DAYS
 HEATING
  YESTERDAY       19                        27     -8       MM
  MONTH TO DATE  649                       897   -248      648
  SINCE MAR 1    649                       897   -248      648
  SINCE JUL 1   5491                      6137   -646     5039

 COOLING
  YESTERDAY        0                         0      0       MM
  MONTH TO DATE    0                         0      0        0
  SINCE MAR 1      0                         0      0        0
  SINCE JAN 1      0                         0      0        0
..................................................................


WIND (MPH)
  HIGHEST WIND SPEED    15   HIGHEST WIND DIRECTION    SE (140)
  HIGHEST GUST SPEED    19   HIGHEST GUST DIRECTION    SE (130)
  AVERAGE WIND SPEED     7.5


SKY COVER
  POSSIBLE SUNSHINE  MM
  AVERAGE SKY COVER 0.0


WEATHER CONDITIONS
 THE FOLLOWING WEATHER WAS RECORDED YESTERDAY.
  NO SIGNIFICANT WEATHER WAS OBSERVED.


RELATIVE HUMIDITY (PERCENT)
 HIGHEST    75          1200 AM
 LOWEST     27          1100 AM
 AVERAGE    51

..........................................................


THE BUFFALO WY CLIMATE NORMALS FOR TODAY
                         NORMAL    RECORD    YEAR
 MAXIMUM TEMPERATURE (F)   50        71      2012
 MINIMUM TEMPERATURE (F)   27        12      2009


SUNRISE AND SUNSET
MARCH 30 2017.........SUNRISE   651 AM MDT   SUNSET   732 PM MDT
MARCH 31 2017.........SUNRISE   649 AM MDT   SUNSET   733 PM MDT


-  INDICATES NEGATIVE NUMBERS.
R  INDICATES RECORD WAS SET OR TIED.
MM INDICATES DATA IS MISSING.
T  INDICATES TRACE AMOUNT.




$$
