000
CDUS45 KRIW 180736
CLIBYG


CLIMATE REPORT
NATIONAL WEATHER SERVICE RIVERTON WY
133 AM MDT THU SEP 18 2014


...................................

...THE BUFFALO WY CLIMATE SUMMARY FOR SEPTEMBER 17 2014...

CLIMATE NORMAL PERIOD 1981 TO 2010
CLIMATE RECORD PERIOD 1998 TO 2014


WEATHER ITEM   OBSERVED TIME   RECORD YEAR NORMAL DEPARTURE LAST
                VALUE   (LST)  VALUE       VALUE  FROM      YEAR
                                                  NORMAL
..................................................................
TEMPERATURE (F)
 YESTERDAY
  MAXIMUM         83    327 PM  88    2013  71     12       88
  MINIMUM         57   1252 AM  32    2003  44     13       56
  AVERAGE         70                        57     13       72

PRECIPITATION (IN)
  YESTERDAY        0.02          0.50 2002   0.04  -0.02     0.08
  MONTH TO DATE    0.83                      0.63   0.20     1.74
  SINCE SEP 1      0.83                      0.63   0.20     1.74
  SINCE JAN 1     11.04                     10.90   0.14     6.16

DEGREE DAYS
 HEATING
  YESTERDAY        0                         9     -9        0
  MONTH TO DATE  187                        99     88       10
  SINCE SEP 1    187                        99     88       10
  SINCE JUL 1    246                       164     82       11

 COOLING
  YESTERDAY        5                         1      4        7
  MONTH TO DATE   19                        38    -19       93
  SINCE SEP 1     19                        38    -19       93
  SINCE JAN 1    353                       484   -131      707
..................................................................


WIND (MPH)
  HIGHEST WIND SPEED    20   HIGHEST WIND DIRECTION    NW (320)
  HIGHEST GUST SPEED    29   HIGHEST GUST DIRECTION    NW (320)
  AVERAGE WIND SPEED     6.1


SKY COVER
  POSSIBLE SUNSHINE  MM
  AVERAGE SKY COVER 0.2


WEATHER CONDITIONS
 THE FOLLOWING WEATHER WAS RECORDED YESTERDAY.
  THUNDERSTORM
  LIGHT RAIN


RELATIVE HUMIDITY (PERCENT)
 HIGHEST    52           600 PM
 LOWEST     24           200 PM
 AVERAGE    38

..........................................................


THE BUFFALO WY CLIMATE NORMALS FOR TODAY
                         NORMAL    RECORD    YEAR
 MAXIMUM TEMPERATURE (F)   70        89      1998
 MINIMUM TEMPERATURE (F)   44        28      2003


SUNRISE AND SUNSET
SEPTEMBER 18 2014.....SUNRISE   649 AM MDT   SUNSET   712 PM MDT
SEPTEMBER 19 2014.....SUNRISE   651 AM MDT   SUNSET   710 PM MDT


-  INDICATES NEGATIVE NUMBERS.
R  INDICATES RECORD WAS SET OR TIED.
MM INDICATES DATA IS MISSING.
T  INDICATES TRACE AMOUNT.




$$
