000
CDUS45 KRIW 030047
CLIBYG


CLIMATE REPORT
NATIONAL WEATHER SERVICE RIVERTON WY
545 PM MST MON MAR 2 2015


...................................

...THE BUFFALO WY CLIMATE SUMMARY FOR MARCH 2 2015...
VALID TODAY AS OF 0500 PM LOCAL TIME.

CLIMATE NORMAL PERIOD 1981 TO 2010
CLIMATE RECORD PERIOD 1998 TO 2015


WEATHER ITEM   OBSERVED TIME   RECORD YEAR NORMAL DEPARTURE LAST
                VALUE   (LST)  VALUE       VALUE  FROM      YEAR
                                                  NORMAL
..................................................................
TEMPERATURE (F)
 TODAY
  MAXIMUM         41        MM  65    2009  42     -1       12
  MINIMUM          9        MM -11    2014  20    -11      -11
  AVERAGE         25

PRECIPITATION (IN)
  TODAY            0.00          T    2012   0.02  -0.02      T
                                      2012
                                      2014
  MONTH TO DATE    0.00                      0.04  -0.04     0.08
  SINCE MAR 1      0.00                      0.04  -0.04     0.08
  SINCE JAN 1      0.64                      0.81  -0.17     0.44

DEGREE DAYS
 HEATING
  TODAY           40                        34      6       64
  MONTH TO DATE   91                        69     22      135
  SINCE MAR 1     91                        69     22      135
  SINCE JUL 1   4787                      5309   -522     5379

 COOLING
  TODAY            0                         0      0        0
  MONTH TO DATE    0                         0      0        0
  SINCE MAR 1      0                         0      0        0
  SINCE JAN 1      0                         0      0        0
..................................................................


WIND (MPH)
  HIGHEST WIND SPEED     9   HIGHEST WIND DIRECTION     W (250)
  HIGHEST GUST SPEED    MM   HIGHEST GUST DIRECTION    MM
  AVERAGE WIND SPEED     4.4


SKY COVER
  POSSIBLE SUNSHINE  MM
  AVERAGE SKY COVER 0.0


WEATHER CONDITIONS
 THE FOLLOWING WEATHER WAS RECORDED TODAY.
  NO SIGNIFICANT WEATHER WAS OBSERVED.


RELATIVE HUMIDITY (PERCENT)
 HIGHEST    70           200 AM
 LOWEST     23           200 PM
 AVERAGE    47

..........................................................


THE BUFFALO WY CLIMATE NORMALS FOR TOMORROW
                         NORMAL    RECORD    YEAR
 MAXIMUM TEMPERATURE (F)   42        63      2009
 MINIMUM TEMPERATURE (F)   20        -1      2002


SUNRISE AND SUNSET
MARCH  2 2015.........SUNRISE   643 AM MST   SUNSET   556 PM MST
MARCH  3 2015.........SUNRISE   641 AM MST   SUNSET   557 PM MST


-  INDICATES NEGATIVE NUMBERS.
R  INDICATES RECORD WAS SET OR TIED.
MM INDICATES DATA IS MISSING.
T  INDICATES TRACE AMOUNT.




$$
