000
CDUS45 KRIW 250738
CLIBYG


CLIMATE REPORT
NATIONAL WEATHER SERVICE RIVERTON WY
137 AM MDT MON MAY 25 2015


...................................

...THE BUFFALO WY CLIMATE SUMMARY FOR MAY 24 2015...

CLIMATE NORMAL PERIOD 1981 TO 2010
CLIMATE RECORD PERIOD 1998 TO 2015


WEATHER ITEM   OBSERVED TIME   RECORD YEAR NORMAL DEPARTURE LAST
                VALUE   (LST)  VALUE       VALUE  FROM      YEAR
                                                  NORMAL
..................................................................
TEMPERATURE (F)
 YESTERDAY
  MAXIMUM         49    441 PM  76    2001  66    -17       74
  MINIMUM         46   1159 PM  26    2002  42      4       48
  AVERAGE         48                        54     -6       61

PRECIPITATION (IN)
  YESTERDAY        2.83R         0.64 2010   0.09   2.74     0.08
  MONTH TO DATE    5.36                      1.99   3.37     1.63
  SINCE MAR 1      6.22                      4.21   2.01     3.35
  SINCE JAN 1      6.86                      4.98   1.88     3.71

DEGREE DAYS
 HEATING
  YESTERDAY       17                        11      6        4
  MONTH TO DATE  411                       337     74      372
  SINCE MAR 1   1666                      1941   -275     2030
  SINCE JUL 1   6362                      7181   -819     7274

 COOLING
  YESTERDAY        0                         0      0        0
  MONTH TO DATE    0                         0      0        0
  SINCE MAR 1      0                         0      0        0
  SINCE JAN 1      0                         0      0        0
..................................................................


WIND (MPH)
  HIGHEST WIND SPEED    23   HIGHEST WIND DIRECTION     N (340)
  HIGHEST GUST SPEED    29   HIGHEST GUST DIRECTION    NW (330)
  AVERAGE WIND SPEED    12.4


SKY COVER
  POSSIBLE SUNSHINE  MM
  AVERAGE SKY COVER 1.0


WEATHER CONDITIONS
 THE FOLLOWING WEATHER WAS RECORDED YESTERDAY.
  HEAVY RAIN
  RAIN
  LIGHT RAIN
  FOG
  FOG W/VISIBILITY <= 1/4 MILE


RELATIVE HUMIDITY (PERCENT)
 HIGHEST   100           200 AM
 LOWEST     93          1200 AM
 AVERAGE    97

..........................................................


THE BUFFALO WY CLIMATE NORMALS FOR TODAY
                         NORMAL    RECORD    YEAR
 MAXIMUM TEMPERATURE (F)   66        83      2006
 MINIMUM TEMPERATURE (F)   42        33      2012


SUNRISE AND SUNSET
MAY 25 2015...........SUNRISE   530 AM MDT   SUNSET   838 PM MDT
MAY 26 2015...........SUNRISE   530 AM MDT   SUNSET   839 PM MDT


-  INDICATES NEGATIVE NUMBERS.
R  INDICATES RECORD WAS SET OR TIED.
MM INDICATES DATA IS MISSING.
T  INDICATES TRACE AMOUNT.




$$
