000
CDUS45 KPIH 260733
CLIBYI


CLIMATE REPORT
NATIONAL WEATHER SERVICE POCATELLO ID
131 AM MDT WED JUL 26 2017


...................................

...THE BURLEY ID CLIMATE SUMMARY FOR JULY 25 2017...

CLIMATE NORMAL PERIOD 1981 TO 2010
CLIMATE RECORD PERIOD 1948 TO 2017


WEATHER ITEM   OBSERVED TIME   RECORD YEAR NORMAL DEPARTURE LAST
                VALUE   (LST)  VALUE       VALUE  FROM      YEAR
                                                  NORMAL
..................................................................
TEMPERATURE (F)
 YESTERDAY
  MAXIMUM         87    430 PM 103    1994  87      0       93
  MINIMUM         66    712 AM  45    2014  55     11       47
                                      1964
  AVERAGE         77                        71      6       70

PRECIPITATION (IN)
  YESTERDAY        T             0.07 2003   0.01  -0.01     0.00
  MONTH TO DATE    T                         0.24  -0.24     0.24
  SINCE OCT 1     13.17                      9.13   4.04     8.17
  SINCE JAN 1      8.38                      6.30   2.08     5.37

SNOWFALL (IN)
  YESTERDAY       MM
  MONTH TO DATE   MM
  SINCE JUN 1     MM
  SINCE JUL 1     MM
  SNOW DEPTH      MM

DEGREE DAYS
 HEATING
  YESTERDAY        0                         0      0        0
  MONTH TO DATE    0                        20    -20       26
  SINCE JUN 1     77                       154    -77       76
  SINCE JUL 1      0                        20    -20       26

 COOLING
  YESTERDAY       12                         6      6        5
  MONTH TO DATE  230                       124    106       84
  SINCE JUN 1    301                       171    130      184
  SINCE JAN 1    306                       177    129      188
..................................................................


WIND (MPH)
  HIGHEST WIND SPEED    18   HIGHEST WIND DIRECTION     S (190)
  HIGHEST GUST SPEED    25   HIGHEST GUST DIRECTION     W (270)
  AVERAGE WIND SPEED     6.3


SKY COVER
  POSSIBLE SUNSHINE  MM
  AVERAGE SKY COVER 0.3


WEATHER CONDITIONS
 THE FOLLOWING WEATHER WAS RECORDED YESTERDAY.
  LIGHT RAIN


RELATIVE HUMIDITY (PERCENT)
 HIGHEST    66           800 AM
 LOWEST     26           400 PM
 AVERAGE    46

..........................................................


THE BURLEY ID CLIMATE NORMALS FOR TODAY
                         NORMAL    RECORD    YEAR
 MAXIMUM TEMPERATURE (F)   87       103      1994
 MINIMUM TEMPERATURE (F)   55        45      1953


SUNRISE AND SUNSET
JULY 26 2017..........SUNRISE   621 AM MDT   SUNSET   901 PM MDT
JULY 27 2017..........SUNRISE   622 AM MDT   SUNSET   900 PM MDT


-  INDICATES NEGATIVE NUMBERS.
R  INDICATES RECORD WAS SET OR TIED.
MM INDICATES DATA IS MISSING.
T  INDICATES TRACE AMOUNT.




$$
