000
CDUS45 KPIH 272323
CLIBYI


CLIMATE REPORT
NATIONAL WEATHER SERVICE POCATELLO ID
520 PM MDT TUE SEP 27 2016


...................................

...THE BURLEY ID CLIMATE SUMMARY FOR SEPTEMBER 27 2016...
VALID TODAY AS OF 0500 PM LOCAL TIME.

CLIMATE NORMAL PERIOD 1981 TO 2010
CLIMATE RECORD PERIOD 1948 TO 2016


WEATHER ITEM   OBSERVED TIME   RECORD YEAR NORMAL DEPARTURE LAST
                VALUE   (LST)  VALUE       VALUE  FROM      YEAR
                                                  NORMAL
..................................................................
TEMPERATURE (F)
 TODAY
  MAXIMUM         79    359 PM  89    1969  69     10       74
  MINIMUM         39    406 AM  26    1964  39      0       50
  AVERAGE         59                        54      5       62

PRECIPITATION (IN)
  TODAY            0.00          0.33 1983   0.03  -0.03     0.00
  MONTH TO DATE    3.31                      0.49   2.82     0.43
  SINCE OCT 1     11.50                     10.08   1.42     8.92
  SINCE JAN 1      8.70                      7.25   1.45     6.87

SNOWFALL (IN)
  TODAY           MM
  MONTH TO DATE   MM
  SINCE SEP 1     MM
  SINCE JUL 1     MM
  SNOW DEPTH      MM

DEGREE DAYS
 HEATING
  TODAY            6                        11     -5        3
  MONTH TO DATE  213                       177     36      118
  SINCE SEP 1    213                       177     36      118
  SINCE JUL 1    269                       234     35      147

 COOLING
  TODAY            0                         0      0        0
  MONTH TO DATE    9                        19    -10       17
  SINCE SEP 1      9                        19    -10       17
  SINCE JAN 1    352                       363    -11      463
..................................................................


WIND (MPH)
  HIGHEST WIND SPEED    12   HIGHEST WIND DIRECTION    NE (50)
  HIGHEST GUST SPEED    13   HIGHEST GUST DIRECTION     E (70)
  AVERAGE WIND SPEED     3.7


SKY COVER
  POSSIBLE SUNSHINE  MM
  AVERAGE SKY COVER 0.0


WEATHER CONDITIONS
 THE FOLLOWING WEATHER WAS RECORDED TODAY.
  FOG


RELATIVE HUMIDITY (PERCENT)
 HIGHEST   100           300 AM
 LOWEST     28           400 PM
 AVERAGE    64

..........................................................


THE BURLEY ID CLIMATE NORMALS FOR TOMORROW
                         NORMAL    RECORD    YEAR
 MAXIMUM TEMPERATURE (F)   69        94      1994
 MINIMUM TEMPERATURE (F)   39        29      1985


SUNRISE AND SUNSET
SEPTEMBER 27 2016.....SUNRISE   728 AM MDT   SUNSET   722 PM MDT
SEPTEMBER 28 2016.....SUNRISE   730 AM MDT   SUNSET   721 PM MDT


-  INDICATES NEGATIVE NUMBERS.
R  INDICATES RECORD WAS SET OR TIED.
MM INDICATES DATA IS MISSING.
T  INDICATES TRACE AMOUNT.




$$
