000
CDUS45 KPIH 210737
CLIBYI


CLIMATE REPORT
NATIONAL WEATHER SERVICE POCATELLO ID
1235 AM MST SUN JAN 21 2018


...................................

...THE BURLEY ID CLIMATE SUMMARY FOR JANUARY 20 2018...

CLIMATE NORMAL PERIOD 1981 TO 2010
CLIMATE RECORD PERIOD 1948 TO 2018


WEATHER ITEM   OBSERVED TIME   RECORD YEAR NORMAL DEPARTURE LAST
                VALUE   (LST)  VALUE       VALUE  FROM      YEAR
                                                  NORMAL
..................................................................
TEMPERATURE (F)
 YESTERDAY
  MAXIMUM         36    346 PM  56    1953  35      1       37
  MINIMUM         28   1159 PM -12    1984  19      9       27
  AVERAGE         32                        27      5       32

PRECIPITATION (IN)
  YESTERDAY        0.00          0.70 1999   0.03  -0.03     0.01
  MONTH TO DATE    1.24                      0.63   0.61     1.77
  SINCE OCT 1      2.86                      3.46  -0.60     6.56
  SINCE JAN 1      1.24                      0.63   0.61     1.77

SNOWFALL (IN)
  YESTERDAY       MM
  MONTH TO DATE   MM
  SINCE DEC 1     MM
  SINCE JUL 1     MM
  SNOW DEPTH      MM

DEGREE DAYS
 HEATING
  YESTERDAY       33                        38     -5       33
  MONTH TO DATE  574                       772   -198      884
  SINCE DEC 1   1607                      1964   -357     2131
  SINCE JUL 1   3161                      3652   -491     3529

 COOLING
  YESTERDAY        0                         0      0        0
  MONTH TO DATE    0                         0      0        0
  SINCE DEC 1      0                         0      0        0
  SINCE JAN 1      0                         0      0        0
..................................................................


WIND (MPH)
  HIGHEST WIND SPEED    16   HIGHEST WIND DIRECTION    SW (220)
  HIGHEST GUST SPEED    24   HIGHEST GUST DIRECTION     W (260)
  AVERAGE WIND SPEED     9.6


SKY COVER
  POSSIBLE SUNSHINE  MM
  AVERAGE SKY COVER 0.2


WEATHER CONDITIONS
 THE FOLLOWING WEATHER WAS RECORDED YESTERDAY.
  LIGHT SNOW


RELATIVE HUMIDITY (PERCENT)
 HIGHEST    85           900 PM
 LOWEST     56           200 PM
 AVERAGE    71

..........................................................


THE BURLEY ID CLIMATE NORMALS FOR TODAY
                         NORMAL    RECORD    YEAR
 MAXIMUM TEMPERATURE (F)   35        53      1994
 MINIMUM TEMPERATURE (F)   19       -24      1962


SUNRISE AND SUNSET
JANUARY 21 2018.......SUNRISE   759 AM MST   SUNSET   535 PM MST
JANUARY 22 2018.......SUNRISE   758 AM MST   SUNSET   536 PM MST


-  INDICATES NEGATIVE NUMBERS.
R  INDICATES RECORD WAS SET OR TIED.
MM INDICATES DATA IS MISSING.
T  INDICATES TRACE AMOUNT.




$$
