000
CDUS45 KPIH 220748
CLIBYI


CLIMATE REPORT
NATIONAL WEATHER SERVICE POCATELLO ID
1242 AM MST WED FEB 22 2017


...................................

...THE BURLEY ID CLIMATE SUMMARY FOR FEBRUARY 21 2017...

CLIMATE NORMAL PERIOD 1981 TO 2010
CLIMATE RECORD PERIOD 1948 TO 2017


WEATHER ITEM   OBSERVED TIME   RECORD YEAR NORMAL DEPARTURE LAST
                VALUE   (LST)  VALUE       VALUE  FROM      YEAR
                                                  NORMAL
..................................................................
TEMPERATURE (F)
 YESTERDAY
  MAXIMUM         54        MM  63    1991  42     12       50
  MINIMUM         38        MM   4    1952  23     15       23
  AVERAGE         46                        32     14       37

PRECIPITATION (IN)
  YESTERDAY        0.01          0.48 1996   0.03  -0.02     0.00
  MONTH TO DATE    1.75                      0.56   1.19     0.25
  SINCE OCT 1      8.59                      4.30   4.29     4.13
  SINCE JAN 1      3.80                      1.47   2.33     1.33

SNOWFALL (IN)
  YESTERDAY       MM
  MONTH TO DATE   MM
  SINCE DEC 1     MM
  SINCE JUL 1     MM
  SNOW DEPTH      MM

DEGREE DAYS
 HEATING
  YESTERDAY       19                        33    -14       28
  MONTH TO DATE  561                       737   -176      619
  SINCE DEC 1   3160                      3115     45     2880
  SINCE JUL 1   4558                      4803   -245     4301

 COOLING
  YESTERDAY        0                         0      0        0
  MONTH TO DATE    0                         0      0        0
  SINCE DEC 1      0                         0      0        0
  SINCE JAN 1      0                         0      0        0
..................................................................


WIND (MPH)
  HIGHEST WIND SPEED    31   HIGHEST WIND DIRECTION     W (250)
  HIGHEST GUST SPEED    41   HIGHEST GUST DIRECTION     W (270)
  AVERAGE WIND SPEED    13.1


SKY COVER
  POSSIBLE SUNSHINE  MM
  AVERAGE SKY COVER 0.7


WEATHER CONDITIONS
 THE FOLLOWING WEATHER WAS RECORDED YESTERDAY.
  LIGHT RAIN


RELATIVE HUMIDITY (PERCENT)
 HIGHEST    82           100 AM
 LOWEST     50          1200 PM
 AVERAGE    66

..........................................................


THE BURLEY ID CLIMATE NORMALS FOR TODAY
                         NORMAL    RECORD    YEAR
 MAXIMUM TEMPERATURE (F)   42        66      1958
 MINIMUM TEMPERATURE (F)   23       -10      1952


SUNRISE AND SUNSET
FEBRUARY 22 2017......SUNRISE   721 AM MST   SUNSET   616 PM MST
FEBRUARY 23 2017......SUNRISE   720 AM MST   SUNSET   618 PM MST


-  INDICATES NEGATIVE NUMBERS.
R  INDICATES RECORD WAS SET OR TIED.
MM INDICATES DATA IS MISSING.
T  INDICATES TRACE AMOUNT.




$$
