000
CDUS45 KPIH 182325
CLIBYI


CLIMATE REPORT
NATIONAL WEATHER SERVICE POCATELLO ID
523 PM MDT THU SEP 18 2014


...................................

...THE BURLEY ID CLIMATE SUMMARY FOR SEPTEMBER 18 2014...
VALID TODAY AS OF 0500 PM LOCAL TIME.

CLIMATE NORMAL PERIOD 1981 TO 2010
CLIMATE RECORD PERIOD 1948 TO 2014


WEATHER ITEM   OBSERVED TIME   RECORD YEAR NORMAL DEPARTURE LAST
                VALUE   (LST)  VALUE       VALUE  FROM      YEAR
                                                  NORMAL
..................................................................
TEMPERATURE (F)
 TODAY
  MAXIMUM         80    126 PM  95    1962  73      7       62
  MINIMUM         64    821 AM  18    1965  42     22       43
  AVERAGE         72                        58     14       53

PRECIPITATION (IN)
  TODAY            T             0.65 1948   0.02  -0.02      T
  MONTH TO DATE    T                         0.30  -0.30     1.22
  SINCE OCT 1     10.09                      9.89   0.20     7.52
  SINCE JAN 1      9.48                      7.06   2.42     3.92

SNOWFALL (IN)
  TODAY           MM
  MONTH TO DATE   MM
  SINCE SEP 1     MM
  SINCE JUL 1     MM
  SNOW DEPTH      MM

DEGREE DAYS
 HEATING
  TODAY            0                         8     -8       12
  MONTH TO DATE   65                        93    -28       16
  SINCE SEP 1     65                        93    -28       16
  SINCE JUL 1     95                       150    -55       16

 COOLING
  TODAY            7                         0      7        0
  MONTH TO DATE   23                        19      4       53
  SINCE SEP 1     23                        19      4       53
  SINCE JAN 1    424                       363     61      641
..................................................................


WIND (MPH)
  HIGHEST WIND SPEED    20   HIGHEST WIND DIRECTION    SW (240)
  HIGHEST GUST SPEED    25   HIGHEST GUST DIRECTION     W (260)
  AVERAGE WIND SPEED     7.9


SKY COVER
  POSSIBLE SUNSHINE  MM
  AVERAGE SKY COVER 0.1


WEATHER CONDITIONS
 THE FOLLOWING WEATHER WAS RECORDED TODAY.
  LIGHT RAIN
  HAZE


RELATIVE HUMIDITY (PERCENT)
 HIGHEST    68           100 AM
 LOWEST     33          1000 AM
 AVERAGE    51

..........................................................


THE BURLEY ID CLIMATE NORMALS FOR TOMORROW
                         NORMAL    RECORD    YEAR
 MAXIMUM TEMPERATURE (F)   73        90      1956
 MINIMUM TEMPERATURE (F)   42        18      1965


SUNRISE AND SUNSET
SEPTEMBER 18 2014.....SUNRISE   718 AM MDT   SUNSET   739 PM MDT
SEPTEMBER 19 2014.....SUNRISE   719 AM MDT   SUNSET   738 PM MDT


-  INDICATES NEGATIVE NUMBERS.
R  INDICATES RECORD WAS SET OR TIED.
MM INDICATES DATA IS MISSING.
T  INDICATES TRACE AMOUNT.




$$
