000
CDUS45 KPIH 020731
CLIBYI


CLIMATE REPORT
NATIONAL WEATHER SERVICE POCATELLO ID
129 AM MDT THU OCT 2 2014


...................................

...THE BURLEY ID CLIMATE SUMMARY FOR OCTOBER 1 2014...

CLIMATE NORMAL PERIOD 1981 TO 2010
CLIMATE RECORD PERIOD 1948 TO 2014


WEATHER ITEM   OBSERVED TIME   RECORD YEAR NORMAL DEPARTURE LAST
                VALUE   (LST)  VALUE       VALUE  FROM      YEAR
                                                  NORMAL
..................................................................
TEMPERATURE (F)
 YESTERDAY
  MAXIMUM         57    420 PM  91    2010  68    -11       67
                                      1992
  MINIMUM         40   1159 PM  19    1950  38      2       34
  AVERAGE         49                        53     -4       51

PRECIPITATION (IN)
  YESTERDAY        0.03          0.20 1971   0.02   0.01     0.00
  MONTH TO DATE    0.03                      0.02   0.01     0.00
  SINCE OCT 1      0.03                      0.02   0.01     0.00
  SINCE JAN 1      9.95                      7.33   2.62     4.08

SNOWFALL (IN)
  YESTERDAY       MM
  MONTH TO DATE   MM
  SINCE SEP 1     MM
  SINCE JUL 1     MM
  SNOW DEPTH      MM

DEGREE DAYS
 HEATING
  YESTERDAY       16                        12      4       14
  MONTH TO DATE   16                        12      4       14
  SINCE SEP 1    141                       225    -84      157
  SINCE JUL 1    171                       282   -111      157

 COOLING
  YESTERDAY        0                         0      0        0
  MONTH TO DATE    0                         0      0        0
  SINCE SEP 1     27                        21      6       54
  SINCE JAN 1    428                       365     63      642
..................................................................


WIND (MPH)
  HIGHEST WIND SPEED    21   HIGHEST WIND DIRECTION     W (250)
  HIGHEST GUST SPEED    26   HIGHEST GUST DIRECTION     W (250)
  AVERAGE WIND SPEED    10.8


SKY COVER
  POSSIBLE SUNSHINE  MM
  AVERAGE SKY COVER 0.3


WEATHER CONDITIONS
 THE FOLLOWING WEATHER WAS RECORDED YESTERDAY.
  RAIN
  LIGHT RAIN
  FOG


RELATIVE HUMIDITY (PERCENT)
 HIGHEST    82           500 AM
 LOWEST     36           300 PM
 AVERAGE    59

..........................................................


THE BURLEY ID CLIMATE NORMALS FOR TODAY
                         NORMAL    RECORD    YEAR
 MAXIMUM TEMPERATURE (F)   67        90      2010
 MINIMUM TEMPERATURE (F)   38        22      1950


SUNRISE AND SUNSET
OCTOBER  2 2014.......SUNRISE   733 AM MDT   SUNSET   715 PM MDT
OCTOBER  3 2014.......SUNRISE   734 AM MDT   SUNSET   713 PM MDT


-  INDICATES NEGATIVE NUMBERS.
R  INDICATES RECORD WAS SET OR TIED.
MM INDICATES DATA IS MISSING.
T  INDICATES TRACE AMOUNT.




$$
