000
CDUS45 KPIH 272329
CLIBYI


CLIMATE REPORT
NATIONAL WEATHER SERVICE POCATELLO ID
526 PM MDT WED MAY 27 2015


...................................

...THE BURLEY ID CLIMATE SUMMARY FOR MAY 27 2015...
VALID TODAY AS OF 0500 PM LOCAL TIME.

CLIMATE NORMAL PERIOD 1981 TO 2010
CLIMATE RECORD PERIOD 1948 TO 2015


WEATHER ITEM   OBSERVED TIME   RECORD YEAR NORMAL DEPARTURE LAST
                VALUE   (LST)  VALUE       VALUE  FROM      YEAR
                                                  NORMAL
..................................................................
TEMPERATURE (F)
 TODAY
  MAXIMUM         70    212 PM  91    1958  70      0       85
  MINIMUM         49    638 AM  33    1965  44      5       46
  AVERAGE         60                        57      3       66

PRECIPITATION (IN)
  TODAY            0.00          0.86 2006   0.04  -0.04     0.00
  MONTH TO DATE    3.59                      1.23   2.36     1.49
  SINCE OCT 1      7.16                      7.86  -0.70     6.66
  SINCE JAN 1      5.11                      5.03   0.08     6.05

SNOWFALL (IN)
  TODAY           MM
  MONTH TO DATE   MM
  SINCE MAR 1     MM
  SINCE JUL 1     MM
  SNOW DEPTH      MM

DEGREE DAYS
 HEATING
  TODAY            5                         8     -3        0
  MONTH TO DATE  255                       311    -56      258
  SINCE MAR 1   1378                      1677   -299     1502
  SINCE JUL 1   5355                      6699  -1344     6197

 COOLING
  TODAY            0                         0      0        1
  MONTH TO DATE    0                         0      0        1
  SINCE MAR 1      0                         0      0        1
  SINCE JAN 1      0                         0      0        1
..................................................................


WIND (MPH)
  HIGHEST WIND SPEED    21   HIGHEST WIND DIRECTION    SW (220)
  HIGHEST GUST SPEED    26   HIGHEST GUST DIRECTION    SW (230)
  AVERAGE WIND SPEED     5.8


SKY COVER
  POSSIBLE SUNSHINE  MM
  AVERAGE SKY COVER 0.3


WEATHER CONDITIONS
 THE FOLLOWING WEATHER WAS RECORDED TODAY.
  NO SIGNIFICANT WEATHER WAS OBSERVED.


RELATIVE HUMIDITY (PERCENT)
 HIGHEST    83           600 AM
 LOWEST     37           200 PM
 AVERAGE    60

..........................................................


THE BURLEY ID CLIMATE NORMALS FOR TOMORROW
                         NORMAL    RECORD    YEAR
 MAXIMUM TEMPERATURE (F)   71        97      2003
 MINIMUM TEMPERATURE (F)   44        28      1954


SUNRISE AND SUNSET
MAY 27 2015...........SUNRISE   603 AM MDT   SUNSET   902 PM MDT
MAY 28 2015...........SUNRISE   603 AM MDT   SUNSET   903 PM MDT


-  INDICATES NEGATIVE NUMBERS.
R  INDICATES RECORD WAS SET OR TIED.
MM INDICATES DATA IS MISSING.
T  INDICATES TRACE AMOUNT.




$$
