000
CDUS45 KPIH 250738
CLIBYI


CLIMATE REPORT
NATIONAL WEATHER SERVICE POCATELLO ID
1237 AM MST THU DEC 25 2014


...................................

...THE BURLEY ID CLIMATE SUMMARY FOR DECEMBER 24 2014...

CLIMATE NORMAL PERIOD 1981 TO 2010
CLIMATE RECORD PERIOD 1948 TO 2014


WEATHER ITEM   OBSERVED TIME   RECORD YEAR NORMAL DEPARTURE LAST
                VALUE   (LST)  VALUE       VALUE  FROM      YEAR
                                                  NORMAL
..................................................................
TEMPERATURE (F)
 YESTERDAY
  MAXIMUM         MM        MM  53    1980  34     MM       43
  MINIMUM         MM        MM -16    1990  18     MM       23
  AVERAGE         MM                        26     MM       33

PRECIPITATION (IN)
  YESTERDAY       MM             0.75 1983   0.03  MM        0.01
  MONTH TO DATE    0.68                      0.89  -0.21     0.17
  SINCE OCT 1      2.02                      2.59  -0.57     0.61
  SINCE JAN 1     11.94                      9.90   2.04     4.69

SNOWFALL (IN)
  YESTERDAY       MM
  MONTH TO DATE   MM
  SINCE DEC 1     MM
  SINCE JUL 1     MM
  SNOW DEPTH      MM

DEGREE DAYS
 HEATING
  YESTERDAY       MM                        39     MM       32
  MONTH TO DATE  585                       914   -329     1018
  SINCE DEC 1    585                       914   -329     1018
  SINCE JUL 1   1966                      2602   -636     2586

 COOLING
  YESTERDAY       MM                         0     MM        0
  MONTH TO DATE    0                         0      0        0
  SINCE DEC 1      0                         0      0        0
  SINCE JAN 1    428                       365     63      642
..................................................................


WIND (MPH)
  HIGHEST WIND SPEED    MM   HIGHEST WIND DIRECTION    MM
  HIGHEST GUST SPEED    MM   HIGHEST GUST DIRECTION    MM
  AVERAGE WIND SPEED    MM


SKY COVER
  POSSIBLE SUNSHINE  MM
  AVERAGE SKY COVER 0.2


WEATHER CONDITIONS
 THE FOLLOWING WEATHER WAS RECORDED YESTERDAY.
  NO SIGNIFICANT WEATHER WAS OBSERVED.


RELATIVE HUMIDITY (PERCENT)
 HIGHEST    MM          1200 AM
 LOWEST     MM          1100 AM
 AVERAGE    MM

..........................................................


THE BURLEY ID CLIMATE NORMALS FOR TODAY
                         NORMAL    RECORD    YEAR
 MAXIMUM TEMPERATURE (F)   34        54      1955
 MINIMUM TEMPERATURE (F)   18       -12      1951


SUNRISE AND SUNSET
DECEMBER 25 2014......SUNRISE   803 AM MST   SUNSET   507 PM MST
DECEMBER 26 2014......SUNRISE   804 AM MST   SUNSET   508 PM MST


-  INDICATES NEGATIVE NUMBERS.
R  INDICATES RECORD WAS SET OR TIED.
MM INDICATES DATA IS MISSING.
T  INDICATES TRACE AMOUNT.




$$
