000
CDUS45 KPIH 210735
CLIBYI


CLIMATE REPORT
NATIONAL WEATHER SERVICE POCATELLO ID
133 AM MDT THU SEP 21 2017


...................................

...THE BURLEY ID CLIMATE SUMMARY FOR SEPTEMBER 20 2017...

CLIMATE NORMAL PERIOD 1981 TO 2010
CLIMATE RECORD PERIOD 1948 TO 2017


WEATHER ITEM   OBSERVED TIME   RECORD YEAR NORMAL DEPARTURE LAST
                VALUE   (LST)  VALUE       VALUE  FROM      YEAR
                                                  NORMAL
..................................................................
TEMPERATURE (F)
 YESTERDAY
  MAXIMUM         68   1253 PM  89    1991  72     -4       83
  MINIMUM         38    122 AM  27    1983  42     -4       49
  AVERAGE         53                        57     -4       66

PRECIPITATION (IN)
  YESTERDAY        0.46          0.69 1963   0.02   0.44     0.00
  MONTH TO DATE    1.22                      0.34   0.88     1.28
  SINCE OCT 1     14.60                      9.93   4.67     9.47
  SINCE JAN 1      9.81                      7.10   2.71     6.67

SNOWFALL (IN)
  YESTERDAY       MM
  MONTH TO DATE   MM
  SINCE SEP 1     MM
  SINCE JUL 1     MM
  SNOW DEPTH      MM

DEGREE DAYS
 HEATING
  YESTERDAY       12                         8      4        0
  MONTH TO DATE   77                       109    -32      140
  SINCE SEP 1     77                       109    -32      140
  SINCE JUL 1     83                       166    -83      196

 COOLING
  YESTERDAY        0                         0      0        1
  MONTH TO DATE   68                        19     49        9
  SINCE SEP 1     68                        19     49        9
  SINCE JAN 1    601                       363    238      352
..................................................................


WIND (MPH)
  HIGHEST WIND SPEED    24   HIGHEST WIND DIRECTION     W (270)
  HIGHEST GUST SPEED    37   HIGHEST GUST DIRECTION    SW (210)
  AVERAGE WIND SPEED     9.7


SKY COVER
  POSSIBLE SUNSHINE  MM
  AVERAGE SKY COVER 0.7


WEATHER CONDITIONS
 THE FOLLOWING WEATHER WAS RECORDED YESTERDAY.
  RAIN
  LIGHT RAIN
  FOG


RELATIVE HUMIDITY (PERCENT)
 HIGHEST   100           900 PM
 LOWEST     26           100 PM
 AVERAGE    63

..........................................................


THE BURLEY ID CLIMATE NORMALS FOR TODAY
                         NORMAL    RECORD    YEAR
 MAXIMUM TEMPERATURE (F)   72        90      1979
 MINIMUM TEMPERATURE (F)   41        25      1983


SUNRISE AND SUNSET
SEPTEMBER 21 2017.....SUNRISE   722 AM MDT   SUNSET   733 PM MDT
SEPTEMBER 22 2017.....SUNRISE   723 AM MDT   SUNSET   732 PM MDT


-  INDICATES NEGATIVE NUMBERS.
R  INDICATES RECORD WAS SET OR TIED.
MM INDICATES DATA IS MISSING.
T  INDICATES TRACE AMOUNT.




$$
