000
CDUS45 KPIH 272325
CLIBYI


CLIMATE REPORT
NATIONAL WEATHER SERVICE POCATELLO ID
524 PM MDT THU AUG 27 2015


...................................

...THE BURLEY ID CLIMATE SUMMARY FOR AUGUST 27 2015...
VALID TODAY AS OF 0500 PM LOCAL TIME.

CLIMATE NORMAL PERIOD 1981 TO 2010
CLIMATE RECORD PERIOD 1948 TO 2015


WEATHER ITEM   OBSERVED TIME   RECORD YEAR NORMAL DEPARTURE LAST
                VALUE   (LST)  VALUE       VALUE  FROM      YEAR
                                                  NORMAL
..................................................................
TEMPERATURE (F)
 TODAY
  MAXIMUM         87    322 PM  94    1995  82      5       79
  MINIMUM         55    617 AM  34    1954  49      6       50
  AVERAGE         71                        66      5       65

PRECIPITATION (IN)
  TODAY            0.00          0.08 1991   0.02  -0.02     0.00
  MONTH TO DATE    0.17                      0.34  -0.17     2.71
  SINCE OCT 1      8.49                      9.53  -1.04    10.09
  SINCE JAN 1      6.44                      6.70  -0.26     9.48

SNOWFALL (IN)
  TODAY           MM
  MONTH TO DATE   MM
  SINCE JUN 1     MM
  SINCE JUL 1     MM
  SNOW DEPTH      MM

DEGREE DAYS
 HEATING
  TODAY            0                         2     -2        0
  MONTH TO DATE    6                        24    -18       22
  SINCE JUN 1     51                       180   -129      129
  SINCE JUL 1     25                        46    -21       25

 COOLING
  TODAY            6                         3      3        0
  MONTH TO DATE  138                       123     15      119
  SINCE JUN 1    441                       330    111      390
  SINCE JAN 1    446                       336    110      391
..................................................................


WIND (MPH)
  HIGHEST WIND SPEED    16   HIGHEST WIND DIRECTION     W (280)
  HIGHEST GUST SPEED    23   HIGHEST GUST DIRECTION     W (280)
  AVERAGE WIND SPEED     5.3


SKY COVER
  POSSIBLE SUNSHINE  MM
  AVERAGE SKY COVER 0.0


WEATHER CONDITIONS
 THE FOLLOWING WEATHER WAS RECORDED TODAY.
  NO SIGNIFICANT WEATHER WAS OBSERVED.


RELATIVE HUMIDITY (PERCENT)
 HIGHEST    77           400 AM
 LOWEST     18           300 PM
 AVERAGE    48

..........................................................


THE BURLEY ID CLIMATE NORMALS FOR TOMORROW
                         NORMAL    RECORD    YEAR
 MAXIMUM TEMPERATURE (F)   82        95      2012
                                             1995
 MINIMUM TEMPERATURE (F)   49        33      1960


SUNRISE AND SUNSET
AUGUST 27 2015........SUNRISE   654 AM MDT   SUNSET   818 PM MDT
AUGUST 28 2015........SUNRISE   656 AM MDT   SUNSET   816 PM MDT


-  INDICATES NEGATIVE NUMBERS.
R  INDICATES RECORD WAS SET OR TIED.
MM INDICATES DATA IS MISSING.
T  INDICATES TRACE AMOUNT.




$$
