000
CDUS45 KTFX 222321
CLIBZN


CLIMATE REPORT
NATIONAL WEATHER SERVICE GREAT FALLS MT
420 PM MST SAT NOV 22 2014


...................................

...THE BOZEMAN/GALLATIN FIELD MT CLIMATE SUMMARY FOR NOVEMBER 22 2014...
VALID TODAY AS OF 0400 PM LOCAL TIME.

CLIMATE NORMAL PERIOD 1981 TO 2010
CLIMATE RECORD PERIOD 1935 TO 2014


WEATHER ITEM   OBSERVED TIME   RECORD YEAR NORMAL DEPARTURE LAST
                VALUE   (LST)  VALUE       VALUE  FROM      YEAR
                                                  NORMAL
..................................................................
TEMPERATURE (F)
 TODAY
  MAXIMUM         44    840 AM  65    1954  41      3       27
  MINIMUM         35    245 AM -25    1985  17     18        1
  AVERAGE         40                        29     11       14

PRECIPITATION (IN)
  TODAY            0.03          0.34 1981   0.02   0.01     0.00
  MONTH TO DATE    0.38                      0.58  -0.20     0.36
  SINCE OCT 1      0.77                      1.68  -0.91     0.72
  SINCE JAN 1     14.38                     13.29   1.09    11.49

SNOWFALL (IN)
  TODAY            0.0           7.0  1962   0.3   -0.3      0.0
  MONTH TO DATE    5.6                       3.5    2.1      0.5
  SINCE SEP 1      5.6                       5.7   -0.1      0.5
  SINCE JUL 1      5.6                       5.7   -0.1      0.5
  SNOW DEPTH       1

DEGREE DAYS
 HEATING
  TODAY           25                        36    -11       51
  MONTH TO DATE  872                       674    198      688
  SINCE SEP 1   1723                      1504    219     1683
  SINCE JUL 1   1809                      1571    238     1686

 COOLING
  TODAY            0                         0      0        0
  MONTH TO DATE    0                         0      0        0
  SINCE SEP 1      5                        22    -17       23
  SINCE JAN 1    187                       368   -181      284
..................................................................


WIND (MPH)
  HIGHEST WIND SPEED    35   HIGHEST WIND DIRECTION     W (250)
  HIGHEST GUST SPEED    41   HIGHEST GUST DIRECTION     W (250)
  AVERAGE WIND SPEED    12.0


SKY COVER
  AVERAGE SKY COVER 0.9


WEATHER CONDITIONS
 THE FOLLOWING WEATHER WAS RECORDED TODAY.
  LIGHT RAIN


RELATIVE HUMIDITY (PERCENT)
 HIGHEST    79           900 AM
 LOWEST     41           300 PM
 AVERAGE    60

..........................................................


THE BOZEMAN/GALLATIN FIELD MT CLIMATE NORMALS FOR TOMORROW
                         NORMAL    RECORD    YEAR
 MAXIMUM TEMPERATURE (F)   40        60      2011
                                             1942
 MINIMUM TEMPERATURE (F)   16       -27      1985


SUNRISE AND SUNSET
NOVEMBER 22 2014......SUNRISE   734 AM MST   SUNSET   447 PM MST
NOVEMBER 23 2014......SUNRISE   735 AM MST   SUNSET   446 PM MST


-  INDICATES NEGATIVE NUMBERS.
R  INDICATES RECORD WAS SET OR TIED.
MM INDICATES DATA IS MISSING.
T  INDICATES TRACE AMOUNT.




$$
