000
CDUS45 KTFX 260742
CLIBZN


CLIMATE REPORT
NATIONAL WEATHER SERVICE GREAT FALLS MT
1241 AM MST MON JAN 26 2015


...................................

...THE BOZEMAN/GALLATIN FIELD MT CLIMATE SUMMARY FOR JANUARY 25 2015...

CLIMATE NORMAL PERIOD 1981 TO 2010
CLIMATE RECORD PERIOD 1935 TO 2015


WEATHER ITEM   OBSERVED TIME   RECORD YEAR NORMAL DEPARTURE
                VALUE   (LST)  VALUE       VALUE  FROM
                                                  NORMAL
...............................................................
TEMPERATURE (F)
 YESTERDAY
  MAXIMUM         47    316 PM  52    1953  37     10
  MINIMUM         31    620 AM -43    1949  12     19
  AVERAGE         39                        24     15

PRECIPITATION (IN)
  YESTERDAY        0.00          0.49 1975   0.01  -0.01
  MONTH TO DATE    0.22                      0.39  -0.17
  SINCE OCT 1      2.15                      2.77  -0.62
  SINCE JAN 1      0.22                      0.39  -0.17

SNOWFALL (IN)
  YESTERDAY        0.0           6.0  1975   0.2   -0.2
  MONTH TO DATE    4.8                       3.2    1.6
  SINCE DEC 1     12.9                       9.2    3.7
  SINCE JUL 1     28.5                      16.6   11.9
  SNOW DEPTH      MM

DEGREE DAYS
 HEATING
  YESTERDAY       26                              -15
  MONTH TO DATE 1064                               17
  SINCE DEC 1   2353                              -48
  SINCE JUL 1   4480                              198

 COOLING
  YESTERDAY        0                                0
  MONTH TO DATE    0                                0
  SINCE DEC 1      0                                0
  SINCE JAN 1      0                                0
...............................................................


WIND (MPH)
  HIGHEST WIND SPEED     9   HIGHEST WIND DIRECTION     S (170)
  HIGHEST GUST SPEED    11   HIGHEST GUST DIRECTION     N (20)
  AVERAGE WIND SPEED     3.9



WEATHER CONDITIONS
 THE FOLLOWING WEATHER WAS RECORDED YESTERDAY.
  NO SIGNIFICANT WEATHER WAS OBSERVED.


RELATIVE HUMIDITY (PERCENT)
 HIGHEST    96
 LOWEST     53
 AVERAGE    75

..........................................................


THE BOZEMAN/GALLATIN FIELD MT CLIMATE NORMALS FOR TODAY
                         NORMAL    RECORD    YEAR
 MAXIMUM TEMPERATURE (F)   37        50      2012
                                             2008
                                             2007
 MINIMUM TEMPERATURE (F)   12       -46      1957


SUNRISE AND SUNSET
JANUARY 26 2015.......SUNRISE   753 AM MST   SUNSET   522 PM MST
JANUARY 27 2015.......SUNRISE   752 AM MST   SUNSET   523 PM MST


-  INDICATES NEGATIVE NUMBERS.
R  INDICATES RECORD WAS SET OR TIED.
MM INDICATES DATA IS MISSING.
T  INDICATES TRACE AMOUNT.




$$
