000
CDUS45 KTFX 230923
CLIBZN


CLIMATE REPORT
NATIONAL WEATHER SERVICE GREAT FALLS MT
321 AM MDT TUE SEP 23 2014


...................................

...THE BOZEMAN/GALLATIN FIELD MT CLIMATE SUMMARY FOR SEPTEMBER 22 2014...

CLIMATE NORMAL PERIOD 1981 TO 2010
CLIMATE RECORD PERIOD 1935 TO 2014


WEATHER ITEM   OBSERVED TIME   RECORD YEAR NORMAL DEPARTURE
                VALUE   (LST)  VALUE       VALUE  FROM
                                                  NORMAL
...............................................................
TEMPERATURE (F)
 YESTERDAY
  MAXIMUM         67    535 PM  87    1966  72     -5
  MINIMUM         49   1159 PM  22    1960  38     11
  AVERAGE         58                        55      3

PRECIPITATION (IN)
  YESTERDAY        T             0.58 1951   0.04  -0.04
  MONTH TO DATE    0.40                      0.79  -0.39
  SINCE OCT 1     13.76                     13.67   0.09
  SINCE JAN 1     12.71                     11.29   1.42

SNOWFALL (IN)
  YESTERDAY        0.0           2.0  1951   0.0    0.0
  MONTH TO DATE    T                         0.1   -0.1
  SINCE SEP 1      T                         0.1   -0.1
  SINCE JUL 1      T                         0.1   -0.1
  SNOW DEPTH       0

DEGREE DAYS
 HEATING
  YESTERDAY        7                               -3
  MONTH TO DATE  242                               98
  SINCE SEP 1    242                               98
  SINCE JUL 1    328                              117

 COOLING
  YESTERDAY        0                                0
  MONTH TO DATE    0                              -20
  SINCE SEP 1      0                              -20
  SINCE JAN 1    182                             -184
...............................................................


WIND (MPH)
  HIGHEST WIND SPEED     8   HIGHEST WIND DIRECTION    SE (150)
  HIGHEST GUST SPEED    11   HIGHEST GUST DIRECTION     E (110)
  AVERAGE WIND SPEED     3.5



WEATHER CONDITIONS
 THE FOLLOWING WEATHER WAS RECORDED YESTERDAY.
  LIGHT RAIN


RELATIVE HUMIDITY (PERCENT)
 HIGHEST    89
 LOWEST     56
 AVERAGE    73

..........................................................


THE BOZEMAN/GALLATIN FIELD MT CLIMATE NORMALS FOR TODAY
                         NORMAL    RECORD    YEAR
 MAXIMUM TEMPERATURE (F)   71        89      1966
 MINIMUM TEMPERATURE (F)   38        20      2000


SUNRISE AND SUNSET
SEPTEMBER 23 2014.....SUNRISE   713 AM MDT   SUNSET   720 PM MDT
SEPTEMBER 24 2014.....SUNRISE   714 AM MDT   SUNSET   718 PM MDT


-  INDICATES NEGATIVE NUMBERS.
R  INDICATES RECORD WAS SET OR TIED.
MM INDICATES DATA IS MISSING.
T  INDICATES TRACE AMOUNT.




$$
