000
CDUS45 KTFX 240900
CLIBZN


CLIMATE REPORT
NATIONAL WEATHER SERVICE GREAT FALLS MT
259 AM MDT SAT JUN 24 2017


...................................

...THE BOZEMAN/GALLATIN FIELD MT CLIMATE SUMMARY FOR JUNE 23 2017...

CLIMATE NORMAL PERIOD 1981 TO 2010
CLIMATE RECORD PERIOD 1935 TO 2017


WEATHER ITEM   OBSERVED TIME   RECORD YEAR NORMAL DEPARTURE LAST
                VALUE   (LST)  VALUE       VALUE  FROM      YEAR
                                                  NORMAL
..................................................................
TEMPERATURE (F)
 YESTERDAY
  MAXIMUM         72    414 PM  96    1988  80     -8       95
  MINIMUM         36    436 AM  31    2003  47    -11       47
  AVERAGE         54                        64    -10       71

PRECIPITATION (IN)
  YESTERDAY        0.00          0.53 1948   0.07  -0.07     0.00
  MONTH TO DATE    2.14                      1.99   0.15     0.82
  SINCE OCT 1     11.02                     10.27   0.75     8.57
  SINCE JAN 1      7.69                      7.89  -0.20     5.72

SNOWFALL (IN)
  YESTERDAY        0.0           T    1989   0.0    0.0      0.0
                                      2001
                                      1994
  MONTH TO DATE    0.0                       0.3   -0.3      0.0
  SINCE JUN 1      0.0                       0.3   -0.3      0.0
  SINCE JUL 1     44.5                      40.2    4.3     25.7
  SNOW DEPTH       0

DEGREE DAYS
 HEATING
  YESTERDAY       11                         3      8        0
  MONTH TO DATE  134                       123     11       82
  SINCE JUN 1    134                       123     11       82
  SINCE JUL 1   8099                      7540    559     7578

 COOLING
  YESTERDAY        0                         2     -2        6
  MONTH TO DATE   17                        22     -5       34
  SINCE JUN 1     17                        22     -5       34
  SINCE JAN 1     17                        26     -9       34
..................................................................


WIND (MPH)
  HIGHEST WIND SPEED    12   HIGHEST WIND DIRECTION    NE (40)
  HIGHEST GUST SPEED    14   HIGHEST GUST DIRECTION     N (20)
  AVERAGE WIND SPEED     4.1


SKY COVER
  AVERAGE SKY COVER 0.0


WEATHER CONDITIONS
 THE FOLLOWING WEATHER WAS RECORDED YESTERDAY.
  NO SIGNIFICANT WEATHER WAS OBSERVED.


RELATIVE HUMIDITY (PERCENT)
 HIGHEST    79
 LOWEST     22
 AVERAGE    51

..........................................................


THE BOZEMAN/GALLATIN FIELD MT CLIMATE NORMALS FOR TODAY
                         NORMAL    RECORD    YEAR
 MAXIMUM TEMPERATURE (F)   80        97      2012
 MINIMUM TEMPERATURE (F)   48        34      1997


SUNRISE AND SUNSET
JUNE 24 2017..........SUNRISE   536 AM MDT   SUNSET   919 PM MDT
JUNE 25 2017..........SUNRISE   536 AM MDT   SUNSET   919 PM MDT


-  INDICATES NEGATIVE NUMBERS.
R  INDICATES RECORD WAS SET OR TIED.
MM INDICATES DATA IS MISSING.
T  INDICATES TRACE AMOUNT.




$$
