000
CDUS42 KCAE 270538
CLICAE


CLIMATE REPORT
NATIONAL WEATHER SERVICE COLUMBIA SC
1238 AM EST FRI FEB 27 2015


...................................

...THE COLUMBIA METRO AIRPORT SC CLIMATE SUMMARY FOR FEBRUARY 26 2015...

CLIMATE NORMAL PERIOD 1981 TO 2010
CLIMATE RECORD PERIOD 1887 TO 2015


WEATHER ITEM   OBSERVED TIME   RECORD YEAR NORMAL DEPARTURE LAST
                VALUE   (LST)  VALUE       VALUE  FROM      YEAR
                                                  NORMAL
..................................................................
TEMPERATURE (F)
 YESTERDAY
  MAXIMUM         44    726 PM  84    1996  63    -19       55
                                      1977
  MINIMUM         34   1159 PM   9    1967  39     -5       36
  AVERAGE         39                        51    -12       46

PRECIPITATION (IN)
  YESTERDAY        0.20          3.29 1939   0.13   0.07     0.13
  MONTH TO DATE    4.74                      3.35   1.39     2.92
  SINCE DEC 1     11.24                     10.15   1.09    12.20
  SINCE JAN 1      7.34                      6.93   0.41     6.32

SNOWFALL (IN)
  YESTERDAY        0.0           0.8  1982   0.0             0.0
  MONTH TO DATE    T                         0.5             2.1
  SINCE DEC 1      T                         1.4             4.2
  SINCE JUL 1      T                         1.4             4.2

DEGREE DAYS
 HEATING
  YESTERDAY       26                        14     12       19
  MONTH TO DATE  565                       436    129      411
  SINCE DEC 1   1643                      1631     12     1595
  SINCE JUL 1   2148                      2072     76     2042

 COOLING
  YESTERDAY        0                         0      0        0
  MONTH TO DATE    0                         0      0        7
  SINCE DEC 1      0                         4     -4       21
  SINCE JAN 1      0                         1     -1        7
..................................................................


WIND (MPH)
  HIGHEST WIND SPEED    14   HIGHEST WIND DIRECTION    NE (60)
  HIGHEST GUST SPEED    18   HIGHEST GUST DIRECTION     E (70)
  AVERAGE WIND SPEED     5.5


SKY COVER
  AVERAGE SKY COVER 0.9


WEATHER CONDITIONS
 THE FOLLOWING WEATHER WAS RECORDED YESTERDAY.
  RAIN
  LIGHT RAIN
  FOG


RELATIVE HUMIDITY (PERCENT)
 HIGHEST   100          1200 AM
 LOWEST     65           500 PM
 AVERAGE    83

..........................................................


THE COLUMBIA METRO AIRPORT SC CLIMATE NORMALS FOR TODAY
                         NORMAL    RECORD    YEAR
 MAXIMUM TEMPERATURE (F)   63        84      1997
 MINIMUM TEMPERATURE (F)   39        17      1968


SUNRISE AND SUNSET
FEBRUARY 27 2015......SUNRISE   656 AM EST   SUNSET   619 PM EST
FEBRUARY 28 2015......SUNRISE   655 AM EST   SUNSET   620 PM EST


-  INDICATES NEGATIVE NUMBERS.
R  INDICATES RECORD WAS SET OR TIED.
MM INDICATES DATA IS MISSING.
T  INDICATES TRACE AMOUNT.




$$
