000
CDUS42 KCAE 252132
CLICAE


CLIMATE REPORT
NATIONAL WEATHER SERVICE COLUMBIA SC
531 PM EDT MON SEP 25 2017


...................................

...THE COLUMBIA METRO AIRPORT SC CLIMATE SUMMARY FOR SEPTEMBER 25 2017...
VALID TODAY AS OF 0500 PM LOCAL TIME.

CLIMATE NORMAL PERIOD 1981 TO 2010
CLIMATE RECORD PERIOD 1887 TO 2017


WEATHER ITEM   OBSERVED TIME   RECORD YEAR NORMAL DEPARTURE LAST
                VALUE   (LST)  VALUE       VALUE  FROM      YEAR
                                                  NORMAL
..................................................................
TEMPERATURE (F)
 TODAY
  MAXIMUM         89    347 PM  97    1961  83      6       90
  MINIMUM         71    732 AM  43    1990  61     10       67
                                      1887
  AVERAGE         80                        72      8       79

PRECIPITATION (IN)
  TODAY            0.00          2.84 1956   0.11  -0.11     0.00
  MONTH TO DATE    4.55                      2.97   1.58     6.68
  SINCE SEP 1      4.55                      2.97   1.58     6.68
  SINCE JAN 1     41.30                     34.89   6.41    29.61

SNOWFALL (IN)
  TODAY            0.0          MM      MM   0.0             0.0
  MONTH TO DATE    0.0                       0.0             0.0
  SINCE SEP 1      0.0                       0.0             0.0
  SINCE JUL 1      0.0                       0.0             0.0

DEGREE DAYS
 HEATING
  TODAY            0                         1     -1        0
  MONTH TO DATE    0                         2     -2        0
  SINCE SEP 1      0                         2     -2        0
  SINCE JUL 1      0                         2     -2        0

 COOLING
  TODAY           15                         7      8       14
  MONTH TO DATE  291                       267     24      373
  SINCE SEP 1    291                       267     24      373
  SINCE JAN 1   2399                      2035    364     2660
..................................................................


WIND (MPH)
  HIGHEST WIND SPEED    17   HIGHEST WIND DIRECTION     N (360)
  HIGHEST GUST SPEED    23   HIGHEST GUST DIRECTION     N (10)
  AVERAGE WIND SPEED     6.9


SKY COVER
  AVERAGE SKY COVER 0.5


WEATHER CONDITIONS
 THE FOLLOWING WEATHER WAS RECORDED TODAY.
  NO SIGNIFICANT WEATHER WAS OBSERVED.


RELATIVE HUMIDITY (PERCENT)
 HIGHEST    79           400 AM
 LOWEST     43           200 PM
 AVERAGE    61

..........................................................


THE COLUMBIA METRO AIRPORT SC CLIMATE NORMALS FOR TOMORROW
                         NORMAL    RECORD    YEAR
 MAXIMUM TEMPERATURE (F)   82        97      1984
 MINIMUM TEMPERATURE (F)   60        45      1950


SUNRISE AND SUNSET
SEPTEMBER 25 2017.....SUNRISE   715 AM EDT   SUNSET   717 PM EDT
SEPTEMBER 26 2017.....SUNRISE   715 AM EDT   SUNSET   715 PM EDT


-  INDICATES NEGATIVE NUMBERS.
R  INDICATES RECORD WAS SET OR TIED.
MM INDICATES DATA IS MISSING.
T  INDICATES TRACE AMOUNT.




$$
