000
CDUS42 KCAE 050841
CLICAE


CLIMATE REPORT
NATIONAL WEATHER SERVICE COLUMBIA SC
441 AM EDT WED AUG 5 2015


...................................

...THE COLUMBIA METRO AIRPORT SC CLIMATE SUMMARY FOR AUGUST 4 2015...

CLIMATE NORMAL PERIOD 1981 TO 2010
CLIMATE RECORD PERIOD 1887 TO 2015


WEATHER ITEM   OBSERVED TIME   RECORD YEAR NORMAL DEPARTURE LAST
                VALUE   (LST)  VALUE       VALUE  FROM      YEAR
                                                  NORMAL
..................................................................
TEMPERATURE (F)
 YESTERDAY
  MAXIMUM        102R   521 PM 101    1954  92     10       91
                                      1935
  MINIMUM         74    330 AM  57    1985  72      2       73
  AVERAGE         88                        82      6       82

PRECIPITATION (IN)
  YESTERDAY        0.00          2.11 1941   0.19  -0.19     0.00
  MONTH TO DATE    T                         0.77  -0.77     0.48
  SINCE JUN 1     10.32                     10.92  -0.60     4.72
  SINCE JAN 1     26.20                     27.43  -1.23    23.68

SNOWFALL (IN)
  YESTERDAY        0.0          MM      MM   0.0             0.0
  MONTH TO DATE    0.0                       0.0             0.0
  SINCE JUN 1      0.0                       0.0             0.0
  SINCE JUL 1      0.0                       0.0             0.0

DEGREE DAYS
 HEATING
  YESTERDAY        0                         0      0        0
  MONTH TO DATE    0                         0      0        0
  SINCE JUN 1      0                         1     -1        0
  SINCE JUL 1      0                         0      0        0

 COOLING
  YESTERDAY       23                        17      6       17
  MONTH TO DATE   86                        68     18       52
  SINCE JUN 1   1262                      1024    238     1139
  SINCE JAN 1   1683                      1345    338     1553
..................................................................


WIND (MPH)
  HIGHEST WIND SPEED    15   HIGHEST WIND DIRECTION     W (270)
  HIGHEST GUST SPEED    21   HIGHEST GUST DIRECTION     W (280)
  AVERAGE WIND SPEED     4.4


SKY COVER
  AVERAGE SKY COVER 0.3


WEATHER CONDITIONS
 THE FOLLOWING WEATHER WAS RECORDED YESTERDAY.
  FOG
  HAZE


RELATIVE HUMIDITY (PERCENT)
 HIGHEST    87           200 AM
 LOWEST     23           500 PM
 AVERAGE    55

..........................................................


THE COLUMBIA METRO AIRPORT SC CLIMATE NORMALS FOR TODAY
                         NORMAL    RECORD    YEAR
 MAXIMUM TEMPERATURE (F)   92       103      1953
 MINIMUM TEMPERATURE (F)   72        57      1976


SUNRISE AND SUNSET
AUGUST  5 2015........SUNRISE   639 AM EDT   SUNSET   822 PM EDT
AUGUST  6 2015........SUNRISE   639 AM EDT   SUNSET   821 PM EDT


-  INDICATES NEGATIVE NUMBERS.
R  INDICATES RECORD WAS SET OR TIED.
MM INDICATES DATA IS MISSING.
T  INDICATES TRACE AMOUNT.




$$
