000
CDUS42 KCAE 210527
CLICAE


CLIMATE REPORT
NATIONAL WEATHER SERVICE COLUMBIA SC
127 AM EDT MON APR 21 2014


...................................

...THE COLUMBIA METRO AIRPORT SC CLIMATE SUMMARY FOR APRIL 20 2014...

CLIMATE NORMAL PERIOD 1981 TO 2010
CLIMATE RECORD PERIOD 1887 TO 2014


WEATHER ITEM   OBSERVED TIME   RECORD YEAR NORMAL DEPARTURE LAST
                VALUE   (LST)  VALUE       VALUE  FROM      YEAR
                                                  NORMAL
..................................................................
TEMPERATURE (F)
 YESTERDAY
  MAXIMUM         71    331 PM  93    1994  77     -6       68
                                      1925
  MINIMUM         51    153 AM  26    1983  52     -1       49
  AVERAGE         61                        64     -3       59

PRECIPITATION (IN)
  YESTERDAY        0.01          0.97 1900   0.09  -0.08     0.00
  MONTH TO DATE    2.98                      1.75   1.23     2.53
  SINCE MAR 1      6.91                      5.48   1.43     6.18
  SINCE JAN 1     13.23                     12.67   0.56    12.90

SNOWFALL (IN)
  YESTERDAY        0.0          MM      MM   0.0             0.0
  MONTH TO DATE    0.0                       0.0             0.0
  SINCE MAR 1      0.0                       0.1             0.0
  SINCE JUL 1      4.2                       1.5              T

DEGREE DAYS
 HEATING
  YESTERDAY        4                         3      1        6
  MONTH TO DATE   73                        97    -24       60
  SINCE MAR 1    465                       407     58      499
  SINCE JUL 1   2549                      2506     43     2219

 COOLING
  YESTERDAY        0                         3     -3        0
  MONTH TO DATE   41                        39      2       74
  SINCE MAR 1     42                        57    -15       87
  SINCE JAN 1     49                        61    -12      112
..................................................................


WIND (MPH)
  HIGHEST WIND SPEED    18   HIGHEST WIND DIRECTION     N (20)
  HIGHEST GUST SPEED    27   HIGHEST GUST DIRECTION    NE (60)
  AVERAGE WIND SPEED     9.0


SKY COVER
  AVERAGE SKY COVER 0.7


WEATHER CONDITIONS
 THE FOLLOWING WEATHER WAS RECORDED YESTERDAY.
  LIGHT RAIN
  FOG


RELATIVE HUMIDITY (PERCENT)
 HIGHEST    77           700 AM
 LOWEST     33           100 PM
 AVERAGE    55

..........................................................


THE COLUMBIA METRO AIRPORT SC CLIMATE NORMALS FOR TODAY
                         NORMAL    RECORD    YEAR
 MAXIMUM TEMPERATURE (F)   78        94      1896
 MINIMUM TEMPERATURE (F)   52        29      1983
                                             1953


SUNRISE AND SUNSET
APRIL 21 2014.........SUNRISE   646 AM EDT   SUNSET   800 PM EDT
APRIL 22 2014.........SUNRISE   645 AM EDT   SUNSET   801 PM EDT


-  INDICATES NEGATIVE NUMBERS.
R  INDICATES RECORD WAS SET OR TIED.
MM INDICATES DATA IS MISSING.
T  INDICATES TRACE AMOUNT.




$$
