000
CDUS42 KCAE 012125
CLICAE


CLIMATE REPORT
NATIONAL WEATHER SERVICE COLUMBIA SC
523 PM EDT WED OCT 1 2014


...................................

...THE COLUMBIA METRO AIRPORT SC CLIMATE SUMMARY FOR OCTOBER 1 2014...
VALID TODAY AS OF 0500 PM LOCAL TIME.

CLIMATE NORMAL PERIOD 1981 TO 2010
CLIMATE RECORD PERIOD 1887 TO 2014


WEATHER ITEM   OBSERVED TIME   RECORD YEAR NORMAL DEPARTURE LAST
                VALUE   (LST)  VALUE       VALUE  FROM      YEAR
                                                  NORMAL
..................................................................
TEMPERATURE (F)
 TODAY
  MAXIMUM         88    408 PM  94    1986  81      7       84
  MINIMUM         59    628 AM  37    1993  58      1       53
  AVERAGE         74                        69      5       69

PRECIPITATION (IN)
  TODAY            0.00          4.39 1929   0.12  -0.12     0.00
  MONTH TO DATE    0.00                      0.12  -0.12     0.00
  SINCE SEP 1      2.81                      3.66  -0.85     2.04
  SINCE JAN 1     30.89                     35.58  -4.69    45.55

SNOWFALL (IN)
  TODAY            0.0           0.0  2002   0.0             0.0
  MONTH TO DATE    0.0                       0.0             0.0
  SINCE SEP 1      0.0                       0.0             0.0
  SINCE JUL 1      0.0                       0.0             0.0

DEGREE DAYS
 HEATING
  TODAY            0                         1     -1        0
  MONTH TO DATE    0                         1     -1        0
  SINCE SEP 1      4                         9     -5        0
  SINCE JUL 1      4                         9     -5        0

 COOLING
  TODAY            9                         6      3        4
  MONTH TO DATE    9                         6      3        4
  SINCE SEP 1    371                       305     66      349
  SINCE JAN 1   2405                      2073    332     2042
..................................................................


WIND (MPH)
  HIGHEST WIND SPEED     8   HIGHEST WIND DIRECTION     S (200)
  HIGHEST GUST SPEED    10   HIGHEST GUST DIRECTION    SW (210)
  AVERAGE WIND SPEED     1.0


SKY COVER
  AVERAGE SKY COVER 0.3


WEATHER CONDITIONS
 THE FOLLOWING WEATHER WAS RECORDED TODAY.
  FOG


RELATIVE HUMIDITY (PERCENT)
 HIGHEST    97           500 AM
 LOWEST     31           200 PM
 AVERAGE    64

..........................................................


THE COLUMBIA METRO AIRPORT SC CLIMATE NORMALS FOR TOMORROW
                         NORMAL    RECORD    YEAR
 MAXIMUM TEMPERATURE (F)   80        95      1986
 MINIMUM TEMPERATURE (F)   58        39      1984


SUNRISE AND SUNSET
OCTOBER  1 2014.......SUNRISE   719 AM EDT   SUNSET   709 PM EDT
OCTOBER  2 2014.......SUNRISE   720 AM EDT   SUNSET   707 PM EDT


-  INDICATES NEGATIVE NUMBERS.
R  INDICATES RECORD WAS SET OR TIED.
MM INDICATES DATA IS MISSING.
T  INDICATES TRACE AMOUNT.




$$
