000
CDUS42 KCAE 300559
CLICAE


CLIMATE REPORT
NATIONAL WEATHER SERVICE COLUMBIA SC
1259 AM EST FRI JAN 30 2015


...................................

...THE COLUMBIA METRO AIRPORT SC CLIMATE SUMMARY FOR JANUARY 29 2015...

CLIMATE NORMAL PERIOD 1981 TO 2010
CLIMATE RECORD PERIOD 1887 TO 2015


WEATHER ITEM   OBSERVED TIME   RECORD YEAR NORMAL DEPARTURE LAST
                VALUE   (LST)  VALUE       VALUE  FROM      YEAR
                                                  NORMAL
..................................................................
TEMPERATURE (F)
 YESTERDAY
  MAXIMUM         57    359 PM  82    1975  57      0       32
  MINIMUM         25    645 AM  12    1897  35    -10       21
  AVERAGE         41                        46     -5       27

PRECIPITATION (IN)
  YESTERDAY        T             1.50 1974   0.12  -0.12     0.05
  MONTH TO DATE    2.60                      3.34  -0.74     3.40
  SINCE DEC 1      6.50                      6.56  -0.06     9.28
  SINCE JAN 1      2.60                      3.34  -0.74     3.40

SNOWFALL (IN)
  YESTERDAY        0.0          MM      MM   0.0             0.6
  MONTH TO DATE    0.0                       0.7             2.1
  SINCE DEC 1      0.0                       0.8             2.1
  SINCE JUL 1      T                         0.8             2.1

DEGREE DAYS
 HEATING
  YESTERDAY       24                        19      5       38
  MONTH TO DATE  577                       590    -13      693
  SINCE DEC 1   1035                      1159   -124     1118
  SINCE JUL 1   1540                      1600    -60     1565

 COOLING
  YESTERDAY        0                         0      0        0
  MONTH TO DATE    0                         0      0        0
  SINCE DEC 1      0                         3     -3       14
  SINCE JAN 1      0                         0      0        0
..................................................................


WIND (MPH)
  HIGHEST WIND SPEED    16   HIGHEST WIND DIRECTION     S (200)
  HIGHEST GUST SPEED    20   HIGHEST GUST DIRECTION     S (200)
  AVERAGE WIND SPEED     4.9


SKY COVER
  AVERAGE SKY COVER 0.5


WEATHER CONDITIONS
 THE FOLLOWING WEATHER WAS RECORDED YESTERDAY.
  LIGHT RAIN
  FOG
  HAZE


RELATIVE HUMIDITY (PERCENT)
 HIGHEST    92           200 AM
 LOWEST     24           400 PM
 AVERAGE    58

..........................................................


THE COLUMBIA METRO AIRPORT SC CLIMATE NORMALS FOR TODAY
                         NORMAL    RECORD    YEAR
 MAXIMUM TEMPERATURE (F)   57        82      2013
 MINIMUM TEMPERATURE (F)   35         7      1966


SUNRISE AND SUNSET
JANUARY 30 2015.......SUNRISE   723 AM EST   SUNSET   553 PM EST
JANUARY 31 2015.......SUNRISE   722 AM EST   SUNSET   554 PM EST


-  INDICATES NEGATIVE NUMBERS.
R  INDICATES RECORD WAS SET OR TIED.
MM INDICATES DATA IS MISSING.
T  INDICATES TRACE AMOUNT.




$$
