000
CDUS42 KCAE 280654
CLICAE


CLIMATE REPORT
NATIONAL WEATHER SERVICE COLUMBIA SC
254 AM EDT WED SEP 28 2016


...................................

...THE COLUMBIA METRO AIRPORT SC CLIMATE SUMMARY FOR SEPTEMBER 27 2016...

CLIMATE NORMAL PERIOD 1981 TO 2010
CLIMATE RECORD PERIOD 1887 TO 2016


WEATHER ITEM   OBSERVED TIME   RECORD YEAR NORMAL DEPARTURE LAST
                VALUE   (LST)  VALUE       VALUE  FROM      YEAR
                                                  NORMAL
..................................................................
TEMPERATURE (F)
 YESTERDAY
  MAXIMUM         89    348 PM  96    1900  82      7       74
  MINIMUM         69    711 AM  46    2001  60      9       68
                                      1983
  AVERAGE         79                        71      8       71

PRECIPITATION (IN)
  YESTERDAY        T             4.62 1939   0.12  -0.12     0.12
  MONTH TO DATE    6.68                      3.20   3.48     6.03
  SINCE SEP 1      6.68                      3.20   3.48     6.03
  SINCE JAN 1     29.61                     35.12  -5.51    37.08

SNOWFALL (IN)
  YESTERDAY        0.0          MM      MM   0.0             0.0
  MONTH TO DATE    0.0                       0.0             0.0
  SINCE SEP 1      0.0                       0.0             0.0
  SINCE JUL 1      0.0                       0.0             0.0

DEGREE DAYS
 HEATING
  YESTERDAY        0                         1     -1        0
  MONTH TO DATE    0                         4     -4        0
  SINCE SEP 1      0                         4     -4        0
  SINCE JUL 1      0                         4     -4        0

 COOLING
  YESTERDAY       14                         7      7        6
  MONTH TO DATE  402                       281    121      317
  SINCE SEP 1    402                       281    121      317
  SINCE JAN 1   2689                      2049    640     2465
..................................................................


WIND (MPH)
  HIGHEST WIND SPEED     9   HIGHEST WIND DIRECTION    NW (320)
  HIGHEST GUST SPEED    20   HIGHEST GUST DIRECTION     E (100)
  AVERAGE WIND SPEED     1.8


SKY COVER
  AVERAGE SKY COVER 0.4


WEATHER CONDITIONS
 THE FOLLOWING WEATHER WAS RECORDED YESTERDAY.
  LIGHT RAIN
  FOG
  HAZE


RELATIVE HUMIDITY (PERCENT)
 HIGHEST    90           400 AM
 LOWEST     48           200 PM
 AVERAGE    69

..........................................................


THE COLUMBIA METRO AIRPORT SC CLIMATE NORMALS FOR TODAY
                         NORMAL    RECORD    YEAR
 MAXIMUM TEMPERATURE (F)   82        96      1986
 MINIMUM TEMPERATURE (F)   59        41      1985


SUNRISE AND SUNSET
SEPTEMBER 28 2016.....SUNRISE   717 AM EDT   SUNSET   712 PM EDT
SEPTEMBER 29 2016.....SUNRISE   718 AM EDT   SUNSET   711 PM EDT


-  INDICATES NEGATIVE NUMBERS.
R  INDICATES RECORD WAS SET OR TIED.
MM INDICATES DATA IS MISSING.
T  INDICATES TRACE AMOUNT.




$$
