000
CDUS42 KCAE 040525
CLICAE


CLIMATE REPORT
NATIONAL WEATHER SERVICE COLUMBIA SC
125 AM EDT WED MAY 4 2016


...................................

...THE COLUMBIA METRO AIRPORT SC CLIMATE SUMMARY FOR MAY 3 2016...

CLIMATE NORMAL PERIOD 1981 TO 2010
CLIMATE RECORD PERIOD 1887 TO 2016


WEATHER ITEM   OBSERVED TIME   RECORD YEAR NORMAL DEPARTURE LAST
                VALUE   (LST)  VALUE       VALUE  FROM      YEAR
                                                  NORMAL
..................................................................
TEMPERATURE (F)
 YESTERDAY
  MAXIMUM         85    522 PM  95    1959  81      4       82
  MINIMUM         67    621 AM  37    1981  55     12       50
  AVERAGE         76                        68      8       66

PRECIPITATION (IN)
  YESTERDAY        0.44          1.36 1975   0.09   0.35     0.00
  MONTH TO DATE    0.95                      0.28   0.67      T
  SINCE MAR 1      5.63                      6.63  -1.00     6.81
  SINCE JAN 1     12.26                     13.82  -1.56    14.17

SNOWFALL (IN)
  YESTERDAY        0.0          MM      MM   0.0             0.0
  MONTH TO DATE    0.0                       0.0             0.0
  SINCE MAR 1      0.0                       0.1             0.0
  SINCE JUL 1      T                         1.5              T

DEGREE DAYS
 HEATING
  YESTERDAY        0                         1     -1        0
  MONTH TO DATE    0                         5     -5        6
  SINCE MAR 1    222                       437   -215      274
  SINCE JUL 1   1785                      2536   -751     2463

 COOLING
  YESTERDAY       11                         4      7        1
  MONTH TO DATE   38                        12     26        1
  SINCE MAR 1    221                       103    118      144
  SINCE JAN 1    225                       107    118      144
..................................................................


WIND (MPH)
  HIGHEST WIND SPEED    21   HIGHEST WIND DIRECTION    SW (240)
  HIGHEST GUST SPEED    27   HIGHEST GUST DIRECTION    SW (240)
  AVERAGE WIND SPEED     7.0


SKY COVER
  AVERAGE SKY COVER 0.5


WEATHER CONDITIONS
 THE FOLLOWING WEATHER WAS RECORDED YESTERDAY.
  THUNDERSTORM
  HEAVY RAIN
  RAIN
  LIGHT RAIN
  FOG


RELATIVE HUMIDITY (PERCENT)
 HIGHEST    90           700 AM
 LOWEST     48           400 PM
 AVERAGE    69

..........................................................


THE COLUMBIA METRO AIRPORT SC CLIMATE NORMALS FOR TODAY
                         NORMAL    RECORD    YEAR
 MAXIMUM TEMPERATURE (F)   81        93      1959
                                             1950
                                             1913
 MINIMUM TEMPERATURE (F)   56        36      1986
                                             1971


SUNRISE AND SUNSET
MAY  4 2016...........SUNRISE   632 AM EDT   SUNSET   811 PM EDT
MAY  5 2016...........SUNRISE   631 AM EDT   SUNSET   812 PM EDT


-  INDICATES NEGATIVE NUMBERS.
R  INDICATES RECORD WAS SET OR TIED.
MM INDICATES DATA IS MISSING.
T  INDICATES TRACE AMOUNT.




$$
