000
CDUS42 KCAE 080624
CLICAE


CLIMATE REPORT
NATIONAL WEATHER SERVICE COLUMBIA SC
123 AM EST MON FEB 8 2016


...................................

...THE COLUMBIA METRO AIRPORT SC CLIMATE SUMMARY FOR FEBRUARY 7 2016...

CLIMATE NORMAL PERIOD 1981 TO 2010
CLIMATE RECORD PERIOD 1887 TO 2016


WEATHER ITEM   OBSERVED TIME   RECORD YEAR NORMAL DEPARTURE LAST
                VALUE   (LST)  VALUE       VALUE  FROM      YEAR
                                                  NORMAL
..................................................................
TEMPERATURE (F)
 YESTERDAY
  MAXIMUM         54    439 PM  80    1999  59     -5       65
  MINIMUM         32   1156 PM  15    1988  36     -4       26
                                      1978
  AVERAGE         43                        47     -4       46

PRECIPITATION (IN)
  YESTERDAY        T             2.30 1899   0.12  -0.12     0.00
  MONTH TO DATE    1.68                      0.86   0.82     0.65
  SINCE DEC 1     10.07                      7.66   2.41     7.15
  SINCE JAN 1      3.62                      4.44  -0.82     3.25

SNOWFALL (IN)
  YESTERDAY        0.0          MM      MM   0.0             0.0
  MONTH TO DATE    0.0                       0.1             0.0
  SINCE DEC 1      T                         1.0             0.0
  SINCE JUL 1      T                         1.0              T

DEGREE DAYS
 HEATING
  YESTERDAY       22                        18      4       19
  MONTH TO DATE   82                       129    -47      141
  SINCE DEC 1    914                      1324   -410     1219
  SINCE JUL 1   1184                      1765   -581     1724

 COOLING
  YESTERDAY        0                         0      0        0
  MONTH TO DATE    4                         0      4        0
  SINCE DEC 1     63                         4     59        0
  SINCE JAN 1      4                         1      3        0
..................................................................


WIND (MPH)
  HIGHEST WIND SPEED    20   HIGHEST WIND DIRECTION     N (10)
  HIGHEST GUST SPEED    28   HIGHEST GUST DIRECTION    NE (30)
  AVERAGE WIND SPEED     7.2


SKY COVER
  AVERAGE SKY COVER 0.7


WEATHER CONDITIONS
 THE FOLLOWING WEATHER WAS RECORDED YESTERDAY.
  LIGHT RAIN


RELATIVE HUMIDITY (PERCENT)
 HIGHEST    78          1100 PM
 LOWEST     26           200 PM
 AVERAGE    52

..........................................................


THE COLUMBIA METRO AIRPORT SC CLIMATE NORMALS FOR TODAY
                         NORMAL    RECORD    YEAR
 MAXIMUM TEMPERATURE (F)   59        76      1965
                                             1937
 MINIMUM TEMPERATURE (F)   36         8      1895


SUNRISE AND SUNSET
FEBRUARY  8 2016......SUNRISE   716 AM EST   SUNSET   601 PM EST
FEBRUARY  9 2016......SUNRISE   715 AM EST   SUNSET   602 PM EST


-  INDICATES NEGATIVE NUMBERS.
R  INDICATES RECORD WAS SET OR TIED.
MM INDICATES DATA IS MISSING.
T  INDICATES TRACE AMOUNT.




$$
