000
CDUS42 KCAE 190535
CLICAE


CLIMATE REPORT
NATIONAL WEATHER SERVICE COLUMBIA SC
1235 AM EST FRI DEC 19 2014


...................................

...THE COLUMBIA METRO AIRPORT SC CLIMATE SUMMARY FOR DECEMBER 18 2014...

CLIMATE NORMAL PERIOD 1981 TO 2010
CLIMATE RECORD PERIOD 1887 TO 2014


WEATHER ITEM   OBSERVED TIME   RECORD YEAR NORMAL DEPARTURE LAST
                VALUE   (LST)  VALUE       VALUE  FROM      YEAR
                                                  NORMAL
..................................................................
TEMPERATURE (F)
 YESTERDAY
  MAXIMUM         61    309 PM  80    1984  57      4       56
  MINIMUM         33    425 AM  12    1953  35     -2       32
  AVERAGE         47                        46      1       44

PRECIPITATION (IN)
  YESTERDAY        0.00          2.00 2009   0.10  -0.10     0.00
  MONTH TO DATE    0.11                      1.83  -1.72     3.04
  SINCE DEC 1      0.11                      1.83  -1.72     3.04
  SINCE JAN 1     38.42                     43.20  -4.78    52.63

SNOWFALL (IN)
  YESTERDAY        0.0          MM      MM   0.0             0.0
  MONTH TO DATE    0.0                       0.0             0.0
  SINCE DEC 1      0.0                       0.0             0.0
  SINCE JUL 1      T                         0.0              T

DEGREE DAYS
 HEATING
  YESTERDAY       18                        19     -1       21
  MONTH TO DATE  260                       309    -49      243
  SINCE DEC 1    260                       309    -49      243
  SINCE JUL 1    765                       750     15      690

 COOLING
  YESTERDAY        0                         0      0        0
  MONTH TO DATE    0                         0      0        6
  SINCE DEC 1      0                         0      0        6
  SINCE JAN 1   2535                      2167    368     2178
..................................................................


WIND (MPH)
  HIGHEST WIND SPEED    14   HIGHEST WIND DIRECTION     E (80)
  HIGHEST GUST SPEED    16   HIGHEST GUST DIRECTION     E (80)
  AVERAGE WIND SPEED     2.8


SKY COVER
  AVERAGE SKY COVER 0.4


WEATHER CONDITIONS
 THE FOLLOWING WEATHER WAS RECORDED YESTERDAY.
  NO SIGNIFICANT WEATHER WAS OBSERVED.


RELATIVE HUMIDITY (PERCENT)
 HIGHEST    92          1200 AM
 LOWEST     33           100 PM
 AVERAGE    63

..........................................................


THE COLUMBIA METRO AIRPORT SC CLIMATE NORMALS FOR TODAY
                         NORMAL    RECORD    YEAR
 MAXIMUM TEMPERATURE (F)   57        79      1967
 MINIMUM TEMPERATURE (F)   35        14      1953


SUNRISE AND SUNSET
DECEMBER 19 2014......SUNRISE   725 AM EST   SUNSET   518 PM EST
DECEMBER 20 2014......SUNRISE   725 AM EST   SUNSET   519 PM EST


-  INDICATES NEGATIVE NUMBERS.
R  INDICATES RECORD WAS SET OR TIED.
MM INDICATES DATA IS MISSING.
T  INDICATES TRACE AMOUNT.




$$
