000
CDUS42 KCAE 220629
CLICAE


CLIMATE REPORT
NATIONAL WEATHER SERVICE COLUMBIA SC
228 AM EDT TUE JUL 22 2014


...................................

...THE COLUMBIA METRO AIRPORT SC CLIMATE SUMMARY FOR JULY 21 2014...

CLIMATE NORMAL PERIOD 1981 TO 2010
CLIMATE RECORD PERIOD 1887 TO 2014


WEATHER ITEM   OBSERVED TIME   RECORD YEAR NORMAL DEPARTURE LAST
                VALUE   (LST)  VALUE       VALUE  FROM      YEAR
                                                  NORMAL
..................................................................
TEMPERATURE (F)
 YESTERDAY
  MAXIMUM         86    119 PM 105    1986  93     -7       89
                                      1952
  MINIMUM         74   1126 PM  60    1910  72      2       73
  AVERAGE         80                        82     -2       81

PRECIPITATION (IN)
  YESTERDAY        0.60          2.55 2013   0.18   0.42     2.55
  MONTH TO DATE    2.27                      3.54  -1.27     9.94
  SINCE JUN 1      3.68                      8.23  -4.55    16.11
  SINCE JAN 1     22.64                     24.74  -2.10    34.73

SNOWFALL (IN)
  YESTERDAY        0.0          MM      MM   0.0             0.0
  MONTH TO DATE    0.0                       0.0             0.0
  SINCE JUN 1      0.0                       0.0             0.0
  SINCE JUL 1      0.0                       0.0             0.0

DEGREE DAYS
 HEATING
  YESTERDAY        0                         0      0        0
  MONTH TO DATE    0                         0      0        0
  SINCE JUN 1      0                         1     -1        0
  SINCE JUL 1      0                         0      0        0

 COOLING
  YESTERDAY       15                        17     -2       16
  MONTH TO DATE  376                       357     19      322
  SINCE JUN 1    896                       781    115      756
  SINCE JAN 1   1310                      1102    208     1076
..................................................................


WIND (MPH)
  HIGHEST WIND SPEED    20   HIGHEST WIND DIRECTION     N (10)
  HIGHEST GUST SPEED    24   HIGHEST GUST DIRECTION     N (20)
  AVERAGE WIND SPEED     4.1


SKY COVER
  AVERAGE SKY COVER 0.9


WEATHER CONDITIONS
 THE FOLLOWING WEATHER WAS RECORDED YESTERDAY.
  THUNDERSTORM
  HEAVY RAIN
  RAIN
  LIGHT RAIN
  FOG
  HAZE


RELATIVE HUMIDITY (PERCENT)
 HIGHEST    94          1000 AM
 LOWEST     65           100 PM
 AVERAGE    80

..........................................................


THE COLUMBIA METRO AIRPORT SC CLIMATE NORMALS FOR TODAY
                         NORMAL    RECORD    YEAR
 MAXIMUM TEMPERATURE (F)   93       106      1983
 MINIMUM TEMPERATURE (F)   72        61      1929


SUNRISE AND SUNSET
JULY 22 2014..........SUNRISE   629 AM EDT   SUNSET   832 PM EDT
JULY 23 2014..........SUNRISE   630 AM EDT   SUNSET   832 PM EDT


-  INDICATES NEGATIVE NUMBERS.
R  INDICATES RECORD WAS SET OR TIED.
MM INDICATES DATA IS MISSING.
T  INDICATES TRACE AMOUNT.




$$
