000
CDUS42 KCAE 220709
CLICAE


CLIMATE REPORT
NATIONAL WEATHER SERVICE COLUMBIA SC
308 AM EDT WED OCT 22 2014


...................................

...THE COLUMBIA METRO AIRPORT SC CLIMATE SUMMARY FOR OCTOBER 21 2014...

CLIMATE NORMAL PERIOD 1981 TO 2010
CLIMATE RECORD PERIOD 1887 TO 2014


WEATHER ITEM   OBSERVED TIME   RECORD YEAR NORMAL DEPARTURE LAST
                VALUE   (LST)  VALUE       VALUE  FROM      YEAR
                                                  NORMAL
..................................................................
TEMPERATURE (F)
 YESTERDAY
  MAXIMUM         80    252 PM  89    1943  75      5       72
  MINIMUM         50    702 AM  29    1974  50      0       47
  AVERAGE         65                        62      3       60

PRECIPITATION (IN)
  YESTERDAY        0.00          1.61 1985   0.11  -0.11     0.00
  MONTH TO DATE    3.04                      2.27   0.77     1.98
  SINCE SEP 1      5.85                      5.81   0.04     4.02
  SINCE JAN 1     33.93                     37.73  -3.80    47.53

SNOWFALL (IN)
  YESTERDAY        0.0          MM      MM   0.0             0.0
  MONTH TO DATE    0.0                       0.0             0.0
  SINCE SEP 1      0.0                       0.0             0.0
  SINCE JUL 1      0.0                       0.0             0.0

DEGREE DAYS
 HEATING
  YESTERDAY        0                         4     -4        5
  MONTH TO DATE   25                        55    -30        9
  SINCE SEP 1     29                        63    -34        9
  SINCE JUL 1     29                        63    -34        9

 COOLING
  YESTERDAY        0                         2     -2        0
  MONTH TO DATE  115                        72     43      117
  SINCE SEP 1    477                       371    106      462
  SINCE JAN 1   2511                      2139    372     2155
..................................................................


WIND (MPH)
  HIGHEST WIND SPEED    17   HIGHEST WIND DIRECTION     W (270)
  HIGHEST GUST SPEED    22   HIGHEST GUST DIRECTION     W (290)
  AVERAGE WIND SPEED     5.1


SKY COVER
  AVERAGE SKY COVER 0.1


WEATHER CONDITIONS
 THE FOLLOWING WEATHER WAS RECORDED YESTERDAY.
  NO SIGNIFICANT WEATHER WAS OBSERVED.


RELATIVE HUMIDITY (PERCENT)
 HIGHEST    89          1200 AM
 LOWEST     30           200 PM
 AVERAGE    60

..........................................................


THE COLUMBIA METRO AIRPORT SC CLIMATE NORMALS FOR TODAY
                         NORMAL    RECORD    YEAR
 MAXIMUM TEMPERATURE (F)   74        90      1984
 MINIMUM TEMPERATURE (F)   50        23      1952


SUNRISE AND SUNSET
OCTOBER 22 2014.......SUNRISE   735 AM EDT   SUNSET   642 PM EDT
OCTOBER 23 2014.......SUNRISE   736 AM EDT   SUNSET   641 PM EDT


-  INDICATES NEGATIVE NUMBERS.
R  INDICATES RECORD WAS SET OR TIED.
MM INDICATES DATA IS MISSING.
T  INDICATES TRACE AMOUNT.




$$
