000
CDUS45 KGJT 300735
CLICAG


CLIMATE REPORT
NATIONAL WEATHER SERVICE GRAND JUNCTION CO
133 AM MDT THU JUL 30 2015


...................................

...THE CRAIG CO CLIMATE SUMMARY FOR JULY 29 2015...

CLIMATE NORMAL PERIOD 1981 TO 2010
CLIMATE RECORD PERIOD 9999 TO 9999


WEATHER ITEM   OBSERVED TIME   RECORD YEAR NORMAL DEPARTURE LAST
                VALUE   (LST)  VALUE       VALUE  FROM      YEAR
                                                  NORMAL
..................................................................
TEMPERATURE (F)
 YESTERDAY
  MAXIMUM         87    350 PM  MM      MM  88     -1       67
  MINIMUM         35    459 AM  MM      MM  48    -13       51
  AVERAGE         61                        68     -7       59

PRECIPITATION (IN)
  YESTERDAY        0.00         MM      MM   0.05  -0.05     0.77
  MONTH TO DATE    1.93                      1.05   0.88     1.43
  SINCE JUN 1      2.15                      2.37  -0.22     1.63
  SINCE JAN 1      9.37                      8.56   0.81     5.95

SNOWFALL (IN)
  YESTERDAY       MM            MM      MM  MM     MM       MM
  MONTH TO DATE   MM                        MM     MM       MM
  SINCE JUN 1     MM                        MM     MM       MM
  SINCE JUL 1     MM                        MM     MM       MM
  SNOW DEPTH      MM

DEGREE DAYS
 HEATING
  YESTERDAY        4                         0      4        6
  MONTH TO DATE   23                        20      3       34
  SINCE JUN 1     96                       195    -99      220
  SINCE JUL 1     23                        20      3       34

 COOLING
  YESTERDAY        0                         3     -3        0
  MONTH TO DATE   58                        70    -12       36
  SINCE JUN 1    115                        80     35       41
  SINCE JAN 1    115                        80     35       41
..................................................................


WIND (MPH)
  HIGHEST WIND SPEED    20   HIGHEST WIND DIRECTION     W (280)
  HIGHEST GUST SPEED    25   HIGHEST GUST DIRECTION     W (270)
  AVERAGE WIND SPEED     3.9


SKY COVER
  POSSIBLE SUNSHINE  MM
  AVERAGE SKY COVER 0.0


WEATHER CONDITIONS
 THE FOLLOWING WEATHER WAS RECORDED YESTERDAY.
  NO SIGNIFICANT WEATHER WAS OBSERVED.


RELATIVE HUMIDITY (PERCENT)
 HIGHEST    82           500 AM
 LOWEST      8           400 PM
 AVERAGE    45

..........................................................


THE CRAIG CO CLIMATE NORMALS FOR TODAY
                         NORMAL    RECORD    YEAR
 MAXIMUM TEMPERATURE (F)   88        MM        MM
 MINIMUM TEMPERATURE (F)   48        MM        MM


SUNRISE AND SUNSET
JULY 30 2015..........SUNRISE   605 AM MDT   SUNSET   827 PM MDT
JULY 31 2015..........SUNRISE   606 AM MDT   SUNSET   826 PM MDT


-  INDICATES NEGATIVE NUMBERS.
R  INDICATES RECORD WAS SET OR TIED.
MM INDICATES DATA IS MISSING.
T  INDICATES TRACE AMOUNT.




$$
