000
CDUS41 KCLE 240528
CLICAK


CLIMATE REPORT
NATIONAL WEATHER SERVICE CLEVELAND OH
1227 AM EST TUE JAN 24 2017


...................................

...THE AKRON CANTON OH CLIMATE SUMMARY FOR JANUARY 23 2017...

CLIMATE NORMAL PERIOD 1981 TO 2010
CLIMATE RECORD PERIOD 1887 TO 2017


WEATHER ITEM   OBSERVED TIME   RECORD YEAR NORMAL DEPARTURE LAST
                VALUE   (LST)  VALUE       VALUE  FROM      YEAR
                                                  NORMAL
..................................................................
TEMPERATURE (F)
 YESTERDAY
  MAXIMUM         53    106 AM  73    1906  33     20       31
  MINIMUM         40   1159 PM -15    1963  19     21       15
  AVERAGE         47                        26     21       23

PRECIPITATION (IN)
  YESTERDAY        0.77                      0.08   0.69     0.00
  MONTH TO DATE    5.56                      1.96   3.60     1.15
  SINCE DEC 1      8.56                      4.80   3.76     4.85
  SINCE JAN 1      5.56                      1.96   3.60     1.15

SNOWFALL (IN)
  YESTERDAY        0.0                       0.4   -0.4      0.0
  MONTH TO DATE    3.8                       9.2   -5.4      5.5
  SINCE DEC 1     11.3                      19.4   -8.1      5.7
  SINCE JUL 1     13.4                      22.8   -9.4      5.7
  SNOW DEPTH       0

DEGREE DAYS
 HEATING
  YESTERDAY       18                        39    -21       42
  MONTH TO DATE  701                       895   -194      919
  SINCE DEC 1   1767                      1966   -199     1571
  SINCE JUL 1   2645                      3225   -580     2451

 COOLING
  YESTERDAY        0                         0      0        0
  MONTH TO DATE    0                         0      0        0
  SINCE DEC 1      0                         0      0        0
  SINCE JAN 1      0                         0      0        0
..................................................................


WIND (MPH)
  HIGHEST WIND SPEED    20   HIGHEST WIND DIRECTION     E (70)
  HIGHEST GUST SPEED    25   HIGHEST GUST DIRECTION     E (90)
  AVERAGE WIND SPEED    11.2


SKY COVER
  POSSIBLE SUNSHINE  MM
  AVERAGE SKY COVER 1.0


WEATHER CONDITIONS
 THE FOLLOWING WEATHER WAS RECORDED YESTERDAY.
  RAIN
  LIGHT RAIN
  FOG
  HAZE


RELATIVE HUMIDITY (PERCENT)
 HIGHEST    93           500 AM
 LOWEST     76           400 PM
 AVERAGE    85

..........................................................


THE AKRON CANTON OH CLIMATE NORMALS FOR TODAY
                         NORMAL    RECORD    YEAR
 MAXIMUM TEMPERATURE (F)   33        65      1909
 MINIMUM TEMPERATURE (F)   19       -21      1963


SUNRISE AND SUNSET
JANUARY 24 2017.......SUNRISE   743 AM EST   SUNSET   533 PM EST
JANUARY 25 2017.......SUNRISE   742 AM EST   SUNSET   535 PM EST


-  INDICATES NEGATIVE NUMBERS.
R  INDICATES RECORD WAS SET OR TIED.
MM INDICATES DATA IS MISSING.
T  INDICATES TRACE AMOUNT.




$$
