000
CDUS45 KABQ 240838
CLICAO


CLIMATE REPORT
NATIONAL WEATHER SERVICE ALBUQUERQUE NM
133 AM MST FRI NOV 24 2017


...................................

...THE CLAYTON  NM CLIMATE SUMMARY FOR NOVEMBER 23 2017...

CLIMATE NORMAL PERIOD 1981 TO 2010
CLIMATE RECORD PERIOD 1896 TO 2017


WEATHER ITEM   OBSERVED TIME   RECORD YEAR NORMAL DEPARTURE
                VALUE   (LST)  VALUE       VALUE  FROM
                                                  NORMAL
...............................................................
TEMPERATURE (F)
 YESTERDAY
  MAXIMUM         70    218 PM  76    2006  54     16
  MINIMUM         43    656 AM   1    1957  27     16
  AVERAGE         57                        40     17

PRECIPITATION (IN)
  YESTERDAY        0.00          0.56 2004   0.01  -0.01
  MONTH TO DATE    0.04                      0.37  -0.33
  SINCE SEP 1      5.45                      3.15   2.30
  SINCE JAN 1     20.37                     15.35   5.02

SNOWFALL (IN)
  YESTERDAY        0.0
  MONTH TO DATE    0.5
  SINCE SEP 1      0.5
  SINCE JUL 1      0.5

DEGREE DAYS
 HEATING
  YESTERDAY        8                        25    -17
  MONTH TO DATE  360                       457    -97
  SINCE SEP 1    772                       861    -89
  SINCE JUL 1    776                       867    -91

 COOLING
  YESTERDAY        0                         0      0
  MONTH TO DATE    0                         0      0
  SINCE SEP 1    117                       112      5
  SINCE JAN 1    827                       909    -82
...............................................................


WIND (MPH)
  HIGHEST WIND SPEED    16   HIGHEST WIND DIRECTION     W (260)
  HIGHEST GUST SPEED    20   HIGHEST GUST DIRECTION     W (260)
  AVERAGE WIND SPEED     9.2


SKY COVER
  AVERAGE SKY COVER 0.0


WEATHER CONDITIONS
 THE FOLLOWING WEATHER WAS RECORDED YESTERDAY.
  NO SIGNIFICANT WEATHER WAS OBSERVED.


RELATIVE HUMIDITY (PERCENT)
 HIGHEST    67           700 AM
 LOWEST     26           200 PM
 AVERAGE    47

..........................................................


THE CLAYTON  NM CLIMATE NORMALS FOR TODAY
                         NORMAL    RECORD    YEAR
 MAXIMUM TEMPERATURE (F)   53        80      1942
 MINIMUM TEMPERATURE (F)   26         7      1938


SUNRISE AND SUNSET
NOVEMBER 24 2017......SUNRISE   639 AM MST   SUNSET   439 PM MST
NOVEMBER 25 2017......SUNRISE   640 AM MST   SUNSET   439 PM MST


-  INDICATES NEGATIVE NUMBERS.
R  INDICATES RECORD WAS SET OR TIED.
MM INDICATES DATA IS MISSING.
T  INDICATES TRACE AMOUNT.




$$
