271
CDUS45 KABQ 130828
CLICAO


CLIMATE REPORT
NATIONAL WEATHER SERVICE ALBUQUERQUE NM
126 AM MST SAT FEB 13 2016


...................................

...THE CLAYTON  NM CLIMATE SUMMARY FOR FEBRUARY 12 2016...

CLIMATE NORMAL PERIOD 1981 TO 2010
CLIMATE RECORD PERIOD 1896 TO 2016


WEATHER ITEM   OBSERVED TIME   RECORD YEAR NORMAL DEPARTURE
                VALUE   (LST)  VALUE       VALUE  FROM
                                                  NORMAL
...............................................................
TEMPERATURE (F)
 YESTERDAY
  MAXIMUM         63    311 PM  77    1962  51     12
  MINIMUM         31    647 AM  -7    1986  23      8
  AVERAGE         47                        37     10

PRECIPITATION (IN)
  YESTERDAY        0.00          0.12 1978   0.02  -0.02
  MONTH TO DATE    0.11                      0.13  -0.02
  SINCE DEC 1      1.00                      0.77   0.23
  SINCE JAN 1      0.39                      0.41  -0.02

SNOWFALL (IN)
  YESTERDAY        0.0
  MONTH TO DATE    0.9
  SINCE DEC 1     15.1
  SINCE JUL 1     22.2

DEGREE DAYS
 HEATING
  YESTERDAY       18                        28    -10
  MONTH TO DATE  339                       345     -6
  SINCE DEC 1   2063                      2199   -136
  SINCE JUL 1   2952                      3251   -299

 COOLING
  YESTERDAY        0                         0      0
  MONTH TO DATE    0                         0      0
  SINCE DEC 1      0                         0      0
  SINCE JAN 1      0                         0      0
...............................................................


WIND (MPH)
  HIGHEST WIND SPEED    18   HIGHEST WIND DIRECTION     S (170)
  HIGHEST GUST SPEED    30   HIGHEST GUST DIRECTION     S (190)
  AVERAGE WIND SPEED    10.4


SKY COVER
  AVERAGE SKY COVER 0.0


WEATHER CONDITIONS
 THE FOLLOWING WEATHER WAS RECORDED YESTERDAY.
  NO SIGNIFICANT WEATHER WAS OBSERVED.


RELATIVE HUMIDITY (PERCENT)
 HIGHEST    63           700 AM
 LOWEST     21           300 PM
 AVERAGE    42

..........................................................


THE CLAYTON  NM CLIMATE NORMALS FOR TODAY
                         NORMAL    RECORD    YEAR
 MAXIMUM TEMPERATURE (F)   51        78      2011
 MINIMUM TEMPERATURE (F)   23        -3      1899


SUNRISE AND SUNSET
FEBRUARY 13 2016......SUNRISE   643 AM MST   SUNSET   531 PM MST
FEBRUARY 14 2016......SUNRISE   642 AM MST   SUNSET   532 PM MST


-  INDICATES NEGATIVE NUMBERS.
R  INDICATES RECORD WAS SET OR TIED.
MM INDICATES DATA IS MISSING.
T  INDICATES TRACE AMOUNT.

$$
