010
CDUS45 KABQ 240835
CLICAO


CLIMATE REPORT
NATIONAL WEATHER SERVICE ALBUQUERQUE NM
232 AM MDT MON APR 24 2017


...................................

...THE CLAYTON  NM CLIMATE SUMMARY FOR APRIL 23 2017...

CLIMATE NORMAL PERIOD 1981 TO 2010
CLIMATE RECORD PERIOD 1896 TO 2017


WEATHER ITEM   OBSERVED TIME   RECORD YEAR NORMAL DEPARTURE
                VALUE   (LST)  VALUE       VALUE  FROM
                                                  NORMAL
...............................................................
TEMPERATURE (F)
 YESTERDAY
  MAXIMUM         73    406 PM  88    2006  69      4
                                      1989
  MINIMUM         34    544 AM  19    2013  40     -6
  AVERAGE         54                        55     -1

PRECIPITATION (IN)
  YESTERDAY        0.00          1.29 1942   0.04  -0.04
  MONTH TO DATE    1.21                      0.68   0.53
  SINCE MAR 1      2.01                      1.63   0.38
  SINCE JAN 1      3.39                      2.25   1.14

SNOWFALL (IN)
  YESTERDAY        0.0
  MONTH TO DATE    6.1
  SINCE MAR 1      6.2
  SINCE JUL 1     17.6

DEGREE DAYS
 HEATING
  YESTERDAY       11                        11      0
  MONTH TO DATE  236                       318    -82
  SINCE MAR 1    658                       962   -304
  SINCE JUL 1   3678                      4639   -961

 COOLING
  YESTERDAY        0                         0      0
  MONTH TO DATE   12                         0     12
  SINCE MAR 1     18                         1     17
  SINCE JAN 1     20                         1     19
...............................................................


WIND (MPH)
  HIGHEST WIND SPEED    33   HIGHEST WIND DIRECTION     S (190)
  HIGHEST GUST SPEED    41   HIGHEST GUST DIRECTION     S (190)
  AVERAGE WIND SPEED    19.4


SKY COVER
  AVERAGE SKY COVER 0.0


WEATHER CONDITIONS
 THE FOLLOWING WEATHER WAS RECORDED YESTERDAY.
  NO SIGNIFICANT WEATHER WAS OBSERVED.


RELATIVE HUMIDITY (PERCENT)
 HIGHEST    75           200 AM
 LOWEST     25           300 PM
 AVERAGE    50

..........................................................


THE CLAYTON  NM CLIMATE NORMALS FOR TODAY
                         NORMAL    RECORD    YEAR
 MAXIMUM TEMPERATURE (F)   70        92      2012
 MINIMUM TEMPERATURE (F)   40        19      2013


SUNRISE AND SUNSET
APRIL 24 2017.........SUNRISE   607 AM MDT   SUNSET   735 PM MDT
APRIL 25 2017.........SUNRISE   606 AM MDT   SUNSET   736 PM MDT


-  INDICATES NEGATIVE NUMBERS.
R  INDICATES RECORD WAS SET OR TIED.
MM INDICATES DATA IS MISSING.
T  INDICATES TRACE AMOUNT.




$$
