000
CDUS45 KABQ 230829
CLICAO


CLIMATE REPORT
NATIONAL WEATHER SERVICE ALBUQUERQUE NM
127 AM MST THU FEB 23 2017


...................................

...THE CLAYTON  NM CLIMATE SUMMARY FOR FEBRUARY 22 2017...

CLIMATE NORMAL PERIOD 1981 TO 2010
CLIMATE RECORD PERIOD 1896 TO 2017


WEATHER ITEM   OBSERVED TIME   RECORD YEAR NORMAL DEPARTURE
                VALUE   (LST)  VALUE       VALUE  FROM
                                                  NORMAL
...............................................................
TEMPERATURE (F)
 YESTERDAY
  MAXIMUM         77R  1218 PM  75    1982  53     24
  MINIMUM         44    641 AM   3    1960  25     19
  AVERAGE         61                        39     22

PRECIPITATION (IN)
  YESTERDAY        0.00          0.90 1915   0.02  -0.02
  MONTH TO DATE    0.25                      0.25   0.00
  SINCE DEC 1      1.59                      0.89   0.70
  SINCE JAN 1      1.38                      0.53   0.85

SNOWFALL (IN)
  YESTERDAY        0.0
  MONTH TO DATE    1.0
  SINCE DEC 1     11.4
  SINCE JUL 1     11.4

DEGREE DAYS
 HEATING
  YESTERDAY        4                        26    -22
  MONTH TO DATE  388                       618   -230
  SINCE DEC 1   2202                      2472   -270
  SINCE JUL 1   2870                      3524   -654

 COOLING
  YESTERDAY        0                         0      0
  MONTH TO DATE    2                         0      2
  SINCE DEC 1      2                         0      2
  SINCE JAN 1      2                         0      2
...............................................................


WIND (MPH)
  HIGHEST WIND SPEED    32   HIGHEST WIND DIRECTION     W (270)
  HIGHEST GUST SPEED    42   HIGHEST GUST DIRECTION     W (270)
  AVERAGE WIND SPEED    17.8


SKY COVER
  AVERAGE SKY COVER 0.0


WEATHER CONDITIONS
 THE FOLLOWING WEATHER WAS RECORDED YESTERDAY.
  NO SIGNIFICANT WEATHER WAS OBSERVED.


RELATIVE HUMIDITY (PERCENT)
 HIGHEST    53           600 AM
 LOWEST      8           300 PM
 AVERAGE    31

..........................................................


THE CLAYTON  NM CLIMATE NORMALS FOR TODAY
                         NORMAL    RECORD    YEAR
 MAXIMUM TEMPERATURE (F)   53        76      2009
                                             1956
                                             1930
 MINIMUM TEMPERATURE (F)   25         1      1928


SUNRISE AND SUNSET
FEBRUARY 23 2017......SUNRISE   630 AM MST   SUNSET   542 PM MST
FEBRUARY 24 2017......SUNRISE   629 AM MST   SUNSET   543 PM MST


-  INDICATES NEGATIVE NUMBERS.
R  INDICATES RECORD WAS SET OR TIED.
MM INDICATES DATA IS MISSING.
T  INDICATES TRACE AMOUNT.




$$
