000
CDUS45 KABQ 240829
CLICAO


CLIMATE REPORT
NATIONAL WEATHER SERVICE ALBUQUERQUE NM
229 AM MDT MON JUL 24 2017


...................................

...THE CLAYTON  NM CLIMATE SUMMARY FOR JULY 23 2017...

CLIMATE NORMAL PERIOD 1981 TO 2010
CLIMATE RECORD PERIOD 1896 TO 2017


WEATHER ITEM   OBSERVED TIME   RECORD YEAR NORMAL DEPARTURE
                VALUE   (LST)  VALUE       VALUE  FROM
                                                  NORMAL
...............................................................
TEMPERATURE (F)
 YESTERDAY
  MAXIMUM         88    342 PM 101    2016  88      0
  MINIMUM         63    443 AM  50    1943  61      2
                                      1919
  AVERAGE         76                        75      1

PRECIPITATION (IN)
  YESTERDAY        0.02          2.02 1921   0.10  -0.08
  MONTH TO DATE    0.37                      1.89  -1.52
  SINCE JUN 1      1.06                      4.02  -2.96
  SINCE JAN 1      8.81                      8.49   0.32

SNOWFALL (IN)
  YESTERDAY        0.0
  MONTH TO DATE    0.0
  SINCE JUN 1      0.0
  SINCE JUL 1      0.0

DEGREE DAYS
 HEATING
  YESTERDAY        0                         0      0
  MONTH TO DATE    0                         0      0
  SINCE JUN 1      2                        23    -21
  SINCE JUL 1      0                         0      0

 COOLING
  YESTERDAY       11                        10      1
  MONTH TO DATE  268                       226     42
  SINCE JUN 1    466                       409     57
  SINCE JAN 1    498                       460     38
...............................................................


WIND (MPH)
  HIGHEST WIND SPEED    23   HIGHEST WIND DIRECTION    NE (40)
  HIGHEST GUST SPEED    28   HIGHEST GUST DIRECTION    NE (40)
  AVERAGE WIND SPEED    11.6


SKY COVER
  AVERAGE SKY COVER 0.3


WEATHER CONDITIONS
 THE FOLLOWING WEATHER WAS RECORDED YESTERDAY.
  LIGHT RAIN


RELATIVE HUMIDITY (PERCENT)
 HIGHEST    87           500 AM
 LOWEST     31           400 PM
 AVERAGE    59

..........................................................


THE CLAYTON  NM CLIMATE NORMALS FOR TODAY
                         NORMAL    RECORD    YEAR
 MAXIMUM TEMPERATURE (F)   88        99      1940
                                             1937
 MINIMUM TEMPERATURE (F)   61        50      1928


SUNRISE AND SUNSET
JULY 24 2017..........SUNRISE   553 AM MDT   SUNSET   805 PM MDT
JULY 25 2017..........SUNRISE   554 AM MDT   SUNSET   804 PM MDT


-  INDICATES NEGATIVE NUMBERS.
R  INDICATES RECORD WAS SET OR TIED.
MM INDICATES DATA IS MISSING.
T  INDICATES TRACE AMOUNT.




$$
