000
CDUS45 KABQ 230833
CLICAO


CLIMATE REPORT
NATIONAL WEATHER SERVICE ALBUQUERQUE NM
230 AM MDT SAT MAY 23 2015


...................................

...THE CLAYTON  NM CLIMATE SUMMARY FOR MAY 22 2015...

CLIMATE NORMAL PERIOD 1981 TO 2010
CLIMATE RECORD PERIOD 1896 TO 2015


WEATHER ITEM   OBSERVED TIME   RECORD YEAR NORMAL DEPARTURE
                VALUE   (LST)  VALUE       VALUE  FROM
                                                  NORMAL
...............................................................
TEMPERATURE (F)
 YESTERDAY
  MAXIMUM         68    406 PM  93    2012  77     -9
  MINIMUM         46    604 AM  33    1938  49     -3
                                      1910
  AVERAGE         57                        63     -6

PRECIPITATION (IN)
  YESTERDAY        0.01          1.05 1941   0.07  -0.06
  MONTH TO DATE    5.71                      1.24   4.47
  SINCE MAR 1      7.41                      3.13   4.28
  SINCE JAN 1     10.43                      3.75   6.68

SNOWFALL (IN)
  YESTERDAY        0.0
  MONTH TO DATE    0.0
  SINCE MAR 1      0.9
  SINCE JUL 1     26.1

DEGREE DAYS
 HEATING
  YESTERDAY        8                         4      4
  MONTH TO DATE  178                       129     49
  SINCE MAR 1    997                      1158   -161
  SINCE JUL 1   4440                      4835   -395

 COOLING
  YESTERDAY        0                         2     -2
  MONTH TO DATE    3                        25    -22
  SINCE MAR 1      3                        31    -28
  SINCE JAN 1      3                        31    -28
...............................................................


WIND (MPH)
  HIGHEST WIND SPEED    28   HIGHEST WIND DIRECTION     S (200)
  HIGHEST GUST SPEED    35   HIGHEST GUST DIRECTION     S (180)
  AVERAGE WIND SPEED    19.3


SKY COVER
  AVERAGE SKY COVER 0.6


WEATHER CONDITIONS
 THE FOLLOWING WEATHER WAS RECORDED YESTERDAY.
  LIGHT RAIN
  FOG


RELATIVE HUMIDITY (PERCENT)
 HIGHEST    93           100 AM
 LOWEST     52           500 PM
 AVERAGE    73

..........................................................


THE CLAYTON  NM CLIMATE NORMALS FOR TODAY
                         NORMAL    RECORD    YEAR
 MAXIMUM TEMPERATURE (F)   78        96      2000
 MINIMUM TEMPERATURE (F)   50        36      1957


SUNRISE AND SUNSET
MAY 23 2015...........SUNRISE   540 AM MDT   SUNSET   759 PM MDT
MAY 24 2015...........SUNRISE   540 AM MDT   SUNSET   759 PM MDT


-  INDICATES NEGATIVE NUMBERS.
R  INDICATES RECORD WAS SET OR TIED.
MM INDICATES DATA IS MISSING.
T  INDICATES TRACE AMOUNT.

$$
