000
CDUS45 KABQ 200841
CLICAO


CLIMATE REPORT
NATIONAL WEATHER SERVICE ALBUQUERQUE NM
141 AM MST TUE FEB 20 2018


...................................

...THE CLAYTON  NM CLIMATE SUMMARY FOR FEBRUARY 19 2018...

CLIMATE NORMAL PERIOD 1981 TO 2010
CLIMATE RECORD PERIOD 1896 TO 2018


WEATHER ITEM   OBSERVED TIME   RECORD YEAR NORMAL DEPARTURE
                VALUE   (LST)  VALUE       VALUE  FROM
                                                  NORMAL
...............................................................
TEMPERATURE (F)
 YESTERDAY
  MAXIMUM         61    311 PM  78    1898  52      9
  MINIMUM         22    705 AM   3    1955  24     -2
                                      1929
  AVERAGE         42                        38      4

PRECIPITATION (IN)
  YESTERDAY        0.00          0.55 1919   0.01  -0.01
  MONTH TO DATE    0.03                      0.21  -0.18
  SINCE DEC 1      0.03                      0.85  -0.82
  SINCE JAN 1      0.03                      0.49  -0.46

SNOWFALL (IN)
  YESTERDAY        0.0
  MONTH TO DATE    0.3
  SINCE DEC 1      0.3
  SINCE JUL 1      0.8

DEGREE DAYS
 HEATING
  YESTERDAY       23                        27     -4
  MONTH TO DATE  514                       538    -24
  SINCE DEC 1   2224                      2392   -168
  SINCE JUL 1   3109                      3444   -335

 COOLING
  YESTERDAY        0                         0      0
  MONTH TO DATE    0                         0      0
  SINCE DEC 1      0                         0      0
  SINCE JAN 1      0                         0      0
...............................................................


WIND (MPH)
  HIGHEST WIND SPEED    43   HIGHEST WIND DIRECTION     S (200)
  HIGHEST GUST SPEED    51   HIGHEST GUST DIRECTION     S (200)
  AVERAGE WIND SPEED    21.3


SKY COVER
  AVERAGE SKY COVER 0.2


WEATHER CONDITIONS
 THE FOLLOWING WEATHER WAS RECORDED YESTERDAY.
  FOG
  FOG W/VISIBILITY <= 1/4 MILE


RELATIVE HUMIDITY (PERCENT)
 HIGHEST   100           700 AM
 LOWEST     35           600 PM
 AVERAGE    68

..........................................................


THE CLAYTON  NM CLIMATE NORMALS FOR TODAY
                         NORMAL    RECORD    YEAR
 MAXIMUM TEMPERATURE (F)   52        76      1981
                                             1930
 MINIMUM TEMPERATURE (F)   24        -4      1918


SUNRISE AND SUNSET
FEBRUARY 20 2018......SUNRISE   634 AM MST   SUNSET   539 PM MST
FEBRUARY 21 2018......SUNRISE   633 AM MST   SUNSET   540 PM MST


-  INDICATES NEGATIVE NUMBERS.
R  INDICATES RECORD WAS SET OR TIED.
MM INDICATES DATA IS MISSING.
T  INDICATES TRACE AMOUNT.




$$
