000
CDUS41 KCAR 250528
CLICAR


CLIMATE REPORT
NATIONAL WEATHER SERVICE CARIBOU, ME
127 AM EDT MON MAY 25 2015


...................................

...THE CARIBOU ME CLIMATE SUMMARY FOR MAY 24 2015...

CLIMATE NORMAL PERIOD 1981 TO 2010
CLIMATE RECORD PERIOD 1939 TO 2015


WEATHER ITEM   OBSERVED TIME   RECORD YEAR NORMAL DEPARTURE LAST
                VALUE   (LST)  VALUE       VALUE  FROM      YEAR
                                                  NORMAL
..................................................................
TEMPERATURE (F)
 YESTERDAY
  MAXIMUM         72    417 PM  94    1977  66      6       59
  MINIMUM         42    100 AM  28    1956  43     -1       47
  AVERAGE         57                        54      3       53

PRECIPITATION (IN)
  YESTERDAY        T             1.14 1955   0.12  -0.12      T
  MONTH TO DATE    1.38                      2.53  -1.15     2.57
  SINCE MAR 1      5.38                      7.70  -2.32    10.38
  SINCE JAN 1      9.48                     12.62  -3.14    16.60

SNOWFALL (IN)
  YESTERDAY        0.0           0.0  2002   0.0    0.0      0.0
  MONTH TO DATE    0.3                       0.5   -0.2      0.0
  SINCE MAR 1     33.8                      26.2    7.6     51.3
  SINCE JUL 1    142.1                     108.7   33.4    150.7
  SNOW DEPTH       0

DEGREE DAYS
 HEATING
  YESTERDAY        8                        11     -3       12
  MONTH TO DATE  291                       354    -63      322
  SINCE MAR 1   2538                      2399    139     2690
  SINCE JUL 1   9279                      9120    159     9344

 COOLING
  YESTERDAY        0                         0      0        0
  MONTH TO DATE    0                         0      0        3
  SINCE MAR 1      0                         0      0        3
  SINCE JAN 1      0                         0      0        3
..................................................................


WIND (MPH)
  HIGHEST WIND SPEED    22   HIGHEST WIND DIRECTION    NW (300)
  HIGHEST GUST SPEED    32   HIGHEST GUST DIRECTION     W (250)
  AVERAGE WIND SPEED     9.5


SKY COVER
  POSSIBLE SUNSHINE  MM
  AVERAGE SKY COVER 0.3


WEATHER CONDITIONS
 THE FOLLOWING WEATHER WAS RECORDED YESTERDAY.
  NO SIGNIFICANT WEATHER WAS OBSERVED.


RELATIVE HUMIDITY (PERCENT)
 HIGHEST    61          1100 PM
 LOWEST     22          1200 PM
 AVERAGE    42

..........................................................


THE CARIBOU ME CLIMATE NORMALS FOR TODAY
                         NORMAL    RECORD    YEAR
 MAXIMUM TEMPERATURE (F)   66        91      2007
 MINIMUM TEMPERATURE (F)   43        27      1956


SUNRISE AND SUNSET
MAY 25 2015...........SUNRISE   447 AM EDT   SUNSET   812 PM EDT
MAY 26 2015...........SUNRISE   446 AM EDT   SUNSET   813 PM EDT


-  INDICATES NEGATIVE NUMBERS.
R  INDICATES RECORD WAS SET OR TIED.
MM INDICATES DATA IS MISSING.
T  INDICATES TRACE AMOUNT.

.......................................................
THE CARIBOU ME 4 INCH SOIL TEMPERATURES FOR MAY 24 2015

MAXIMUM SOIL TEMPERATURE (F): 56
MINIMUM SOIL TEMPERATURE (F): 50


$$

CB
