000
CDUS41 KCAR 290528
CLICAR


CLIMATE REPORT
NATIONAL WEATHER SERVICE CARIBOU, ME
127 AM EDT FRI AUG 29 2014


...................................

...THE CARIBOU ME CLIMATE SUMMARY FOR AUGUST 28 2014...

CLIMATE NORMAL PERIOD 1981 TO 2010
CLIMATE RECORD PERIOD 1939 TO 2014


WEATHER ITEM   OBSERVED TIME   RECORD YEAR NORMAL DEPARTURE LAST
                VALUE   (LST)  VALUE       VALUE  FROM      YEAR
                                                  NORMAL
..................................................................
TEMPERATURE (F)
 YESTERDAY
  MAXIMUM         70    201 PM  92    1952  72     -2       75
  MINIMUM         52   1159 PM  35    1987  50      2       57
                                      1940
  AVERAGE         61                        61      0       66

PRECIPITATION (IN)
  YESTERDAY        T             1.52 2011   0.12  -0.12     0.12
  MONTH TO DATE    1.68                      3.42  -1.74     5.57
  SINCE JUN 1     11.35                     10.98   0.37    18.90
  SINCE JAN 1     28.55                     24.40   4.15    32.92

SNOWFALL (IN)
  YESTERDAY        0.0           0.0  2002   0.0    0.0      0.0
                                      2001
  MONTH TO DATE    0.0                       0.0    0.0      0.0
  SINCE JUN 1      0.0                       0.0    0.0      0.0
  SINCE JUL 1      0.0                       0.0    0.0      0.0
  SNOW DEPTH       0

DEGREE DAYS
 HEATING
  YESTERDAY        4                         5     -1        0
  MONTH TO DATE   25                        80    -55       71
  SINCE JUN 1    138                       303   -165      277
  SINCE JUL 1     49                       138    -89       99

 COOLING
  YESTERDAY        0                         1     -1        1
  MONTH TO DATE   72                        48     24       28
  SINCE JUN 1    238                       159     79      170
  SINCE JAN 1    241                       164     77      178
..................................................................


WIND (MPH)
  HIGHEST WIND SPEED    21   HIGHEST WIND DIRECTION    NW (330)
  HIGHEST GUST SPEED    27   HIGHEST GUST DIRECTION    NW (330)
  AVERAGE WIND SPEED     9.9


SKY COVER
  POSSIBLE SUNSHINE  MM
  AVERAGE SKY COVER 0.8


WEATHER CONDITIONS
 THE FOLLOWING WEATHER WAS RECORDED YESTERDAY.
  RAIN
  LIGHT RAIN
  FOG
  HAZE


RELATIVE HUMIDITY (PERCENT)
 HIGHEST    93           500 AM
 LOWEST     53           100 PM
 AVERAGE    73

..........................................................


THE CARIBOU ME CLIMATE NORMALS FOR TODAY
                         NORMAL    RECORD    YEAR
 MAXIMUM TEMPERATURE (F)   72        92      2010
                                             1977
 MINIMUM TEMPERATURE (F)   50        35      1986


SUNRISE AND SUNSET
AUGUST 29 2014........SUNRISE   548 AM EDT   SUNSET   717 PM EDT
AUGUST 30 2014........SUNRISE   549 AM EDT   SUNSET   715 PM EDT


-  INDICATES NEGATIVE NUMBERS.
R  INDICATES RECORD WAS SET OR TIED.
MM INDICATES DATA IS MISSING.
T  INDICATES TRACE AMOUNT.
--------------------------------------------------------------------------------------
THE CARIBOU ME 4 INCH SOIL TEMPERATURE FOR AUGUST 28 2014

MAXIMUM SOIL TEMPERATURE (F)...72
MINIMUM SOIL TEMPERATURE (F)...69

$$

CB
