000
CDUS41 KCAR 210526
CLICAR


CLIMATE REPORT
NATIONAL WEATHER SERVICE CARIBOU, ME
1226 AM EST TUE NOV 21 2017


...................................

...THE CARIBOU ME CLIMATE SUMMARY FOR NOVEMBER 20 2017...

CLIMATE NORMAL PERIOD 1981 TO 2010
CLIMATE RECORD PERIOD 1939 TO 2017


WEATHER ITEM   OBSERVED TIME   RECORD YEAR NORMAL DEPARTURE LAST
                VALUE   (LST)  VALUE       VALUE  FROM      YEAR
                                                  NORMAL
..................................................................
TEMPERATURE (F)
 YESTERDAY
  MAXIMUM         30   1211 AM  67    1953  36     -6       49
  MINIMUM         13   1159 PM   2    1992  23    -10       40
                                      1986
  AVERAGE         22                        30     -8       45

PRECIPITATION (IN)
  YESTERDAY        T             0.99 2003   0.13  -0.13     0.18
  MONTH TO DATE    3.16                      2.43   0.73     1.44
  SINCE SEP 1     12.52                      9.28   3.24     6.46
  SINCE JAN 1     38.38                     34.02   4.36    37.57

SNOWFALL (IN)
  YESTERDAY        T            12.8  1945   0.4   -0.4      0.0
  MONTH TO DATE    0.8                       5.5   -4.7       T
  SINCE SEP 1      0.8                       7.2   -6.4       T
  SINCE JUL 1      0.8                       7.2   -6.4       T
  SNOW DEPTH       0

DEGREE DAYS
 HEATING
  YESTERDAY       43                        35      8       20
  MONTH TO DATE  652                       627     25      505
  SINCE SEP 1   1212                      1613   -401     1276
  SINCE JUL 1   1336                      1767   -431     1356

 COOLING
  YESTERDAY        0                         0      0        0
  MONTH TO DATE    0                         0      0        0
  SINCE SEP 1     35                        11     24       22
  SINCE JAN 1    222                       180     42      275
..................................................................


WIND (MPH)
  HIGHEST WIND SPEED    21   HIGHEST WIND DIRECTION     W (260)
  HIGHEST GUST SPEED    31   HIGHEST GUST DIRECTION    SW (240)
  AVERAGE WIND SPEED    11.9


SKY COVER
  POSSIBLE SUNSHINE  MM
  AVERAGE SKY COVER 0.8


WEATHER CONDITIONS
 THE FOLLOWING WEATHER WAS RECORDED YESTERDAY.
  LIGHT SNOW


RELATIVE HUMIDITY (PERCENT)
 HIGHEST    69          1200 AM
 LOWEST     52           400 PM
 AVERAGE    61

..........................................................


THE CARIBOU ME CLIMATE NORMALS FOR TODAY
                         NORMAL    RECORD    YEAR
 MAXIMUM TEMPERATURE (F)   36        58      1954
 MINIMUM TEMPERATURE (F)   23        -1      1959


SUNRISE AND SUNSET
NOVEMBER 21 2017......SUNRISE   644 AM EST   SUNSET   352 PM EST
NOVEMBER 22 2017......SUNRISE   645 AM EST   SUNSET   351 PM EST


-  INDICATES NEGATIVE NUMBERS.
R  INDICATES RECORD WAS SET OR TIED.
MM INDICATES DATA IS MISSING.
T  INDICATES TRACE AMOUNT.




$$
