000
CDUS41 KCAR 200548
CLICAR


CLIMATE REPORT
NATIONAL WEATHER SERVICE CARIBOU, ME
148 AM EDT SUN APR 20 2014


...................................

...THE CARIBOU ME CLIMATE SUMMARY FOR APRIL 19 2014...

CLIMATE NORMAL PERIOD 1981 TO 2010
CLIMATE RECORD PERIOD 1939 TO 2014


WEATHER ITEM   OBSERVED TIME   RECORD YEAR NORMAL DEPARTURE LAST
                VALUE   (LST)  VALUE       VALUE  FROM      YEAR
                                                  NORMAL
..................................................................
TEMPERATURE (F)
 YESTERDAY
  MAXIMUM         43   1220 PM  72    1987  50     -7       69
  MINIMUM         32   1159 PM  17    1961  31      1       42
  AVERAGE         38                        40     -2       56

PRECIPITATION (IN)
  YESTERDAY        0.01          0.75 1968   0.09  -0.08     0.00
  MONTH TO DATE    2.46                      1.69   0.77     0.99
  SINCE MAR 1      5.90                      4.20   1.70     2.73
  SINCE JAN 1     12.12                      9.12   3.00     8.10

SNOWFALL (IN)
  YESTERDAY        T             3.7  1949   0.3   -0.3      0.0
  MONTH TO DATE    5.8                       6.1   -0.3      4.3
  SINCE MAR 1     47.9                      24.4   23.5     19.5
  SINCE JUL 1    147.3                     106.9   40.4    106.9
  SNOW DEPTH       T

DEGREE DAYS
 HEATING
  YESTERDAY       27                        25      2        9
  MONTH TO DATE  561                       556      5      571
  SINCE MAR 1   2101                      1810    291     1656
  SINCE JUL 1   8755                      8531    224     7804

 COOLING
  YESTERDAY        0                         0      0        0
  MONTH TO DATE    0                         0      0        0
  SINCE MAR 1      0                         0      0        0
  SINCE JAN 1      0                         0      0        0
..................................................................


WIND (MPH)
  HIGHEST WIND SPEED    26   HIGHEST WIND DIRECTION    NW (330)
  HIGHEST GUST SPEED    37   HIGHEST GUST DIRECTION    NW (320)
  AVERAGE WIND SPEED    10.1


SKY COVER
  POSSIBLE SUNSHINE  MM
  AVERAGE SKY COVER 1.0


WEATHER CONDITIONS
 THE FOLLOWING WEATHER WAS RECORDED YESTERDAY.
  LIGHT RAIN
  LIGHT SNOW
  FOG


RELATIVE HUMIDITY (PERCENT)
 HIGHEST    96           400 AM
 LOWEST     59          1200 AM
 AVERAGE    78

..........................................................


THE CARIBOU ME CLIMATE NORMALS FOR TODAY
                         NORMAL    RECORD    YEAR
 MAXIMUM TEMPERATURE (F)   50        76      1987
 MINIMUM TEMPERATURE (F)   32        15      1947


SUNRISE AND SUNSET
APRIL 20 2014.........SUNRISE   536 AM EDT   SUNSET   727 PM EDT
APRIL 21 2014.........SUNRISE   534 AM EDT   SUNSET   729 PM EDT


-  INDICATES NEGATIVE NUMBERS.
R  INDICATES RECORD WAS SET OR TIED.
MM INDICATES DATA IS MISSING.
T  INDICATES TRACE AMOUNT.




$$
