000
CDUS41 KCAR 250541
CLICAR

CLIMATE REPORT
NATIONAL WEATHER SERVICE CARIBOU, ME
132 AM EDT SUN JUN 25 2017


...................................

...THE CARIBOU ME CLIMATE SUMMARY FOR JUNE 24 2017...

CLIMATE NORMAL PERIOD 1981 TO 2010
CLIMATE RECORD PERIOD 1939 TO 2017


WEATHER ITEM   OBSERVED TIME   RECORD YEAR NORMAL DEPARTURE LAST
                VALUE   (LST)  VALUE       VALUE  FROM      YEAR
                                                  NORMAL
..................................................................
TEMPERATURE (F)
 YESTERDAY
  MAXIMUM         77    516 PM  93    1995  74      3       72
  MINIMUM         57   1159 PM  40    1988  52      5       42
                                      1959
  AVERAGE         67                        63      4       57

PRECIPITATION (IN)
  YESTERDAY        0.48          1.21 2010   0.12   0.36     0.00
  MONTH TO DATE    2.79                      2.70   0.09     2.21
  SINCE JUN 1      2.79                      2.70   0.09     2.21
  SINCE JAN 1     19.36                     16.12   3.24    18.14

SNOWFALL (IN)
  YESTERDAY        0.0           0.0  2002   0.0    0.0      0.0
                                      2001
  MONTH TO DATE    0.0                       0.0    0.0      0.0
  SINCE JUN 1      0.0                       0.0    0.0      0.0
  SINCE JUL 1    129.6                     108.7   20.9     94.8
  SNOW DEPTH       0

DEGREE DAYS
 HEATING
  YESTERDAY        0                         4     -4        8
  MONTH TO DATE  111                       146    -35      144
  SINCE JUN 1    111                       146    -35      144
  SINCE JUL 1   8559                      9335   -776     8361

 COOLING
  YESTERDAY        2                         2      0        0
  MONTH TO DATE   43                        24     19       16
  SINCE JUN 1     43                        24     19       16
  SINCE JAN 1     49                        29     20       24
..................................................................


WIND (MPH)
  HIGHEST WIND SPEED    21   HIGHEST WIND DIRECTION    NW (320)
  HIGHEST GUST SPEED    34   HIGHEST GUST DIRECTION    NW (300)
  AVERAGE WIND SPEED     6.9


SKY COVER
  POSSIBLE SUNSHINE  MM
  AVERAGE SKY COVER 0.8


WEATHER CONDITIONS
 THE FOLLOWING WEATHER WAS RECORDED YESTERDAY.
  RAIN
  LIGHT RAIN
  FOG


RELATIVE HUMIDITY (PERCENT)
 HIGHEST   100          1200 AM
 LOWEST     50           500 PM
 AVERAGE    75

..........................................................


THE CARIBOU ME CLIMATE NORMALS FOR TODAY
                         NORMAL    RECORD    YEAR
 MAXIMUM TEMPERATURE (F)   74        92      2003
 MINIMUM TEMPERATURE (F)   53        38      1941


SUNRISE AND SUNSET
JUNE 25 2017..........SUNRISE   439 AM EDT   SUNSET   831 PM EDT
JUNE 26 2017..........SUNRISE   439 AM EDT   SUNSET   831 PM EDT


-  INDICATES NEGATIVE NUMBERS.
R  INDICATES RECORD WAS SET OR TIED.
MM INDICATES DATA IS MISSING.
T  INDICATES TRACE AMOUNT.

.....................................................................
THE CARIBOU ME 4 INCH UNDER SOD SOIL TEMPERATURE FOR JUNE 24 2017

MAXIMUM 68 F
MINIMUM 65 F

$$
