000
CDUS41 KCAR 302026
CLICAR


CLIMATE REPORT
NATIONAL WEATHER SERVICE CARIBOU, ME
425 PM EDT SUN APR 30 2017


...................................

...THE CARIBOU ME CLIMATE SUMMARY FOR APRIL 30 2017...
VALID TODAY AS OF 0400 PM LOCAL TIME.

CLIMATE NORMAL PERIOD 1981 TO 2010
CLIMATE RECORD PERIOD 1939 TO 2017


WEATHER ITEM   OBSERVED TIME   RECORD YEAR NORMAL DEPARTURE LAST
                VALUE   (LST)  VALUE       VALUE  FROM      YEAR
                                                  NORMAL
..................................................................
TEMPERATURE (F)
 TODAY
  MAXIMUM         55    220 PM  82    2004  56     -1       58
  MINIMUM         34    524 AM  23    1943  36     -2       24
  AVERAGE         45                        46     -1       41

PRECIPITATION (IN)
  TODAY            0.00          0.63 1947   0.09  -0.09     0.00
  MONTH TO DATE    3.86                      2.66   1.20     2.80
  SINCE MAR 1      6.58                      5.17   1.41     7.50
  SINCE JAN 1     12.20                     10.09   2.11    12.97

SNOWFALL (IN)
  TODAY            0.0           2.0  1943   0.1   -0.1      0.0
  MONTH TO DATE    9.8                       7.4    2.4      2.8
  SINCE MAR 1     33.4                      25.7    7.7     30.0
  SINCE JUL 1    130.0                     108.2   21.8     90.0
  SNOW DEPTH       0

DEGREE DAYS
 HEATING
  TODAY           20                        19      1       24
  MONTH TO DATE  704                       795    -91      873
  SINCE MAR 1   2087                      2045     42     2130
  SINCE JUL 1   8068                      8766   -698     7872

 COOLING
  TODAY            0                         0      0        0
  MONTH TO DATE    0                         0      0        0
  SINCE MAR 1      0                         0      0        0
  SINCE JAN 1      0                         0      0        0
..................................................................


WIND (MPH)
  HIGHEST WIND SPEED    20   HIGHEST WIND DIRECTION     N (350)
  HIGHEST GUST SPEED    27   HIGHEST GUST DIRECTION     N (340)
  AVERAGE WIND SPEED    12.6


SKY COVER
  POSSIBLE SUNSHINE  MM
  AVERAGE SKY COVER 0.2


WEATHER CONDITIONS
 THE FOLLOWING WEATHER WAS RECORDED TODAY.
  NO SIGNIFICANT WEATHER WAS OBSERVED.


RELATIVE HUMIDITY (PERCENT)
 HIGHEST    61           500 AM
 LOWEST     28           200 PM
 AVERAGE    45

..........................................................


THE CARIBOU ME CLIMATE NORMALS FOR TOMORROW
                         NORMAL    RECORD    YEAR
 MAXIMUM TEMPERATURE (F)   56        83      2004
 MINIMUM TEMPERATURE (F)   36        24      1978
                                             1974


SUNRISE AND SUNSET
APRIL 30 2017.........SUNRISE   518 AM EDT   SUNSET   741 PM EDT
MAY  1 2017...........SUNRISE   517 AM EDT   SUNSET   743 PM EDT


-  INDICATES NEGATIVE NUMBERS.
R  INDICATES RECORD WAS SET OR TIED.
MM INDICATES DATA IS MISSING.
T  INDICATES TRACE AMOUNT.




$$
