000
CDAK48 PACD 251207
CLICDB

CLIMATE REPORT
NATIONAL WEATHER SERVICE COLD BAY, AK
407 AM AKDT MON JUL 25 2016

...................................
...THE COLD BAY AP CLIMATE SUMMARY FOR JULY 24 2016...

CLIMATE NORMAL PERIOD  1981 TO  2010
CLIMATE RECORD PERIOD  1942 TO  2016

WEATHER ITEM   OBSERVED TIME    RECORD YEAR NORMAL DEPARTURE LAST
               VALUE    (LST)   VALUE       VALUE  FROM      YEAR
                                                   NORMAL
...................................................................
TEMPERATURE
YESTERDAY
 MAXIMUM            53  0308 PM    68  1968     56      -3     59
 MINIMUM            51  1159 PM    38  1989     47       4     49
 AVERAGE            52                          52       0     54

PRECIPITATION
(INCHES)
 YESTERDAY        0.15           0.46  1969   0.08    0.07   0.02
 MONTH TO DATE    1.36                        1.85   -0.49   1.95
 SINCE JUN 1      3.09                        4.57   -1.48   3.06
 SINCE JAN 1     15.51                       18.43   -2.92  15.91

SNOWFALL
(INCHES)
 YESTERDAY         0.0            0.0  2016    0.0     0.0    0.0
 MONTH TO DATE     0.0                         0.0     0.0    0.0
 SINCE JUN 1       0.0                         0.0     0.0    0.0
 SINCE JUL 1       0.0                         0.0     0.0    0.0
 SNOW DEPTH (IN)     0                                          0

DEGREE DAYS
 HEATING
  YESTERDAY         13                          13       0     11
  MONTH TO DATE    238                         347    -109    312
  SINCE JUN 1      705                         909    -204    772
  SINCE JUL 1      238                         347    -109    312

 COOLING
  YESTERDAY          0                           0       0      0
  MONTH TO DATE      0                           0       0      0
  SINCE JUN 1        0                           0       0      0
  SINCE JAN 1        0                           0       0      0
...................................................................

WIND (MPH)
 HIGHEST WIND SPEED    29     HIGHEST WIND DIRECTION    260
 HIGHEST GUST SPEED    35     HIGHEST GUST DIRECTION    270
 AVERAGE WIND SPEED  20.1


WEATHER CONDITIONS
 THE FOLLOWING WEATHER WAS RECORDED YESTERDAY.
  FOG
  RAIN

...................................................................

THE COLD BAY CLIMATE NORMALS FOR TODAY
                           NORMAL    RECORD   YEAR
 MAXIMUM TEMPERATURE (F)     56        72     1968
 MINIMUM TEMPERATURE (F)     47        40     1954

SUNRISE AND SUNSET
 JUL 25 2016..........SUNRISE  6:48 AM      SUNSET 11:06 PM
 JUL 26 2016..........SUNRISE  6:50 AM      SUNSET 11:05 PM

-  INDICATES NEGATIVE NUMBERS.
R  INDICATES RECORD HAS BEEN SET OR TIED.
MM INDICATES DATA IS MISSING.
T  INDICATES TRACE OF PRECIPITATION.

&&
-------------------------------------------------------------------

AMOUNT OF DAYLIGHT TODAY  (HOUR:MIN)........16 HOURS 18 MINUTES
LOSS SINCE YESTERDAY (HOUR:MIN:SEC).........-0:03:23

$$
RCS JUL 16
