000
CDAK48 PACD 310008
CLICDB

CLIMATE REPORT
NATIONAL WEATHER SERVICE COLD BAY, AK
408 PM AKDT SUN AUG 30 2015

...................................
...THE COLD BAY AP CLIMATE SUMMARY FOR AUGUST 30 2015...
VALID TODAY AS OF 2:00 PM LOCAL TIME

CLIMATE NORMAL PERIOD  1981 TO  2010
CLIMATE RECORD PERIOD  1942 TO  2015

WEATHER ITEM   OBSERVED TIME    RECORD YEAR NORMAL DEPARTURE LAST
               VALUE    (LST)   VALUE       VALUE  FROM      YEAR
                                                   NORMAL
...................................................................
TEMPERATURE
TODAY
 MAXIMUM            56  0228 PM    64  2001     56       0     61
 MINIMUM            42  0603 AM    38  2000     47      -5     53
 AVERAGE            49                          51      -2     57

PRECIPITATION
(INCHES)
 TODAY            0.00           1.38  2000   0.13   -0.13   0.43
 MONTH TO DATE    1.63                        3.54   -1.91   3.25
 SINCE JUN 1      5.21                        8.74   -3.53   6.43
 SINCE JAN 1     18.06                       22.60   -4.54  18.41

SNOWFALL
(INCHES)
 TODAY             0.0            0.0  2015    0.0     0.0    0.0
 MONTH TO DATE     0.0                         0.0     0.0    0.0
 SINCE JUN 1       0.0                         0.0     0.0    0.0
 SINCE JUL 1       0.0                         0.0     0.0    0.0
 SNOW DEPTH (IN)     0                                          0

DEGREE DAYS
 HEATING
  TODAY             16                          14       2      8
  MONTH TO DATE    364                         392     -28    250
  SINCE JUN 1     1224                        1392    -168    974
  SINCE JUL 1      764                         830     -66    529

 COOLING
  TODAY              0                           0       0      0
  MONTH TO DATE      0                           0       0      0
  SINCE JUN 1        0                           0       0      0
  SINCE JAN 1        0                           0       0      0
...................................................................

WIND (MPH)
 HIGHEST WIND SPEED    20     HIGHEST WIND DIRECTION    360
 HIGHEST GUST SPEED    25     HIGHEST GUST DIRECTION    340
 AVERAGE WIND SPEED    MM

WEATHER CONDITIONS
 THE FOLLOWING WEATHER WAS RECORDED TODAY.
  NO SIGNIFICANT WEATHER WAS OBSERVED.

...................................................................

THE COLD BAY CLIMATE NORMALS FOR TOMORROW
                        NORMAL    RECORD   YEAR
 MAXIMUM TEMPERATURE      56        71     1960
 MINIMUM TEMPERATURE      47        39     1970

SUNRISE AND SUNSET
 AUG 30 2015..........SUNRISE  7:54 AM      SUNSET  9:49 PM
 AUG 31 2015..........SUNRISE  7:55 AM      SUNSET  9:47 PM

-  INDICATES NEGATIVE NUMBERS.
R  INDICATES RECORD HAS BEEN SET OR TIED.
MM INDICATES DATA IS MISSING.
T  INDICATES TRACE OF PRECIPITATION.

&&
-------------------------------------------------------------------

AMOUNT OF DAYLIGHT TODAY  (HOUR:MIN)........13 HOURS 55 MINUTES
LOSS SINCE YESTERDAY (HOUR:MIN:SEC).........-0:04:22

$$
DK AUG 15
