000
CDAK48 PACD 291204
CLICDB

CLIMATE REPORT
NATIONAL WEATHER SERVICE COLD BAY, AK
404 AM AKDT TUE JUL 29 2014

...................................
...THE COLD BAY AP CLIMATE SUMMARY FOR JULY 28 2014...

CLIMATE NORMAL PERIOD  1981 TO  2010
CLIMATE RECORD PERIOD  1955 TO  2014

WEATHER ITEM   OBSERVED TIME    RECORD YEAR NORMAL DEPARTURE LAST
               VALUE    (LST)   VALUE       VALUE  FROM      YEAR
                                                   NORMAL
...................................................................
TEMPERATURE
YESTERDAY
 MAXIMUM            57  0418 PM    68  1977     56       1     61
 MINIMUM            52  0704 AM    38  1972     48       4     53
 AVERAGE            55                          52       3     57

PRECIPITATION
(INCHES)
 YESTERDAY        0.02           1.04  1955   0.09   -0.07   0.00
 MONTH TO DATE    2.12                        2.20   -0.08   2.93
 SINCE JUN 1      3.17                        4.92   -1.75   5.75
 SINCE JAN 1     15.15                       18.78   -3.63  19.66

SNOWFALL
(INCHES)
 YESTERDAY         0.0            0.0  2014    0.0     0.0    0.0
 MONTH TO DATE     0.0                         0.0     0.0    0.0
 SINCE JUN 1       0.0                         0.0     0.0    0.0
 SINCE JUL 1       0.0                         0.0     0.0    0.0
 SNOW DEPTH (IN)     0                                          0

DEGREE DAYS
 HEATING
  YESTERDAY         10                          13      -3      8
  MONTH TO DATE    260                         399    -139    320
  SINCE JUN 1      705                         961    -256    829
  SINCE JUL 1      260                         399    -139    320

 COOLING
  YESTERDAY          0                           0       0      0
  MONTH TO DATE      0                           0       0      0
  SINCE JUN 1        0                           0       0      0
  SINCE JAN 1        0                           0       0      0
...................................................................

WIND (MPH)
 HIGHEST WIND SPEED    18     HIGHEST WIND DIRECTION    310
 HIGHEST GUST SPEED    22     HIGHEST GUST DIRECTION    300
 AVERAGE WIND SPEED  12.4

WEATHER CONDITIONS
 THE FOLLOWING WEATHER WAS RECORDED YESTERDAY.
  FOG
  RAIN

...................................................................

THE COLD BAY CLIMATE NORMALS FOR TODAY
                           NORMAL    RECORD   YEAR
 MAXIMUM TEMPERATURE (F)     56        67     1956
 MINIMUM TEMPERATURE (F)     48        42     2008

SUNRISE AND SUNSET
 JUL 29 2014..........SUNRISE  6:54 AM      SUNSET 11:00 PM
 JUL 30 2014..........SUNRISE  6:56 AM      SUNSET 10:58 PM

-  INDICATES NEGATIVE NUMBERS.
R  INDICATES RECORD HAS BEEN SET OR TIED.
MM INDICATES DATA IS MISSING.
T  INDICATES TRACE OF PRECIPITATION.

&&
-------------------------------------------------------------------

AMOUNT OF DAYLIGHT TODAY  (HOUR:MIN)........16 HOURS 6 MINUTES
LOSS SINCE YESTERDAY (HOUR:MIN:SEC).........-0:03:34

$$

RCS JUL 14
