878
CDAK48 PAFC 230047
CLICDB


CLIMATE REPORT
NATIONAL WEATHER SERVICE ANCHORAGE, AK
446 PM AKDT TUE AUG 22 2017


...................................

...THE COLD BAY CLIMATE SUMMARY FOR AUGUST 22 2017...
VALID TODAY AS OF 0400 PM LOCAL TIME.

CLIMATE NORMAL PERIOD 1981 TO 2010
CLIMATE RECORD PERIOD 1942 TO 2017


WEATHER ITEM   OBSERVED TIME   RECORD YEAR NORMAL DEPARTURE LAST
                VALUE   (LST)  VALUE       VALUE  FROM      YEAR
                                                  NORMAL
..................................................................
TEMPERATURE (F)
 TODAY
  MAXIMUM         59    253 PM  78    1948  57      2       57
  MINIMUM         48    659 AM  33    1946  48      0       52
  AVERAGE         54                        52      2       55

PRECIPITATION (IN)
  TODAY            T             1.02 1990   0.13  -0.13     0.05
  MONTH TO DATE    4.86                      2.48   2.38     2.89
  SINCE JUN 1      8.56                      7.68   0.88     6.64
  SINCE JAN 1     18.53                     21.54  -3.01    19.05

SNOWFALL (IN)
  TODAY            0.0          MM      MM   0.0    0.0      0.0
  MONTH TO DATE    0.0                       0.0    0.0      0.0
  SINCE JUN 1      0.0                       T      0.0      0.0
  SINCE JUL 1      0.0                       0.0    0.0      0.0
  SNOW DEPTH       0

DEGREE DAYS
 HEATING
  TODAY           11                        13     -2       10
  MONTH TO DATE  246                       286    -40      174
  SINCE JUN 1   1128                      1286   -158      851
  SINCE JUL 1    627                       725    -98      417

 COOLING
  TODAY            0                         0      0        0
  MONTH TO DATE    0                         0      0        0
  SINCE JUN 1      0                         0      0        0
  SINCE JAN 1      0                         0      0        0
..................................................................


WIND (MPH)
  RESULTANT WIND SPEED   8   RESULTANT WIND DIRECTION  NW (300)
  HIGHEST WIND SPEED    16   HIGHEST WIND DIRECTION     W (270)
  HIGHEST GUST SPEED    17   HIGHEST GUST DIRECTION     W (270)
  AVERAGE WIND SPEED     8.6



WEATHER CONDITIONS
 THE FOLLOWING WEATHER WAS RECORDED TODAY.
  LIGHT RAIN
  HAZE


RELATIVE HUMIDITY (PERCENT)
 HIGHEST    93
 LOWEST     62
 AVERAGE    78

..........................................................


THE COLD BAY CLIMATE NORMALS FOR TOMORROW
                         NORMAL    RECORD    YEAR
 MAXIMUM TEMPERATURE (F)   56        67      1953
 MINIMUM TEMPERATURE (F)   48        36      1952


SUNRISE AND SUNSET
AUGUST 22 2017........SUNRISE   739 AM AKDT  SUNSET  1007 PM AKDT
AUGUST 23 2017........SUNRISE   741 AM AKDT  SUNSET  1005 PM AKDT


-  INDICATES NEGATIVE NUMBERS.
R  INDICATES RECORD WAS SET OR TIED.
MM INDICATES DATA IS MISSING.
T  INDICATES TRACE AMOUNT.




$$
