841
CDAK48 PAFC 241313
CLICDB

CLIMATE REPORT
NATIONAL WEATHER SERVICE ANCHORAGE, AK
411 AM AKST FRI FEB 24 2017


...................................

...THE COLD BAY CLIMATE SUMMARY FOR FEBRUARY 23 2017...

CLIMATE NORMAL PERIOD 1981 TO 2010
CLIMATE RECORD PERIOD 1942 TO 2017


WEATHER ITEM   OBSERVED TIME   RECORD YEAR NORMAL DEPARTURE LAST
                VALUE   (LST)  VALUE       VALUE  FROM      YEAR
                                                  NORMAL
..................................................................
TEMPERATURE (F)
 YESTERDAY
  MAXIMUM         42    403 PM  44    2003  34      8       38
  MINIMUM         34    829 PM   3    1971  25      9       33
  AVERAGE         38                        30      8       36

PRECIPITATION (IN)
  YESTERDAY        0.57          2.27 1943   0.11   0.46      T
  MONTH TO DATE    1.81                      2.46  -0.65     1.23
  SINCE DEC 1     12.61                     10.08   2.53    12.98
  SINCE JAN 1      6.94                      5.62   1.32     5.72

SNOWFALL (IN)
  YESTERDAY        T             2.4  1965   0.5   -0.5     MM
  MONTH TO DATE    7.3                      10.7   -3.4      0.0
  SINCE DEC 1     34.8                      37.4   -2.6     33.0
  SINCE JUL 1     36.6                      50.0  -13.4     38.3
  SNOW DEPTH       0

DEGREE DAYS
 HEATING
  YESTERDAY       27                        36     -9       29
  MONTH TO DATE  881                       833     48      688
  SINCE DEC 1   3049                      3023     26     2557
  SINCE JUL 1   5399                      6043   -644     5050

 COOLING
  YESTERDAY        0                         0      0        0
  MONTH TO DATE    0                         0      0        0
  SINCE DEC 1      0                         0      0        0
  SINCE JAN 1      0                         0      0        0
..................................................................


WIND (MPH)
  RESULTANT WIND SPEED  19   RESULTANT WIND DIRECTION  SE (150)
  HIGHEST WIND SPEED    44   HIGHEST WIND DIRECTION    SE (150)
  HIGHEST GUST SPEED    54   HIGHEST GUST DIRECTION    SE (150)
  AVERAGE WIND SPEED    20.8



WEATHER CONDITIONS
 THE FOLLOWING WEATHER WAS RECORDED YESTERDAY.
  LIGHT RAIN
  SNOW
  LIGHT SNOW
  FOG


RELATIVE HUMIDITY (PERCENT)
 HIGHEST   100
 LOWEST     86
 AVERAGE    93

..........................................................


THE COLD BAY CLIMATE NORMALS FOR TODAY
                         NORMAL    RECORD    YEAR
 MAXIMUM TEMPERATURE (F)   34        47      1997
 MINIMUM TEMPERATURE (F)   25         2      1974


SUNRISE AND SUNSET
FEBRUARY 24 2017......SUNRISE   852 AM AKST  SUNSET   717 PM AKST
FEBRUARY 25 2017......SUNRISE   850 AM AKST  SUNSET   719 PM AKST

CIVIL TWILIGHT
FEBRUARY 24 2017        START    815 AM GMT     END    755 PM GMT
FEBRUARY 25 2017        START    813 AM GMT     END    757 PM GMT



-  INDICATES NEGATIVE NUMBERS.
R  INDICATES RECORD WAS SET OR TIED.
MM INDICATES DATA IS MISSING.
T  INDICATES TRACE AMOUNT.




$$
&&
------------------------------------------------------
AMOUNT OF DAYLIGHT TODAY  (HOUR:MIN)........10:25
GAIN/LOSS SINCE YESTERDAY (HOUR:MIN:SEC)....+0:04:27

$$
