000
CDAK48 PACD 301118
CLICDB

CLIMATE REPORT
NATIONAL WEATHER SERVICE COLD BAY, AK
318 AM AKDT TUE SEP 30 2014

...................................
...THE COLD BAY AP CLIMATE SUMMARY FOR SEPTEMBER 29 2014...

CLIMATE NORMAL PERIOD  1981 TO  2010
CLIMATE RECORD PERIOD  1942 TO  2014

WEATHER ITEM   OBSERVED TIME    RECORD YEAR NORMAL DEPARTURE LAST
               VALUE    (LST)   VALUE       VALUE  FROM      YEAR
                                                   NORMAL
...................................................................
TEMPERATURE
YESTERDAY
 MAXIMUM            54  0525 PM    60  1954     50       4     46
 MINIMUM            38  0358 AM    30  1951     40      -2     38
 AVERAGE            46                          45       1     42

PRECIPITATION
(INCHES)
 YESTERDAY        0.00           1.50  2004   0.16   -0.16   0.01
 MONTH TO DATE    5.47                        4.56    0.91   4.89
 SINCE SEP 1      5.47                        4.56    0.91   4.89
 SINCE JAN 1     23.88                       27.30   -3.42  31.81

SNOWFALL
(INCHES)
 YESTERDAY         0.0              T  1981    0.0     0.0    0.0
 MONTH TO DATE     0.0                         0.0     0.0    0.0
 SINCE SEP 1       0.0                         0.0     0.0    0.0
 SINCE JUL 1       0.0                         0.0     0.0    0.0
 SNOW DEPTH (IN)     0                                          0

DEGREE DAYS
 HEATING
  YESTERDAY         19                          20      -1     23
  MONTH TO DATE    403                         487     -84    437
  SINCE SEP 1      403                         487     -84    437
  SINCE JUL 1      945                        1331    -386   1108

 COOLING
  YESTERDAY          0                           0       0      0
  MONTH TO DATE      0                           0       0      0
  SINCE SEP 1        0                           0       0      0
  SINCE JAN 1        0                           0       0      0
...................................................................

WIND (MPH)
 HIGHEST WIND SPEED    28     HIGHEST WIND DIRECTION     30
 HIGHEST GUST SPEED    32     HIGHEST GUST DIRECTION     30
 AVERAGE WIND SPEED  11.7


WEATHER CONDITIONS
 THE FOLLOWING WEATHER WAS RECORDED YESTERDAY.
  FOG


...................................................................

THE COLD BAY CLIMATE NORMALS FOR TODAY
                           NORMAL    RECORD   YEAR
 MAXIMUM TEMPERATURE (F)     50        58     2006
 MINIMUM TEMPERATURE (F)     40        30     1972

SUNRISE AND SUNSET
 SEP 30 2014..........SUNRISE  8:53 AM      SUNSET  8:29 PM
 OCT 1 2014.........,.SUNRISE  8:54 AM      SUNSET  8:26 PM

-  INDICATES NEGATIVE NUMBERS.
R  INDICATES RECORD HAS BEEN SET OR TIED.
MM INDICATES DATA IS MISSING.
T  INDICATES TRACE OF PRECIPITATION.

&&
-------------------------------------------------------------------

AMOUNT OF DAYLIGHT TODAY  (HOUR:MIN)........11 HOURS 36 MINUTES
LOSS SINCE YESTERDAY (HOUR:MIN:SEC).........-0:04:28

$$
JEG SEP 14
