000
CDAK48 PACD 271110
CLICDB

CLIMATE REPORT
NATIONAL WEATHER SERVICE COLD BAY, AK
310 AM AKDT FRI MAR 27 2015

...................................
...THE COLD BAY AP CLIMATE SUMMARY FOR MARCH 26 2015...

CLIMATE NORMAL PERIOD  1981 TO  2010
CLIMATE RECORD PERIOD  1942 TO  2015

WEATHER ITEM   OBSERVED TIME    RECORD YEAR NORMAL DEPARTURE LAST
               VALUE    (LST)   VALUE       VALUE  FROM      YEAR
                                                   NORMAL
...................................................................
TEMPERATURE
YESTERDAY
 MAXIMUM            44  0137 PM    47  1974     36       8     39
 MINIMUM            36  0959 AM     7  1976     26      10     32
 AVERAGE            40                          31       9     36

PRECIPITATION
(INCHES)
 YESTERDAY        0.10           0.67  1973   0.08    0.02   0.03
 MONTH TO DATE    3.03                        2.31    0.72   0.84
 SINCE MAR 1      3.03                        2.31    0.72   0.84
 SINCE JAN 1      5.54                        8.45   -2.91   9.29

SNOWFALL
(INCHES)
 YESTERDAY         0.0            6.1  1994    0.4    -0.4    0.1
 MONTH TO DATE     5.5                        11.1    -5.6    6.4
 SINCE MAR 1       5.5                        11.1    -5.6    6.4
 SINCE JUL 1      14.2                        63.3   -49.1   35.5
 SNOW DEPTH (IN)     0                                          T

DEGREE DAYS
 HEATING
  YESTERDAY         25                          34      -9     29
  MONTH TO DATE    794                         909    -115    826
  SINCE MAR 1      794                         909    -115    826
  SINCE JUL 1     6167                        7133    -966   5970

 COOLING
  YESTERDAY          0                           0       0      0
  MONTH TO DATE      0                           0       0      0
  SINCE MAR 1        0                           0       0      0
  SINCE JAN 1        0                           0       0      0
...................................................................

WIND (MPH)
 HIGHEST WIND SPEED    15     HIGHEST WIND DIRECTION    360
 HIGHEST GUST SPEED    17     HIGHEST GUST DIRECTION    360
 AVERAGE WIND SPEED   5.1


WEATHER CONDITIONS
 THE FOLLOWING WEATHER WAS RECORDED YESTERDAY.
  FOG
  RAIN

...................................................................

THE COLD BAY CLIMATE NORMALS FOR TODAY
                           NORMAL    RECORD   YEAR
 MAXIMUM TEMPERATURE (F)     36        51     1948
 MINIMUM TEMPERATURE (F)     26         1     1976

SUNRISE AND SUNSET
 MAR 27 2015..........SUNRISE  8:36 AM      SUNSET  9:19 PM
 MAR 28 2015..........SUNRISE  8:33 AM      SUNSET  9:21 PM

-  INDICATES NEGATIVE NUMBERS.
R  INDICATES RECORD HAS BEEN SET OR TIED.
MM INDICATES DATA IS MISSING.
T  INDICATES TRACE OF PRECIPITATION.

&&
-------------------------------------------------------------------

AMOUNT OF DAYLIGHT TODAY  (HOUR:MIN)........12 HOURS 43 MINUTES
GAIN SINCE YESTERDAY (HOUR:MIN:SEC).........+0:04:32

$$

RCS MAR 15
