000
CDAK48 PACD 152316
CLICDB

CLIMATE REPORT
NATIONAL WEATHER SERVICE COLD BAY, AK
316 PM AKDT MON SEP 15 2014

...................................
...THE COLD BAY AP CLIMATE SUMMARY FOR SEPTEMBER 15 2014...
VALID TODAY AS OF 2:00 PM LOCAL TIME

CLIMATE NORMAL PERIOD  1981 TO  2010
CLIMATE RECORD PERIOD  1942 TO  2014

WEATHER ITEM   OBSERVED TIME    RECORD YEAR NORMAL DEPARTURE LAST
               VALUE    (LST)   VALUE       VALUE  FROM      YEAR
                                                   NORMAL
...................................................................
TEMPERATURE
TODAY
 MAXIMUM            54  0141 PM    64  1998     53       1     53
 MINIMUM            49  0802 AM    35  2000     44       5     43
 AVERAGE            52                          48       4     48

PRECIPITATION
(INCHES)
 TODAY               T           1.23  1947   0.15   -0.15   0.00
 MONTH TO DATE    4.46                        2.28    2.18   2.32
 SINCE SEP 1      4.46                        2.28    2.18   2.32
 SINCE JAN 1     22.87                       25.02   -2.15  29.24

SNOWFALL
(INCHES)
 TODAY             0.0            0.0  2014    0.0     0.0    0.0
 MONTH TO DATE     0.0                         0.0     0.0    0.0
 SINCE SEP 1       0.0                         0.0     0.0    0.0
 SINCE JUL 1       0.0                         0.0     0.0    0.0
 SNOW DEPTH (IN)     0                                          0

DEGREE DAYS
 HEATING
  TODAY             13                          17      -4     17
  MONTH TO DATE    170                         228     -58    211
  SINCE SEP 1      170                         228     -58    211
  SINCE JUL 1      712                        1072    -360    882

 COOLING
  TODAY              0                           0       0      0
  MONTH TO DATE      0                           0       0      0
  SINCE SEP 1        0                           0       0      0
  SINCE JAN 1        0                           0       0      0
...................................................................

WIND (MPH)
 HIGHEST WIND SPEED    30     HIGHEST WIND DIRECTION    270
 HIGHEST GUST SPEED    37     HIGHEST GUST DIRECTION    270
 AVERAGE WIND SPEED    MM

WEATHER CONDITIONS
 THE FOLLOWING WEATHER WAS RECORDED TODAY.
 RAIN
...................................................................

THE COLD BAY CLIMATE NORMALS FOR TOMORROW
                        NORMAL    RECORD   YEAR
 MAXIMUM TEMPERATURE      53        60     1989
 MINIMUM TEMPERATURE      43        33     1996

SUNRISE AND SUNSET
 SEP 15 2014..........SUNRISE  8:24 AM      SUNSET  9:08 PM
 SEP 16 2014..........SUNRISE  8:26 AM      SUNSET  9:05 PM

-  INDICATES NEGATIVE NUMBERS.
R  INDICATES RECORD HAS BEEN SET OR TIED.
MM INDICATES DATA IS MISSING.
T  INDICATES TRACE OF PRECIPITATION.

&&
-------------------------------------------------------------------

AMOUNT OF DAYLIGHT TODAY  (HOUR:MIN)........12 HOURS 44 MINUTES
LOSS SINCE YESTERDAY (HOUR:MIN:SEC)....-0:04:28

$$
STACY
