000
CDUS45 KSLC 010019
CLICDC


CLIMATE REPORT
NATIONAL WEATHER SERVICE SALT LAKE CITY UT
619 PM MDT MON AUG 31 2015


...................................

...THE CEDAR CITY UT CLIMATE SUMMARY FOR AUGUST 31 2015...
VALID TODAY AS OF 0500 PM LOCAL TIME.

CLIMATE NORMAL PERIOD 1981 TO 2010
CLIMATE RECORD PERIOD 1928 TO 2015


WEATHER ITEM   OBSERVED TIME   RECORD YEAR NORMAL DEPARTURE LAST
                VALUE   (LST)  VALUE       VALUE  FROM      YEAR
                                                  NORMAL
..................................................................
TEMPERATURE (F)
 TODAY
  MAXIMUM         86    354 PM  97    1950  84      2       88
  MINIMUM         59    224 AM  35    2005  51      8       58
  AVERAGE         73                        68      5       73

PRECIPITATION (IN)
  TODAY            0.00          0.45 1963   0.03  -0.03     0.00
  MONTH TO DATE    0.98                      1.13  -0.15     1.24
  SINCE OCT 1     11.04                     10.65   0.39     7.05
  SINCE JAN 1      8.91                      7.54   1.37     5.11

DEGREE DAYS
 HEATING
  TODAY            0                         1     -1        0
  MONTH TO DATE    0                         4     -4        6
  SINCE JUN 1     26                        85    -59       33
  SINCE JUL 1      1                         9     -8        6

 COOLING
  TODAY            8                         4      4        8
  MONTH TO DATE  229                       196     33      126
  SINCE JUN 1    621                       541     80      521
  SINCE JAN 1    623                       549     74      546
..................................................................


WIND (MPH)
  RESULTANT WIND SPEED   9   RESULTANT WIND DIRECTION   S (200)
  HIGHEST WIND SPEED    25   HIGHEST WIND DIRECTION    SW (210)
  HIGHEST GUST SPEED    35   HIGHEST GUST DIRECTION    SW (210)
  AVERAGE WIND SPEED     9.7



WEATHER CONDITIONS
 THE FOLLOWING WEATHER WAS RECORDED TODAY.
  THUNDERSTORM


RELATIVE HUMIDITY (PERCENT)
 HIGHEST    60           400 AM
 LOWEST     17           200 PM
 AVERAGE    39

..........................................................


THE CEDAR CITY UT CLIMATE NORMALS FOR TOMORROW
                         NORMAL    RECORD    YEAR
 MAXIMUM TEMPERATURE (F)   84        97      1950
 MINIMUM TEMPERATURE (F)   51        39      1957


SUNRISE AND SUNSET
AUGUST 31 2015........SUNRISE   702 AM MDT   SUNSET   803 PM MDT
SEPTEMBER  1 2015.....SUNRISE   702 AM MDT   SUNSET   802 PM MDT


-  INDICATES NEGATIVE NUMBERS.
R  INDICATES RECORD WAS SET OR TIED.
MM INDICATES DATA IS MISSING.
T  INDICATES TRACE AMOUNT.




$$
