000
CDUS45 KSLC 161303
CLICDC


CLIMATE REPORT
NATIONAL WEATHER SERVICE SALT LAKE CITY UT
703 AM MDT TUE SEP 16 2014


...................................

...THE CEDAR CITY UT CLIMATE SUMMARY FOR SEPTEMBER 15 2014...

CLIMATE NORMAL PERIOD 1981 TO 2010
CLIMATE RECORD PERIOD 1928 TO 2014


WEATHER ITEM   OBSERVED TIME   RECORD YEAR NORMAL DEPARTURE LAST
                VALUE   (LST)  VALUE       VALUE  FROM      YEAR
                                                  NORMAL
..................................................................
TEMPERATURE (F)
 YESTERDAY
  MAXIMUM         87    411 PM  91    2000  79      8       79
  MINIMUM         48    622 AM  34    2005  45      3       47
  AVERAGE         68                        62      6       63

PRECIPITATION (IN)
  YESTERDAY        0.00          0.21 1969   0.02  -0.02     0.00
  MONTH TO DATE    1.13                      0.31   0.82     1.75
  SINCE OCT 1      8.18                     10.96  -2.78    15.71
  SINCE JAN 1      6.24                      7.85  -1.61    13.00

DEGREE DAYS
 HEATING
  YESTERDAY        0                         4     -4        2
  MONTH TO DATE   10                        34    -24       27
  SINCE SEP 1     10                        34    -24       27
  SINCE JUL 1     16                        43    -27       30

 COOLING
  YESTERDAY        3                         1      2        0
  MONTH TO DATE   37                        31      6       31
  SINCE SEP 1     37                        31      6       31
  SINCE JAN 1    583                       580      3      663
..................................................................


WIND (MPH)
  RESULTANT WIND SPEED   1   RESULTANT WIND DIRECTION   S (160)
  HIGHEST WIND SPEED    10   HIGHEST WIND DIRECTION    SE (150)
  HIGHEST GUST SPEED    13   HIGHEST GUST DIRECTION     W (290)
  AVERAGE WIND SPEED     4.9



WEATHER CONDITIONS
 THE FOLLOWING WEATHER WAS RECORDED YESTERDAY.
  NO SIGNIFICANT WEATHER WAS OBSERVED.


RELATIVE HUMIDITY (PERCENT)
 HIGHEST    71           700 AM
 LOWEST     13           200 PM
 AVERAGE    42

..........................................................


THE CEDAR CITY UT CLIMATE NORMALS FOR TODAY
                         NORMAL    RECORD    YEAR
 MAXIMUM TEMPERATURE (F)   79        90      2000
 MINIMUM TEMPERATURE (F)   45        33      2006


SUNRISE AND SUNSET
SEPTEMBER 16 2014.....SUNRISE   715 AM MDT   SUNSET   739 PM MDT
SEPTEMBER 17 2014.....SUNRISE   716 AM MDT   SUNSET   737 PM MDT


-  INDICATES NEGATIVE NUMBERS.
R  INDICATES RECORD WAS SET OR TIED.
MM INDICATES DATA IS MISSING.
T  INDICATES TRACE AMOUNT.




$$
