000
CDUS45 KSLC 290034
CLICDC


CLIMATE REPORT
NATIONAL WEATHER SERVICE SALT LAKE CITY UT
633 PM MDT THU APR 28 2016


...................................

...THE CEDAR CITY UT CLIMATE SUMMARY FOR APRIL 28 2016...
VALID TODAY AS OF 0500 PM LOCAL TIME.

CLIMATE NORMAL PERIOD 1981 TO 2010
CLIMATE RECORD PERIOD 1928 TO 2016


WEATHER ITEM   OBSERVED TIME   RECORD YEAR NORMAL DEPARTURE LAST
                VALUE   (LST)  VALUE       VALUE  FROM      YEAR
                                                  NORMAL
..................................................................
TEMPERATURE (F)
 TODAY
  MAXIMUM         52    114 PM  83    1992  65    -13       73
  MINIMUM         33    258 AM  21    1984  35     -2       33
  AVERAGE         43                        50     -7       53

PRECIPITATION (IN)
  TODAY            0.06          0.38 1960   0.03   0.03     0.00
  MONTH TO DATE    1.27                      1.00   0.27     0.64
  SINCE OCT 1      7.25                      7.32  -0.07     5.82
  SINCE JAN 1      3.69                      4.21  -0.52     3.69

DEGREE DAYS
 HEATING
  TODAY           22                        15      7       12
  MONTH TO DATE  467                       524    -57      513
  SINCE MAR 1   1127                      1296   -169     1154
  SINCE JUL 1   5541                      5858   -317     4992

 COOLING
  TODAY            0                         0      0        0
  MONTH TO DATE    0                         0      0        0
  SINCE MAR 1      0                         0      0        0
  SINCE JAN 1      0                         0      0        0
..................................................................


WIND (MPH)
  RESULTANT WIND SPEED   2   RESULTANT WIND DIRECTION  SW (230)
  HIGHEST WIND SPEED    16   HIGHEST WIND DIRECTION    SE (120)
  HIGHEST GUST SPEED    19   HIGHEST GUST DIRECTION    SE (120)
  AVERAGE WIND SPEED     5.1



WEATHER CONDITIONS
 THE FOLLOWING WEATHER WAS RECORDED TODAY.
  LIGHT RAIN
  FOG
  FOG W/VISIBILITY <= 1/4 MILE


RELATIVE HUMIDITY (PERCENT)
 HIGHEST   100           200 AM
 LOWEST     50           100 PM
 AVERAGE    75

..........................................................


THE CEDAR CITY UT CLIMATE NORMALS FOR TOMORROW
                         NORMAL    RECORD    YEAR
 MAXIMUM TEMPERATURE (F)   66        82      2007
 MINIMUM TEMPERATURE (F)   35        22      1996


SUNRISE AND SUNSET
APRIL 28 2016.........SUNRISE   640 AM MDT   SUNSET   820 PM MDT
APRIL 29 2016.........SUNRISE   638 AM MDT   SUNSET   821 PM MDT


-  INDICATES NEGATIVE NUMBERS.
R  INDICATES RECORD WAS SET OR TIED.
MM INDICATES DATA IS MISSING.
T  INDICATES TRACE AMOUNT.




$$
