000
CDUS45 KSLC 010028
CLICDC


CLIMATE REPORT
NATIONAL WEATHER SERVICE SALT LAKE CITY UT
627 PM MDT FRI OCT 31 2014


...................................

...THE CEDAR CITY UT CLIMATE SUMMARY FOR OCTOBER 31 2014...
VALID TODAY AS OF 0500 PM LOCAL TIME.

CLIMATE NORMAL PERIOD 1981 TO 2010
CLIMATE RECORD PERIOD 1928 TO 2014


WEATHER ITEM   OBSERVED TIME   RECORD YEAR NORMAL DEPARTURE LAST
                VALUE   (LST)  VALUE       VALUE  FROM      YEAR
                                                  NORMAL
..................................................................
TEMPERATURE (F)
 TODAY
  MAXIMUM         73R   135 PM  73    2012  59     14       53
                                      1999
                                      1988
  MINIMUM         42    252 AM   5    1991  29     13       23
  AVERAGE         58                        44     14       38

PRECIPITATION (IN)
  TODAY            0.00          0.39 1957   0.05  -0.05     0.00
  MONTH TO DATE    0.22                      1.34  -1.12     0.47
  SINCE OCT 1      0.22                      1.34  -1.12     0.47
  SINCE JAN 1      7.90                      9.54  -1.64    13.51

DEGREE DAYS
 HEATING
  TODAY            7                        21    -14       27
  MONTH TO DATE  359                       476   -117      586
  SINCE SEP 1    416                       610   -194      751
  SINCE JUL 1    422                       619   -197      754

 COOLING
  TODAY            0                         0      0        0
  MONTH TO DATE    0                         0      0        0
  SINCE SEP 1     61                        39     22       35
  SINCE JAN 1    607                       588     19      667
..................................................................


WIND (MPH)
  RESULTANT WIND SPEED   9   RESULTANT WIND DIRECTION   S (200)
  HIGHEST WIND SPEED    29   HIGHEST WIND DIRECTION    SW (210)
  HIGHEST GUST SPEED    45   HIGHEST GUST DIRECTION    SW (210)
  AVERAGE WIND SPEED    10.7



WEATHER CONDITIONS
 THE FOLLOWING WEATHER WAS RECORDED TODAY.
  LIGHT RAIN


RELATIVE HUMIDITY (PERCENT)
 HIGHEST    43           300 AM
 LOWEST     17           100 PM
 AVERAGE    30

..........................................................


THE CEDAR CITY UT CLIMATE NORMALS FOR TOMORROW
                         NORMAL    RECORD    YEAR
 MAXIMUM TEMPERATURE (F)   59        73      1976
 MINIMUM TEMPERATURE (F)   29        10      1971


SUNRISE AND SUNSET
OCTOBER 31 2014.......SUNRISE   757 AM MDT   SUNSET   635 PM MDT
NOVEMBER  1 2014......SUNRISE   758 AM MDT   SUNSET   634 PM MDT


-  INDICATES NEGATIVE NUMBERS.
R  INDICATES RECORD WAS SET OR TIED.
MM INDICATES DATA IS MISSING.
T  INDICATES TRACE AMOUNT.




$$
