000
CDUS45 KSLC 261226
CLICDC


CLIMATE REPORT
NATIONAL WEATHER SERVICE SALT LAKE CITY UT
526 AM MST SUN FEB 26 2017


...................................

...THE CEDAR CITY UT CLIMATE SUMMARY FOR FEBRUARY 25 2017...

CLIMATE NORMAL PERIOD 1981 TO 2010
CLIMATE RECORD PERIOD 1928 TO 2017


WEATHER ITEM   OBSERVED TIME   RECORD YEAR NORMAL DEPARTURE LAST
                VALUE   (LST)  VALUE       VALUE  FROM      YEAR
                                                  NORMAL
..................................................................
TEMPERATURE (F)
 YESTERDAY
  MAXIMUM         40    342 PM  73    1986  49     -9       61
  MINIMUM         13    641 AM   3    2013  23    -10       24
  AVERAGE         27                        36     -9       43

PRECIPITATION (IN)
  YESTERDAY        0.00          0.48 1969   0.04  -0.04     0.00
  MONTH TO DATE    0.60                      0.87  -0.27     0.37
  SINCE OCT 1      4.51                      4.84  -0.33     5.03
  SINCE JAN 1      1.68                      1.73  -0.05     1.47

DEGREE DAYS
 HEATING
  YESTERDAY       38                        29      9       22
  MONTH TO DATE  600                       799   -199      860
  SINCE DEC 1   2827                      3032   -205     3112
  SINCE JUL 1   3924                      4474   -550     4344

 COOLING
  YESTERDAY        0                         0      0        0
  MONTH TO DATE    0                         0      0        0
  SINCE DEC 1      0                         0      0        0
  SINCE JAN 1      0                         0      0        0
..................................................................


WIND (MPH)
  RESULTANT WIND SPEED   2   RESULTANT WIND DIRECTION   S (190)
  HIGHEST WIND SPEED    15   HIGHEST WIND DIRECTION    SW (210)
  HIGHEST GUST SPEED    21   HIGHEST GUST DIRECTION    SW (210)
  AVERAGE WIND SPEED     5.0



WEATHER CONDITIONS
 THE FOLLOWING WEATHER WAS RECORDED YESTERDAY.
  LIGHT SNOW


RELATIVE HUMIDITY (PERCENT)
 HIGHEST    81          1100 PM
 LOWEST     30           200 PM
 AVERAGE    56

..........................................................


THE CEDAR CITY UT CLIMATE NORMALS FOR TODAY
                         NORMAL    RECORD    YEAR
 MAXIMUM TEMPERATURE (F)   49        67      1989
 MINIMUM TEMPERATURE (F)   23       -14      1971


SUNRISE AND SUNSET
FEBRUARY 26 2017......SUNRISE   707 AM MST   SUNSET   623 PM MST
FEBRUARY 27 2017......SUNRISE   706 AM MST   SUNSET   624 PM MST


-  INDICATES NEGATIVE NUMBERS.
R  INDICATES RECORD WAS SET OR TIED.
MM INDICATES DATA IS MISSING.
T  INDICATES TRACE AMOUNT.




$$
