000
CDUS45 KSLC 241222
CLICDC


CLIMATE REPORT
NATIONAL WEATHER SERVICE SALT LAKE CITY UT
621 AM MDT SUN MAY 24 2015


...................................

...THE CEDAR CITY UT CLIMATE SUMMARY FOR MAY 23 2015...

CLIMATE NORMAL PERIOD 1981 TO 2010
CLIMATE RECORD PERIOD 1928 TO 2015


WEATHER ITEM   OBSERVED TIME   RECORD YEAR NORMAL DEPARTURE LAST
                VALUE   (LST)  VALUE       VALUE  FROM      YEAR
                                                  NORMAL
..................................................................
TEMPERATURE (F)
 YESTERDAY
  MAXIMUM         52   1243 PM  93    2000  75    -23       67
  MINIMUM         42    350 PM  32    2010  41      1       47
  AVERAGE         47                        58    -11       57

PRECIPITATION (IN)
  YESTERDAY        0.54          0.65 2009   0.02   0.52      T
  MONTH TO DATE    2.62                      0.56   2.06     1.38
  SINCE OCT 1      8.44                      7.94   0.50     5.37
  SINCE JAN 1      6.31                      4.83   1.48     3.43

DEGREE DAYS
 HEATING
  YESTERDAY       18                         7     11        8
  MONTH TO DATE  288                       241     47      246
  SINCE MAR 1   1456                      1565   -109     1480
  SINCE JUL 1   5294                      6127   -833     6067

 COOLING
  YESTERDAY        0                         0      0        0
  MONTH TO DATE    0                         0      0        7
  SINCE MAR 1      0                         0      0        7
  SINCE JAN 1      0                         0      0        7
..................................................................


WIND (MPH)
  RESULTANT WIND SPEED   8   RESULTANT WIND DIRECTION   S (190)
  HIGHEST WIND SPEED    21   HIGHEST WIND DIRECTION    NW (320)
  HIGHEST GUST SPEED    28   HIGHEST GUST DIRECTION    NW (320)
  AVERAGE WIND SPEED     8.9



WEATHER CONDITIONS
 THE FOLLOWING WEATHER WAS RECORDED YESTERDAY.
  HEAVY RAIN
  RAIN
  LIGHT RAIN
  FOG


RELATIVE HUMIDITY (PERCENT)
 HIGHEST    96           300 AM
 LOWEST     71           100 PM
 AVERAGE    84

..........................................................


THE CEDAR CITY UT CLIMATE NORMALS FOR TODAY
                         NORMAL    RECORD    YEAR
 MAXIMUM TEMPERATURE (F)   75        90      2001
 MINIMUM TEMPERATURE (F)   41        32      2010
                                             1980


SUNRISE AND SUNSET
MAY 24 2015...........SUNRISE   616 AM MDT   SUNSET   843 PM MDT
MAY 25 2015...........SUNRISE   616 AM MDT   SUNSET   843 PM MDT


-  INDICATES NEGATIVE NUMBERS.
R  INDICATES RECORD WAS SET OR TIED.
MM INDICATES DATA IS MISSING.
T  INDICATES TRACE AMOUNT.




$$
