789
CDUS45 KSLC 141245
CLICDC


CLIMATE REPORT
NATIONAL WEATHER SERVICE SALT LAKE CITY UT
545 AM MST SUN FEB 14 2016


...................................

...THE CEDAR CITY UT CLIMATE SUMMARY FOR FEBRUARY 13 2016...

CLIMATE NORMAL PERIOD 1981 TO 2010
CLIMATE RECORD PERIOD 1928 TO 2016


WEATHER ITEM   OBSERVED TIME   RECORD YEAR NORMAL DEPARTURE LAST
                VALUE   (LST)  VALUE       VALUE  FROM      YEAR
                                                  NORMAL
..................................................................
TEMPERATURE (F)
 YESTERDAY
  MAXIMUM         54    248 PM  66    2015  46      8       66
                                      2014
                                      1971
  MINIMUM         18    423 AM -10    1949  20     -2       22
  AVERAGE         36                        33      3       44

PRECIPITATION (IN)
  YESTERDAY        0.00          0.61 2008   0.03  -0.03     0.00
  MONTH TO DATE    0.33                      0.42  -0.09     0.00
  SINCE OCT 1      4.99                      4.39   0.60     2.66
  SINCE JAN 1      1.43                      1.28   0.15     0.53

DEGREE DAYS
 HEATING
  YESTERDAY       29                        32     -3       21
  MONTH TO DATE  558                       433    125      259
  SINCE DEC 1   2810                      2666    144     2207
  SINCE JUL 1   4042                      4108    -66     3398

 COOLING
  YESTERDAY        0                         0      0        0
  MONTH TO DATE    0                         0      0        0
  SINCE DEC 1      0                         0      0        0
  SINCE JAN 1      0                         0      0        0
..................................................................


WIND (MPH)
  RESULTANT WIND SPEED   1   RESULTANT WIND DIRECTION   E (90)
  HIGHEST WIND SPEED    12   HIGHEST WIND DIRECTION    NE (30)
  HIGHEST GUST SPEED    13   HIGHEST GUST DIRECTION    NE (40)
  AVERAGE WIND SPEED     4.0



WEATHER CONDITIONS
 THE FOLLOWING WEATHER WAS RECORDED YESTERDAY.
  NO SIGNIFICANT WEATHER WAS OBSERVED.


RELATIVE HUMIDITY (PERCENT)
 HIGHEST    84           400 AM
 LOWEST     26           100 PM
 AVERAGE    55

..........................................................


THE CEDAR CITY UT CLIMATE NORMALS FOR TODAY
                         NORMAL    RECORD    YEAR
 MAXIMUM TEMPERATURE (F)   46        70      2015
 MINIMUM TEMPERATURE (F)   20       -18      1949


SUNRISE AND SUNSET
FEBRUARY 14 2016......SUNRISE   724 AM MST   SUNSET   610 PM MST
FEBRUARY 15 2016......SUNRISE   722 AM MST   SUNSET   611 PM MST


-  INDICATES NEGATIVE NUMBERS.
R  INDICATES RECORD WAS SET OR TIED.
MM INDICATES DATA IS MISSING.
T  INDICATES TRACE AMOUNT.




$$
