000
CDUS45 KSLC 031235
CLICDC


CLIMATE REPORT
NATIONAL WEATHER SERVICE SALT LAKE CITY UT
635 AM MDT FRI JUL 3 2015


...................................

...THE CEDAR CITY UT CLIMATE SUMMARY FOR JULY 2 2015...

CLIMATE NORMAL PERIOD 1981 TO 2010
CLIMATE RECORD PERIOD 1928 TO 2015


WEATHER ITEM   OBSERVED TIME   RECORD YEAR NORMAL DEPARTURE LAST
                VALUE   (LST)  VALUE       VALUE  FROM      YEAR
                                                  NORMAL
..................................................................
TEMPERATURE (F)
 YESTERDAY
  MAXIMUM         91    133 PM 100    2013  88      3       94
  MINIMUM         65    713 AM  40    1992  54     11       62
  AVERAGE         78                        71      7       78

PRECIPITATION (IN)
  YESTERDAY        0.03          0.15 2014   0.02   0.01     0.15
  MONTH TO DATE    0.03                      0.03   0.00     0.15
  SINCE OCT 1      9.69                      8.71   0.98     5.52
  SINCE JAN 1      7.56                      5.60   1.96     3.58

DEGREE DAYS
 HEATING
  YESTERDAY        0                         0      0        0
  MONTH TO DATE    0                         0      0        0
  SINCE JUN 1     25                        76    -51       27
  SINCE JUL 1      0                         0      0        0

 COOLING
  YESTERDAY       13                         6      7       13
  MONTH TO DATE   26                        12     14       22
  SINCE JUN 1    213                       105    108      122
  SINCE JAN 1    215                       113    102      147
..................................................................


WIND (MPH)
  RESULTANT WIND SPEED   6   RESULTANT WIND DIRECTION  SE (130)
  HIGHEST WIND SPEED    29   HIGHEST WIND DIRECTION    SE (120)
  HIGHEST GUST SPEED    36   HIGHEST GUST DIRECTION    SE (120)
  AVERAGE WIND SPEED     7.0



WEATHER CONDITIONS
 THE FOLLOWING WEATHER WAS RECORDED YESTERDAY.
  THUNDERSTORM
  RAIN
  LIGHT RAIN


RELATIVE HUMIDITY (PERCENT)
 HIGHEST    76           800 AM
 LOWEST     22           200 PM
 AVERAGE    49

..........................................................


THE CEDAR CITY UT CLIMATE NORMALS FOR TODAY
                         NORMAL    RECORD    YEAR
 MAXIMUM TEMPERATURE (F)   89       100      2013
                                             1985
 MINIMUM TEMPERATURE (F)   54        42      1997


SUNRISE AND SUNSET
JULY  3 2015..........SUNRISE   615 AM MDT   SUNSET   858 PM MDT
JULY  4 2015..........SUNRISE   616 AM MDT   SUNSET   858 PM MDT


-  INDICATES NEGATIVE NUMBERS.
R  INDICATES RECORD WAS SET OR TIED.
MM INDICATES DATA IS MISSING.
T  INDICATES TRACE AMOUNT.




$$
