000
CDUS45 KSLC 071227
CLICDC


CLIMATE REPORT
NATIONAL WEATHER SERVICE SALT LAKE CITY UT
526 AM MST WED DEC 7 2016


...................................

...THE CEDAR CITY UT CLIMATE SUMMARY FOR DECEMBER 6 2016...

CLIMATE NORMAL PERIOD 1981 TO 2010
CLIMATE RECORD PERIOD 1928 TO 2016


WEATHER ITEM   OBSERVED TIME   RECORD YEAR NORMAL DEPARTURE LAST
                VALUE   (LST)  VALUE       VALUE  FROM      YEAR
                                                  NORMAL
..................................................................
TEMPERATURE (F)
 YESTERDAY
  MAXIMUM         47    238 PM  62    1981  43      4       55
  MINIMUM         13    242 AM -19    2013  17     -4       21
  AVERAGE         30                        30      0       38

PRECIPITATION (IN)
  YESTERDAY        0.00          0.48 1986   0.03  -0.03     0.00
  MONTH TO DATE    T                         0.15  -0.15     0.00
  SINCE OCT 1      1.71                      2.42  -0.71     2.23
  SINCE JAN 1      9.63                     10.62  -0.99    12.02

DEGREE DAYS
 HEATING
  YESTERDAY       35                        35      0       27
  MONTH TO DATE  212                       207      5      187
  SINCE DEC 1    212                       207      5      187
  SINCE JUL 1   1309                      1649   -340     1419

 COOLING
  YESTERDAY        0                         0      0        0
  MONTH TO DATE    0                         0      0        0
  SINCE DEC 1      0                         0      0        0
  SINCE JAN 1    826                       588    238      706
..................................................................


WIND (MPH)
  RESULTANT WIND SPEED   5   RESULTANT WIND DIRECTION  SW (220)
  HIGHEST WIND SPEED    24   HIGHEST WIND DIRECTION    SW (210)
  HIGHEST GUST SPEED    31   HIGHEST GUST DIRECTION    SW (210)
  AVERAGE WIND SPEED     7.5



WEATHER CONDITIONS
 THE FOLLOWING WEATHER WAS RECORDED YESTERDAY.
  NO SIGNIFICANT WEATHER WAS OBSERVED.


RELATIVE HUMIDITY (PERCENT)
 HIGHEST    88           400 AM
 LOWEST     25           200 PM
 AVERAGE    57

..........................................................


THE CEDAR CITY UT CLIMATE NORMALS FOR TODAY
                         NORMAL    RECORD    YEAR
 MAXIMUM TEMPERATURE (F)   43        67      1959
 MINIMUM TEMPERATURE (F)   17       -15      1951


SUNRISE AND SUNSET
DECEMBER  7 2016......SUNRISE   735 AM MST   SUNSET   514 PM MST
DECEMBER  8 2016......SUNRISE   735 AM MST   SUNSET   514 PM MST


-  INDICATES NEGATIVE NUMBERS.
R  INDICATES RECORD WAS SET OR TIED.
MM INDICATES DATA IS MISSING.
T  INDICATES TRACE AMOUNT.




$$
