000
CDUS45 KSLC 290026
CLICDC


CLIMATE REPORT
NATIONAL WEATHER SERVICE SALT LAKE CITY UT
625 PM MDT TUE JUL 28 2015


...................................

...THE CEDAR CITY UT CLIMATE SUMMARY FOR JULY 28 2015...
VALID TODAY AS OF 0500 PM LOCAL TIME.

CLIMATE NORMAL PERIOD 1981 TO 2010
CLIMATE RECORD PERIOD 1928 TO 2015


WEATHER ITEM   OBSERVED TIME   RECORD YEAR NORMAL DEPARTURE LAST
                VALUE   (LST)  VALUE       VALUE  FROM      YEAR
                                                  NORMAL
..................................................................
TEMPERATURE (F)
 TODAY
  MAXIMUM         87    359 PM  99    1994  90     -3       85
  MINIMUM         47R   503 AM  48    2004  57    -10       62
  AVERAGE         67                        74     -7       74

PRECIPITATION (IN)
  TODAY            0.00          1.62 1975   0.04  -0.04     0.00
  MONTH TO DATE    0.40                      0.72  -0.32     0.19
  SINCE OCT 1     10.06                      9.40   0.66     5.56
  SINCE JAN 1      7.93                      6.29   1.64     3.62

DEGREE DAYS
 HEATING
  TODAY            0                         0      0        0
  MONTH TO DATE    1                         0      1        0
  SINCE JUN 1     26                        76    -50       27
  SINCE JUL 1      1                         0      1        0

 COOLING
  TODAY            2                         9     -7        9
  MONTH TO DATE  177                       228    -51      275
  SINCE JUN 1    364                       321     43      375
  SINCE JAN 1    366                       329     37      400
..................................................................


WIND (MPH)
  RESULTANT WIND SPEED   2   RESULTANT WIND DIRECTION   N (350)
  HIGHEST WIND SPEED    14   HIGHEST WIND DIRECTION     N (350)
  HIGHEST GUST SPEED    18   HIGHEST GUST DIRECTION     N (350)
  AVERAGE WIND SPEED     3.6



WEATHER CONDITIONS
 THE FOLLOWING WEATHER WAS RECORDED TODAY.
  NO SIGNIFICANT WEATHER WAS OBSERVED.


RELATIVE HUMIDITY (PERCENT)
 HIGHEST    50           600 AM
 LOWEST     10           400 PM
 AVERAGE    30

..........................................................


THE CEDAR CITY UT CLIMATE NORMALS FOR TOMORROW
                         NORMAL    RECORD    YEAR
 MAXIMUM TEMPERATURE (F)   90        99      2000
 MINIMUM TEMPERATURE (F)   57        46      1948


SUNRISE AND SUNSET
JULY 28 2015..........SUNRISE   633 AM MDT   SUNSET   845 PM MDT
JULY 29 2015..........SUNRISE   633 AM MDT   SUNSET   844 PM MDT


-  INDICATES NEGATIVE NUMBERS.
R  INDICATES RECORD WAS SET OR TIED.
MM INDICATES DATA IS MISSING.
T  INDICATES TRACE AMOUNT.




$$
