000
CDUS45 KSLC 261226
CLICDC


CLIMATE REPORT
NATIONAL WEATHER SERVICE SALT LAKE CITY UT
626 AM MDT WED APR 26 2017


...................................

...THE CEDAR CITY UT CLIMATE SUMMARY FOR APRIL 25 2017...

CLIMATE NORMAL PERIOD 1981 TO 2010
CLIMATE RECORD PERIOD 1928 TO 2017


WEATHER ITEM   OBSERVED TIME   RECORD YEAR NORMAL DEPARTURE LAST
                VALUE   (LST)  VALUE       VALUE  FROM      YEAR
                                                  NORMAL
..................................................................
TEMPERATURE (F)
 YESTERDAY
  MAXIMUM         53    532 PM  77    1953  64    -11       52
  MINIMUM         31   1135 PM  18    2008  34     -3       33
  AVERAGE         42                        49     -7       43

PRECIPITATION (IN)
  YESTERDAY        0.06          0.28 1985   0.03   0.03     0.22
  MONTH TO DATE    0.86                      0.91  -0.05     0.82
  SINCE OCT 1      7.43                      7.23   0.20     6.80
  SINCE JAN 1      4.60                      4.12   0.48     3.24

DEGREE DAYS
 HEATING
  YESTERDAY       23                        16      7       22
  MONTH TO DATE  434                       479    -45      404
  SINCE MAR 1   1025                      1251   -226     1064
  SINCE JUL 1   5046                      5813   -767     5478

 COOLING
  YESTERDAY        0                         0      0        0
  MONTH TO DATE    0                         0      0        0
  SINCE MAR 1      0                         0      0        0
  SINCE JAN 1      0                         0      0        0
..................................................................


WIND (MPH)
  RESULTANT WIND SPEED   6   RESULTANT WIND DIRECTION   N (0)
  HIGHEST WIND SPEED    25   HIGHEST WIND DIRECTION     W (290)
  HIGHEST GUST SPEED    31   HIGHEST GUST DIRECTION     W (290)
  AVERAGE WIND SPEED     7.3



WEATHER CONDITIONS
 THE FOLLOWING WEATHER WAS RECORDED YESTERDAY.
  LIGHT RAIN
  LIGHT SNOW
  FOG


RELATIVE HUMIDITY (PERCENT)
 HIGHEST    92           100 PM
 LOWEST     30           500 PM
 AVERAGE    61

..........................................................


THE CEDAR CITY UT CLIMATE NORMALS FOR TODAY
                         NORMAL    RECORD    YEAR
 MAXIMUM TEMPERATURE (F)   65        80      2000
 MINIMUM TEMPERATURE (F)   34        20      1984


SUNRISE AND SUNSET
APRIL 26 2017.........SUNRISE   642 AM MDT   SUNSET   818 PM MDT
APRIL 27 2017.........SUNRISE   641 AM MDT   SUNSET   819 PM MDT


-  INDICATES NEGATIVE NUMBERS.
R  INDICATES RECORD WAS SET OR TIED.
MM INDICATES DATA IS MISSING.
T  INDICATES TRACE AMOUNT.




$$
