839
CDUS45 KSLC 180034
CLICDC


CLIMATE REPORT
NATIONAL WEATHER SERVICE SALT LAKE CITY UT
634 PM MDT TUE OCT 17 2017


...................................

...THE CEDAR CITY UT CLIMATE SUMMARY FOR OCTOBER 17 2017...
VALID TODAY AS OF 0500 PM LOCAL TIME.

CLIMATE NORMAL PERIOD 1981 TO 2010
CLIMATE RECORD PERIOD 1928 TO 2017


WEATHER ITEM   OBSERVED TIME   RECORD YEAR NORMAL DEPARTURE LAST
                VALUE   (LST)  VALUE       VALUE  FROM      YEAR
                                                  NORMAL
..................................................................
TEMPERATURE (F)
 TODAY
  MAXIMUM         79    154 PM  84    1961  65     14       68
  MINIMUM         30    518 AM  16    1999  33     -3       41
  AVERAGE         55                        49      6       55

PRECIPITATION (IN)
  TODAY            T             0.89 2006   0.05  -0.05     0.00
  MONTH TO DATE    T                         0.71  -0.71     0.02
  SINCE OCT 1      T                         0.71  -0.71     0.02
  SINCE JAN 1      9.00                      8.91   0.09     7.94

DEGREE DAYS
 HEATING
  TODAY           10                        16     -6       10
  MONTH TO DATE  240                       217     23      151
  SINCE SEP 1    427                       351     76      264
  SINCE JUL 1    427                       360     67      268

 COOLING
  TODAY            0                         0      0        0
  MONTH TO DATE    0                         0      0        2
  SINCE SEP 1     73                        39     34       33
  SINCE JAN 1    865                       588    277      826
..................................................................


WIND (MPH)
  RESULTANT WIND SPEED   4   RESULTANT WIND DIRECTION  SW (210)
  HIGHEST WIND SPEED    20   HIGHEST WIND DIRECTION    SW (220)
  HIGHEST GUST SPEED    26   HIGHEST GUST DIRECTION    SW (230)
  AVERAGE WIND SPEED     4.4



WEATHER CONDITIONS
 THE FOLLOWING WEATHER WAS RECORDED TODAY.
  LIGHT RAIN


RELATIVE HUMIDITY (PERCENT)
 HIGHEST    38           600 AM
 LOWEST      8           100 PM
 AVERAGE    23

..........................................................


THE CEDAR CITY UT CLIMATE NORMALS FOR TOMORROW
                         NORMAL    RECORD    YEAR
 MAXIMUM TEMPERATURE (F)   65        83      2003
 MINIMUM TEMPERATURE (F)   33        21      2007


SUNRISE AND SUNSET
OCTOBER 17 2017.......SUNRISE   743 AM MDT   SUNSET   652 PM MDT
OCTOBER 18 2017.......SUNRISE   744 AM MDT   SUNSET   650 PM MDT


-  INDICATES NEGATIVE NUMBERS.
R  INDICATES RECORD WAS SET OR TIED.
MM INDICATES DATA IS MISSING.
T  INDICATES TRACE AMOUNT.




$$
