000
CDUS45 KSLC 201228
CLICDC


CLIMATE REPORT
NATIONAL WEATHER SERVICE SALT LAKE CITY UT
628 AM MDT WED AUG 20 2014


...................................

...THE CEDAR CITY UT CLIMATE SUMMARY FOR AUGUST 19 2014...

CLIMATE NORMAL PERIOD 1981 TO 2010
CLIMATE RECORD PERIOD 1928 TO 2014


WEATHER ITEM   OBSERVED TIME   RECORD YEAR NORMAL DEPARTURE LAST
                VALUE   (LST)  VALUE       VALUE  FROM      YEAR
                                                  NORMAL
..................................................................
TEMPERATURE (F)
 YESTERDAY
  MAXIMUM         70    459 PM  98    1992  87    -17       86
  MINIMUM         56   1013 AM  42    1978  55      1       58
  AVERAGE         63                        71     -8       72

PRECIPITATION (IN)
  YESTERDAY        0.73          2.02 1963   0.04   0.69     0.00
  MONTH TO DATE    1.05                      0.74   0.31     0.09
  SINCE OCT 1      6.86                     10.26  -3.40    12.12
  SINCE JAN 1      4.92                      7.15  -2.23     9.41

DEGREE DAYS
 HEATING
  YESTERDAY        2                         0      2        0
  MONTH TO DATE    3                         0      3        0
  SINCE JUN 1     30                        79    -49       11
  SINCE JUL 1      3                         3      0        0

 COOLING
  YESTERDAY        0                         6     -6        7
  MONTH TO DATE  100                       138    -38      130
  SINCE JUN 1    495                       483     12      582
  SINCE JAN 1    520                       491     29      584
..................................................................


WIND (MPH)
  RESULTANT WIND SPEED   3   RESULTANT WIND DIRECTION  SW (210)
  HIGHEST WIND SPEED    21   HIGHEST WIND DIRECTION     W (280)
  HIGHEST GUST SPEED    26   HIGHEST GUST DIRECTION     W (270)
  AVERAGE WIND SPEED     6.5



WEATHER CONDITIONS
 THE FOLLOWING WEATHER WAS RECORDED YESTERDAY.
  THUNDERSTORM
  HEAVY RAIN
  RAIN
  LIGHT RAIN
  FOG


RELATIVE HUMIDITY (PERCENT)
 HIGHEST   100           800 AM
 LOWEST     61           400 PM
 AVERAGE    81

..........................................................


THE CEDAR CITY UT CLIMATE NORMALS FOR TODAY
                         NORMAL    RECORD    YEAR
 MAXIMUM TEMPERATURE (F)   87        95      2009
 MINIMUM TEMPERATURE (F)   54        45      1980


SUNRISE AND SUNSET
AUGUST 20 2014........SUNRISE   652 AM MDT   SUNSET   818 PM MDT
AUGUST 21 2014........SUNRISE   653 AM MDT   SUNSET   817 PM MDT


-  INDICATES NEGATIVE NUMBERS.
R  INDICATES RECORD WAS SET OR TIED.
MM INDICATES DATA IS MISSING.
T  INDICATES TRACE AMOUNT.




$$
