000
CDUS45 KSLC 011226
CLICDC


CLIMATE REPORT
NATIONAL WEATHER SERVICE SALT LAKE CITY UT
625 AM MDT FRI AUG 1 2014


...................................

...THE CEDAR CITY UT CLIMATE SUMMARY FOR JULY 31 2014...

CLIMATE NORMAL PERIOD 1981 TO 2010
CLIMATE RECORD PERIOD 1928 TO 2014


WEATHER ITEM   OBSERVED TIME   RECORD YEAR NORMAL DEPARTURE LAST
                VALUE   (LST)  VALUE       VALUE  FROM      YEAR
                                                  NORMAL
..................................................................
TEMPERATURE (F)
 YESTERDAY
  MAXIMUM         88    140 PM  98    1978  90     -2       89
  MINIMUM         56    549 AM  46    1950  57     -1       54
  AVERAGE         72                        74     -2       72

PRECIPITATION (IN)
  YESTERDAY        0.05          1.48 1953   0.04   0.01     0.00
  MONTH TO DATE    0.44                      0.84  -0.40     5.25
  SINCE OCT 1      5.81                      9.52  -3.71    12.03
  SINCE JAN 1      3.87                      6.41  -2.54     9.32

DEGREE DAYS
 HEATING
  YESTERDAY        0                         0      0        0
  MONTH TO DATE    0                         0      0        0
  SINCE JUN 1     27                        79    -52       11
  SINCE JUL 1      0                         3     -3        0

 COOLING
  YESTERDAY        7                         9     -2        7
  MONTH TO DATE  295                       252     43      301
  SINCE JUN 1    395                       345     50      452
  SINCE JAN 1    420                       353     67      454
..................................................................


WIND (MPH)
  RESULTANT WIND SPEED   3   RESULTANT WIND DIRECTION  NE (40)
  HIGHEST WIND SPEED    25   HIGHEST WIND DIRECTION     N (350)
  HIGHEST GUST SPEED    32   HIGHEST GUST DIRECTION     N (340)
  AVERAGE WIND SPEED     7.6



WEATHER CONDITIONS
 THE FOLLOWING WEATHER WAS RECORDED YESTERDAY.
  THUNDERSTORM
  LIGHT RAIN


RELATIVE HUMIDITY (PERCENT)
 HIGHEST    77           600 AM
 LOWEST     25           100 PM
 AVERAGE    51

..........................................................


THE CEDAR CITY UT CLIMATE NORMALS FOR TODAY
                         NORMAL    RECORD    YEAR
 MAXIMUM TEMPERATURE (F)   90        99      1979
 MINIMUM TEMPERATURE (F)   57        43      1998


SUNRISE AND SUNSET
AUGUST  1 2014........SUNRISE   636 AM MDT   SUNSET   841 PM MDT
AUGUST  2 2014........SUNRISE   637 AM MDT   SUNSET   840 PM MDT


-  INDICATES NEGATIVE NUMBERS.
R  INDICATES RECORD WAS SET OR TIED.
MM INDICATES DATA IS MISSING.
T  INDICATES TRACE AMOUNT.




$$
