000
CDUS45 KSLC 180033
CLICDC


CLIMATE REPORT
NATIONAL WEATHER SERVICE SALT LAKE CITY UT
633 PM MDT THU AUG 17 2017


...................................

...THE CEDAR CITY UT CLIMATE SUMMARY FOR AUGUST 17 2017...
VALID TODAY AS OF 0500 PM LOCAL TIME.

CLIMATE NORMAL PERIOD 1981 TO 2010
CLIMATE RECORD PERIOD 1928 TO 2017


WEATHER ITEM   OBSERVED TIME   RECORD YEAR NORMAL DEPARTURE LAST
                VALUE   (LST)  VALUE       VALUE  FROM      YEAR
                                                  NORMAL
..................................................................
TEMPERATURE (F)
 TODAY
  MAXIMUM         88    345 PM  97    2002  87      1       92
  MINIMUM         50    620 AM  40    1960  55     -5       62
  AVERAGE         69                        71     -2       77

PRECIPITATION (IN)
  TODAY            0.00          0.42 1983   0.04  -0.04     0.01
  MONTH TO DATE    0.89                      0.67   0.22     0.89
  SINCE OCT 1     10.39                     10.19   0.20    10.22
  SINCE JAN 1      7.56                      7.08   0.48     6.66

DEGREE DAYS
 HEATING
  TODAY            0                         0      0        0
  MONTH TO DATE    0                         0      0        0
  SINCE JUN 1     23                        79    -56        4
  SINCE JUL 1      0                         3     -3        0

 COOLING
  TODAY            4                         6     -2       12
  MONTH TO DATE  129                       126      3      157
  SINCE JUN 1    676                       471    205      725
  SINCE JAN 1    681                       479    202      728
..................................................................


WIND (MPH)
  RESULTANT WIND SPEED   2   RESULTANT WIND DIRECTION  NE (60)
  HIGHEST WIND SPEED    10   HIGHEST WIND DIRECTION     N (340)
  HIGHEST GUST SPEED    16   HIGHEST GUST DIRECTION    NW (300)
  AVERAGE WIND SPEED     4.3



WEATHER CONDITIONS
 THE FOLLOWING WEATHER WAS RECORDED TODAY.
  NO SIGNIFICANT WEATHER WAS OBSERVED.


RELATIVE HUMIDITY (PERCENT)
 HIGHEST    62           700 AM
 LOWEST     15           200 PM
 AVERAGE    39

..........................................................


THE CEDAR CITY UT CLIMATE NORMALS FOR TOMORROW
                         NORMAL    RECORD    YEAR
 MAXIMUM TEMPERATURE (F)   87        96      2002
 MINIMUM TEMPERATURE (F)   55        43      1954


SUNRISE AND SUNSET
AUGUST 17 2017........SUNRISE   650 AM MDT   SUNSET   822 PM MDT
AUGUST 18 2017........SUNRISE   651 AM MDT   SUNSET   821 PM MDT


-  INDICATES NEGATIVE NUMBERS.
R  INDICATES RECORD WAS SET OR TIED.
MM INDICATES DATA IS MISSING.
T  INDICATES TRACE AMOUNT.




$$
