000
CDUS45 KCYS 110734
CLICDR


CLIMATE REPORT
NATIONAL WEATHER SERVICE CHEYENNE WY
1233 AM MST SUN DEC 11 2016


...................................

...THE CHADRON NE AIRPORT CLIMATE SUMMARY FOR DECEMBER 10 2016...

CLIMATE NORMAL PERIOD 1981 TO 2010
CLIMATE RECORD PERIOD 1895 TO 2016


WEATHER ITEM   OBSERVED TIME   RECORD YEAR NORMAL DEPARTURE LAST
                VALUE   (LST)  VALUE       VALUE  FROM      YEAR
                                                  NORMAL
..................................................................
TEMPERATURE (F)
 YESTERDAY
  MAXIMUM         16    300 PM  67    1981  38    -22       52
  MINIMUM          3    426 AM -19    1919  11     -8       27
  AVERAGE         10                        25    -15       40

PRECIPITATION (IN)
  YESTERDAY        0.00          1.04 1915   0.02  -0.02     0.00
  MONTH TO DATE    0.04                      0.17  -0.13     0.14
  SINCE JAN 1     13.88                     17.70  -3.82    19.38

DEGREE DAYS
 HEATING
  YESTERDAY       55                        40     15       25
  MONTH TO DATE  451                       393     58      282
  SINCE DEC 1    451                       393     58      282
  SINCE JUL 1   1563                      2077   -514     1662

 COOLING
  YESTERDAY        0                         0      0        0
  MONTH TO DATE    0                         0      0        0
  SINCE DEC 1      0                         0      0        0
  SINCE JAN 1    883                       712    171      718
..................................................................


WIND (MPH)
  HIGHEST WIND SPEED    13   HIGHEST WIND DIRECTION    NW (330)
  HIGHEST GUST SPEED    17   HIGHEST GUST DIRECTION    NW (330)
  AVERAGE WIND SPEED     3.5


SKY COVER
  AVERAGE SKY COVER 0.4


WEATHER CONDITIONS
 THE FOLLOWING WEATHER WAS RECORDED YESTERDAY.
  FOG
  HAZE


RELATIVE HUMIDITY (PERCENT)
 HIGHEST    88           800 PM
 LOWEST     66           200 AM
 AVERAGE    77

..........................................................


THE CHADRON NE AIRPORT CLIMATE NORMALS FOR TODAY
                         NORMAL    RECORD    YEAR
 MAXIMUM TEMPERATURE (F)   38        70      1939
 MINIMUM TEMPERATURE (F)   11       -23      2000


SUNRISE AND SUNSET
DECEMBER 11 2016......SUNRISE   713 AM MST   SUNSET   418 PM MST
DECEMBER 12 2016......SUNRISE   714 AM MST   SUNSET   418 PM MST


-  INDICATES NEGATIVE NUMBERS.
R  INDICATES RECORD WAS SET OR TIED.
MM INDICATES DATA IS MISSING.
T  INDICATES TRACE AMOUNT.




$$
