000
CDUS45 KCYS 280729
CLICDR


CLIMATE REPORT
NATIONAL WEATHER SERVICE CHEYENNE WY
128 AM MDT TUE JUL 28 2015


...................................

...THE CHADRON NE AIRPORT CLIMATE SUMMARY FOR JULY 27 2015...

CLIMATE NORMAL PERIOD 1981 TO 2010
CLIMATE RECORD PERIOD 1895 TO 2015


WEATHER ITEM   OBSERVED TIME   RECORD YEAR NORMAL DEPARTURE LAST
                VALUE   (LST)  VALUE       VALUE  FROM      YEAR
                                                  NORMAL
..................................................................
TEMPERATURE (F)
 YESTERDAY
  MAXIMUM         96    244 PM 106    1931  91      5       89
  MINIMUM         62   1159 PM  43    2005  59      3       49
  AVERAGE         79                        75      4       69

PRECIPITATION (IN)
  YESTERDAY        0.00          1.15 1966   0.06  -0.06     0.00
  MONTH TO DATE    2.41                      1.88   0.53     0.64
  SINCE JAN 1     15.36                     12.06   3.30    11.77

DEGREE DAYS
 HEATING
  YESTERDAY        0                         0      0        0
  MONTH TO DATE    3                         5     -2       11
  SINCE JUN 1     12                        86    -74       94
  SINCE JUL 1      3                         5     -2       11

 COOLING
  YESTERDAY       14                        10      4        4
  MONTH TO DATE  209                       236    -27      242
  SINCE JUN 1    342                       344     -2      296
  SINCE JAN 1    342                       364    -22      327
..................................................................


WIND (MPH)
  HIGHEST WIND SPEED    32   HIGHEST WIND DIRECTION    NW (310)
  HIGHEST GUST SPEED    43   HIGHEST GUST DIRECTION    NW (310)
  AVERAGE WIND SPEED    12.8


SKY COVER
  AVERAGE SKY COVER 0.0


WEATHER CONDITIONS
 THE FOLLOWING WEATHER WAS RECORDED YESTERDAY.
  THUNDERSTORM


RELATIVE HUMIDITY (PERCENT)
 HIGHEST    78           500 AM
 LOWEST     30           200 PM
 AVERAGE    54

..........................................................


THE CHADRON NE AIRPORT CLIMATE NORMALS FOR TODAY
                         NORMAL    RECORD    YEAR
 MAXIMUM TEMPERATURE (F)   91       106      2006
 MINIMUM TEMPERATURE (F)   59        44      1971


SUNRISE AND SUNSET
JULY 28 2015..........SUNRISE   539 AM MDT   SUNSET   818 PM MDT
JULY 29 2015..........SUNRISE   540 AM MDT   SUNSET   817 PM MDT


-  INDICATES NEGATIVE NUMBERS.
R  INDICATES RECORD WAS SET OR TIED.
MM INDICATES DATA IS MISSING.
T  INDICATES TRACE AMOUNT.




$$
