000
CDUS45 KCYS 050728
CLICDR


CLIMATE REPORT
NATIONAL WEATHER SERVICE CHEYENNE WY
128 AM MDT SUN JUL 5 2015


...................................

...THE CHADRON NE AIRPORT CLIMATE SUMMARY FOR JULY 4 2015...

CLIMATE NORMAL PERIOD 1981 TO 2010
CLIMATE RECORD PERIOD 1895 TO 2015


WEATHER ITEM   OBSERVED TIME   RECORD YEAR NORMAL DEPARTURE LAST
                VALUE   (LST)  VALUE       VALUE  FROM      YEAR
                                                  NORMAL
..................................................................
TEMPERATURE (F)
 YESTERDAY
  MAXIMUM         95    411 PM 106    1936  88      7       95
  MINIMUM         64   1155 PM  39    1972  56      8       63
  AVERAGE         80                        72      8       79

PRECIPITATION (IN)
  YESTERDAY        0.00          1.21 1949   0.08  -0.08     0.00
  MONTH TO DATE    0.64                      0.29   0.35     0.00
  SINCE JAN 1     13.59                     10.47   3.12    11.13

DEGREE DAYS
 HEATING
  YESTERDAY        0                         1     -1        0
  MONTH TO DATE    0                         4     -4        7
  SINCE JUN 1      9                        85    -76       90
  SINCE JUL 1      0                         4     -4        7

 COOLING
  YESTERDAY       15                         7      8       14
  MONTH TO DATE   38                        28     10       19
  SINCE JUN 1    171                       136     35       73
  SINCE JAN 1    171                       156     15      104
..................................................................


WIND (MPH)
  HIGHEST WIND SPEED    18   HIGHEST WIND DIRECTION     S (180)
  HIGHEST GUST SPEED    23   HIGHEST GUST DIRECTION     S (180)
  AVERAGE WIND SPEED     6.5


SKY COVER
  AVERAGE SKY COVER 0.1


WEATHER CONDITIONS
 THE FOLLOWING WEATHER WAS RECORDED YESTERDAY.
  NO SIGNIFICANT WEATHER WAS OBSERVED.


RELATIVE HUMIDITY (PERCENT)
 HIGHEST    87          1000 PM
 LOWEST     36           200 PM
 AVERAGE    62

..........................................................


THE CHADRON NE AIRPORT CLIMATE NORMALS FOR TODAY
                         NORMAL    RECORD    YEAR
 MAXIMUM TEMPERATURE (F)   88       109      1989
                                             1936
 MINIMUM TEMPERATURE (F)   56        43      1915


SUNRISE AND SUNSET
JULY  5 2015..........SUNRISE   520 AM MDT   SUNSET   834 PM MDT
JULY  6 2015..........SUNRISE   520 AM MDT   SUNSET   833 PM MDT


-  INDICATES NEGATIVE NUMBERS.
R  INDICATES RECORD WAS SET OR TIED.
MM INDICATES DATA IS MISSING.
T  INDICATES TRACE AMOUNT.




$$
