000
CDUS44 KLUB 260625
CLICDS


CLIMATE REPORT
NATIONAL WEATHER SERVICE LUBBOCK, TX
1225 AM CST WED NOV 26 2014


...................................

...THE CHILDRESS CLIMATE SUMMARY FOR NOVEMBER 25 2014...

CLIMATE NORMAL PERIOD 1981 TO 2010
CLIMATE RECORD PERIOD 1893 TO 2014


WEATHER ITEM   OBSERVED TIME   RECORD YEAR NORMAL DEPARTURE LAST
                VALUE   (LST)  VALUE       VALUE  FROM      YEAR
                                                  NORMAL
..................................................................
TEMPERATURE (F)
 YESTERDAY
  MAXIMUM         59    443 PM  87    1970  60     -1       34
                                      1965
  MINIMUM         33    748 AM  15    1993  35     -2       27
  AVERAGE         46                        48     -2       31

PRECIPITATION (IN)
  YESTERDAY        0.00          1.45 1940   0.03  -0.03     0.00
  MONTH TO DATE    0.64                      1.06  -0.42     0.62
  SINCE SEP 1      2.59                      5.73  -3.14     1.90
  SINCE JAN 1     18.20                     22.82  -4.62    15.14

SNOWFALL (IN)
  YESTERDAY        0.0          MM      MM   0.0    0.0      0.0
  MONTH TO DATE    0.0                       0.5   -0.5      4.2
  SINCE SEP 1      0.0                       0.7   -0.7      4.2
  SINCE JUL 1      0.0                       0.7   -0.7      4.2
  SNOW DEPTH       0

DEGREE DAYS
 HEATING
  YESTERDAY       19                        18      1       34
  MONTH TO DATE  437                       315    122      367
  SINCE SEP 1    500                       467     33      493
  SINCE JUL 1    500                       467     33      493

 COOLING
  YESTERDAY        0                         0      0        0
  MONTH TO DATE    0                         7     -7        9
  SINCE SEP 1    457                       376     81      476
  SINCE JAN 1   2316                      2207    109     2407
..................................................................


WIND (MPH)
  RESULTANT WIND SPEED   6   RESULTANT WIND DIRECTION   W (260)
  HIGHEST WIND SPEED    22   HIGHEST WIND DIRECTION    SW (230)
  HIGHEST GUST SPEED    30   HIGHEST GUST DIRECTION    SW (220)
  AVERAGE WIND SPEED    10.3


SKY COVER
  AVERAGE SKY COVER 0.1


WEATHER CONDITIONS
 THE FOLLOWING WEATHER WAS RECORDED YESTERDAY.
  NO SIGNIFICANT WEATHER WAS OBSERVED.


RELATIVE HUMIDITY (PERCENT)
 HIGHEST    69           800 AM
 LOWEST     16           400 PM
 AVERAGE    43

..........................................................


THE CHILDRESS CLIMATE NORMALS FOR TODAY
                         NORMAL    RECORD    YEAR
 MAXIMUM TEMPERATURE (F)   60        87      1970
 MINIMUM TEMPERATURE (F)   34        13      1993


SUNRISE AND SUNSET
NOVEMBER 26 2014......SUNRISE   725 AM CST   SUNSET   532 PM CST
NOVEMBER 27 2014......SUNRISE   726 AM CST   SUNSET   532 PM CST


-  INDICATES NEGATIVE NUMBERS.
R  INDICATES RECORD WAS SET OR TIED.
MM INDICATES DATA IS MISSING.
T  INDICATES TRACE AMOUNT.




$$
