000
CDUS44 KLUB 290643
CLICDS


CLIMATE REPORT
NATIONAL WEATHER SERVICE LUBBOCK, TX
1242 AM CST THU JAN 29 2015


...................................

...THE CHILDRESS CLIMATE SUMMARY FOR JANUARY 28 2015...

CLIMATE NORMAL PERIOD 1981 TO 2010
CLIMATE RECORD PERIOD 1893 TO 2015


WEATHER ITEM   OBSERVED TIME   RECORD YEAR NORMAL DEPARTURE LAST
                VALUE   (LST)  VALUE       VALUE  FROM      YEAR
                                                  NORMAL
..................................................................
TEMPERATURE (F)
 YESTERDAY
  MAXIMUM         81    121 PM  82    2003  55     26       34
  MINIMUM         46    657 AM   8    1966  29     17       13
  AVERAGE         64                        42     22       24

PRECIPITATION (IN)
  YESTERDAY        0.00          1.30 2010   0.03  -0.03     0.00
  MONTH TO DATE    0.57                      0.63  -0.06      T
  SINCE DEC 1      0.77                      1.54  -0.77     1.09
  SINCE JAN 1      0.57                      0.63  -0.06      T

SNOWFALL (IN)
  YESTERDAY        0.0          MM      MM   0.1   -0.1      0.0
  MONTH TO DATE    T                         2.4   -2.4       T
  SINCE DEC 1      T                         4.1   -4.1      2.3
  SINCE JUL 1      2.0                       5.0   -3.0      6.5
  SNOW DEPTH       0

DEGREE DAYS
 HEATING
  YESTERDAY        1                        23    -22       41
  MONTH TO DATE  649                       662    -13      654
  SINCE DEC 1   1279                      1375    -96     1436
  SINCE JUL 1   1834                      1935   -101     2034

 COOLING
  YESTERDAY        0                         0      0        0
  MONTH TO DATE    0                         0      0        0
  SINCE DEC 1      0                         0      0        0
  SINCE JAN 1      0                         0      0        0
..................................................................


WIND (MPH)
  RESULTANT WIND SPEED   9   RESULTANT WIND DIRECTION   W (260)
  HIGHEST WIND SPEED    26   HIGHEST WIND DIRECTION     W (280)
  HIGHEST GUST SPEED    32   HIGHEST GUST DIRECTION     W (280)
  AVERAGE WIND SPEED    11.6


SKY COVER
  AVERAGE SKY COVER 0.0


WEATHER CONDITIONS
 THE FOLLOWING WEATHER WAS RECORDED YESTERDAY.
  NO SIGNIFICANT WEATHER WAS OBSERVED.


RELATIVE HUMIDITY (PERCENT)
 HIGHEST    65           700 AM
 LOWEST     21           100 PM
 AVERAGE    43

..........................................................


THE CHILDRESS CLIMATE NORMALS FOR TODAY
                         NORMAL    RECORD    YEAR
 MAXIMUM TEMPERATURE (F)   56        76      1986
 MINIMUM TEMPERATURE (F)   29         3      1966


SUNRISE AND SUNSET
JANUARY 29 2015.......SUNRISE   741 AM CST   SUNSET   608 PM CST
JANUARY 30 2015.......SUNRISE   740 AM CST   SUNSET   609 PM CST


-  INDICATES NEGATIVE NUMBERS.
R  INDICATES RECORD WAS SET OR TIED.
MM INDICATES DATA IS MISSING.
T  INDICATES TRACE AMOUNT.




$$
