000
CDUS44 KLUB 310628
CLICDS


CLIMATE REPORT
NATIONAL WEATHER SERVICE LUBBOCK, TX
127 AM CDT FRI OCT 31 2014


...................................

...THE CHILDRESS CLIMATE SUMMARY FOR OCTOBER 30 2014...

CLIMATE NORMAL PERIOD 1981 TO 2010
CLIMATE RECORD PERIOD 1893 TO 2014


WEATHER ITEM   OBSERVED TIME   RECORD YEAR NORMAL DEPARTURE LAST
                VALUE   (LST)  VALUE       VALUE  FROM      YEAR
                                                  NORMAL
..................................................................
TEMPERATURE (F)
 YESTERDAY
  MAXIMUM         80    317 PM  93    1945  72      8       79
  MINIMUM         49    325 AM  21    1993  45      4       62
  AVERAGE         65                        58      7       71

PRECIPITATION (IN)
  YESTERDAY        0.00          1.37 1979   0.05  -0.05     0.08
  MONTH TO DATE    0.32                      2.19  -1.87     0.59
  SINCE SEP 1      1.95                      4.61  -2.66     1.28
  SINCE JAN 1     17.56                     21.70  -4.14    14.52

SNOWFALL (IN)
  YESTERDAY        0.0          MM      MM   0.0    0.0      0.0
  MONTH TO DATE    0.0                       0.2   -0.2      0.0
  SINCE SEP 1      0.0                       0.2   -0.2      0.0
  SINCE JUL 1      0.0                       0.2   -0.2      0.0
  SNOW DEPTH       0

DEGREE DAYS
 HEATING
  YESTERDAY        0                         8     -8        0
  MONTH TO DATE   41                       128    -87      121
  SINCE SEP 1     51                       145    -94      121
  SINCE JUL 1     51                       145    -94      121

 COOLING
  YESTERDAY        0                         1     -1        6
  MONTH TO DATE  138                        74     64       92
  SINCE SEP 1    457                       367     90      467
  SINCE JAN 1   2316                      2198    118     2398
..................................................................


WIND (MPH)
  RESULTANT WIND SPEED   4   RESULTANT WIND DIRECTION  NE (60)
  HIGHEST WIND SPEED    21   HIGHEST WIND DIRECTION    NE (50)
  HIGHEST GUST SPEED    28   HIGHEST GUST DIRECTION    NE (40)
  AVERAGE WIND SPEED     7.8


SKY COVER
  AVERAGE SKY COVER 0.0


WEATHER CONDITIONS
 THE FOLLOWING WEATHER WAS RECORDED YESTERDAY.
  NO SIGNIFICANT WEATHER WAS OBSERVED.


RELATIVE HUMIDITY (PERCENT)
 HIGHEST    71           600 AM
 LOWEST     16           400 PM
 AVERAGE    44

..........................................................


THE CHILDRESS CLIMATE NORMALS FOR TODAY
                         NORMAL    RECORD    YEAR
 MAXIMUM TEMPERATURE (F)   72        90      1987
                                             1945
 MINIMUM TEMPERATURE (F)   45        21      1993


SUNRISE AND SUNSET
OCTOBER 31 2014.......SUNRISE   800 AM CDT   SUNSET   649 PM CDT
NOVEMBER  1 2014......SUNRISE   801 AM CDT   SUNSET   648 PM CDT


-  INDICATES NEGATIVE NUMBERS.
R  INDICATES RECORD WAS SET OR TIED.
MM INDICATES DATA IS MISSING.
T  INDICATES TRACE AMOUNT.




$$
