616
CDUS44 KLUB 210625
CLICDS


CLIMATE REPORT
NATIONAL WEATHER SERVICE LUBBOCK, TX
1225 AM CST WED FEB 21 2018


...................................

...THE CHILDRESS CLIMATE SUMMARY FOR FEBRUARY 20 2018...

CLIMATE NORMAL PERIOD 1981 TO 2010
CLIMATE RECORD PERIOD 1893 TO 2018


WEATHER ITEM   OBSERVED TIME   RECORD YEAR NORMAL DEPARTURE LAST
                VALUE   (LST)  VALUE       VALUE  FROM      YEAR
                                                  NORMAL
..................................................................
TEMPERATURE (F)
 YESTERDAY
  MAXIMUM         64    614 AM  87    1981  59      5       73
  MINIMUM         30   1159 PM   6    1905  33     -3       45
  AVERAGE         47                        46      1       59

PRECIPITATION (IN)
  YESTERDAY        0.00          1.97 1997   0.03  -0.03     0.00
  MONTH TO DATE    0.16                      0.73  -0.57     2.50
  SINCE DEC 1      0.20                      2.37  -2.17     5.51
  SINCE JAN 1      0.17                      1.46  -1.29     4.22

SNOWFALL (IN)
  YESTERDAY        0.0          MM      MM   0.0    0.0      0.0
  MONTH TO DATE    0.0                       0.9   -0.9       T
  SINCE DEC 1      1.0                       5.3   -4.3      1.5
  SINCE JUL 1      1.0                       6.2   -5.2      1.5
  SNOW DEPTH       0

DEGREE DAYS
 HEATING
  YESTERDAY       18                        19     -1        6
  MONTH TO DATE  411                       416     -5      279
  SINCE DEC 1   1841                      1859    -18     1604
  SINCE JUL 1   2278                      2419   -141     1871

 COOLING
  YESTERDAY        0                         0      0        0
  MONTH TO DATE   11                         0     11       10
  SINCE DEC 1     11                         0     11       10
  SINCE JAN 1     11                         0     11       10
..................................................................


WIND (MPH)
  RESULTANT WIND SPEED   7   RESULTANT WIND DIRECTION   N (20)
  HIGHEST WIND SPEED    32   HIGHEST WIND DIRECTION     N (10)
  HIGHEST GUST SPEED    38   HIGHEST GUST DIRECTION     N (360)
  AVERAGE WIND SPEED    15.5


SKY COVER
  AVERAGE SKY COVER 0.2


WEATHER CONDITIONS
 THE FOLLOWING WEATHER WAS RECORDED YESTERDAY.
  NO SIGNIFICANT WEATHER WAS OBSERVED.


RELATIVE HUMIDITY (PERCENT)
 HIGHEST    86           800 AM
 LOWEST     45           500 PM
 AVERAGE    66

..........................................................


THE CHILDRESS CLIMATE NORMALS FOR TODAY
                         NORMAL    RECORD    YEAR
 MAXIMUM TEMPERATURE (F)   60        88      1996
 MINIMUM TEMPERATURE (F)   34        12      1939


SUNRISE AND SUNSET
FEBRUARY 21 2018......SUNRISE   720 AM CST   SUNSET   630 PM CST
FEBRUARY 22 2018......SUNRISE   718 AM CST   SUNSET   631 PM CST


-  INDICATES NEGATIVE NUMBERS.
R  INDICATES RECORD WAS SET OR TIED.
MM INDICATES DATA IS MISSING.
T  INDICATES TRACE AMOUNT.




$$
