000
CDUS44 KLUB 280626
CLICDS


CLIMATE REPORT
NATIONAL WEATHER SERVICE LUBBOCK, TX
126 AM CDT THU APR 28 2016


...................................

...THE CHILDRESS CLIMATE SUMMARY FOR APRIL 27 2016...

CLIMATE NORMAL PERIOD 1981 TO 2010
CLIMATE RECORD PERIOD 1893 TO 2016


WEATHER ITEM   OBSERVED TIME   RECORD YEAR NORMAL DEPARTURE LAST
                VALUE   (LST)  VALUE       VALUE  FROM      YEAR
                                                  NORMAL
..................................................................
TEMPERATURE (F)
 YESTERDAY
  MAXIMUM         78    311 PM  96    1956  80     -2       58
  MINIMUM         50    543 AM  38    1994  52     -2       46
                                      1973
  AVERAGE         64                        66     -2       52

PRECIPITATION (IN)
  YESTERDAY        0.00          1.88 2015   0.09  -0.09     1.88
  MONTH TO DATE    1.94                      1.86   0.08     5.03
  SINCE MAR 1      2.72                      3.39  -0.67     5.32
  SINCE JAN 1      3.97                      5.17  -1.20     6.60

SNOWFALL (IN)
  YESTERDAY        0.0          MM      MM   0.0    0.0      0.0
  MONTH TO DATE    0.0                       0.2   -0.2      0.0
  SINCE MAR 1      0.0                       0.6   -0.6      2.5
  SINCE JUL 1      7.0                       7.0    0.0      8.0
  SNOW DEPTH       0

DEGREE DAYS
 HEATING
  YESTERDAY        1                         3     -2       13
  MONTH TO DATE   81                       145    -64       85
  SINCE MAR 1    314                       520   -206      419
  SINCE JUL 1   2482                      3080   -598     2916

 COOLING
  YESTERDAY        0                         4     -4        0
  MONTH TO DATE   38                        60    -22       79
  SINCE MAR 1     60                        78    -18       96
  SINCE JAN 1     62                        79    -17       96
..................................................................


WIND (MPH)
  RESULTANT WIND SPEED   4   RESULTANT WIND DIRECTION  NW (330)
  HIGHEST WIND SPEED    20   HIGHEST WIND DIRECTION     N (340)
  HIGHEST GUST SPEED    26   HIGHEST GUST DIRECTION    NW (330)
  AVERAGE WIND SPEED     9.3


SKY COVER
  AVERAGE SKY COVER 0.0


WEATHER CONDITIONS
 THE FOLLOWING WEATHER WAS RECORDED YESTERDAY.
  NO SIGNIFICANT WEATHER WAS OBSERVED.


RELATIVE HUMIDITY (PERCENT)
 HIGHEST    72          1200 AM
 LOWEST     20           400 PM
 AVERAGE    46

..........................................................


THE CHILDRESS CLIMATE NORMALS FOR TODAY
                         NORMAL    RECORD    YEAR
 MAXIMUM TEMPERATURE (F)   80        98      1898
 MINIMUM TEMPERATURE (F)   52        38      1994
                                             1969


SUNRISE AND SUNSET
APRIL 28 2016.........SUNRISE   654 AM CDT   SUNSET   824 PM CDT
APRIL 29 2016.........SUNRISE   653 AM CDT   SUNSET   824 PM CDT


-  INDICATES NEGATIVE NUMBERS.
R  INDICATES RECORD WAS SET OR TIED.
MM INDICATES DATA IS MISSING.
T  INDICATES TRACE AMOUNT.




$$
