000
CDUS46 KEKA 241217
CLICEC


CLIMATE REPORT
NATIONAL WEATHER SERVICE EUREKA CA
517 AM PDT FRI OCT 24 2014


...................................

...THE CRESCENT CITY CA CLIMATE SUMMARY FOR OCTOBER 23 2014...

CLIMATE NORMAL PERIOD 1981 TO 2010
CLIMATE RECORD PERIOD 1894 TO 2014


WEATHER ITEM   OBSERVED TIME   RECORD YEAR NORMAL DEPARTURE LAST
                VALUE   (LST)  VALUE       VALUE  FROM      YEAR
                                                  NORMAL
..................................................................
TEMPERATURE (F)
 YESTERDAY
  MAXIMUM         62   1142 AM  89    1965  60      2       49
  MINIMUM         57   1116 PM  35    1975  46     11       47
  AVERAGE         60                        53      7       48

PRECIPITATION (IN)
  YESTERDAY        0.81          3.37 1989   0.17   0.64     0.02
  MONTH TO DATE    4.70                      2.52   2.18     0.10
  SINCE JUL 1      8.29                      4.38   3.91     5.15
  SINCE JAN 1     32.88                     41.31  -8.43    25.08

SNOWFALL (IN)
  YESTERDAY        0.0          MM      MM  MM     MM       MM
  MONTH TO DATE    0.0                      MM     MM        0.0
  SINCE SEP 1      0.0                      MM     MM        0.0
  SINCE JUL 1      0.0                      MM     MM        0.0
  SNOW DEPTH       0

DEGREE DAYS
 HEATING
  YESTERDAY        5                        12     -7       17
  MONTH TO DATE  133                       261   -128      309
  SINCE SEP 1    318                       545   -227      510
  SINCE JUL 1    740                      1065   -325     1015

 COOLING
  YESTERDAY        0                         0      0        0
  MONTH TO DATE    0                         0      0        0
  SINCE SEP 1      1                         0      1        0
  SINCE JAN 1      1                         0      1        4
..................................................................


WIND (MPH)
  HIGHEST WIND SPEED    29   HIGHEST WIND DIRECTION     S (180)
  HIGHEST GUST SPEED    36   HIGHEST GUST DIRECTION     S (180)
  AVERAGE WIND SPEED     8.3


SKY COVER
  AVERAGE SKY COVER 0.8


WEATHER CONDITIONS
 THE FOLLOWING WEATHER WAS RECORDED YESTERDAY.
  HEAVY RAIN
  RAIN
  LIGHT RAIN
  FOG


RELATIVE HUMIDITY (PERCENT)
 HIGHEST   100
 LOWEST     87
 AVERAGE    94

..........................................................


THE CRESCENT CITY CA CLIMATE NORMALS FOR TODAY
                         NORMAL    RECORD    YEAR
 MAXIMUM TEMPERATURE (F)   60        84      1965
 MINIMUM TEMPERATURE (F)   46        36      2001


SUNRISE AND SUNSET
OCTOBER 24 2014.......SUNRISE   740 AM PDT   SUNSET   622 PM PDT
OCTOBER 25 2014.......SUNRISE   741 AM PDT   SUNSET   620 PM PDT


-  INDICATES NEGATIVE NUMBERS.
R  INDICATES RECORD WAS SET OR TIED.
MM INDICATES DATA IS MISSING.
T  INDICATES TRACE AMOUNT.




$$
