000
CDUS46 KEKA 231210
CLICEC


CLIMATE REPORT
NATIONAL WEATHER SERVICE EUREKA CA
509 AM PDT THU MAR 23 2017


...................................

...THE CRESCENT CITY CA CLIMATE SUMMARY FOR MARCH 22 2017...

CLIMATE NORMAL PERIOD 1981 TO 2010
CLIMATE RECORD PERIOD 1894 TO 2017


WEATHER ITEM   OBSERVED TIME   RECORD YEAR NORMAL DEPARTURE LAST
                VALUE   (LST)  VALUE       VALUE  FROM      YEAR
                                                  NORMAL
..................................................................
TEMPERATURE (F)
 YESTERDAY
  MAXIMUM         54    349 PM  65    1992  55     -1       56
  MINIMUM         43   1159 PM  33    1994  42      1       45
  AVERAGE         49                        49      0       51

PRECIPITATION (IN)
  YESTERDAY        0.04          3.15 1998   0.28  -0.24     0.21
  MONTH TO DATE    7.00                      5.30   1.70     9.95
  SINCE OCT 1     78.59                     49.81  28.78    62.87
  SINCE JAN 1     33.49                     24.57   8.92    28.19

SNOWFALL (IN)
  YESTERDAY       MM            MM      MM  MM     MM       MM
  MONTH TO DATE    0.0                      MM     MM        0.0
  SINCE MAR 1      0.0                      MM     MM        0.0
  SINCE JUL 1      0.0                      MM     MM        0.0
  SNOW DEPTH       0

DEGREE DAYS
 HEATING
  YESTERDAY       16                        16      0       14
  MONTH TO DATE  314                       366    -52      279
  SINCE MAR 1    314                       366    -52      279
  SINCE JUL 1   3245                      3539   -294     2757

 COOLING
  YESTERDAY        0                         0      0        0
  MONTH TO DATE    0                         0      0        0
  SINCE MAR 1      0                         0      0        0
  SINCE JAN 1      0                         0      0        0
..................................................................


WIND (MPH)
  HIGHEST WIND SPEED    15   HIGHEST WIND DIRECTION     S (180)
  HIGHEST GUST SPEED    19   HIGHEST GUST DIRECTION    SW (230)
  AVERAGE WIND SPEED     6.5


SKY COVER
  AVERAGE SKY COVER 0.8


WEATHER CONDITIONS
 THE FOLLOWING WEATHER WAS RECORDED YESTERDAY.
  RAIN
  LIGHT RAIN


RELATIVE HUMIDITY (PERCENT)
 HIGHEST    93
 LOWEST     74
 AVERAGE    84

..........................................................


THE CRESCENT CITY CA CLIMATE NORMALS FOR TODAY
                         NORMAL    RECORD    YEAR
 MAXIMUM TEMPERATURE (F)   55        66      1970
 MINIMUM TEMPERATURE (F)   42        33      1996


SUNRISE AND SUNSET
MARCH 23 2017.........SUNRISE   614 AM PST   SUNSET   633 PM PST
MARCH 24 2017.........SUNRISE   613 AM PST   SUNSET   634 PM PST


-  INDICATES NEGATIVE NUMBERS.
R  INDICATES RECORD WAS SET OR TIED.
MM INDICATES DATA IS MISSING.
T  INDICATES TRACE AMOUNT.




$$
