169
CDUS43 KPAH 072227
CLICGI


CLIMATE REPORT
NATIONAL WEATHER SERVICE PADUCAH KY
426 PM CST SUN FEB 7 2016


...................................

...THE CAPE GIRARDEAU MO CLIMATE SUMMARY FOR FEBRUARY 7 2016...
VALID TODAY AS OF 0400 PM LOCAL TIME.

CLIMATE NORMAL PERIOD 1981 TO 2010
CLIMATE RECORD PERIOD 1960 TO 2016


WEATHER ITEM   OBSERVED TIME   RECORD YEAR NORMAL DEPARTURE LAST
                VALUE   (LST)  VALUE       VALUE  FROM      YEAR
                                                  NORMAL
..................................................................
TEMPERATURE (F)
 TODAY
  MAXIMUM         58    134 PM  64    1999  45     13       59
  MINIMUM         27    414 AM  -5    2003  26      1       33
  AVERAGE         43                        36      7

PRECIPITATION (IN)
  TODAY            0.00          0.99 1973   0.11  -0.11     0.00
  MONTH TO DATE    0.03                      0.86  -0.83     0.73
  SINCE DEC 1      4.08                      8.58  -4.50     8.31
  SINCE JAN 1      1.69                      4.33  -2.64     5.50

DEGREE DAYS
 HEATING
  TODAY           22                        29     -7       19
  MONTH TO DATE  149                       209    -60      218
  SINCE DEC 1   1664                      2096   -432     1931
  SINCE JUL 1   2314                      2947   -633     2927

 COOLING
  TODAY            0                         0      0        0
  MONTH TO DATE    0                         0      0        0
  SINCE DEC 1      2                         0      2        0
  SINCE JAN 1      0                         0      0        0
..................................................................


WIND (MPH)
  HIGHEST WIND SPEED    25   HIGHEST WIND DIRECTION    SW (210)
  HIGHEST GUST SPEED    31   HIGHEST GUST DIRECTION    SW (210)
  AVERAGE WIND SPEED     9.1


SKY COVER
  AVERAGE SKY COVER 0.0


WEATHER CONDITIONS
 THE FOLLOWING WEATHER WAS RECORDED TODAY.
  NO SIGNIFICANT WEATHER WAS OBSERVED.


RELATIVE HUMIDITY (PERCENT)
 HIGHEST    78
 LOWEST     35
 AVERAGE    57

..........................................................


THE CAPE GIRARDEAU MO CLIMATE NORMALS FOR TOMORROW
                         NORMAL
 MAXIMUM TEMPERATURE (F)   46
 MINIMUM TEMPERATURE (F)   26


SUNRISE AND SUNSET
FEBRUARY  7 2016......SUNRISE   656 AM CST   SUNSET   529 PM CST
FEBRUARY  8 2016......SUNRISE   655 AM CST   SUNSET   530 PM CST


-  INDICATES NEGATIVE NUMBERS.
R  INDICATES RECORD WAS SET OR TIED.
MM INDICATES DATA IS MISSING.
T  INDICATES TRACE AMOUNT.




$$
