000
CDUS43 KPAH 272227
CLICGI


CLIMATE REPORT
NATIONAL WEATHER SERVICE PADUCAH KY
425 PM CST MON FEB 27 2017

...................................

...THE CAPE GIRARDEAU MO CLIMATE SUMMARY FOR FEBRUARY 27 2017...
VALID TODAY AS OF 0400 PM LOCAL TIME.

CLIMATE NORMAL PERIOD 1981 TO 2010
CLIMATE RECORD PERIOD 1960 TO 2017

WEATHER ITEM   OBSERVED TIME   RECORD YEAR NORMAL DEPARTURE LAST
                VALUE   (LST)  VALUE       VALUE  FROM      YEAR
                                                  NORMAL
..................................................................
TEMPERATURE (F)
 TODAY
  MAXIMUM         63    349 PM  75    1996  52     11       60
  MINIMUM         42    659 AM   8    2015  31     11       28
  AVERAGE         53                        42     11

PRECIPITATION (IN)
  TODAY            0.04          1.07 1984   0.12  -0.08     0.00
  MONTH TO DATE    1.00                      3.29  -2.29     3.12
  SINCE DEC 1      6.30                     11.01  -4.71     7.17
  SINCE JAN 1      2.96                      6.76  -3.80     4.78

DEGREE DAYS
 HEATING
  TODAY           12                        23    -11       21
  MONTH TO DATE  504                       736   -232      699
  SINCE DEC 1   2155                      2623   -468     2214
  SINCE JUL 1   2732                      3474   -742     2864

 COOLING
  TODAY            0                         0      0        0
  MONTH TO DATE    0                         0      0        0
  SINCE DEC 1      0                         0      0        2
  SINCE JAN 1      0                         0      0        0
..................................................................

WIND (MPH)
  HIGHEST WIND SPEED    16   HIGHEST WIND DIRECTION     S (200)
  HIGHEST GUST SPEED    20   HIGHEST GUST DIRECTION    SW (210)
  AVERAGE WIND SPEED     7.7

SKY COVER
  AVERAGE SKY COVER 0.6

WEATHER CONDITIONS
 THE FOLLOWING WEATHER WAS RECORDED TODAY.
  LIGHT RAIN

RELATIVE HUMIDITY (PERCENT)
 HIGHEST    83
 LOWEST     60
 AVERAGE    72
..........................................................

THE CAPE GIRARDEAU MO CLIMATE NORMALS FOR TOMORROW
                         NORMAL
 MAXIMUM TEMPERATURE (F)   52
 MINIMUM TEMPERATURE (F)   32

SUNRISE AND SUNSET
FEBRUARY 27 2017......SUNRISE   632 AM CST   SUNSET   551 PM CST
FEBRUARY 28 2017......SUNRISE   630 AM CST   SUNSET   552 PM CST

-  INDICATES NEGATIVE NUMBERS.
R  INDICATES RECORD WAS SET OR TIED.
MM INDICATES DATA IS MISSING.
T  INDICATES TRACE AMOUNT.

$$
