000
CDUS43 KPAH 250629
CLICGI


CLIMATE REPORT
NATIONAL WEATHER SERVICE PADUCAH KY
127 AM CDT MON SEP 25 2017


...................................

...THE CAPE GIRARDEAU MO CLIMATE SUMMARY FOR SEPTEMBER 24 2017...

CLIMATE NORMAL PERIOD 1981 TO 2010
CLIMATE RECORD PERIOD 1960 TO 2017


WEATHER ITEM   OBSERVED TIME   RECORD YEAR NORMAL DEPARTURE LAST
                VALUE   (LST)  VALUE       VALUE  FROM      YEAR
                                                  NORMAL
..................................................................
TEMPERATURE (F)
 YESTERDAY
  MAXIMUM         92R  1259 PM  92    2016  78     14       92
                                      1961
  MINIMUM         63   1151 PM  36    1995  53     10       66
  AVERAGE         78                        65     13

PRECIPITATION (IN)
  YESTERDAY        T             2.26 2000   0.10  -0.10     0.00
  MONTH TO DATE    0.73                      2.63  -1.90     5.01
  SINCE SEP 1      0.73                      2.63  -1.90     5.01
  SINCE JAN 1     26.48                     33.68  -7.20    41.71

DEGREE DAYS
 HEATING
  YESTERDAY        0                         3     -3        0
  MONTH TO DATE   14                        23     -9        0
  SINCE SEP 1     14                        23     -9        0
  SINCE JUL 1     14                        24    -10        0

 COOLING
  YESTERDAY       13                         3     10       14
  MONTH TO DATE  161                       146     15      244
  SINCE SEP 1    161                       146     15      244
  SINCE JAN 1   1363                      1406    -43     1687
..................................................................


WIND (MPH)
  HIGHEST WIND SPEED    15   HIGHEST WIND DIRECTION     S (190)
  HIGHEST GUST SPEED    21   HIGHEST GUST DIRECTION     S (170)
  AVERAGE WIND SPEED     2.4


SKY COVER
  AVERAGE SKY COVER 0.1


WEATHER CONDITIONS
 THE FOLLOWING WEATHER WAS RECORDED YESTERDAY.
  THUNDERSTORM
  LIGHT RAIN
  FOG


RELATIVE HUMIDITY (PERCENT)
 HIGHEST   100
 LOWEST     44
 AVERAGE    72

..........................................................


THE CAPE GIRARDEAU MO CLIMATE NORMALS FOR TODAY
                         NORMAL    RECORD    YEAR
 MAXIMUM TEMPERATURE (F)   78        92      1998
 MINIMUM TEMPERATURE (F)   52        35      2001


SUNRISE AND SUNSET
SEPTEMBER 25 2017.....SUNRISE   649 AM CDT   SUNSET   650 PM CDT
SEPTEMBER 26 2017.....SUNRISE   650 AM CDT   SUNSET   649 PM CDT


-  INDICATES NEGATIVE NUMBERS.
R  INDICATES RECORD WAS SET OR TIED.
MM INDICATES DATA IS MISSING.
T  INDICATES TRACE AMOUNT.




$$
