000
CDUS43 KPAH 240631
CLICGI


CLIMATE REPORT
NATIONAL WEATHER SERVICE PADUCAH KY
130 AM CDT MON APR 24 2017


...................................

...THE CAPE GIRARDEAU MO CLIMATE SUMMARY FOR APRIL 23 2017...

CLIMATE NORMAL PERIOD 1981 TO 2010
CLIMATE RECORD PERIOD 1960 TO 2017


WEATHER ITEM   OBSERVED TIME   RECORD YEAR NORMAL DEPARTURE LAST
                VALUE   (LST)  VALUE       VALUE  FROM      YEAR
                                                  NORMAL
..................................................................
TEMPERATURE (F)
 YESTERDAY
  MAXIMUM         69    447 PM  90    1980  71     -2       74
  MINIMUM         46   1159 PM  34    2012  48     -2       49
  AVERAGE         58                        60     -2

PRECIPITATION (IN)
  YESTERDAY        0.02          3.10 2011   0.15  -0.13     0.00
  MONTH TO DATE    5.78                      3.22   2.56     3.34
  SINCE MAR 1      8.59                      7.62   0.97     8.80
  SINCE JAN 1     11.61                     14.50  -2.89    13.58

DEGREE DAYS
 HEATING
  YESTERDAY        7                         7      0        3
  MONTH TO DATE  126                       226   -100      183
  SINCE MAR 1    608                       785   -177      571
  SINCE JUL 1   3343                      4282   -939     3463

 COOLING
  YESTERDAY        0                         1     -1        0
  MONTH TO DATE   29                        17     12        3
  SINCE MAR 1     32                        21     11        3
  SINCE JAN 1     32                        21     11        3
..................................................................


WIND (MPH)
  HIGHEST WIND SPEED    26   HIGHEST WIND DIRECTION     N (360)
  HIGHEST GUST SPEED    33   HIGHEST GUST DIRECTION     N (350)
  AVERAGE WIND SPEED    11.9


SKY COVER
  AVERAGE SKY COVER 0.4


WEATHER CONDITIONS
 THE FOLLOWING WEATHER WAS RECORDED YESTERDAY.
  LIGHT RAIN


RELATIVE HUMIDITY (PERCENT)
 HIGHEST    80
 LOWEST     31
 AVERAGE    56

..........................................................


THE CAPE GIRARDEAU MO CLIMATE NORMALS FOR TODAY
                         NORMAL    RECORD    YEAR
 MAXIMUM TEMPERATURE (F)   72        85      1965
 MINIMUM TEMPERATURE (F)   49        32      2005


SUNRISE AND SUNSET
APRIL 24 2017.........SUNRISE   612 AM CDT   SUNSET   742 PM CDT
APRIL 25 2017.........SUNRISE   610 AM CDT   SUNSET   743 PM CDT


-  INDICATES NEGATIVE NUMBERS.
R  INDICATES RECORD WAS SET OR TIED.
MM INDICATES DATA IS MISSING.
T  INDICATES TRACE AMOUNT.




$$
