000
CDUS43 KPAH 260630
CLICGI


CLIMATE REPORT
NATIONAL WEATHER SERVICE PADUCAH KY
129 AM CDT MON SEP 26 2016

...................................

...THE CAPE GIRARDEAU MO CLIMATE SUMMARY FOR SEPTEMBER 25 2016...

CLIMATE NORMAL PERIOD 1981 TO 2010
CLIMATE RECORD PERIOD 1960 TO 2016

WEATHER ITEM   OBSERVED TIME   RECORD YEAR NORMAL DEPARTURE LAST
                VALUE   (LST)  VALUE       VALUE  FROM      YEAR
                                                  NORMAL
..................................................................
TEMPERATURE (F)
 YESTERDAY
  MAXIMUM         90    402 PM  92    1998  78     12       85
  MINIMUM         66    620 AM  35    2001  52     14       55
  AVERAGE         78                        65     13

PRECIPITATION (IN)
  YESTERDAY        0.00          3.22 2011   0.11  -0.11     0.00
  MONTH TO DATE    5.01                      2.74   2.27     1.23
  SINCE SEP 1      5.01                      2.74   2.27     1.23
  SINCE JAN 1     41.71                     33.79   7.92    44.78

DEGREE DAYS
 HEATING
  YESTERDAY        0                         3     -3        0
  MONTH TO DATE    0                        26    -26       14
  SINCE SEP 1      0                        26    -26       14
  SINCE JUL 1      0                        27    -27       14

 COOLING
  YESTERDAY       13                         3     10        5
  MONTH TO DATE  257                       149    108      167
  SINCE SEP 1    257                       149    108      167
  SINCE JAN 1   1700                      1409    291     1496
..................................................................

WIND (MPH)
  HIGHEST WIND SPEED    15   HIGHEST WIND DIRECTION     N (340)
  HIGHEST GUST SPEED    20   HIGHEST GUST DIRECTION     N (340)
  AVERAGE WIND SPEED     2.3

SKY COVER
  AVERAGE SKY COVER 0.1

WEATHER CONDITIONS
 THE FOLLOWING WEATHER WAS RECORDED YESTERDAY.
  FOG
  HAZE

RELATIVE HUMIDITY (PERCENT)
 HIGHEST    97
 LOWEST     47
 AVERAGE    72
..........................................................

THE CAPE GIRARDEAU MO CLIMATE NORMALS FOR TODAY
                         NORMAL    RECORD    YEAR
 MAXIMUM TEMPERATURE (F)   77        90      1998
 MINIMUM TEMPERATURE (F)   52        34      2001

SUNRISE AND SUNSET
SEPTEMBER 26 2016.....SUNRISE   650 AM CDT   SUNSET   648 PM CDT
SEPTEMBER 27 2016.....SUNRISE   651 AM CDT   SUNSET   647 PM CDT

-  INDICATES NEGATIVE NUMBERS.
R  INDICATES RECORD WAS SET OR TIED.
MM INDICATES DATA IS MISSING.
T  INDICATES TRACE AMOUNT.

$$
