000
CDUS43 KPAH 290631
CLICGI


CLIMATE REPORT
NATIONAL WEATHER SERVICE PADUCAH KY
127 AM CDT SUN MAY 29 2016

...................................

...THE CAPE GIRARDEAU MO CLIMATE SUMMARY FOR MAY 28 2016...

CLIMATE NORMAL PERIOD 1981 TO 2010
CLIMATE RECORD PERIOD 1960 TO 2016

WEATHER ITEM   OBSERVED TIME   RECORD YEAR NORMAL DEPARTURE LAST
                VALUE   (LST)  VALUE       VALUE  FROM      YEAR
                                                  NORMAL
..................................................................
TEMPERATURE (F)
 YESTERDAY
  MAXIMUM         83    252 PM  96    2012  81      2       82
  MINIMUM         67   1159 PM  42    1961  59      8       66
  AVERAGE         75                        70      5

PRECIPITATION (IN)
  YESTERDAY        0.02          1.29 1976   0.15  -0.13     0.00
  MONTH TO DATE    8.34                      5.03   3.31     5.66
  SINCE MAR 1     18.50                     13.79   4.71    18.62
  SINCE JAN 1     23.28                     20.67   2.61    25.14

DEGREE DAYS
 HEATING
  YESTERDAY        0                         1     -1        0
  MONTH TO DATE  100                        66     34       56
  SINCE MAR 1    679                       887   -208      833
  SINCE JUL 1   3571                      4384   -813     4611

 COOLING
  YESTERDAY       10                         6      4        9
  MONTH TO DATE   72                       102    -30      132
  SINCE MAR 1     90                       133    -43      160
  SINCE JAN 1     90                       133    -43      160
..................................................................

WIND (MPH)
  HIGHEST WIND SPEED    16   HIGHEST WIND DIRECTION     S (190)
  HIGHEST GUST SPEED    21   HIGHEST GUST DIRECTION    SW (210)
  AVERAGE WIND SPEED     8.6

SKY COVER
  AVERAGE SKY COVER 0.2

WEATHER CONDITIONS
 THE FOLLOWING WEATHER WAS RECORDED YESTERDAY.
  LIGHT RAIN
  FOG

RELATIVE HUMIDITY (PERCENT)
 HIGHEST   100
 LOWEST     58
 AVERAGE    79
..........................................................

THE CAPE GIRARDEAU MO CLIMATE NORMALS FOR TODAY
                         NORMAL    RECORD    YEAR
 MAXIMUM TEMPERATURE (F)   82        92      1989
 MINIMUM TEMPERATURE (F)   59        42      1964

SUNRISE AND SUNSET
MAY 29 2016...........SUNRISE   541 AM CDT   SUNSET   811 PM CDT
MAY 30 2016...........SUNRISE   540 AM CDT   SUNSET   812 PM CDT

-  INDICATES NEGATIVE NUMBERS.
R  INDICATES RECORD WAS SET OR TIED.
MM INDICATES DATA IS MISSING.
T  INDICATES TRACE AMOUNT.

$$
