415
CDUS44 KMRX 010814
CLICHA


CLIMATE REPORT
NATIONAL WEATHER SERVICE MORRISTOWN TN
413 AM EDT SAT OCT 1 2016


...................................

...THE CHATTANOOGA  ASOS CLIMATE SUMMARY FOR SEPTEMBER 30 2016...

CLIMATE NORMAL PERIOD 1981 TO 2010
CLIMATE RECORD PERIOD 1879 TO 2016


WEATHER ITEM   OBSERVED TIME   RECORD YEAR NORMAL DEPARTURE LAST
                VALUE   (LST)  VALUE       VALUE  FROM      YEAR
                                                  NORMAL
..................................................................
TEMPERATURE (F)
 YESTERDAY
  MAXIMUM         74    413 PM  93    1941  78     -4       83
  MINIMUM         51    651 AM  36    1967  56     -5       66
  AVERAGE         63                        67     -4       75

PRECIPITATION (IN)
  YESTERDAY        0.00          4.12 1915   0.14  -0.14      T
  MONTH TO DATE    1.63                      4.04  -2.41     2.38
  SINCE SEP 1      1.63                      4.04  -2.41     2.38
  SINCE JAN 1     24.97                     39.30 -14.33    43.06

DEGREE DAYS
 HEATING
  YESTERDAY        2                         2      0        0
  MONTH TO DATE    2                        14    -12        3
  SINCE SEP 1      2                        15    -13        3
  SINCE JUL 1      2                        15    -13        3

 COOLING
  YESTERDAY        0                         4     -4       10
  MONTH TO DATE  419                       239    180      277
  SINCE SEP 1    419                       239    180      277
  SINCE JAN 1   2328                      1689    639     1924
..................................................................


WIND (MPH)
  HIGHEST WIND SPEED    14   HIGHEST WIND DIRECTION     W (260)
  HIGHEST GUST SPEED    17   HIGHEST GUST DIRECTION     W (270)
  AVERAGE WIND SPEED     3.2


SKY COVER
  POSSIBLE SUNSHINE  MM
  AVERAGE SKY COVER 0.4


WEATHER CONDITIONS
 THE FOLLOWING WEATHER WAS RECORDED YESTERDAY.
  NO SIGNIFICANT WEATHER WAS OBSERVED.


RELATIVE HUMIDITY (PERCENT)
 HIGHEST    89           600 AM
 LOWEST     38           300 PM
 AVERAGE    64

..........................................................


THE CHATTANOOGA  ASOS CLIMATE NORMALS FOR TODAY
                         NORMAL    RECORD    YEAR
 MAXIMUM TEMPERATURE (F)   78        90      1971
                                             1941
                                             1919
 MINIMUM TEMPERATURE (F)   56        39      1972
                                             1949
                                             1946


SUNRISE AND SUNSET
OCTOBER  1 2016.......SUNRISE   736 AM EDT   SUNSET   724 PM EDT
OCTOBER  2 2016.......SUNRISE   737 AM EDT   SUNSET   723 PM EDT


-  INDICATES NEGATIVE NUMBERS.
R  INDICATES RECORD WAS SET OR TIED.
MM INDICATES DATA IS MISSING.
T  INDICATES TRACE AMOUNT.




$$
