000
CDUS44 KMRX 250841
CLICHA


CLIMATE REPORT
NATIONAL WEATHER SERVICE MORRISTOWN TN
440 AM EDT SUN JUN 25 2017


...................................

...THE CHATTANOOGA  ASOS CLIMATE SUMMARY FOR JUNE 24 2017...

CLIMATE NORMAL PERIOD 1981 TO 2010
CLIMATE RECORD PERIOD 1879 TO 2017


WEATHER ITEM   OBSERVED TIME   RECORD YEAR NORMAL DEPARTURE LAST
                VALUE   (LST)  VALUE       VALUE  FROM      YEAR
                                                  NORMAL
..................................................................
TEMPERATURE (F)
 YESTERDAY
  MAXIMUM         89    343 PM 101    1988  89      0       95
  MINIMUM         70   1159 PM  47    1972  68      2       70
  AVERAGE         80                        78      2       83

PRECIPITATION (IN)
  YESTERDAY        0.00          1.88 1960   0.14  -0.14     0.11
  MONTH TO DATE    3.09                      3.18  -0.09     1.19
  SINCE JUN 1      3.09                      3.18  -0.09     1.19
  SINCE JAN 1     31.95                     26.00   5.95    18.43

DEGREE DAYS
 COOLING
  YESTERDAY       15                        13      2       18
  MONTH TO DATE  287                       262     25      361
  SINCE JUN 1    287                       262     25      361
  SINCE JAN 1    613                       458    155      637
..................................................................


WIND (MPH)
  HIGHEST WIND SPEED    16   HIGHEST WIND DIRECTION    NW (330)
  HIGHEST GUST SPEED    19   HIGHEST GUST DIRECTION    NW (330)
  AVERAGE WIND SPEED     6.7


SKY COVER
  POSSIBLE SUNSHINE  MM
  AVERAGE SKY COVER 0.8


WEATHER CONDITIONS
 THE FOLLOWING WEATHER WAS RECORDED YESTERDAY.
  FOG


RELATIVE HUMIDITY (PERCENT)
 HIGHEST    93           100 AM
 LOWEST     40           500 PM
 AVERAGE    67

..........................................................


THE CHATTANOOGA  ASOS CLIMATE NORMALS FOR TODAY
                         NORMAL    RECORD    YEAR
 MAXIMUM TEMPERATURE (F)   89       102      1952
 MINIMUM TEMPERATURE (F)   68        50      1974


SUNRISE AND SUNSET
JUNE 25 2017..........SUNRISE   628 AM EDT   SUNSET   859 PM EDT
JUNE 26 2017..........SUNRISE   629 AM EDT   SUNSET   859 PM EDT


-  INDICATES NEGATIVE NUMBERS.
R  INDICATES RECORD WAS SET OR TIED.
MM INDICATES DATA IS MISSING.
T  INDICATES TRACE AMOUNT.




$$
