000
CDUS44 KMRX 300836
CLICHA


CLIMATE REPORT
NATIONAL WEATHER SERVICE MORRISTOWN TN
435 AM EDT SUN AUG 30 2015


...................................

...THE CHATTANOOGA  ASOS CLIMATE SUMMARY FOR AUGUST 29 2015...

CLIMATE NORMAL PERIOD 1981 TO 2010
CLIMATE RECORD PERIOD 1879 TO 2015


WEATHER ITEM   OBSERVED TIME   RECORD YEAR NORMAL DEPARTURE LAST
                VALUE   (LST)  VALUE       VALUE  FROM      YEAR
                                                  NORMAL
..................................................................
TEMPERATURE (F)
 YESTERDAY
  MAXIMUM         86    207 PM 100    1993  88     -2       94
  MINIMUM         68    552 AM  54    1992  68      0       67
  AVERAGE         77                        78     -1       81

PRECIPITATION (IN)
  YESTERDAY        0.00          1.66 1884   0.11  -0.11     0.00
  MONTH TO DATE    7.09                      3.28   3.81     2.89
  SINCE JUN 1     17.48                     12.24   5.24    10.45
  SINCE JAN 1     40.68                     35.06   5.62    27.74

DEGREE DAYS
 COOLING
  YESTERDAY       12                        13     -1       16
  MONTH TO DATE  392                       421    -29      420
  SINCE JUN 1   1348                      1229    119     1216
  SINCE JAN 1   1624                      1425    199     1474
..................................................................


WIND (MPH)
  HIGHEST WIND SPEED    15   HIGHEST WIND DIRECTION    SE (130)
  HIGHEST GUST SPEED    22   HIGHEST GUST DIRECTION    SE (140)
  AVERAGE WIND SPEED     4.4


SKY COVER
  POSSIBLE SUNSHINE  MM
  AVERAGE SKY COVER 0.6


WEATHER CONDITIONS
 THE FOLLOWING WEATHER WAS RECORDED YESTERDAY.
  THUNDERSTORM


RELATIVE HUMIDITY (PERCENT)
 HIGHEST    90           200 AM
 LOWEST     51           600 PM
 AVERAGE    71

..........................................................


THE CHATTANOOGA  ASOS CLIMATE NORMALS FOR TODAY
                         NORMAL    RECORD    YEAR
 MAXIMUM TEMPERATURE (F)   88        98      1993
 MINIMUM TEMPERATURE (F)   67        53      1992


SUNRISE AND SUNSET
AUGUST 30 2015........SUNRISE   712 AM EDT   SUNSET   811 PM EDT
AUGUST 31 2015........SUNRISE   713 AM EDT   SUNSET   809 PM EDT


-  INDICATES NEGATIVE NUMBERS.
R  INDICATES RECORD WAS SET OR TIED.
MM INDICATES DATA IS MISSING.
T  INDICATES TRACE AMOUNT.




$$
