000
CDUS44 KMRX 220827
CLICHA


CLIMATE REPORT
NATIONAL WEATHER SERVICE MORRISTOWN TN
427 AM EDT MON MAY 22 2017


...................................

...THE CHATTANOOGA  ASOS CLIMATE SUMMARY FOR MAY 21 2017...

CLIMATE NORMAL PERIOD 1981 TO 2010
CLIMATE RECORD PERIOD 1879 TO 2017


WEATHER ITEM   OBSERVED TIME   RECORD YEAR NORMAL DEPARTURE LAST
                VALUE   (LST)  VALUE       VALUE  FROM      YEAR
                                                  NORMAL
..................................................................
TEMPERATURE (F)
 YESTERDAY
  MAXIMUM         83    502 PM  95    1962  81      2       79
                                      1941
  MINIMUM         68    628 AM  40    1954  59      9       61
  AVERAGE         76                        70      6       70

PRECIPITATION (IN)
  YESTERDAY        0.03          1.95 1921   0.12  -0.09     0.00
  MONTH TO DATE    3.23                      2.87   0.36     1.41
  SINCE MAR 1     17.79                     11.84   5.95     6.48
  SINCE JAN 1     26.22                     21.59   4.63    17.22

DEGREE DAYS
 COOLING
  YESTERDAY       11                         6      5        5
  MONTH TO DATE  132                        80     52       94
  SINCE MAR 1    258                       126    132      173
  SINCE JAN 1    258                       126    132      173
..................................................................


WIND (MPH)
  HIGHEST WIND SPEED    13   HIGHEST WIND DIRECTION     W (260)
  HIGHEST GUST SPEED    16   HIGHEST GUST DIRECTION     W (250)
  AVERAGE WIND SPEED     3.5


SKY COVER
  POSSIBLE SUNSHINE  MM
  AVERAGE SKY COVER 0.7


WEATHER CONDITIONS
 THE FOLLOWING WEATHER WAS RECORDED YESTERDAY.
  LIGHT RAIN
  FOG


RELATIVE HUMIDITY (PERCENT)
 HIGHEST    93          1200 AM
 LOWEST     55           400 PM
 AVERAGE    74

..........................................................


THE CHATTANOOGA  ASOS CLIMATE NORMALS FOR TODAY
                         NORMAL    RECORD    YEAR
 MAXIMUM TEMPERATURE (F)   81        96      1941
 MINIMUM TEMPERATURE (F)   59        42      1993
                                             1883


SUNRISE AND SUNSET
MAY 22 2017...........SUNRISE   632 AM EDT   SUNSET   843 PM EDT
MAY 23 2017...........SUNRISE   632 AM EDT   SUNSET   844 PM EDT


-  INDICATES NEGATIVE NUMBERS.
R  INDICATES RECORD WAS SET OR TIED.
MM INDICATES DATA IS MISSING.
T  INDICATES TRACE AMOUNT.




$$
