000
CDUS44 KMRX 302116
CLICHA

CLIMATE REPORT
NATIONAL WEATHER SERVICE MORRISTOWN TN
515 PM EDT MON MAR 30 2015


...................................

...THE CHATTANOOGA CLIMATE SUMMARY FOR MARCH 30 2015...
VALID TODAY AS OF 0500 PM LOCAL TIME.

CLIMATE NORMAL PERIOD 1981 TO 2010
CLIMATE RECORD PERIOD 1879 TO 2015


WEATHER ITEM   OBSERVED TIME   RECORD YEAR NORMAL DEPARTURE LAST
                VALUE   (LST)  VALUE       VALUE  FROM      YEAR
                                                  NORMAL
..................................................................
TEMPERATURE (F)
 TODAY
  MAXIMUM         71    353 PM  85    1998  68      3       65
                                      1963
  MINIMUM         48    405 AM  24    1964  44      4       42
  AVERAGE         60                        56      4       54

PRECIPITATION (IN)
  TODAY            0.58          5.15 1886   0.16   0.42     0.00
  MONTH TO DATE    4.17                      4.83  -0.66     2.38
  SINCE MAR 1      4.17                      4.83  -0.66     2.38
  SINCE JAN 1     11.16                     14.58  -3.42     9.97

SNOWFALL (IN)
  TODAY            0.0                       0.0    0.0      0.0
  MONTH TO DATE    0.0                       1.2   -1.2       T
  SINCE MAR 1      0.0                       1.2   -1.2       T
  SINCE JUL 1      9.5                       3.8    5.7      8.4
  SNOW DEPTH       0

DEGREE DAYS
 HEATING
  TODAY            5                         9     -4       11
  MONTH TO DATE  313                       394    -81      426
  SINCE MAR 1    313                       394    -81      426
  SINCE JUL 1   3146                      3016    130     3220

 COOLING
  TODAY            0                         0      0        0
  MONTH TO DATE    2                         0      2        0
  SINCE MAR 1      2                         0      2        0
  SINCE JAN 1      2                         0      2        0
..................................................................


WIND (MPH)
  HIGHEST WIND SPEED    17   HIGHEST WIND DIRECTION    NW (310)
  HIGHEST GUST SPEED    21   HIGHEST GUST DIRECTION    NW (310)
  AVERAGE WIND SPEED     6.4


SKY COVER
  POSSIBLE SUNSHINE  MM
  AVERAGE SKY COVER 0.8


WEATHER CONDITIONS
 THE FOLLOWING WEATHER WAS RECORDED TODAY.
  THUNDERSTORM
  HEAVY RAIN
  RAIN
  LIGHT RAIN
  FOG


RELATIVE HUMIDITY (PERCENT)
 HIGHEST    93           900 AM
 LOWEST     25           400 PM
 AVERAGE    59

..........................................................


THE CHATTANOOGA CLIMATE NORMALS FOR TOMORROW
                         NORMAL    RECORD    YEAR
 MAXIMUM TEMPERATURE (F)   69        87      1963
 MINIMUM TEMPERATURE (F)   44        25      1923


SUNRISE AND SUNSET
MARCH 30 2015.........SUNRISE   731 AM EDT   SUNSET   800 PM EDT
MARCH 31 2015.........SUNRISE   729 AM EDT   SUNSET   801 PM EDT


-  INDICATES NEGATIVE NUMBERS.
R  INDICATES RECORD WAS SET OR TIED.
MM INDICATES DATA IS MISSING.
T  INDICATES TRACE AMOUNT.




$$
