000
CDUS44 KMRX 300827
CLICHA


CLIMATE REPORT
NATIONAL WEATHER SERVICE MORRISTOWN TN
426 AM EDT SAT JUL 30 2016


...................................

...THE CHATTANOOGA  ASOS CLIMATE SUMMARY FOR JULY 29 2016...

CLIMATE NORMAL PERIOD 1981 TO 2010
CLIMATE RECORD PERIOD 1879 TO 2016


WEATHER ITEM   OBSERVED TIME   RECORD YEAR NORMAL DEPARTURE LAST
                VALUE   (LST)  VALUE       VALUE  FROM      YEAR
                                                  NORMAL
..................................................................
TEMPERATURE (F)
 YESTERDAY
  MAXIMUM         91    522 PM 105    1952  90      1       95
  MINIMUM         75    552 AM  61    1994  70      5       75
  AVERAGE         83                        80      3       85

PRECIPITATION (IN)
  YESTERDAY        0.00          1.58 1963   0.15  -0.15     0.00
  MONTH TO DATE    2.15                      4.62  -2.47     6.28
  SINCE JUN 1      3.37                      8.67  -5.30    10.39
  SINCE JAN 1     20.61                     31.49 -10.88    33.59

DEGREE DAYS
 COOLING
  YESTERDAY       18                        15      3       20
  MONTH TO DATE  552                       431    121      480
  SINCE JUN 1   1024                       776    248      921
  SINCE JAN 1   1300                       972    328     1197
..................................................................


WIND (MPH)
  HIGHEST WIND SPEED    14   HIGHEST WIND DIRECTION     W (260)
  HIGHEST GUST SPEED    19   HIGHEST GUST DIRECTION    SW (230)
  AVERAGE WIND SPEED     6.5


SKY COVER
  POSSIBLE SUNSHINE  MM
  AVERAGE SKY COVER 0.7


WEATHER CONDITIONS
 THE FOLLOWING WEATHER WAS RECORDED YESTERDAY.
  THUNDERSTORM


RELATIVE HUMIDITY (PERCENT)
 HIGHEST    87           200 AM
 LOWEST     50           200 PM
 AVERAGE    69

..........................................................


THE CHATTANOOGA  ASOS CLIMATE NORMALS FOR TODAY
                         NORMAL    RECORD    YEAR
 MAXIMUM TEMPERATURE (F)   90        99      1999
                                             1952
 MINIMUM TEMPERATURE (F)   70        58      2014
                                             1969
                                             1965


SUNRISE AND SUNSET
JULY 30 2016..........SUNRISE   649 AM EDT   SUNSET   845 PM EDT
JULY 31 2016..........SUNRISE   650 AM EDT   SUNSET   844 PM EDT


-  INDICATES NEGATIVE NUMBERS.
R  INDICATES RECORD WAS SET OR TIED.
MM INDICATES DATA IS MISSING.
T  INDICATES TRACE AMOUNT.




$$
