000
CDUS41 KLWX 270525
CLICHO


CLIMATE REPORT
NATIONAL WEATHER SERVICE BALTIMORE MD/WASHINGTON DC
124 AM EDT TUE SEP 27 2016


...................................

...THE CHARLOTTESVILLE VA CLIMATE SUMMARY FOR SEPTEMBER 26 2016...

CLIMATE NORMAL PERIOD 1981 TO 2010
CLIMATE RECORD PERIOD 1889 TO 2016


WEATHER ITEM   OBSERVED TIME   RECORD YEAR NORMAL DEPARTURE LAST
                VALUE   (LST)  VALUE       VALUE  FROM      YEAR
                                                  NORMAL
..................................................................
TEMPERATURE (F)
 YESTERDAY
  MAXIMUM         71    313 PM  MM      MM  74     -3       69
  MINIMUM         63    830 AM  MM      MM  51     12       59
  AVERAGE         67                        63      4       64

PRECIPITATION (IN)
  YESTERDAY        0.10                      0.17  -0.07     0.35
  MONTH TO DATE    1.15                      3.72  -2.57     3.86
  SINCE SEP 1      1.15                      3.72  -2.57     3.86
  SINCE JAN 1     27.11                     31.86  -4.75    31.19

DEGREE DAYS
 HEATING
  YESTERDAY        0                         4     -4        1
  MONTH TO DATE    0                        36    -36       11
  SINCE SEP 1      0                        36    -36       11
  SINCE JUL 1      0                        39    -39       11

 COOLING
  YESTERDAY        2                         2      0        0
  MONTH TO DATE  277                       106    171      160
  SINCE SEP 1    277                       106    171      160
  SINCE JAN 1   1621                      1016    605     1318
..................................................................


WIND (MPH)
  HIGHEST WIND SPEED    14   HIGHEST WIND DIRECTION     S (200)
  HIGHEST GUST SPEED    17   HIGHEST GUST DIRECTION     S (200)
  AVERAGE WIND SPEED     4.7


SKY COVER
  POSSIBLE SUNSHINE  MM
  AVERAGE SKY COVER 1.0


WEATHER CONDITIONS
 THE FOLLOWING WEATHER WAS RECORDED YESTERDAY.
  THUNDERSTORM
  RAIN
  LIGHT RAIN
  FOG


RELATIVE HUMIDITY (PERCENT)
 HIGHEST    93           500 AM
 LOWEST     73          1200 PM
 AVERAGE    83

..........................................................


THE CHARLOTTESVILLE VA CLIMATE NORMALS FOR TODAY
                         NORMAL    RECORD    YEAR
 MAXIMUM TEMPERATURE (F)   74        MM        MM
 MINIMUM TEMPERATURE (F)   51        MM        MM


SUNRISE AND SUNSET
SEPTEMBER 27 2016.....SUNRISE   706 AM EDT   SUNSET   702 PM EDT
SEPTEMBER 28 2016.....SUNRISE   707 AM EDT   SUNSET   701 PM EDT


-  INDICATES NEGATIVE NUMBERS.
R  INDICATES RECORD WAS SET OR TIED.
MM INDICATES DATA IS MISSING.
T  INDICATES TRACE AMOUNT.




$$
