000
CDUS41 KLWX 220522
CLICHO


CLIMATE REPORT
NATIONAL WEATHER SERVICE BALTIMORE MD/WASHINGTON DC
1222 AM EST WED NOV 22 2017


...................................

...THE CHARLOTTESVILLE VA CLIMATE SUMMARY FOR NOVEMBER 21 2017...

CLIMATE NORMAL PERIOD 1981 TO 2010
CLIMATE RECORD PERIOD 1998 TO 2017


WEATHER ITEM   OBSERVED TIME   RECORD YEAR NORMAL DEPARTURE LAST
                VALUE   (LST)  VALUE       VALUE  FROM      YEAR
                                                  NORMAL
..................................................................
TEMPERATURE (F)
 YESTERDAY
  MAXIMUM         62    347 PM  MM      MM  55      7       51
  MINIMUM         33    632 AM  MM      MM  35     -2       33
  AVERAGE         48                        45      3       42

PRECIPITATION (IN)
  YESTERDAY        0.00                      0.12  -0.12     0.00
  MONTH TO DATE    0.95                      2.67  -1.72     0.20
  SINCE SEP 1      6.79                     10.26  -3.47     4.61
  SINCE JAN 1     34.13                     38.40  -4.27    30.57

DEGREE DAYS
 HEATING
  YESTERDAY       17                        20     -3       23
  MONTH TO DATE  347                       347      0      235
  SINCE SEP 1    501                       693   -192      372
  SINCE JUL 1    501                       696   -195      372

 COOLING
  YESTERDAY        0                         0      0        0
  MONTH TO DATE    2                         0      2       10
  SINCE SEP 1    274                       124    150      354
  SINCE JAN 1   1592                      1034    558     1698
..................................................................


WIND (MPH)
  HIGHEST WIND SPEED    18   HIGHEST WIND DIRECTION     S (190)
  HIGHEST GUST SPEED    24   HIGHEST GUST DIRECTION    SW (210)
  AVERAGE WIND SPEED     9.1


SKY COVER
  POSSIBLE SUNSHINE  MM
  AVERAGE SKY COVER 0.1


WEATHER CONDITIONS
 THE FOLLOWING WEATHER WAS RECORDED YESTERDAY.
  NO SIGNIFICANT WEATHER WAS OBSERVED.


RELATIVE HUMIDITY (PERCENT)
 HIGHEST    70           700 AM
 LOWEST     38          1200 PM
 AVERAGE    54

..........................................................


THE CHARLOTTESVILLE VA CLIMATE NORMALS FOR TODAY
                         NORMAL    RECORD    YEAR
 MAXIMUM TEMPERATURE (F)   55        MM        MM
 MINIMUM TEMPERATURE (F)   35        MM        MM


SUNRISE AND SUNSET
NOVEMBER 22 2017......SUNRISE   702 AM EST   SUNSET   457 PM EST
NOVEMBER 23 2017......SUNRISE   704 AM EST   SUNSET   457 PM EST


-  INDICATES NEGATIVE NUMBERS.
R  INDICATES RECORD WAS SET OR TIED.
MM INDICATES DATA IS MISSING.
T  INDICATES TRACE AMOUNT.




$$
