000
CDUS41 KLWX 160519
CLICHO


CLIMATE REPORT
NATIONAL WEATHER SERVICE BALTIMORE MD/WASHINGTON DC
118 AM EDT TUE SEP 16 2014


...................................

...THE CHARLOTTESVILLE VA CLIMATE SUMMARY FOR SEPTEMBER 15 2014...

CLIMATE NORMAL PERIOD 1981 TO 2010
CLIMATE RECORD PERIOD 1889 TO 2014


WEATHER ITEM   OBSERVED TIME   RECORD YEAR NORMAL DEPARTURE LAST
                VALUE   (LST)  VALUE       VALUE  FROM      YEAR
                                                  NORMAL
..................................................................
TEMPERATURE (F)
 YESTERDAY
  MAXIMUM         75    306 PM  MM      MM  79     -4       76
  MINIMUM         51    544 AM  MM      MM  56     -5       44
  AVERAGE         63                        67     -4       60

PRECIPITATION (IN)
  YESTERDAY        0.00                      0.17  -0.17     0.00
  MONTH TO DATE    0.28                      1.75  -1.47     0.07
  SINCE SEP 1      0.28                      1.75  -1.47     0.07
  SINCE JAN 1     28.78                     29.89  -1.11    33.59

DEGREE DAYS
 HEATING
  YESTERDAY        2                         1      1        5
  MONTH TO DATE    7                         7      0       11
  SINCE SEP 1      7                         7      0       11
  SINCE JUL 1      7                        10     -3       16

 COOLING
  YESTERDAY        0                         4     -4        0
  MONTH TO DATE  132                        78     54      105
  SINCE SEP 1    132                        78     54      105
  SINCE JAN 1   1060                       988     72     1107
..................................................................


WIND (MPH)
  HIGHEST WIND SPEED    12   HIGHEST WIND DIRECTION     S (180)
  HIGHEST GUST SPEED    15   HIGHEST GUST DIRECTION     S (180)
  AVERAGE WIND SPEED     3.9


SKY COVER
  POSSIBLE SUNSHINE  MM
  AVERAGE SKY COVER 0.6


WEATHER CONDITIONS
 THE FOLLOWING WEATHER WAS RECORDED YESTERDAY.
  FOG


RELATIVE HUMIDITY (PERCENT)
 HIGHEST   100           600 AM
 LOWEST     53          1100 AM
 AVERAGE    77

..........................................................


THE CHARLOTTESVILLE VA CLIMATE NORMALS FOR TODAY
                         NORMAL    RECORD    YEAR
 MAXIMUM TEMPERATURE (F)   78        MM        MM
 MINIMUM TEMPERATURE (F)   56        MM        MM


SUNRISE AND SUNSET
SEPTEMBER 16 2014.....SUNRISE   656 AM EDT   SUNSET   720 PM EDT
SEPTEMBER 17 2014.....SUNRISE   657 AM EDT   SUNSET   719 PM EDT


-  INDICATES NEGATIVE NUMBERS.
R  INDICATES RECORD WAS SET OR TIED.
MM INDICATES DATA IS MISSING.
T  INDICATES TRACE AMOUNT.




$$
