000
CDUS42 KCHS 240519
CLICHS


CLIMATE REPORT
NATIONAL WEATHER SERVICE CHARLESTON SC
118 AM EDT THU JUL 24 2014


...................................

...THE NORTH CHARLESTON SC CLIMATE SUMMARY FOR JULY 23 2014...

CLIMATE NORMAL PERIOD 1981 TO 2010
CLIMATE RECORD PERIOD 1938 TO 2014


WEATHER ITEM   OBSERVED TIME   RECORD YEAR NORMAL DEPARTURE LAST
                VALUE   (LST)  VALUE       VALUE  FROM      YEAR
                                                  NORMAL
..................................................................
TEMPERATURE (F)
 YESTERDAY
  MAXIMUM         94    107 PM  99    1952  91      3       91
                                      1940
  MINIMUM         74    509 AM  60    1974  73      1       77
                                      1966
  AVERAGE         84                        82      2       84

PRECIPITATION (IN)
  YESTERDAY        0.29          2.54 1941   0.21   0.08     0.00
  MONTH TO DATE    4.95                      4.87   0.08     3.65
  SINCE JUN 1      8.54                     10.52  -1.98    16.97
  SINCE JAN 1     25.79                     26.83  -1.04    40.41

DEGREE DAYS
 HEATING
  YESTERDAY        0                         0      0        0
  MONTH TO DATE    0                         0      0        0
  SINCE JUN 1      0                         1     -1        0
  SINCE JUL 1      0                         0      0        0

 COOLING
  YESTERDAY       19                        17      2       19
  MONTH TO DATE  411                       388     23      390
  SINCE JUN 1    929                       809    120      854
  SINCE JAN 1   1439                      1171    268     1201
..................................................................


WIND (MPH)
  HIGHEST WIND SPEED    15   HIGHEST WIND DIRECTION     S (180)
  HIGHEST GUST SPEED   163   HIGHEST GUST DIRECTION     E (90)
  AVERAGE WIND SPEED     3.6


SKY COVER
  POSSIBLE SUNSHINE  MM
  AVERAGE SKY COVER 0.5


WEATHER CONDITIONS
 THE FOLLOWING WEATHER WAS RECORDED YESTERDAY.
  THUNDERSTORM
  HEAVY RAIN
  LIGHT RAIN
  FOG


RELATIVE HUMIDITY (PERCENT)
 HIGHEST    94           100 AM
 LOWEST     49           100 PM
 AVERAGE    72

..........................................................


THE NORTH CHARLESTON SC CLIMATE NORMALS FOR TODAY
                         NORMAL    RECORD    YEAR
 MAXIMUM TEMPERATURE (F)   91       101      1940
 MINIMUM TEMPERATURE (F)   73        63      1944


SUNRISE AND SUNSET
JULY 24 2014..........SUNRISE   628 AM EDT   SUNSET   825 PM EDT
JULY 25 2014..........SUNRISE   629 AM EDT   SUNSET   824 PM EDT


-  INDICATES NEGATIVE NUMBERS.
R  INDICATES RECORD WAS SET OR TIED.
MM INDICATES DATA IS MISSING.
T  INDICATES TRACE AMOUNT.




$$
