000
CDUS42 KCHS 240608
CLICHS


CLIMATE REPORT
NATIONAL WEATHER SERVICE CHARLESTON SC
108 AM EST FRI NOV 24 2017


...................................

...THE NORTH CHARLESTON SC CLIMATE SUMMARY FOR NOVEMBER 23 2017...

CLIMATE NORMAL PERIOD 1981 TO 2010
CLIMATE RECORD PERIOD 1938 TO 2017


WEATHER ITEM   OBSERVED TIME   RECORD YEAR NORMAL DEPARTURE LAST
                VALUE   (LST)  VALUE       VALUE  FROM      YEAR
                                                  NORMAL
..................................................................
TEMPERATURE (F)
 YESTERDAY
  MAXIMUM         54    129 AM  83    1941  68    -14       72
  MINIMUM         44   1159 PM  25    1976  46     -2       37
  AVERAGE         49                        57     -8       55

PRECIPITATION (IN)
  YESTERDAY        0.26          2.00 2014   0.08   0.18     0.00
  MONTH TO DATE    1.60                      1.87  -0.27     0.11
  SINCE SEP 1     11.92                     11.72   0.20    22.86
  SINCE JAN 1     50.36                     47.36   3.00    54.85

SNOWFALL (IN)
  YESTERDAY        0.0                       0.0    0.0
  SINCE SEP 1      0.0                       0.0    0.0
  SINCE JUL 1      T                         0.0    0.0

DEGREE DAYS
 HEATING
  YESTERDAY       16                         9      7       10
  MONTH TO DATE  165                       153     12      172
  SINCE SEP 1    223                       222      1      188
  SINCE JUL 1    223                       222      1      188

 COOLING
  YESTERDAY        0                         1     -1        0
  MONTH TO DATE   32                        28      4       22
  SINCE SEP 1    637                       487    150      658
  SINCE JAN 1   2679                      2292    387     2933
..................................................................


WIND (MPH)
  HIGHEST WIND SPEED    16   HIGHEST WIND DIRECTION    NE (30)
  HIGHEST GUST SPEED    21   HIGHEST GUST DIRECTION    NE (30)
  AVERAGE WIND SPEED     8.8


SKY COVER
  POSSIBLE SUNSHINE  MM
  AVERAGE SKY COVER 0.9


WEATHER CONDITIONS
 THE FOLLOWING WEATHER WAS RECORDED YESTERDAY.
  LIGHT RAIN
  FOG


RELATIVE HUMIDITY (PERCENT)
 HIGHEST   100           200 PM
 LOWEST     59           400 AM
 AVERAGE    80

..........................................................


THE NORTH CHARLESTON SC CLIMATE NORMALS FOR TODAY
                         NORMAL    RECORD    YEAR
 MAXIMUM TEMPERATURE (F)   68        82      1986
                                             1973
 MINIMUM TEMPERATURE (F)   45        21      1970


SUNRISE AND SUNSET
NOVEMBER 24 2017......SUNRISE   659 AM EST   SUNSET   515 PM EST
NOVEMBER 25 2017......SUNRISE   700 AM EST   SUNSET   514 PM EST


-  INDICATES NEGATIVE NUMBERS.
R  INDICATES RECORD WAS SET OR TIED.
MM INDICATES DATA IS MISSING.
T  INDICATES TRACE AMOUNT.




$$
