267
CDUS42 KCHS 060610
CLICHS


CLIMATE REPORT
NATIONAL WEATHER SERVICE CHARLESTON SC
110 AM EST SAT FEB 6 2016


...................................

...THE NORTH CHARLESTON SC CLIMATE SUMMARY FOR FEBRUARY 5 2016...

CLIMATE NORMAL PERIOD 1981 TO 2010
CLIMATE RECORD PERIOD 1938 TO 2016


WEATHER ITEM   OBSERVED TIME   RECORD YEAR NORMAL DEPARTURE LAST
                VALUE   (LST)  VALUE       VALUE  FROM      YEAR
                                                  NORMAL
..................................................................
TEMPERATURE (F)
 YESTERDAY
  MAXIMUM         54    340 PM  81    2012  61     -7       60
  MINIMUM         36   1037 PM  16    1996  39     -3       38
  AVERAGE         45                        50     -5       49

PRECIPITATION (IN)
  YESTERDAY        0.00          1.15 1945   0.11  -0.11     0.39
  MONTH TO DATE    2.38                      0.56   1.82     0.86
  SINCE DEC 1      8.92                      7.38   1.54     7.79
  SINCE JAN 1      5.78                      4.27   1.51     4.39

SNOWFALL (IN)
  YESTERDAY        0.0                       0.0    0.0
  SINCE DEC 1      T                         0.3   -0.3
  SINCE JUL 1      T                         0.3   -0.3

DEGREE DAYS
 HEATING
  YESTERDAY       20                        15      5       16
  MONTH TO DATE   29                        77    -48       87
  SINCE DEC 1    687                      1044   -357      946
  SINCE JUL 1    833                      1336   -503     1284

 COOLING
  YESTERDAY        0                         0      0        0
  MONTH TO DATE    2                         0      2        0
  SINCE DEC 1     99                         9     90        4
  SINCE JAN 1      2                         2      0        4
..................................................................


WIND (MPH)
  HIGHEST WIND SPEED    22   HIGHEST WIND DIRECTION     N (10)
  HIGHEST GUST SPEED    29   HIGHEST GUST DIRECTION     N (350)
  AVERAGE WIND SPEED    11.7


SKY COVER
  POSSIBLE SUNSHINE  MM
  AVERAGE SKY COVER 0.3


WEATHER CONDITIONS
 THE FOLLOWING WEATHER WAS RECORDED YESTERDAY.
  NO SIGNIFICANT WEATHER WAS OBSERVED.


RELATIVE HUMIDITY (PERCENT)
 HIGHEST    89          1200 AM
 LOWEST     30           500 PM
 AVERAGE    60

..........................................................


THE NORTH CHARLESTON SC CLIMATE NORMALS FOR TODAY
                         NORMAL    RECORD    YEAR
 MAXIMUM TEMPERATURE (F)   61        77      2008
                                             1989
 MINIMUM TEMPERATURE (F)   39        19      1996
                                             1966


SUNRISE AND SUNSET
FEBRUARY  6 2016......SUNRISE   712 AM EST   SUNSET   557 PM EST
FEBRUARY  7 2016......SUNRISE   711 AM EST   SUNSET   558 PM EST


-  INDICATES NEGATIVE NUMBERS.
R  INDICATES RECORD WAS SET OR TIED.
MM INDICATES DATA IS MISSING.
T  INDICATES TRACE AMOUNT.




$$
