000
CDUS42 KCHS 290615
CLICHS


CLIMATE REPORT
NATIONAL WEATHER SERVICE CHARLESTON SC
213 AM EDT FRI MAY 29 2015


...................................

...THE NORTH CHARLESTON SC CLIMATE SUMMARY FOR MAY 28 2015...

CLIMATE NORMAL PERIOD 1981 TO 2010
CLIMATE RECORD PERIOD 1938 TO 2015


WEATHER ITEM   OBSERVED TIME   RECORD YEAR NORMAL DEPARTURE LAST
                VALUE   (LST)  VALUE       VALUE  FROM      YEAR
                                                  NORMAL
..................................................................
TEMPERATURE (F)
 YESTERDAY
  MAXIMUM         85    117 PM  97    1967  86     -1       92
                                      1964
  MINIMUM         66   1056 PM  45    1961  65      1       71
  AVERAGE         76                        76      0       82

PRECIPITATION (IN)
  YESTERDAY        0.00          1.35 1984   0.12  -0.12      T
  MONTH TO DATE    1.36                      2.67  -1.31     1.22
  SINCE MAR 1      7.29                      9.29  -2.00    12.13
  SINCE JAN 1     15.22                     15.96  -0.74    16.98

DEGREE DAYS
 HEATING
  YESTERDAY        0                         0      0        0
  MONTH TO DATE    4                         8     -4        0
  SINCE MAR 1    210                       335   -125      352
  SINCE JUL 1   1947                      1971    -24     1875

 COOLING
  YESTERDAY       11                        11      0       17
  MONTH TO DATE  237                       212     25      308
  SINCE MAR 1    397                       323     74      456
  SINCE JAN 1    401                       330     71      466
..................................................................


WIND (MPH)
  HIGHEST WIND SPEED    16   HIGHEST WIND DIRECTION    SE (140)
  HIGHEST GUST SPEED    26   HIGHEST GUST DIRECTION    SE (150)
  AVERAGE WIND SPEED     5.3


SKY COVER
  POSSIBLE SUNSHINE  MM
  AVERAGE SKY COVER 0.3


WEATHER CONDITIONS
 THE FOLLOWING WEATHER WAS RECORDED YESTERDAY.
  FOG


RELATIVE HUMIDITY (PERCENT)
 HIGHEST   100           400 AM
 LOWEST     47           400 PM
 AVERAGE    74

..........................................................


THE NORTH CHARLESTON SC CLIMATE NORMALS FOR TODAY
                         NORMAL    RECORD    YEAR
 MAXIMUM TEMPERATURE (F)   86        95      1945
 MINIMUM TEMPERATURE (F)   66        53      1961


SUNRISE AND SUNSET
MAY 29 2015...........SUNRISE   614 AM EDT   SUNSET   822 PM EDT
MAY 30 2015...........SUNRISE   613 AM EDT   SUNSET   822 PM EDT


-  INDICATES NEGATIVE NUMBERS.
R  INDICATES RECORD WAS SET OR TIED.
MM INDICATES DATA IS MISSING.
T  INDICATES TRACE AMOUNT.




$$
