000
CDUS42 KCHS 280607
CLICHS


CLIMATE REPORT
NATIONAL WEATHER SERVICE CHARLESTON SC
107 AM EST SAT FEB 28 2015


...................................

...THE NORTH CHARLESTON SC CLIMATE SUMMARY FOR FEBRUARY 27 2015...

CLIMATE NORMAL PERIOD 1981 TO 2010
CLIMATE RECORD PERIOD 1938 TO 2015


WEATHER ITEM   OBSERVED TIME   RECORD YEAR NORMAL DEPARTURE LAST
                VALUE   (LST)  VALUE       VALUE  FROM      YEAR
                                                  NORMAL
..................................................................
TEMPERATURE (F)
 YESTERDAY
  MAXIMUM         53    336 PM  84    1962  66    -13       62
  MINIMUM         35    706 AM  22    1967  43     -8       37
  AVERAGE         44                        54    -10       50

PRECIPITATION (IN)
  YESTERDAY        0.00          1.48 1984   0.11  -0.11     0.00
  MONTH TO DATE    4.40                      2.86   1.54     2.18
  SINCE DEC 1     11.33                      9.68   1.65     7.00
  SINCE JAN 1      7.93                      6.57   1.36     4.85

SNOWFALL (IN)
  YESTERDAY        0.0                       0.0    0.0
  SINCE DEC 1      T                         0.5   -0.5
  SINCE JUL 1      T                         0.5   -0.5

DEGREE DAYS
 HEATING
  YESTERDAY       21                        11     10       15
  MONTH TO DATE  521                       367    154      305
  SINCE DEC 1   1380                      1334     46     1198
  SINCE JUL 1   1718                      1626     92     1503

 COOLING
  YESTERDAY        0                         0      0        0
  MONTH TO DATE    0                         0      0        8
  SINCE DEC 1      4                         9     -5       44
  SINCE JAN 1      4                         2      2       10
..................................................................


WIND (MPH)
  HIGHEST WIND SPEED    13   HIGHEST WIND DIRECTION    SE (130)
  HIGHEST GUST SPEED    37   HIGHEST GUST DIRECTION    SE (140)
  AVERAGE WIND SPEED     6.0


SKY COVER
  POSSIBLE SUNSHINE  MM
  AVERAGE SKY COVER 0.7


WEATHER CONDITIONS
 THE FOLLOWING WEATHER WAS RECORDED YESTERDAY.
  NO SIGNIFICANT WEATHER WAS OBSERVED.


RELATIVE HUMIDITY (PERCENT)
 HIGHEST    92           200 AM
 LOWEST     48           200 PM
 AVERAGE    70

..........................................................


THE NORTH CHARLESTON SC CLIMATE NORMALS FOR TODAY
                         NORMAL    RECORD    YEAR
 MAXIMUM TEMPERATURE (F)   66        86      1962
 MINIMUM TEMPERATURE (F)   43        21      2002


SUNRISE AND SUNSET
FEBRUARY 28 2015......SUNRISE   649 AM EST   SUNSET   616 PM EST
MARCH  1 2015.........SUNRISE   648 AM EST   SUNSET   617 PM EST


-  INDICATES NEGATIVE NUMBERS.
R  INDICATES RECORD WAS SET OR TIED.
MM INDICATES DATA IS MISSING.
T  INDICATES TRACE AMOUNT.




$$
