000
CDUS42 KCHS 280616
CLICHS


CLIMATE REPORT
NATIONAL WEATHER SERVICE CHARLESTON SC
216 AM EDT FRI APR 28 2017


...................................

...THE NORTH CHARLESTON SC CLIMATE SUMMARY FOR APRIL 27 2017...

CLIMATE NORMAL PERIOD 1981 TO 2010
CLIMATE RECORD PERIOD 1938 TO 2017


WEATHER ITEM   OBSERVED TIME   RECORD YEAR NORMAL DEPARTURE LAST
                VALUE   (LST)  VALUE       VALUE  FROM      YEAR
                                                  NORMAL
..................................................................
TEMPERATURE (F)
 YESTERDAY
  MAXIMUM         85    254 PM  94    1989  79      6       87
  MINIMUM         64    610 AM  40    1972  56      8       65
  AVERAGE         75                        68      7       76

PRECIPITATION (IN)
  YESTERDAY        0.00          1.70 1944   0.10  -0.10     0.00
  MONTH TO DATE    6.22                      2.63   3.59     1.14
  SINCE MAR 1      7.24                      6.34   0.90     4.33
  SINCE JAN 1     11.42                     13.01  -1.59    12.62

SNOWFALL (IN)
  YESTERDAY        0.0                       0.0    0.0
  SINCE MAR 1      T                         0.0    0.0
  SINCE JUL 1      T                         0.5   -0.5

DEGREE DAYS
 HEATING
  YESTERDAY        0                         1     -1        0
  MONTH TO DATE   23                        85    -62       68
  SINCE MAR 1    257                       324    -67      176
  SINCE JUL 1   1225                      1960   -735     1353

 COOLING
  YESTERDAY       10                         4      6       11
  MONTH TO DATE  139                        72     67       67
  SINCE MAR 1    198                        99     99      163
  SINCE JAN 1    233                       106    127      171
..................................................................


WIND (MPH)
  HIGHEST WIND SPEED    24   HIGHEST WIND DIRECTION     S (190)
  HIGHEST GUST SPEED    31   HIGHEST GUST DIRECTION     S (190)
  AVERAGE WIND SPEED    12.0


SKY COVER
  POSSIBLE SUNSHINE  MM
  AVERAGE SKY COVER 0.5


WEATHER CONDITIONS
 THE FOLLOWING WEATHER WAS RECORDED YESTERDAY.
  NO SIGNIFICANT WEATHER WAS OBSERVED.


RELATIVE HUMIDITY (PERCENT)
 HIGHEST    93           400 AM
 LOWEST     44           300 PM
 AVERAGE    69

..........................................................


THE NORTH CHARLESTON SC CLIMATE NORMALS FOR TODAY
                         NORMAL    RECORD    YEAR
 MAXIMUM TEMPERATURE (F)   79        93      1981
                                             1942
 MINIMUM TEMPERATURE (F)   56        40      1967


SUNRISE AND SUNSET
APRIL 28 2017.........SUNRISE   636 AM EDT   SUNSET   800 PM EDT
APRIL 29 2017.........SUNRISE   635 AM EDT   SUNSET   801 PM EDT


-  INDICATES NEGATIVE NUMBERS.
R  INDICATES RECORD WAS SET OR TIED.
MM INDICATES DATA IS MISSING.
T  INDICATES TRACE AMOUNT.




$$
