000
CDUS42 KCHS 300604
CLICHS


CLIMATE REPORT
NATIONAL WEATHER SERVICE CHARLESTON SC
203 AM EDT MON MAY 30 2016


...................................

...THE NORTH CHARLESTON SC CLIMATE SUMMARY FOR MAY 29 2016...

CLIMATE NORMAL PERIOD 1981 TO 2010
CLIMATE RECORD PERIOD 1938 TO 2016


WEATHER ITEM   OBSERVED TIME   RECORD YEAR NORMAL DEPARTURE LAST
                VALUE   (LST)  VALUE       VALUE  FROM      YEAR
                                                  NORMAL
..................................................................
TEMPERATURE (F)
 YESTERDAY
  MAXIMUM         80    251 PM  95    1945  86     -6       84
  MINIMUM         71   1159 PM  53    1961  66      5       62
  AVERAGE         76                        76      0       73

PRECIPITATION (IN)
  YESTERDAY        2.42R         1.97 1992   0.11   2.31      T
  MONTH TO DATE    6.23                      2.78   3.45     1.36
  SINCE MAR 1     12.03                      9.40   2.63     7.29
  SINCE JAN 1     20.32                     16.07   4.25    15.22

DEGREE DAYS
 HEATING
  YESTERDAY        0                         0      0        0
  MONTH TO DATE    4                         8     -4        4
  SINCE MAR 1    180                       335   -155      210
  SINCE JUL 1   1357                      1971   -614     1947

 COOLING
  YESTERDAY       11                        11      0        8
  MONTH TO DATE  263                       223     40      245
  SINCE MAR 1    463                       334    129      405
  SINCE JAN 1    471                       341    130      409
..................................................................


WIND (MPH)
  HIGHEST WIND SPEED    30   HIGHEST WIND DIRECTION     W (290)
  HIGHEST GUST SPEED    41   HIGHEST GUST DIRECTION     W (290)
  AVERAGE WIND SPEED    10.4


SKY COVER
  POSSIBLE SUNSHINE  MM
  AVERAGE SKY COVER 0.8


WEATHER CONDITIONS
 THE FOLLOWING WEATHER WAS RECORDED YESTERDAY.
  THUNDERSTORM
  HEAVY RAIN
  RAIN
  LIGHT RAIN
  FOG


RELATIVE HUMIDITY (PERCENT)
 HIGHEST    93           700 AM
 LOWEST     67           300 PM
 AVERAGE    80

..........................................................


THE NORTH CHARLESTON SC CLIMATE NORMALS FOR TODAY
                         NORMAL    RECORD    YEAR
 MAXIMUM TEMPERATURE (F)   86        95      2004
                                             1995
                                             1974
 MINIMUM TEMPERATURE (F)   66        55      1971
                                             1946


SUNRISE AND SUNSET
MAY 30 2016...........SUNRISE   613 AM EDT   SUNSET   823 PM EDT
MAY 31 2016...........SUNRISE   613 AM EDT   SUNSET   823 PM EDT


-  INDICATES NEGATIVE NUMBERS.
R  INDICATES RECORD WAS SET OR TIED.
MM INDICATES DATA IS MISSING.
T  INDICATES TRACE AMOUNT.




$$
