000
CDUS43 KDVN 300926
CLICID


CLIMATE REPORT
NATIONAL WEATHER SERVICE QUAD CITIES IA IL
424 AM CDT MON MAR 30 2015


...................................

...THE CEDAR RAPIDS IA CLIMATE SUMMARY FOR MARCH 29 2015...

CLIMATE NORMAL PERIOD 1981 TO 2010
CLIMATE RECORD PERIOD 1891 TO 2015


WEATHER ITEM   OBSERVED TIME   RECORD YEAR NORMAL DEPARTURE LAST
                VALUE   (LST)  VALUE       VALUE  FROM      YEAR
                                                  NORMAL
..................................................................
TEMPERATURE (F)
 YESTERDAY
  MAXIMUM         61    218 PM  88    1986  53      8       51
  MINIMUM         30    415 AM   9    1969  31     -1       32
  AVERAGE         46                        42      4       42

PRECIPITATION (IN)
  YESTERDAY        0.06         MM      MM   0.08  -0.02     0.00
  MONTH TO DATE    0.52                      1.94  -1.42     0.35
  SINCE MAR 1      0.52                      1.94  -1.42     0.35
  SINCE JAN 1      1.85                      4.08  -2.23     2.10

DEGREE DAYS
 HEATING
  YESTERDAY       19                        23     -4       23
  MONTH TO DATE  844                       836      8     1038
  SINCE MAR 1    844                       836      8     1038
  SINCE JUL 1   6371                      6119    252     7077

 COOLING
  YESTERDAY        0                         0      0        0
  MONTH TO DATE    0                         0      0        0
  SINCE MAR 1      0                         0      0        0
  SINCE JAN 1      0                         0      0        0
..................................................................


WIND (MPH)
  HIGHEST WIND SPEED    40   HIGHEST WIND DIRECTION     W (290)
  HIGHEST GUST SPEED    49   HIGHEST GUST DIRECTION     W (290)
  AVERAGE WIND SPEED    18.5


SKY COVER
  POSSIBLE SUNSHINE  MM
  AVERAGE SKY COVER 0.4


WEATHER CONDITIONS
 THE FOLLOWING WEATHER WAS RECORDED YESTERDAY.
  LIGHT RAIN
  FREEZING RAIN
  LT FREEZING RAIN
  HAZE


RELATIVE HUMIDITY (PERCENT)
 HIGHEST    92           900 AM
 LOWEST     38           600 PM
 AVERAGE    65

..........................................................


THE CEDAR RAPIDS IA CLIMATE NORMALS FOR TODAY
                         NORMAL    RECORD    YEAR
 MAXIMUM TEMPERATURE (F)   54        82      1943
 MINIMUM TEMPERATURE (F)   32         6      1964


SUNRISE AND SUNSET
MARCH 30 2015.........SUNRISE   653 AM CDT   SUNSET   730 PM CDT
MARCH 31 2015.........SUNRISE   652 AM CDT   SUNSET   731 PM CDT


-  INDICATES NEGATIVE NUMBERS.
R  INDICATES RECORD WAS SET OR TIED.
MM INDICATES DATA IS MISSING.
T  INDICATES TRACE AMOUNT.




$$
