000
CDUS43 KDVN 021005
CLICID


CLIMATE REPORT
NATIONAL WEATHER SERVICE QUAD CITIES IA IL
403 AM CST MON MAR 2 2015


...................................

...THE CEDAR RAPIDS IA CLIMATE SUMMARY FOR MARCH 1 2015...

CLIMATE NORMAL PERIOD 1981 TO 2010
CLIMATE RECORD PERIOD 1891 TO 2015


WEATHER ITEM   OBSERVED TIME   RECORD YEAR NORMAL DEPARTURE LAST
                VALUE   (LST)  VALUE       VALUE  FROM      YEAR
                                                  NORMAL
..................................................................
TEMPERATURE (F)
 YESTERDAY
  MAXIMUM         27    408 PM  71    1992  39    -12       20
  MINIMUM          8    123 AM -20    1962  21    -13        1
  AVERAGE         18                        30    -12       11

PRECIPITATION (IN)
  YESTERDAY        T            MM      MM   0.06  -0.06     0.16
  MONTH TO DATE    T                         0.06  -0.06     0.16
  SINCE MAR 1      T                         0.06  -0.06     0.16
  SINCE JAN 1      1.33                      2.20  -0.87     1.91

DEGREE DAYS
 HEATING
  YESTERDAY       47                        35     12       54
  MONTH TO DATE   47                        35     12       54
  SINCE MAR 1     47                        35     12       54
  SINCE JUL 1   5574                      5318    256     6093

 COOLING
  YESTERDAY        0                         0      0        0
  MONTH TO DATE    0                         0      0        0
  SINCE MAR 1      0                         0      0        0
  SINCE JAN 1      0                         0      0        0
..................................................................


WIND (MPH)
  HIGHEST WIND SPEED    20   HIGHEST WIND DIRECTION    NW (310)
  HIGHEST GUST SPEED    22   HIGHEST GUST DIRECTION    NW (320)
  AVERAGE WIND SPEED     8.0


SKY COVER
  POSSIBLE SUNSHINE  MM
  AVERAGE SKY COVER 0.6


WEATHER CONDITIONS
 THE FOLLOWING WEATHER WAS RECORDED YESTERDAY.
  LIGHT SNOW
  FOG
  FOG W/VISIBILITY <= 1/4 MILE


RELATIVE HUMIDITY (PERCENT)
 HIGHEST   100           300 AM
 LOWEST     71           600 PM
 AVERAGE    86

..........................................................


THE CEDAR RAPIDS IA CLIMATE NORMALS FOR TODAY
                         NORMAL    RECORD    YEAR
 MAXIMUM TEMPERATURE (F)   39        73      1923
 MINIMUM TEMPERATURE (F)   21       -13      1912


SUNRISE AND SUNSET
MARCH  2 2015.........SUNRISE   640 AM CST   SUNSET   558 PM CST
MARCH  3 2015.........SUNRISE   639 AM CST   SUNSET   559 PM CST


-  INDICATES NEGATIVE NUMBERS.
R  INDICATES RECORD WAS SET OR TIED.
MM INDICATES DATA IS MISSING.
T  INDICATES TRACE AMOUNT.




$$
