000
CDUS43 KDVN 280913
CLICID


CLIMATE REPORT
NATIONAL WEATHER SERVICE QUAD CITIES IA IL
412 AM CDT SAT MAY 28 2016


...................................

...THE CEDAR RAPIDS IA CLIMATE SUMMARY FOR MAY 27 2016...

CLIMATE NORMAL PERIOD 1981 TO 2010
CLIMATE RECORD PERIOD 1891 TO 2016


WEATHER ITEM   OBSERVED TIME   RECORD YEAR NORMAL DEPARTURE LAST
                VALUE   (LST)  VALUE       VALUE  FROM      YEAR
                                                  NORMAL
..................................................................
TEMPERATURE (F)
 YESTERDAY
  MAXIMUM         82    419 PM  94    1914  75      7       79
  MINIMUM         62    538 AM  35    1992  53      9       56
  AVERAGE         72                        64      8       68

PRECIPITATION (IN)
  YESTERDAY        0.45         MM      MM   0.14   0.31     0.02
  MONTH TO DATE    2.09                      3.59  -1.50     3.31
  SINCE MAR 1      6.85                      8.74  -1.89     7.55
  SINCE JAN 1      7.45                     10.88  -3.43     8.88

DEGREE DAYS
 HEATING
  YESTERDAY        0                         3     -3        0
  MONTH TO DATE  187                       180      7      123
  SINCE MAR 1   1338                      1542   -204     1414
  SINCE JUL 1   5649                      6825  -1176     6941

 COOLING
  YESTERDAY        7                         2      5        3
  MONTH TO DATE   35                        31      4       38
  SINCE MAR 1     38                        38      0       38
  SINCE JAN 1     38                        38      0       38
..................................................................


WIND (MPH)
  HIGHEST WIND SPEED    22   HIGHEST WIND DIRECTION     S (170)
  HIGHEST GUST SPEED    29   HIGHEST GUST DIRECTION     S (170)
  AVERAGE WIND SPEED     7.4


SKY COVER
  POSSIBLE SUNSHINE  MM
  AVERAGE SKY COVER 0.8


WEATHER CONDITIONS
 THE FOLLOWING WEATHER WAS RECORDED YESTERDAY.
  THUNDERSTORM
  RAIN
  LIGHT RAIN
  FOG


RELATIVE HUMIDITY (PERCENT)
 HIGHEST   100           400 AM
 LOWEST     67           100 PM
 AVERAGE    84

..........................................................


THE CEDAR RAPIDS IA CLIMATE NORMALS FOR TODAY
                         NORMAL    RECORD    YEAR
 MAXIMUM TEMPERATURE (F)   75        95      1991
 MINIMUM TEMPERATURE (F)   53        33      1928


SUNRISE AND SUNSET
MAY 28 2016...........SUNRISE   536 AM CDT   SUNSET   833 PM CDT
MAY 29 2016...........SUNRISE   535 AM CDT   SUNSET   834 PM CDT


-  INDICATES NEGATIVE NUMBERS.
R  INDICATES RECORD WAS SET OR TIED.
MM INDICATES DATA IS MISSING.
T  INDICATES TRACE AMOUNT.




$$
