328
CDUS43 KDVN 050920
CLICID


CLIMATE REPORT
NATIONAL WEATHER SERVICE QUAD CITIES IA IL
419 AM CDT THU MAY 5 2016


...................................

...THE CEDAR RAPIDS IA CLIMATE SUMMARY FOR MAY 4 2016...

CLIMATE NORMAL PERIOD 1981 TO 2010
CLIMATE RECORD PERIOD 1891 TO 2016


WEATHER ITEM   OBSERVED TIME   RECORD YEAR NORMAL DEPARTURE LAST
                VALUE   (LST)  VALUE       VALUE  FROM      YEAR
                                                  NORMAL
..................................................................
TEMPERATURE (F)
 YESTERDAY
  MAXIMUM         65    418 PM  92    1918  68     -3       72
  MINIMUM         44    305 AM  27    2011  45     -1       59
                                      1935
  AVERAGE         55                        56     -1       66

PRECIPITATION (IN)
  YESTERDAY        0.00         MM      MM   0.13  -0.13     0.64
  MONTH TO DATE    0.29                      0.53  -0.24     0.91
  SINCE MAR 1      5.05                      5.68  -0.63     5.15
  SINCE JAN 1      5.65                      7.82  -2.17     6.48

DEGREE DAYS
 HEATING
  YESTERDAY       10                         9      1        0
  MONTH TO DATE   53                        39     14        0
  SINCE MAR 1   1204                      1401   -197     1291
  SINCE JUL 1   5515                      6684  -1169     6818

 COOLING
  YESTERDAY        0                         0      0        1
  MONTH TO DATE    0                         0      0        1
  SINCE MAR 1      3                         7     -4        1
  SINCE JAN 1      3                         7     -4        1
..................................................................


WIND (MPH)
  HIGHEST WIND SPEED    29   HIGHEST WIND DIRECTION    NW (330)
  HIGHEST GUST SPEED    38   HIGHEST GUST DIRECTION     N (350)
  AVERAGE WIND SPEED    14.1


SKY COVER
  POSSIBLE SUNSHINE  MM
  AVERAGE SKY COVER 0.1


WEATHER CONDITIONS
 THE FOLLOWING WEATHER WAS RECORDED YESTERDAY.
  NO SIGNIFICANT WEATHER WAS OBSERVED.


RELATIVE HUMIDITY (PERCENT)
 HIGHEST   100           300 AM
 LOWEST     31           300 PM
 AVERAGE    66

..........................................................


THE CEDAR RAPIDS IA CLIMATE NORMALS FOR TODAY
                         NORMAL    RECORD    YEAR
 MAXIMUM TEMPERATURE (F)   68        94      1924
 MINIMUM TEMPERATURE (F)   45        29      1929


SUNRISE AND SUNSET
MAY  5 2016...........SUNRISE   557 AM CDT   SUNSET   810 PM CDT
MAY  6 2016...........SUNRISE   556 AM CDT   SUNSET   811 PM CDT


-  INDICATES NEGATIVE NUMBERS.
R  INDICATES RECORD WAS SET OR TIED.
MM INDICATES DATA IS MISSING.
T  INDICATES TRACE AMOUNT.




$$
