000
CDUS43 KDVN 271008
CLICID


CLIMATE REPORT
NATIONAL WEATHER SERVICE QUAD CITIES IA IL
407 AM CST MON FEB 27 2017


...................................

...THE CEDAR RAPIDS IA CLIMATE SUMMARY FOR FEBRUARY 26 2017...

CLIMATE NORMAL PERIOD 1981 TO 2010
CLIMATE RECORD PERIOD 1891 TO 2017


WEATHER ITEM   OBSERVED TIME   RECORD YEAR NORMAL DEPARTURE LAST
                VALUE   (LST)  VALUE       VALUE  FROM      YEAR
                                                  NORMAL
..................................................................
TEMPERATURE (F)
 YESTERDAY
  MAXIMUM         48    332 PM  68    1896  38     10       41
  MINIMUM         25   1247 AM -11    2015  20      5       29
  AVERAGE         37                        29      8       35

PRECIPITATION (IN)
  YESTERDAY        0.00         MM      MM   0.05  -0.05     0.00
  MONTH TO DATE    0.61                      1.11  -0.50     0.23
  SINCE DEC 1      3.36                      3.45  -0.09     4.67
  SINCE JAN 1      2.11                      2.03   0.08     0.60

DEGREE DAYS
 HEATING
  YESTERDAY       28                        36     -8       30
  MONTH TO DATE  787                      1063   -276      961
  SINCE DEC 1   3321                      3765   -444     3219
  SINCE JUL 1   4238                      5211   -973     4250

 COOLING
  YESTERDAY        0                         0      0        0
  MONTH TO DATE    0                         0      0        0
  SINCE DEC 1      0                         0      0        0
  SINCE JAN 1      0                         0      0        0
..................................................................


WIND (MPH)
  HIGHEST WIND SPEED    28   HIGHEST WIND DIRECTION     W (250)
  HIGHEST GUST SPEED    35   HIGHEST GUST DIRECTION     W (250)
  AVERAGE WIND SPEED    12.9


SKY COVER
  POSSIBLE SUNSHINE  MM
  AVERAGE SKY COVER 0.3


WEATHER CONDITIONS
 THE FOLLOWING WEATHER WAS RECORDED YESTERDAY.
  NO SIGNIFICANT WEATHER WAS OBSERVED.


RELATIVE HUMIDITY (PERCENT)
 HIGHEST    92          1000 PM
 LOWEST     39           300 PM
 AVERAGE    66

..........................................................


THE CEDAR RAPIDS IA CLIMATE NORMALS FOR TODAY
                         NORMAL    RECORD    YEAR
 MAXIMUM TEMPERATURE (F)   38        64      2016
 MINIMUM TEMPERATURE (F)   20       -20      2015


SUNRISE AND SUNSET
FEBRUARY 27 2017......SUNRISE   644 AM CST   SUNSET   555 PM CST
FEBRUARY 28 2017......SUNRISE   643 AM CST   SUNSET   556 PM CST


-  INDICATES NEGATIVE NUMBERS.
R  INDICATES RECORD WAS SET OR TIED.
MM INDICATES DATA IS MISSING.
T  INDICATES TRACE AMOUNT.




$$
