552
CDUS43 KDVN 201001
CLICID


CLIMATE REPORT
NATIONAL WEATHER SERVICE QUAD CITIES IA IL
359 AM CST FRI JAN 20 2017


...................................

...THE CEDAR RAPIDS IA CLIMATE SUMMARY FOR JANUARY 19 2017...

CLIMATE NORMAL PERIOD 1981 TO 2010
CLIMATE RECORD PERIOD 1891 TO 2017


WEATHER ITEM   OBSERVED TIME   RECORD YEAR NORMAL DEPARTURE LAST
                VALUE   (LST)  VALUE       VALUE  FROM      YEAR
                                                  NORMAL
..................................................................
TEMPERATURE (F)
 YESTERDAY
  MAXIMUM         37    533 PM  53    1921  28      9       12
  MINIMUM         28    800 AM -24    1994  11     17        0
  AVERAGE         33                        19     14        6

PRECIPITATION (IN)
  YESTERDAY        0.30         MM      MM   0.03   0.27      T
  MONTH TO DATE    1.40                      0.55   0.85     0.17
  SINCE DEC 1      2.65                      1.97   0.68     4.24
  SINCE JAN 1      1.40                      0.55   0.85     0.17

DEGREE DAYS
 HEATING
  YESTERDAY       32                        46    -14       59
  MONTH TO DATE  827                       869    -42      893
  SINCE DEC 1   2123                      2162    -39     1795
  SINCE JUL 1   3040                      3608   -568     2826

 COOLING
  YESTERDAY        0                         0      0        0
  MONTH TO DATE    0                         0      0        0
  SINCE DEC 1      0                         0      0        0
  SINCE JAN 1      0                         0      0        0
..................................................................


WIND (MPH)
  HIGHEST WIND SPEED    14   HIGHEST WIND DIRECTION     E (100)
  HIGHEST GUST SPEED    18   HIGHEST GUST DIRECTION     E (90)
  AVERAGE WIND SPEED     7.7


SKY COVER
  POSSIBLE SUNSHINE  MM
  AVERAGE SKY COVER 1.0


WEATHER CONDITIONS
 THE FOLLOWING WEATHER WAS RECORDED YESTERDAY.
  RAIN
  LIGHT RAIN
  FOG
  FOG W/VISIBILITY <= 1/4 MILE


RELATIVE HUMIDITY (PERCENT)
 HIGHEST   100          1200 AM
 LOWEST     92           600 AM
 AVERAGE    96

..........................................................


THE CEDAR RAPIDS IA CLIMATE NORMALS FOR TODAY
                         NORMAL    RECORD    YEAR
 MAXIMUM TEMPERATURE (F)   28        54      1921
 MINIMUM TEMPERATURE (F)   11       -22      1985


SUNRISE AND SUNSET
JANUARY 20 2017.......SUNRISE   729 AM CST   SUNSET   507 PM CST
JANUARY 21 2017.......SUNRISE   728 AM CST   SUNSET   508 PM CST


-  INDICATES NEGATIVE NUMBERS.
R  INDICATES RECORD WAS SET OR TIED.
MM INDICATES DATA IS MISSING.
T  INDICATES TRACE AMOUNT.




$$
