000
CDUS43 KDVN 300910
CLICID


CLIMATE REPORT
NATIONAL WEATHER SERVICE QUAD CITIES IA IL
410 AM CDT SUN AUG 30 2015


...................................

...THE CEDAR RAPIDS IA CLIMATE SUMMARY FOR AUGUST 29 2015...

CLIMATE NORMAL PERIOD 1981 TO 2010
CLIMATE RECORD PERIOD 1891 TO 2015


WEATHER ITEM   OBSERVED TIME   RECORD YEAR NORMAL DEPARTURE LAST
                VALUE   (LST)  VALUE       VALUE  FROM      YEAR
                                                  NORMAL
..................................................................
TEMPERATURE (F)
 YESTERDAY
  MAXIMUM         75    212 PM  97    1925  80     -5       86
  MINIMUM         58   1147 PM  40    1946  58      0       66
  AVERAGE         67                        69     -2       76

PRECIPITATION (IN)
  YESTERDAY        T            MM      MM   0.13  -0.13     0.21
  MONTH TO DATE    2.02                      4.20  -2.18     1.75
  SINCE JUN 1     16.45                     13.58   2.87    18.61
  SINCE JAN 1     25.65                     25.02   0.63    29.85

DEGREE DAYS
 HEATING
  YESTERDAY        0                         1     -1        0
  MONTH TO DATE   24                        10     14        0
  SINCE JUN 1     37                        43     -6       24
  SINCE JUL 1     28                        14     14       19

 COOLING
  YESTERDAY        2                         5     -3       11
  MONTH TO DATE  136                       190    -54      204
  SINCE JUN 1    502                       608   -106      521
  SINCE JAN 1    552                       657   -105      601
..................................................................


WIND (MPH)
  HIGHEST WIND SPEED    12   HIGHEST WIND DIRECTION    NE (30)
  HIGHEST GUST SPEED    14   HIGHEST GUST DIRECTION    NE (50)
  AVERAGE WIND SPEED     4.4


SKY COVER
  POSSIBLE SUNSHINE  MM
  AVERAGE SKY COVER 0.8


WEATHER CONDITIONS
 THE FOLLOWING WEATHER WAS RECORDED YESTERDAY.
  LIGHT RAIN
  FOG
  FOG W/VISIBILITY <= 1/4 MILE


RELATIVE HUMIDITY (PERCENT)
 HIGHEST   100           200 AM
 LOWEST     79           100 PM
 AVERAGE    90

..........................................................


THE CEDAR RAPIDS IA CLIMATE NORMALS FOR TODAY
                         NORMAL    RECORD    YEAR
 MAXIMUM TEMPERATURE (F)   80       100      2013
                                             1953
 MINIMUM TEMPERATURE (F)   58        37      1915


SUNRISE AND SUNSET
AUGUST 30 2015........SUNRISE   630 AM CDT   SUNSET   744 PM CDT
AUGUST 31 2015........SUNRISE   631 AM CDT   SUNSET   742 PM CDT


-  INDICATES NEGATIVE NUMBERS.
R  INDICATES RECORD WAS SET OR TIED.
MM INDICATES DATA IS MISSING.
T  INDICATES TRACE AMOUNT.




$$
