000
CDUS43 KDVN 242133
CLICID


CLIMATE REPORT
NATIONAL WEATHER SERVICE QUAD CITIES IA IL
432 PM CDT MON JUL 24 2017


...................................

...THE CEDAR RAPIDS IA CLIMATE SUMMARY FOR JULY 24 2017...
VALID TODAY AS OF 0400 PM LOCAL TIME.

CLIMATE NORMAL PERIOD 1981 TO 2010
CLIMATE RECORD PERIOD 1891 TO 2017


WEATHER ITEM   OBSERVED TIME   RECORD YEAR NORMAL DEPARTURE LAST
                VALUE   (LST)  VALUE       VALUE  FROM      YEAR
                                                  NORMAL
..................................................................
TEMPERATURE (F)
 TODAY
  MAXIMUM         78    239 PM 107    1901  83     -5       89
  MINIMUM         59    517 AM  50    1927  62     -3       67
  AVERAGE         69                        73     -4       78

PRECIPITATION (IN)
  TODAY            0.00         MM      MM   0.13  -0.13     0.00
  MONTH TO DATE    2.69                      3.56  -0.87     3.75
  SINCE JUN 1      5.65                      8.48  -2.83    12.08
  SINCE JAN 1     18.03                     19.92  -1.89    20.74

DEGREE DAYS
 HEATING
  TODAY            0                         0      0        0
  MONTH TO DATE    0                         0      0        3
  SINCE JUN 1     22                        29     -7        8
  SINCE JUL 1      0                         0      0        3

 COOLING
  TODAY            4                         8     -4       13
  MONTH TO DATE  222                       192     30      196
  SINCE JUN 1    428                       358     70      433
  SINCE JAN 1    466                       407     59      493
..................................................................


WIND (MPH)
  HIGHEST WIND SPEED    13   HIGHEST WIND DIRECTION     E (110)
  HIGHEST GUST SPEED    15   HIGHEST GUST DIRECTION     E (100)
  AVERAGE WIND SPEED     6.7


SKY COVER
  POSSIBLE SUNSHINE  MM
  AVERAGE SKY COVER 0.5


WEATHER CONDITIONS
 THE FOLLOWING WEATHER WAS RECORDED TODAY.
  NO SIGNIFICANT WEATHER WAS OBSERVED.


RELATIVE HUMIDITY (PERCENT)
 HIGHEST   100          1200 AM
 LOWEST     64           200 PM
 AVERAGE    82

..........................................................


THE CEDAR RAPIDS IA CLIMATE NORMALS FOR TOMORROW
                         NORMAL    RECORD    YEAR
 MAXIMUM TEMPERATURE (F)   83       105      1940
 MINIMUM TEMPERATURE (F)   62        50      2004


SUNRISE AND SUNSET
JULY 24 2017..........SUNRISE   553 AM CDT   SUNSET   833 PM CDT
JULY 25 2017..........SUNRISE   554 AM CDT   SUNSET   832 PM CDT


-  INDICATES NEGATIVE NUMBERS.
R  INDICATES RECORD WAS SET OR TIED.
MM INDICATES DATA IS MISSING.
T  INDICATES TRACE AMOUNT.




$$
