000
CDUS43 KDVN 241002
CLICID


CLIMATE REPORT
NATIONAL WEATHER SERVICE QUAD CITIES IA IL
401 AM CST WED JAN 24 2018


...................................

...THE CEDAR RAPIDS IA CLIMATE SUMMARY FOR JANUARY 23 2018...

CLIMATE NORMAL PERIOD 1981 TO 2010
CLIMATE RECORD PERIOD 1891 TO 2018


WEATHER ITEM   OBSERVED TIME   RECORD YEAR NORMAL DEPARTURE LAST
                VALUE   (LST)  VALUE       VALUE  FROM      YEAR
                                                  NORMAL
..................................................................
TEMPERATURE (F)
 YESTERDAY
  MAXIMUM         35    149 AM  60    1909  28      7       36
  MINIMUM         24   1159 PM -25    1936  11     13       31
  AVERAGE         30                        20     10       34

PRECIPITATION (IN)
  YESTERDAY        T            MM      MM   0.03  -0.03      T
  MONTH TO DATE    0.45                      0.66  -0.21     1.42
  SINCE DEC 1      1.06                      2.08  -1.02     2.67
  SINCE JAN 1      0.45                      0.66  -0.21     1.42

DEGREE DAYS
 HEATING
  YESTERDAY       35                        45    -10       31
  MONTH TO DATE 1107                      1052     55      945
  SINCE DEC 1   2382                      2345     37     2241
  SINCE JUL 1   3640                      3791   -151     3158

 COOLING
  YESTERDAY        0                         0      0        0
  MONTH TO DATE    0                         0      0        0
  SINCE DEC 1      0                         0      0        0
  SINCE JAN 1      0                         0      0        0
..................................................................


WIND (MPH)
  HIGHEST WIND SPEED    26   HIGHEST WIND DIRECTION    NW (320)
  HIGHEST GUST SPEED    34   HIGHEST GUST DIRECTION    NW (330)
  AVERAGE WIND SPEED    17.1


SKY COVER
  POSSIBLE SUNSHINE  MM
  AVERAGE SKY COVER 1.0


WEATHER CONDITIONS
 THE FOLLOWING WEATHER WAS RECORDED YESTERDAY.
  LIGHT RAIN
  LT FREEZING RAIN
  LIGHT SNOW
  FOG


RELATIVE HUMIDITY (PERCENT)
 HIGHEST    96           200 AM
 LOWEST     72           600 AM
 AVERAGE    84

..........................................................


THE CEDAR RAPIDS IA CLIMATE NORMALS FOR TODAY
                         NORMAL    RECORD    YEAR
 MAXIMUM TEMPERATURE (F)   28        59      1981
 MINIMUM TEMPERATURE (F)   11       -23      2008


SUNRISE AND SUNSET
JANUARY 24 2018.......SUNRISE   726 AM CST   SUNSET   512 PM CST
JANUARY 25 2018.......SUNRISE   726 AM CST   SUNSET   513 PM CST


-  INDICATES NEGATIVE NUMBERS.
R  INDICATES RECORD WAS SET OR TIED.
MM INDICATES DATA IS MISSING.
T  INDICATES TRACE AMOUNT.




$$
