000
CDUS43 KDVN 300911
CLICID


CLIMATE REPORT
NATIONAL WEATHER SERVICE QUAD CITIES IA IL
410 AM CDT THU JUL 30 2015


...................................

...THE CEDAR RAPIDS IA CLIMATE SUMMARY FOR JULY 29 2015...

CLIMATE NORMAL PERIOD 1981 TO 2010
CLIMATE RECORD PERIOD 1891 TO 2015


WEATHER ITEM   OBSERVED TIME   RECORD YEAR NORMAL DEPARTURE LAST
                VALUE   (LST)  VALUE       VALUE  FROM      YEAR
                                                  NORMAL
..................................................................
TEMPERATURE (F)
 YESTERDAY
  MAXIMUM         82    306 PM 104    1913  83     -1       78
  MINIMUM         64   1157 PM  44    1925  62      2       52
  AVERAGE         73                        73      0       65

PRECIPITATION (IN)
  YESTERDAY        0.09         MM      MM   0.13  -0.04     0.00
  MONTH TO DATE    5.58                      4.20   1.38     3.57
  SINCE JUN 1     14.43                      9.12   5.31    16.86
  SINCE JAN 1     23.63                     20.56   3.07    28.10

DEGREE DAYS
 HEATING
  YESTERDAY        0                         0      0        0
  MONTH TO DATE    4                         0      4       19
  SINCE JUN 1     13                        29    -16       24
  SINCE JUL 1      4                         0      4       19

 COOLING
  YESTERDAY        8                         8      0        0
  MONTH TO DATE  206                       232    -26      128
  SINCE JUN 1    351                       398    -47      311
  SINCE JAN 1    401                       447    -46      391
..................................................................


WIND (MPH)
  HIGHEST WIND SPEED    20   HIGHEST WIND DIRECTION    NW (310)
  HIGHEST GUST SPEED    25   HIGHEST GUST DIRECTION    NW (310)
  AVERAGE WIND SPEED     9.9


SKY COVER
  POSSIBLE SUNSHINE  MM
  AVERAGE SKY COVER 0.1


WEATHER CONDITIONS
 THE FOLLOWING WEATHER WAS RECORDED YESTERDAY.
  RAIN
  LIGHT RAIN
  FOG


RELATIVE HUMIDITY (PERCENT)
 HIGHEST   100          1200 AM
 LOWEST     47           200 PM
 AVERAGE    74

..........................................................


THE CEDAR RAPIDS IA CLIMATE NORMALS FOR TODAY
                         NORMAL    RECORD    YEAR
 MAXIMUM TEMPERATURE (F)   83       106      1913
 MINIMUM TEMPERATURE (F)   62        47      1971


SUNRISE AND SUNSET
JULY 30 2015..........SUNRISE   558 AM CDT   SUNSET   827 PM CDT
JULY 31 2015..........SUNRISE   559 AM CDT   SUNSET   826 PM CDT


-  INDICATES NEGATIVE NUMBERS.
R  INDICATES RECORD WAS SET OR TIED.
MM INDICATES DATA IS MISSING.
T  INDICATES TRACE AMOUNT.




$$
