798
CDUS43 KDVN 220908
CLICID


CLIMATE REPORT
NATIONAL WEATHER SERVICE QUAD CITIES IA IL
408 AM CDT FRI MAY 22 2015


...................................

...THE CEDAR RAPIDS IA CLIMATE SUMMARY FOR MAY 21 2015...

CLIMATE NORMAL PERIOD 1981 TO 2010
CLIMATE RECORD PERIOD 1891 TO 2015


WEATHER ITEM   OBSERVED TIME   RECORD YEAR NORMAL DEPARTURE LAST
                VALUE   (LST)  VALUE       VALUE  FROM      YEAR
                                                  NORMAL
..................................................................
TEMPERATURE (F)
 YESTERDAY
  MAXIMUM         73    525 PM  95    1921  73      0       82
  MINIMUM         35    428 AM  32    1931  51    -16       58
  AVERAGE         54                        62     -8       70

PRECIPITATION (IN)
  YESTERDAY        0.00         MM      MM   0.14  -0.14     0.00
  MONTH TO DATE    2.04                      2.77  -0.73     2.10
  SINCE MAR 1      6.28                      7.92  -1.64     9.36
  SINCE JAN 1      7.61                     10.06  -2.45    11.11

DEGREE DAYS
 HEATING
  YESTERDAY       11                         5      6        0
  MONTH TO DATE  117                       156    -39      182
  SINCE MAR 1   1408                      1518   -110     1769
  SINCE JUL 1   6935                      6801    134     7808

 COOLING
  YESTERDAY        0                         2     -2        5
  MONTH TO DATE   27                        19      8       25
  SINCE MAR 1     27                        26      1       32
  SINCE JAN 1     27                        26      1       32
..................................................................


WIND (MPH)
  HIGHEST WIND SPEED    22   HIGHEST WIND DIRECTION    NW (310)
  HIGHEST GUST SPEED    28   HIGHEST GUST DIRECTION    NW (310)
  AVERAGE WIND SPEED     9.3


SKY COVER
  POSSIBLE SUNSHINE  MM
  AVERAGE SKY COVER 0.0


WEATHER CONDITIONS
 THE FOLLOWING WEATHER WAS RECORDED YESTERDAY.
  FOG


RELATIVE HUMIDITY (PERCENT)
 HIGHEST   100          1200 AM
 LOWEST     29           600 PM
 AVERAGE    65

..........................................................


THE CEDAR RAPIDS IA CLIMATE NORMALS FOR TODAY
                         NORMAL    RECORD    YEAR
 MAXIMUM TEMPERATURE (F)   73       102      1925
 MINIMUM TEMPERATURE (F)   51        31      1963


SUNRISE AND SUNSET
MAY 22 2015...........SUNRISE   541 AM CDT   SUNSET   827 PM CDT
MAY 23 2015...........SUNRISE   540 AM CDT   SUNSET   828 PM CDT


-  INDICATES NEGATIVE NUMBERS.
R  INDICATES RECORD WAS SET OR TIED.
MM INDICATES DATA IS MISSING.
T  INDICATES TRACE AMOUNT.




$$
