529
CDUS41 KCLE 260658
CLICLE


CLIMATE REPORT...CORRECTED
NATIONAL WEATHER SERVICE CLEVELAND OH
257 AM EDT THU MAY 26 2016


...................................

...THE CLEVELAND OH CLIMATE SUMMARY FOR MAY 25 2016...

CLIMATE NORMAL PERIOD 1981 TO 2010
CLIMATE RECORD PERIOD 1871 TO 2016


WEATHER ITEM   OBSERVED TIME   RECORD YEAR NORMAL DEPARTURE LAST
                VALUE   (LST)  VALUE       VALUE  FROM      YEAR
                                                  NORMAL
..................................................................
TEMPERATURE (F)
 YESTERDAY
  MAXIMUM         86    256 PM  90    2012  72     14       82
  MINIMUM         60    256 AM  33    2013  53      7       65
  AVERAGE         73                        63     10       74

PRECIPITATION (IN)
  YESTERDAY        0.00                      0.13  -0.13     0.00
  MONTH TO DATE    2.51                      2.92  -0.41     1.15
  SINCE MAR 1     10.54                      9.34   1.20     5.89
  SINCE JAN 1     15.13                     14.40   0.73    10.69

SNOWFALL (IN)
  YESTERDAY        0.0                       0.0    0.0      0.0
  MONTH TO DATE    T                         0.1   -0.1      0.0
  SINCE MAR 1     11.0                      16.0   -5.0      5.7
  SINCE JUL 1     32.8                      68.2  -35.4     67.1
  SNOW DEPTH       0

DEGREE DAYS
 HEATING
  YESTERDAY        0                         5     -5        0
  MONTH TO DATE  211                       186     25      127
  SINCE MAR 1   1354                      1480   -126     1532
  SINCE JUL 1   4945                      5697   -752     6482

 COOLING
  YESTERDAY        8                         2      6        9
  MONTH TO DATE   16                        34    -18       83
  SINCE MAR 1     16                        45    -29       84
  SINCE JAN 1     16                        45    -29       84
..................................................................


WIND (MPH)
  HIGHEST WIND SPEED    18   HIGHEST WIND DIRECTION     W (250)
  HIGHEST GUST SPEED    23   HIGHEST GUST DIRECTION     W (250)
  AVERAGE WIND SPEED     9.4


SKY COVER
  POSSIBLE SUNSHINE  MM
  AVERAGE SKY COVER 0.7


WEATHER CONDITIONS
 THE FOLLOWING WEATHER WAS RECORDED YESTERDAY.
  NO SIGNIFICANT WEATHER WAS OBSERVED.


RELATIVE HUMIDITY (PERCENT)
 HIGHEST    64           600 AM
 LOWEST     34          1200 PM
 AVERAGE    49

..........................................................


THE CLEVELAND OH CLIMATE NORMALS FOR TODAY
                         NORMAL    RECORD    YEAR
 MAXIMUM TEMPERATURE (F)   73        89      1914
 MINIMUM TEMPERATURE (F)   53        34      1969


SUNRISE AND SUNSET
MAY 26 2016...........SUNRISE   559 AM EDT   SUNSET   850 PM EDT
MAY 27 2016...........SUNRISE   559 AM EDT   SUNSET   851 PM EDT


-  INDICATES NEGATIVE NUMBERS.
R  INDICATES RECORD WAS SET OR TIED.
MM INDICATES DATA IS MISSING.
T  INDICATES TRACE AMOUNT.




$$
