000
CDUS41 KCLE 220528
CLICLE


CLIMATE REPORT
NATIONAL WEATHER SERVICE CLEVELAND OH
1228 AM EST THU FEB 22 2018


...................................

...THE CLEVELAND OH CLIMATE SUMMARY FOR FEBRUARY 21 2018...

CLIMATE NORMAL PERIOD 1981 TO 2010
CLIMATE RECORD PERIOD 1871 TO 2018


WEATHER ITEM   OBSERVED TIME   RECORD YEAR NORMAL DEPARTURE LAST
                VALUE   (LST)  VALUE       VALUE  FROM      YEAR
                                                  NORMAL
..................................................................
TEMPERATURE (F)
 YESTERDAY
  MAXIMUM         69    536 AM  70    1997  39     30       67
  MINIMUM         33   1159 PM  -2    1885  24      9       45
  AVERAGE         51                        32     19       56

PRECIPITATION (IN)
  YESTERDAY        0.32                      0.09   0.23      T
  MONTH TO DATE    2.37                      1.72   0.65     2.10
  SINCE DEC 1      6.37                      7.54  -1.17     9.53
  SINCE JAN 1      4.64                      4.44   0.20     6.88

SNOWFALL (IN)
  YESTERDAY        0.1                       0.5   -0.4      0.0
  MONTH TO DATE    6.9                      11.3   -4.4      2.9
  SINCE DEC 1     36.1                      44.1   -8.0     24.0
  SINCE JUL 1     36.9                      48.6  -11.7     24.9
  SNOW DEPTH       0

DEGREE DAYS
 HEATING
  YESTERDAY       14                        33    -19        9
  MONTH TO DATE  671                       737    -66      554
  SINCE DEC 1   2960                      2894     66     2491
  SINCE JUL 1   3850                      3989   -139     3207

 COOLING
  YESTERDAY        0                         0      0        0
  MONTH TO DATE    3                         0      3        0
  SINCE DEC 1      3                         0      3        0
  SINCE JAN 1      3                         0      3        0
..................................................................


WIND (MPH)
  HIGHEST WIND SPEED    22   HIGHEST WIND DIRECTION    NW (300)
  HIGHEST GUST SPEED    30   HIGHEST GUST DIRECTION    NW (300)
  AVERAGE WIND SPEED    13.1


SKY COVER
  POSSIBLE SUNSHINE  MM
  AVERAGE SKY COVER 1.0


WEATHER CONDITIONS
 THE FOLLOWING WEATHER WAS RECORDED YESTERDAY.
  LIGHT RAIN
  SNOW
  LIGHT SNOW
  SLEET
  FOG


RELATIVE HUMIDITY (PERCENT)
 HIGHEST    93           800 AM
 LOWEST     57           100 AM
 AVERAGE    75

..........................................................


THE CLEVELAND OH CLIMATE NORMALS FOR TODAY
                         NORMAL    RECORD    YEAR
 MAXIMUM TEMPERATURE (F)   39        72      1930
 MINIMUM TEMPERATURE (F)   25        -8      1963


SUNRISE AND SUNSET
FEBRUARY 22 2018......SUNRISE   712 AM EST   SUNSET   610 PM EST
FEBRUARY 23 2018......SUNRISE   711 AM EST   SUNSET   611 PM EST


-  INDICATES NEGATIVE NUMBERS.
R  INDICATES RECORD WAS SET OR TIED.
MM INDICATES DATA IS MISSING.
T  INDICATES TRACE AMOUNT.




$$
