000
CDUS41 KCLE 260527
CLICLE


CLIMATE REPORT
NATIONAL WEATHER SERVICE CLEVELAND OH
126 AM EDT SAT JUL 26 2014


...................................

...THE CLEVELAND OH CLIMATE SUMMARY FOR JULY 25 2014...

CLIMATE NORMAL PERIOD 1981 TO 2010
CLIMATE RECORD PERIOD 1871 TO 2014


WEATHER ITEM   OBSERVED TIME   RECORD YEAR NORMAL DEPARTURE LAST
                VALUE   (LST)  VALUE       VALUE  FROM      YEAR
                                                  NORMAL
..................................................................
TEMPERATURE (F)
 YESTERDAY
  MAXIMUM         76    240 PM  99    1941  82     -6       75
  MINIMUM         51    510 AM  47    1953  65    -14       55
  AVERAGE         64                        73     -9       65

PRECIPITATION (IN)
  YESTERDAY        0.03                      0.12  -0.09     0.00
  MONTH TO DATE    2.08                      2.76  -0.68     4.66
  SINCE JUN 1      8.34                      6.19   2.15    12.56
  SINCE JAN 1     24.61                     21.33   3.28    25.15

SNOWFALL (IN)
  YESTERDAY        0.0                       0.0    0.0      0.0
  MONTH TO DATE    0.0                       0.0    0.0      0.0
  SINCE JUN 1      0.0                       0.0    0.0      0.0
  SINCE JUL 1      0.0                       0.0    0.0      0.0
  SNOW DEPTH       0

DEGREE DAYS
 HEATING
  YESTERDAY        1                         0      1        0
  MONTH TO DATE    9                         0      9        1
  SINCE JUN 1     29                        42    -13       40
  SINCE JUL 1      9                         0      9        1

 COOLING
  YESTERDAY        0                         9     -9        0
  MONTH TO DATE  133                       220    -87      270
  SINCE JUN 1    315                       388    -73      434
  SINCE JAN 1    381                       447    -66      548
..................................................................


WIND (MPH)
  HIGHEST WIND SPEED    12   HIGHEST WIND DIRECTION    NE (30)
  HIGHEST GUST SPEED    17   HIGHEST GUST DIRECTION     N (10)
  AVERAGE WIND SPEED     4.2


SKY COVER
  POSSIBLE SUNSHINE  MM
  AVERAGE SKY COVER 0.5


WEATHER CONDITIONS
 THE FOLLOWING WEATHER WAS RECORDED YESTERDAY.
  LIGHT RAIN


RELATIVE HUMIDITY (PERCENT)
 HIGHEST    93           100 AM
 LOWEST     43           100 PM
 AVERAGE    68

..........................................................


THE CLEVELAND OH CLIMATE NORMALS FOR TODAY
                         NORMAL    RECORD    YEAR
 MAXIMUM TEMPERATURE (F)   82        99      1941
 MINIMUM TEMPERATURE (F)   65        46      1946


SUNRISE AND SUNSET
JULY 26 2014..........SUNRISE   617 AM EDT   SUNSET   851 PM EDT
JULY 27 2014..........SUNRISE   618 AM EDT   SUNSET   850 PM EDT


-  INDICATES NEGATIVE NUMBERS.
R  INDICATES RECORD WAS SET OR TIED.
MM INDICATES DATA IS MISSING.
T  INDICATES TRACE AMOUNT.




$$
