000
CDUS41 KCLE 210532
CLICLE


CLIMATE REPORT
NATIONAL WEATHER SERVICE CLEVELAND OH
1230 AM EST SAT JAN 21 2017


...................................

...THE CLEVELAND OH CLIMATE SUMMARY FOR JANUARY 20 2017...

CLIMATE NORMAL PERIOD 1981 TO 2010
CLIMATE RECORD PERIOD 1871 TO 2017


WEATHER ITEM   OBSERVED TIME   RECORD YEAR NORMAL DEPARTURE LAST
                VALUE   (LST)  VALUE       VALUE  FROM      YEAR
                                                  NORMAL
..................................................................
TEMPERATURE (F)
 YESTERDAY
  MAXIMUM         55    454 PM  65    1906  34     21       20
  MINIMUM         37    128 AM -18    1985  22     15        8
  AVERAGE         46                        28     18       14

PRECIPITATION (IN)
  YESTERDAY        0.29                      0.08   0.21     0.01
  MONTH TO DATE    3.43                      1.84   1.59     1.25
  SINCE DEC 1      6.08                      4.94   1.14     4.21
  SINCE JAN 1      3.43                      1.84   1.59     1.25

SNOWFALL (IN)
  YESTERDAY        0.0                       0.6   -0.6      0.1
  MONTH TO DATE    3.5                      12.0   -8.5      7.1
  SINCE DEC 1     13.1                      26.1  -13.0      7.4
  SINCE JUL 1     14.0                      30.6  -16.6      8.3
  SNOW DEPTH       0

DEGREE DAYS
 HEATING
  YESTERDAY       19                        37    -18       51
  MONTH TO DATE  633                       739   -106      770
  SINCE DEC 1   1640                      1751   -111     1417
  SINCE JUL 1   2356                      2846   -490     2282

 COOLING
  YESTERDAY        0                         0      0        0
  MONTH TO DATE    0                         0      0        0
  SINCE DEC 1      0                         0      0        0
  SINCE JAN 1      0                         0      0        0
..................................................................


WIND (MPH)
  HIGHEST WIND SPEED    20   HIGHEST WIND DIRECTION     W (260)
  HIGHEST GUST SPEED    24   HIGHEST GUST DIRECTION     W (250)
  AVERAGE WIND SPEED     7.5


SKY COVER
  POSSIBLE SUNSHINE  MM
  AVERAGE SKY COVER 1.0


WEATHER CONDITIONS
 THE FOLLOWING WEATHER WAS RECORDED YESTERDAY.
  LIGHT RAIN
  FOG
  FOG W/VISIBILITY <= 1/4 MILE
  HAZE


RELATIVE HUMIDITY (PERCENT)
 HIGHEST    89           800 PM
 LOWEST     76           600 AM
 AVERAGE    83

..........................................................


THE CLEVELAND OH CLIMATE NORMALS FOR TODAY
                         NORMAL    RECORD    YEAR
 MAXIMUM TEMPERATURE (F)   34        71      1906
 MINIMUM TEMPERATURE (F)   22       -17      1985
                                             1984


SUNRISE AND SUNSET
JANUARY 21 2017.......SUNRISE   748 AM EST   SUNSET   530 PM EST
JANUARY 22 2017.......SUNRISE   747 AM EST   SUNSET   531 PM EST


-  INDICATES NEGATIVE NUMBERS.
R  INDICATES RECORD WAS SET OR TIED.
MM INDICATES DATA IS MISSING.
T  INDICATES TRACE AMOUNT.




$$
