000
CDUS44 KHGX 310718
CLICLL


CLIMATE REPORT
NATIONAL WEATHER SERVICE HOUSTON/GALVESTON TX
218 AM CDT THU JUL 31 2014


...................................

...THE COLLEGE STATION CLIMATE SUMMARY FOR JULY 30 2014...

CLIMATE NORMAL PERIOD 1981 TO 2010
CLIMATE RECORD PERIOD 1902 TO 2014


WEATHER ITEM   OBSERVED TIME   RECORD YEAR NORMAL DEPARTURE LAST
                VALUE   (LST)  VALUE       VALUE  FROM      YEAR
                                                  NORMAL
..................................................................
TEMPERATURE (F)
 YESTERDAY
  MAXIMUM         93    433 PM 106    1914  96     -3      101
  MINIMUM         74    631 AM  65    1936  75     -1       76
  AVERAGE         84                        85     -1       89

PRECIPITATION (IN)
  YESTERDAY        0.00          2.56 1954   0.06  -0.06     0.00
  MONTH TO DATE    5.92                      2.08   3.84     1.43
  SINCE JUN 1      7.53                      6.53   1.00     2.68
  SINCE JAN 1     21.56                     22.78  -1.22    18.95

SNOWFALL (IN)
  YESTERDAY        0.0
  MONTH TO DATE    0.0
  SINCE JUL 1      0.0

DEGREE DAYS
 HEATING
  YESTERDAY        0                         0      0        0
  MONTH TO DATE    0                         0      0        0
  SINCE JUN 1      0                         0      0        0
  SINCE JUL 1      0                         0      0        0

 COOLING
  YESTERDAY       19                        20     -1       24
  MONTH TO DATE  554                       589    -35      607
  SINCE JUN 1   1081                      1105    -24     1191
  SINCE JAN 1   1568                      1693   -125     1755
..................................................................


WIND (MPH)
  HIGHEST WIND SPEED    16   HIGHEST WIND DIRECTION     S (160)
  HIGHEST GUST SPEED    21   HIGHEST GUST DIRECTION    SE (140)
  AVERAGE WIND SPEED     8.6


SKY COVER
  AVERAGE SKY COVER 0.1


WEATHER CONDITIONS
 THE FOLLOWING WEATHER WAS RECORDED YESTERDAY.
  FOG


RELATIVE HUMIDITY (PERCENT)
 HIGHEST    94           200 AM
 LOWEST     49           400 PM
 AVERAGE    72

..........................................................


THE COLLEGE STATION CLIMATE NORMALS FOR TODAY
                         NORMAL    RECORD    YEAR
 MAXIMUM TEMPERATURE (F)   96       105      1914
 MINIMUM TEMPERATURE (F)   75        62      1936


SUNRISE AND SUNSET
JULY 31 2014..........SUNRISE   643 AM CDT   SUNSET   820 PM CDT
AUGUST  1 2014........SUNRISE   643 AM CDT   SUNSET   820 PM CDT


-  INDICATES NEGATIVE NUMBERS.
R  INDICATES RECORD WAS SET OR TIED.
MM INDICATES DATA IS MISSING.
T  INDICATES TRACE AMOUNT.




$$
