000
CDUS44 KHGX 180728
CLICLL


CLIMATE REPORT
NATIONAL WEATHER SERVICE HOUSTON/GALVESTON TX
218 AM CDT FRI APR 18 2014


...................................

...THE COLLEGE STATION CLIMATE SUMMARY FOR APRIL 17 2014...

CLIMATE NORMAL PERIOD 1981 TO 2010
CLIMATE RECORD PERIOD 1902 TO 2014


WEATHER ITEM   OBSERVED TIME   RECORD YEAR NORMAL DEPARTURE LAST
                VALUE   (LST)  VALUE       VALUE  FROM      YEAR
                                                  NORMAL
..................................................................
TEMPERATURE (F)
 YESTERDAY
  MAXIMUM         73    320 PM  93    2006  79     -6       84
  MINIMUM         54    326 AM  36    1999  58     -4       73
                                      1947
                                      1921
  AVERAGE         64                        69     -5       79

PRECIPITATION (IN)
  YESTERDAY        0.01          2.94 2009   0.09  -0.08      T
  MONTH TO DATE    1.23                      1.35  -0.12     1.06
  SINCE MAR 1      2.84                      4.52  -1.68     2.79
  SINCE JAN 1      5.02                     10.61  -5.59     8.95

SNOWFALL (IN)
  YESTERDAY        0.0
  MONTH TO DATE    0.0
  SINCE JUL 1      T

DEGREE DAYS
 HEATING
  YESTERDAY        1                         1      0        0
  MONTH TO DATE   59                        37     22       51
  SINCE MAR 1    328                       209    119      240
  SINCE JUL 1   2052                      1596    456     1299

 COOLING
  YESTERDAY        0                         5     -5       14
  MONTH TO DATE   63                        70     -7       84
  SINCE MAR 1     86                       129    -43      142
  SINCE JAN 1    107                       157    -50      177
..................................................................


WIND (MPH)
  HIGHEST WIND SPEED    15   HIGHEST WIND DIRECTION     E (90)
  HIGHEST GUST SPEED    21   HIGHEST GUST DIRECTION     E (110)
  AVERAGE WIND SPEED     6.9


SKY COVER
  AVERAGE SKY COVER 0.6


WEATHER CONDITIONS
 THE FOLLOWING WEATHER WAS RECORDED YESTERDAY.
  LIGHT RAIN
  FOG


RELATIVE HUMIDITY (PERCENT)
 HIGHEST   100          1100 PM
 LOWEST     57           300 PM
 AVERAGE    79

..........................................................


THE COLLEGE STATION CLIMATE NORMALS FOR TODAY
                         NORMAL    RECORD    YEAR
 MAXIMUM TEMPERATURE (F)   79        94      2006
 MINIMUM TEMPERATURE (F)   59        42      1947


SUNRISE AND SUNSET
APRIL 18 2014.........SUNRISE   655 AM CDT   SUNSET   755 PM CDT
APRIL 19 2014.........SUNRISE   654 AM CDT   SUNSET   756 PM CDT


-  INDICATES NEGATIVE NUMBERS.
R  INDICATES RECORD WAS SET OR TIED.
MM INDICATES DATA IS MISSING.
T  INDICATES TRACE AMOUNT.




$$
