000
CDUS44 KHGX 270717
CLICLL


CLIMATE REPORT
NATIONAL WEATHER SERVICE HOUSTON/GALVESTON TX
217 AM CDT FRI MAR 27 2015


...................................

...THE COLLEGE STATION CLIMATE SUMMARY FOR MARCH 26 2015...

CLIMATE NORMAL PERIOD 1981 TO 2010
CLIMATE RECORD PERIOD 1902 TO 2015


WEATHER ITEM   OBSERVED TIME   RECORD YEAR NORMAL DEPARTURE LAST
                VALUE   (LST)  VALUE       VALUE  FROM      YEAR
                                                  NORMAL
..................................................................
TEMPERATURE (F)
 YESTERDAY
  MAXIMUM         67    536 PM  90    1917  74     -7       65
  MINIMUM         51   1159 PM  25    1955  53     -2       49
  AVERAGE         59                        64     -5       57

PRECIPITATION (IN)
  YESTERDAY        0.33          2.30 2007   0.11   0.22      T
  MONTH TO DATE    5.83                      2.68   3.15     1.55
  SINCE MAR 1      5.83                      2.68   3.15     1.55
  SINCE JAN 1     13.24                      8.77   4.47     3.73

SNOWFALL (IN)
  YESTERDAY        0.0
  MONTH TO DATE    T
  SINCE JUL 1      T

DEGREE DAYS
 HEATING
  YESTERDAY        6                         4      2        8
  MONTH TO DATE  207                       155     52      264
  SINCE MAR 1    207                       155     52      264
  SINCE JUL 1   1748                      1542    206     1988

 COOLING
  YESTERDAY        0                         2     -2        0
  MONTH TO DATE   29                        43    -14       13
  SINCE MAR 1     29                        43    -14       13
  SINCE JAN 1     30                        71    -41       34
..................................................................


WIND (MPH)
  HIGHEST WIND SPEED    26   HIGHEST WIND DIRECTION     N (340)
  HIGHEST GUST SPEED    34   HIGHEST GUST DIRECTION     N (350)
  AVERAGE WIND SPEED    14.4


SKY COVER
  AVERAGE SKY COVER 0.5


WEATHER CONDITIONS
 THE FOLLOWING WEATHER WAS RECORDED YESTERDAY.
  THUNDERSTORM
  HEAVY RAIN
  RAIN
  LIGHT RAIN
  FOG
  HAZE


RELATIVE HUMIDITY (PERCENT)
 HIGHEST   100           500 AM
 LOWEST     44           600 PM
 AVERAGE    72

..........................................................


THE COLLEGE STATION CLIMATE NORMALS FOR TODAY
                         NORMAL    RECORD    YEAR
 MAXIMUM TEMPERATURE (F)   75        90      1935
 MINIMUM TEMPERATURE (F)   53        28      1913


SUNRISE AND SUNSET
MARCH 27 2015.........SUNRISE   721 AM CDT   SUNSET   741 PM CDT
MARCH 28 2015.........SUNRISE   720 AM CDT   SUNSET   742 PM CDT


-  INDICATES NEGATIVE NUMBERS.
R  INDICATES RECORD WAS SET OR TIED.
MM INDICATES DATA IS MISSING.
T  INDICATES TRACE AMOUNT.




$$
