000
CDUS44 KHGX 100818
CLICLL


CLIMATE REPORT
NATIONAL WEATHER SERVICE HOUSTON/GALVESTON TX
217 AM CST WED FEB 10 2016


...................................

...THE COLLEGE STATION CLIMATE SUMMARY FOR FEBRUARY 9 2016...

CLIMATE NORMAL PERIOD 1981 TO 2010
CLIMATE RECORD PERIOD 1902 TO 2016


WEATHER ITEM   OBSERVED TIME   RECORD YEAR NORMAL DEPARTURE LAST
                VALUE   (LST)  VALUE       VALUE  FROM      YEAR
                                                  NORMAL
..................................................................
TEMPERATURE (F)
 YESTERDAY
  MAXIMUM         68    445 PM  86    1960  64      4       82
  MINIMUM         35    743 AM  16    1933  43     -8       47
  AVERAGE         52                        53     -1       65

PRECIPITATION (IN)
  YESTERDAY        0.00          1.81 2004   0.11  -0.11     0.00
  MONTH TO DATE    0.10                      0.91  -0.81     0.32
  SINCE DEC 1      9.48                      7.38   2.10     9.55
  SINCE JAN 1      1.40                      4.15  -2.75     6.98

SNOWFALL (IN)
  YESTERDAY        0.0
  MONTH TO DATE    0.0
  SINCE JUL 1      0.0

DEGREE DAYS
 HEATING
  YESTERDAY       13                        12      1        0
  MONTH TO DATE  123                       114      9      120
  SINCE DEC 1    809                       967   -158      969
  SINCE JUL 1    956                      1192   -236     1264

 COOLING
  YESTERDAY        0                         1     -1        0
  MONTH TO DATE    4                         6     -2        0
  SINCE DEC 1     44                        33     11       10
  SINCE JAN 1      8                        17     -9        0
..................................................................


WIND (MPH)
  HIGHEST WIND SPEED    17   HIGHEST WIND DIRECTION    NW (310)
  HIGHEST GUST SPEED    22   HIGHEST GUST DIRECTION    NW (300)
  AVERAGE WIND SPEED     7.0


SKY COVER
  AVERAGE SKY COVER 0.0


WEATHER CONDITIONS
 THE FOLLOWING WEATHER WAS RECORDED YESTERDAY.
  NO SIGNIFICANT WEATHER WAS OBSERVED.


RELATIVE HUMIDITY (PERCENT)
 HIGHEST    52           300 AM
 LOWEST     17          1200 PM
 AVERAGE    35

..........................................................


THE COLLEGE STATION CLIMATE NORMALS FOR TODAY
                         NORMAL    RECORD    YEAR
 MAXIMUM TEMPERATURE (F)   64        86      1954
 MINIMUM TEMPERATURE (F)   43        20      2011


SUNRISE AND SUNSET
FEBRUARY 10 2016......SUNRISE   711 AM CST   SUNSET   609 PM CST
FEBRUARY 11 2016......SUNRISE   710 AM CST   SUNSET   610 PM CST


-  INDICATES NEGATIVE NUMBERS.
R  INDICATES RECORD WAS SET OR TIED.
MM INDICATES DATA IS MISSING.
T  INDICATES TRACE AMOUNT.




$$
