000
CDUS44 KHGX 270009
CLICLL

CLIMATE REPORT...UPDATED MAX TEMP
NATIONAL WEATHER SERVICE HOUSTON/GALVESTON TX
710 PM CDT WED JUL 26 2017


...................................

...THE COLLEGE STATION CLIMATE SUMMARY FOR JULY 26 2017...
VALID TODAY AS OF 400 PM LOCAL TIME.

CLIMATE NORMAL PERIOD 1981 TO 2010
CLIMATE RECORD PERIOD 1902 TO 2017


WEATHER ITEM   OBSERVED TIME   RECORD YEAR NORMAL DEPARTURE LAST
                VALUE   (LST)  VALUE       VALUE  FROM      YEAR
                                                  NORMAL
..................................................................
TEMPERATURE (F)
 TODAY
  MAXIMUM        100    421 PM 105    1954  96      4       95
                                      1944
  MINIMUM         77    602 AM  63    1901  75      2       74
  AVERAGE         89                        86      3       85

PRECIPITATION (IN)
  TODAY            0.00          3.84 1979   0.06  -0.06     0.06
  MONTH TO DATE    0.79                      1.83  -1.04     0.06
  SINCE JUN 1      6.55                      6.28   0.27     2.64
  SINCE JAN 1     23.14                     22.53   0.61    28.04

SNOWFALL (IN)
  TODAY            0.0
  MONTH TO DATE    0.0
  SINCE JUL 1      0.0

DEGREE DAYS
 HEATING
  TODAY            0                         0      0        0
  MONTH TO DATE    0                         0      0        0
  SINCE JUN 1      0                         0      0        0
  SINCE JUL 1      0                         0      0        0

 COOLING
  TODAY           23                        20      3       20
  MONTH TO DATE  563                       509     54      575
  SINCE JUN 1   1049                      1025     24     1111
  SINCE JAN 1   1810                      1613    197     1667
..................................................................


WIND (MPH)
  HIGHEST WIND SPEED    15   HIGHEST WIND DIRECTION     S (170)
  HIGHEST GUST SPEED    21   HIGHEST GUST DIRECTION    SW (230)
  AVERAGE WIND SPEED     7.8


SKY COVER
  AVERAGE SKY COVER 0.1


WEATHER CONDITIONS
 THE FOLLOWING WEATHER WAS RECORDED TODAY.
  NO SIGNIFICANT WEATHER WAS OBSERVED.


RELATIVE HUMIDITY (PERCENT)
 HIGHEST    97           700 AM
 LOWEST     42           100 PM
 AVERAGE    70

..........................................................


THE COLLEGE STATION CLIMATE NORMALS FOR TOMORROW
                         NORMAL    RECORD    YEAR
 MAXIMUM TEMPERATURE (F)   96       104      1954
                                             1944
                                             1889
 MINIMUM TEMPERATURE (F)   75        66      1901


SUNRISE AND SUNSET
JULY 26 2017..........SUNRISE   640 AM CDT   SUNSET   824 PM CDT
JULY 27 2017..........SUNRISE   641 AM CDT   SUNSET   823 PM CDT


-  INDICATES NEGATIVE NUMBERS.
R  INDICATES RECORD WAS SET OR TIED.
MM INDICATES DATA IS MISSING.
T  INDICATES TRACE AMOUNT.




$$
