234
CDUS44 KHGX 220733
CLICLL


CLIMATE REPORT
NATIONAL WEATHER SERVICE HOUSTON/GALVESTON TX
232 AM CDT FRI MAY 22 2015


...................................

...THE COLLEGE STATION CLIMATE SUMMARY FOR MAY 21 2015...

CLIMATE NORMAL PERIOD 1981 TO 2010
CLIMATE RECORD PERIOD 1902 TO 2015


WEATHER ITEM   OBSERVED TIME   RECORD YEAR NORMAL DEPARTURE LAST
                VALUE   (LST)  VALUE       VALUE  FROM      YEAR
                                                  NORMAL
..................................................................
TEMPERATURE (F)
 YESTERDAY
  MAXIMUM         77    121 AM  96    2005  87    -10       87
                                      1996
  MINIMUM         65    848 PM  50    2002  68     -3       69
  AVERAGE         71                        78     -7       78

PRECIPITATION (IN)
  YESTERDAY        0.00          3.07 1979   0.14  -0.14     0.00
  MONTH TO DATE    5.44                      2.87   2.57     5.44
  SINCE MAR 1     16.07                      8.70   7.37     8.28
  SINCE JAN 1     23.48                     14.79   8.69    10.46

SNOWFALL (IN)
  YESTERDAY        0.0
  MONTH TO DATE    0.0
  SINCE JUL 1      T

DEGREE DAYS
 HEATING
  YESTERDAY        0                         0      0        0
  MONTH TO DATE    0                         0      0        8
  SINCE MAR 1    227                       219      8      340
  SINCE JUL 1   1768                      1606    162     2064

 COOLING
  YESTERDAY        6                        13     -7       13
  MONTH TO DATE  217                       213      4      162
  SINCE MAR 1    455                       424     31      349
  SINCE JAN 1    456                       452      4      370
..................................................................


WIND (MPH)
  HIGHEST WIND SPEED    21   HIGHEST WIND DIRECTION     N (360)
  HIGHEST GUST SPEED    27   HIGHEST GUST DIRECTION     N (350)
  AVERAGE WIND SPEED     9.9


SKY COVER
  AVERAGE SKY COVER 1.0


WEATHER CONDITIONS
 THE FOLLOWING WEATHER WAS RECORDED YESTERDAY.
  FOG


RELATIVE HUMIDITY (PERCENT)
 HIGHEST    94           200 AM
 LOWEST     73           200 PM
 AVERAGE    84

..........................................................


THE COLLEGE STATION CLIMATE NORMALS FOR TODAY
                         NORMAL    RECORD    YEAR
 MAXIMUM TEMPERATURE (F)   87        96      2005
 MINIMUM TEMPERATURE (F)   68        53      2001


SUNRISE AND SUNSET
MAY 22 2015...........SUNRISE   627 AM CDT   SUNSET   817 PM CDT
MAY 23 2015...........SUNRISE   627 AM CDT   SUNSET   818 PM CDT


-  INDICATES NEGATIVE NUMBERS.
R  INDICATES RECORD WAS SET OR TIED.
MM INDICATES DATA IS MISSING.
T  INDICATES TRACE AMOUNT.




$$
