000
CDUS44 KHGX 312123
CLICLL


CLIMATE REPORT
NATIONAL WEATHER SERVICE HOUSTON/GALVESTON TX
418 PM CDT TUE MAY 31 2016


...................................

...THE COLLEGE STATION CLIMATE SUMMARY FOR MAY 31 2016...
VALID TODAY AS OF 400 PM LOCAL TIME.

CLIMATE NORMAL PERIOD 1981 TO 2010
CLIMATE RECORD PERIOD 1902 TO 2016


WEATHER ITEM   OBSERVED TIME   RECORD YEAR NORMAL DEPARTURE LAST
                VALUE   (LST)  VALUE       VALUE  FROM      YEAR
                                                  NORMAL
..................................................................
TEMPERATURE (F)
 TODAY
  MAXIMUM         86    225 PM 100    1998  89     -3       84
  MINIMUM         71    546 AM  55    1984  70      1       67
  AVERAGE         79                        80     -1       76

PRECIPITATION (IN)
  TODAY            0.00          2.63 1976   0.14  -0.14     0.00
  MONTH TO DATE   12.78                      4.33   8.45     9.73
  SINCE MAR 1     22.63                     10.16  12.47    20.36
  SINCE JAN 1     25.25                     16.25   9.00    27.77

SNOWFALL (IN)
  TODAY            0.0
  MONTH TO DATE    0.0
  SINCE JUL 1      0.0

DEGREE DAYS
 HEATING
  TODAY            0                         0      0        0
  MONTH TO DATE    2                         0      2        0
  SINCE MAR 1    101                       221   -120      227
  SINCE JUL 1   1148                      1608   -460     1768

 COOLING
  TODAY           14                        15     -1       11
  MONTH TO DATE  286                       349    -63      332
  SINCE MAR 1    532                       560    -28      570
  SINCE JAN 1    557                       588    -31      571
..................................................................


WIND (MPH)
  HIGHEST WIND SPEED    15   HIGHEST WIND DIRECTION     S (170)
  HIGHEST GUST SPEED    19   HIGHEST GUST DIRECTION    SE (150)
  AVERAGE WIND SPEED     7.3


SKY COVER
  AVERAGE SKY COVER 0.3


WEATHER CONDITIONS
 THE FOLLOWING WEATHER WAS RECORDED TODAY.
  FOG


RELATIVE HUMIDITY (PERCENT)
 HIGHEST   100           300 AM
 LOWEST     61           300 PM
 AVERAGE    81

..........................................................


THE COLLEGE STATION CLIMATE NORMALS FOR TOMORROW
                         NORMAL    RECORD    YEAR
 MAXIMUM TEMPERATURE (F)   90        99      1998
 MINIMUM TEMPERATURE (F)   70        56      1964


SUNRISE AND SUNSET
MAY 31 2016...........SUNRISE   624 AM CDT   SUNSET   823 PM CDT
JUNE  1 2016..........SUNRISE   623 AM CDT   SUNSET   824 PM CDT


-  INDICATES NEGATIVE NUMBERS.
R  INDICATES RECORD WAS SET OR TIED.
MM INDICATES DATA IS MISSING.
T  INDICATES TRACE AMOUNT.




$$
