000
CDUS44 KHGX 180834
CLICLL


CLIMATE REPORT
NATIONAL WEATHER SERVICE HOUSTON/GALVESTON TX
223 AM CST SUN FEB 18 2018


...................................

...THE COLLEGE STATION CLIMATE SUMMARY FOR FEBRUARY 17 2018...

CLIMATE NORMAL PERIOD 1981 TO 2010
CLIMATE RECORD PERIOD 1902 TO 2018


WEATHER ITEM   OBSERVED TIME   RECORD YEAR NORMAL DEPARTURE LAST
                VALUE   (LST)  VALUE       VALUE  FROM      YEAR
                                                  NORMAL
..................................................................
TEMPERATURE (F)
 YESTERDAY
  MAXIMUM         62    108 PM  89    1982  65     -3       71
  MINIMUM         49   1052 AM  12    1900  45      4       50
  AVERAGE         56                        55      1       61

PRECIPITATION (IN)
  YESTERDAY        0.05          3.15 1918   0.11  -0.06      T
  MONTH TO DATE    0.71                      1.77  -1.06     1.04
  SINCE DEC 1      5.27                      8.24  -2.97     7.55
  SINCE JAN 1      1.77                      5.01  -3.24     4.78

SNOWFALL (IN)
  YESTERDAY       MM
  MONTH TO DATE    0.0
  SINCE JUL 1      5.0

DEGREE DAYS
 HEATING
  YESTERDAY        9                        11     -2        4
  MONTH TO DATE  234                       205     29       86
  SINCE DEC 1   1172                      1058    114      683
  SINCE JUL 1   1319                      1283     36      752

 COOLING
  YESTERDAY        0                         1     -1        0
  MONTH TO DATE    7                        14     -7       53
  SINCE DEC 1     23                        41    -18      132
  SINCE JAN 1     10                        25    -15       88
..................................................................


WIND (MPH)
  HIGHEST WIND SPEED    17   HIGHEST WIND DIRECTION     N (360)
  HIGHEST GUST SPEED    21   HIGHEST GUST DIRECTION     N (360)
  AVERAGE WIND SPEED     7.2


SKY COVER
  AVERAGE SKY COVER 0.9


WEATHER CONDITIONS
 THE FOLLOWING WEATHER WAS RECORDED YESTERDAY.
  LIGHT RAIN
  FOG
  HAZE


RELATIVE HUMIDITY (PERCENT)
 HIGHEST   100           600 PM
 LOWEST     62           100 AM
 AVERAGE    81

..........................................................


THE COLLEGE STATION CLIMATE NORMALS FOR TODAY
                         NORMAL    RECORD    YEAR
 MAXIMUM TEMPERATURE (F)   65        89      1986
 MINIMUM TEMPERATURE (F)   45        11      1900


SUNRISE AND SUNSET
FEBRUARY 18 2018......SUNRISE   703 AM CST   SUNSET   616 PM CST
FEBRUARY 19 2018......SUNRISE   702 AM CST   SUNSET   617 PM CST


-  INDICATES NEGATIVE NUMBERS.
R  INDICATES RECORD WAS SET OR TIED.
MM INDICATES DATA IS MISSING.
T  INDICATES TRACE AMOUNT.




$$
