000
CDUS44 KHGX 230717
CLICLL


CLIMATE REPORT
NATIONAL WEATHER SERVICE HOUSTON/GALVESTON TX
117 AM CST THU FEB 23 2017


...................................

...THE COLLEGE STATION CLIMATE SUMMARY FOR FEBRUARY 22 2017...

CLIMATE NORMAL PERIOD 1981 TO 2010
CLIMATE RECORD PERIOD 1902 TO 2017


WEATHER ITEM   OBSERVED TIME   RECORD YEAR NORMAL DEPARTURE LAST
                VALUE   (LST)  VALUE       VALUE  FROM      YEAR
                                                  NORMAL
..................................................................
TEMPERATURE (F)
 YESTERDAY
  MAXIMUM         82    511 PM  96    1996  66     16       68
  MINIMUM         48    551 AM  26    1939  46      2       58
  AVERAGE         65                        56      9       63

PRECIPITATION (IN)
  YESTERDAY        0.00          2.02 1992   0.10  -0.10     0.40
  MONTH TO DATE    3.26                      2.28   0.98     0.60
  SINCE DEC 1      9.77                      8.75   1.02     9.98
  SINCE JAN 1      7.00                      5.52   1.48     1.90

SNOWFALL (IN)
  YESTERDAY        0.0
  MONTH TO DATE    0.0
  SINCE JUL 1      T

DEGREE DAYS
 HEATING
  YESTERDAY        0                        10    -10        2
  MONTH TO DATE   86                       255   -169      155
  SINCE DEC 1    683                      1108   -425      841
  SINCE JUL 1    752                      1333   -581      988

 COOLING
  YESTERDAY        0                         1     -1        0
  MONTH TO DATE   68                        19     49       18
  SINCE DEC 1    147                        46    101       58
  SINCE JAN 1    103                        30     73       22
..................................................................


WIND (MPH)
  HIGHEST WIND SPEED     9   HIGHEST WIND DIRECTION    SW (210)
  HIGHEST GUST SPEED    11   HIGHEST GUST DIRECTION    SW (210)
  AVERAGE WIND SPEED     4.1


SKY COVER
  AVERAGE SKY COVER 0.0


WEATHER CONDITIONS
 THE FOLLOWING WEATHER WAS RECORDED YESTERDAY.
  NO SIGNIFICANT WEATHER WAS OBSERVED.


RELATIVE HUMIDITY (PERCENT)
 HIGHEST    86           600 AM
 LOWEST     23           500 PM
 AVERAGE    55

..........................................................


THE COLLEGE STATION CLIMATE NORMALS FOR TODAY
                         NORMAL    RECORD    YEAR
 MAXIMUM TEMPERATURE (F)   67        90      1996
 MINIMUM TEMPERATURE (F)   46        25      1914


SUNRISE AND SUNSET
FEBRUARY 23 2017......SUNRISE   658 AM CST   SUNSET   620 PM CST
FEBRUARY 24 2017......SUNRISE   657 AM CST   SUNSET   621 PM CST


-  INDICATES NEGATIVE NUMBERS.
R  INDICATES RECORD WAS SET OR TIED.
MM INDICATES DATA IS MISSING.
T  INDICATES TRACE AMOUNT.




$$
