000
CDUS44 KHGX 230720
CLICLL


CLIMATE REPORT
NATIONAL WEATHER SERVICE HOUSTON/GALVESTON TX
220 AM CDT SAT AUG 23 2014


...................................

...THE COLLEGE STATION CLIMATE SUMMARY FOR AUGUST 22 2014...

CLIMATE NORMAL PERIOD 1981 TO 2010
CLIMATE RECORD PERIOD 1902 TO 2014


WEATHER ITEM   OBSERVED TIME   RECORD YEAR NORMAL DEPARTURE LAST
                VALUE   (LST)  VALUE       VALUE  FROM      YEAR
                                                  NORMAL
..................................................................
TEMPERATURE (F)
 YESTERDAY
  MAXIMUM         98    449 PM 108    1917  96      2      100
  MINIMUM         77    618 AM  59    1940  75      2       75
  AVERAGE         88                        85      3       88

PRECIPITATION (IN)
  YESTERDAY        0.00          1.44 1969   0.09  -0.09      T
  MONTH TO DATE    0.35                      1.74  -1.39     0.78
  SINCE JUN 1      8.68                      8.33   0.35     3.46
  SINCE JAN 1     22.71                     24.58  -1.87    19.73

SNOWFALL (IN)
  YESTERDAY        0.0
  MONTH TO DATE    0.0
  SINCE JUL 1      0.0

DEGREE DAYS
 HEATING
  YESTERDAY        0                         0      0        0
  MONTH TO DATE    0                         0      0        0
  SINCE JUN 1      0                         0      0        0
  SINCE JUL 1      0                         0      0        0

 COOLING
  YESTERDAY       23                        20      3       23
  MONTH TO DATE  440                       458    -18      502
  SINCE JUN 1   1540                      1585    -45     1717
  SINCE JAN 1   2027                      2173   -146     2281
..................................................................


WIND (MPH)
  HIGHEST WIND SPEED    17   HIGHEST WIND DIRECTION     S (160)
  HIGHEST GUST SPEED    22   HIGHEST GUST DIRECTION    SE (150)
  AVERAGE WIND SPEED    10.4


SKY COVER
  AVERAGE SKY COVER 0.2


WEATHER CONDITIONS
 THE FOLLOWING WEATHER WAS RECORDED YESTERDAY.
  NO SIGNIFICANT WEATHER WAS OBSERVED.


RELATIVE HUMIDITY (PERCENT)
 HIGHEST    91           100 AM
 LOWEST     38           500 PM
 AVERAGE    65

..........................................................


THE COLLEGE STATION CLIMATE NORMALS FOR TODAY
                         NORMAL    RECORD    YEAR
 MAXIMUM TEMPERATURE (F)   96       108      1917
 MINIMUM TEMPERATURE (F)   74        59      1949


SUNRISE AND SUNSET
AUGUST 23 2014........SUNRISE   657 AM CDT   SUNSET   759 PM CDT
AUGUST 24 2014........SUNRISE   657 AM CDT   SUNSET   758 PM CDT


-  INDICATES NEGATIVE NUMBERS.
R  INDICATES RECORD WAS SET OR TIED.
MM INDICATES DATA IS MISSING.
T  INDICATES TRACE AMOUNT.




$$
