000
CDUS42 KGSP 182131
CLICLT

CLIMATE REPORT
NATIONAL WEATHER SERVICE GREENVILLE-SPARTANBURG SC
429 PM EST SAT NOV 18 2017


...................................

...THE CHARLOTTE NC CLIMATE SUMMARY FOR NOVEMBER 18 2017...
VALID TODAY AS OF 0400 PM LOCAL TIME.

CLIMATE NORMAL PERIOD 1981 TO 2010
CLIMATE RECORD PERIOD 1878 TO 2017


WEATHER ITEM   OBSERVED TIME   RECORD YEAR NORMAL DEPARTURE LAST
                VALUE   (LST)  VALUE       VALUE  FROM      YEAR
                                                  NORMAL
..................................................................
TEMPERATURE (F)
 TODAY
  MAXIMUM         66    259 PM  78    2013  62      4       77
                                      1942
  MINIMUM         40    717 AM  20    2014  38      2       43
  AVERAGE         53                        50      3       60

PRECIPITATION (IN)
  TODAY            0.00          1.93 1902   0.10  -0.10     0.00
  MONTH TO DATE    0.72                      1.82  -1.10     0.05
  SINCE SEP 1      7.39                      8.46  -1.07     8.27
  SINCE JAN 1     42.35                     37.06   5.29    29.81

SNOWFALL (IN)
  TODAY            0.0           T    1947   0.1   -0.1      0.0
  MONTH TO DATE    0.0                       0.1   -0.1      0.0
  SINCE SEP 1      0.0                       0.1   -0.1      0.0
  SINCE JUL 1      0.0                       0.1   -0.1      0.0
  SNOW DEPTH       0

DEGREE DAYS
 HEATING
  TODAY           12                        15     -3        5
  MONTH TO DATE  190                       225    -35      186
  SINCE SEP 1    325                       431   -106      261
  SINCE JUL 1    325                       431   -106      261

 COOLING
  TODAY            0                         0      0        0
  MONTH TO DATE    5                         0      5        1
  SINCE SEP 1    344                       236    108      423
  SINCE JAN 1   1905                      1513    392     2190
..................................................................


WIND (MPH)
  HIGHEST WIND SPEED    22   HIGHEST WIND DIRECTION    SW (230)
  HIGHEST GUST SPEED    28   HIGHEST GUST DIRECTION    SW (210)
  AVERAGE WIND SPEED     7.9


SKY COVER
  POSSIBLE SUNSHINE  MM
  AVERAGE SKY COVER 0.7


WEATHER CONDITIONS
 THE FOLLOWING WEATHER WAS RECORDED TODAY.
  NO SIGNIFICANT WEATHER WAS OBSERVED.


RELATIVE HUMIDITY (PERCENT)
 HIGHEST    93           700 AM
 LOWEST     52          1200 PM
 AVERAGE    73

..........................................................


THE CHARLOTTE NC CLIMATE NORMALS FOR TOMORROW
                         NORMAL    RECORD    YEAR
 MAXIMUM TEMPERATURE (F)   61        78      1942
 MINIMUM TEMPERATURE (F)   38        14      2014


SUNRISE AND SUNSET
NOVEMBER 18 2017......SUNRISE   702 AM EST   SUNSET   516 PM EST
NOVEMBER 19 2017......SUNRISE   703 AM EST   SUNSET   515 PM EST


-  INDICATES NEGATIVE NUMBERS.
R  INDICATES RECORD WAS SET OR TIED.
MM INDICATES DATA IS MISSING.
T  INDICATES TRACE AMOUNT.




$$
