140
CDUS42 KGSP 302038 RRA
CLICLT

CLIMATE REPORT
NATIONAL WEATHER SERVICE GREENVILLE-SPARTANBURG SC
439 PM EDT SAT JUL 30 2016


...................................

...THE CHARLOTTE NC CLIMATE SUMMARY FOR JULY 30 2016...
VALID TODAY AS OF 0435 PM LOCAL TIME.

CLIMATE NORMAL PERIOD 1981 TO 2010
CLIMATE RECORD PERIOD 1878 TO 2016


WEATHER ITEM   OBSERVED TIME   RECORD YEAR NORMAL DEPARTURE LAST
                VALUE   (LST)  VALUE       VALUE  FROM      YEAR
                                                  NORMAL
..................................................................
TEMPERATURE (F)
 TODAY
  MAXIMUM         92    139 PM 101    2011  89      3       97
  MINIMUM         72    533 AM  58    1914  68      4       74
  AVERAGE         82                        78      4       86

PRECIPITATION (IN)
  TODAY            0.00          4.24 1879   0.14  -0.14     0.19
  MONTH TO DATE    1.55                      3.54  -1.99     1.21
  SINCE JUN 1      4.37                      7.28  -2.91     4.11
  SINCE JAN 1     19.66                     24.24  -4.58    18.58

SNOWFALL (IN)
  TODAY            0.0           0.0    MM   0.0    0.0      0.0
  MONTH TO DATE    0.0                       0.0    0.0      0.0
  SINCE JUN 1      0.0                       0.0    0.0      0.0
  SINCE JUL 1      0.0                       0.0    0.0      0.0
  SNOW DEPTH       0

DEGREE DAYS
 HEATING
  TODAY            0                         0      0        0
  MONTH TO DATE    0                         0      0        0
  SINCE JUN 1      0                         3     -3        0
  SINCE JUL 1      0                         0      0        0

 COOLING
  TODAY           17                        13      4       21
  MONTH TO DATE  543                       412    131      519
  SINCE JUN 1    953                       723    230      978
  SINCE JAN 1   1198                       886    312     1271
..................................................................


WIND (MPH)
  HIGHEST WIND SPEED    10   HIGHEST WIND DIRECTION     S (200)
  HIGHEST GUST SPEED    14   HIGHEST GUST DIRECTION    SW (210)
  AVERAGE WIND SPEED     3.7


SKY COVER
  POSSIBLE SUNSHINE  MM
  AVERAGE SKY COVER 0.6


WEATHER CONDITIONS
 THE FOLLOWING WEATHER WAS RECORDED TODAY.
  NO SIGNIFICANT WEATHER WAS OBSERVED.


RELATIVE HUMIDITY (PERCENT)
 HIGHEST    87           300 AM
 LOWEST     44           200 PM
 AVERAGE    66

..........................................................


THE CHARLOTTE NC CLIMATE NORMALS FOR TOMORROW
                         NORMAL    RECORD    YEAR
 MAXIMUM TEMPERATURE (F)   89       100      1999
                                             1931
                                             1915
 MINIMUM TEMPERATURE (F)   68        56      1914


SUNRISE AND SUNSET
JULY 30 2016..........SUNRISE   632 AM EDT   SUNSET   828 PM EDT
JULY 31 2016..........SUNRISE   632 AM EDT   SUNSET   827 PM EDT


-  INDICATES NEGATIVE NUMBERS.
R  INDICATES RECORD WAS SET OR TIED.
MM INDICATES DATA IS MISSING.
T  INDICATES TRACE AMOUNT.

$$

OUTLAW
