000
CDUS42 KGSP 280636 RRA
CLICLT

CLIMATE REPORT
NATIONAL WEATHER SERVICE GREENVILLE-SPARTANBURG SC
135 AM EST SAT FEB 28 2015


...................................

...THE CHARLOTTE NC CLIMATE SUMMARY FOR FEBRUARY 27 2015...

CLIMATE NORMAL PERIOD 1981 TO 2010
CLIMATE RECORD PERIOD 1878 TO 2015


WEATHER ITEM   OBSERVED TIME   RECORD YEAR NORMAL DEPARTURE LAST
                VALUE   (LST)  VALUE       VALUE  FROM      YEAR
                                                  NORMAL
..................................................................
TEMPERATURE (F)
 YESTERDAY
  MAXIMUM         50    325 PM  82    2011  58     -8       57
  MINIMUM         26    526 AM   7    1963  35     -9       29
  AVERAGE         38                        47     -9       43

PRECIPITATION (IN)
  YESTERDAY        0.00          1.70 1929   0.13  -0.13     0.00
  MONTH TO DATE    3.02                      3.19  -0.17     4.01
  SINCE DEC 1      8.39                      9.85  -1.46    14.05
  SINCE JAN 1      5.82                      6.60  -0.78     6.92

SNOWFALL (IN)
  YESTERDAY        0.0           2.5  1924   0.1   -0.1      0.0
  MONTH TO DATE    3.1                       1.2    1.9      8.4
  SINCE DEC 1      3.1                       3.6   -0.5      9.3
  SINCE JUL 1      3.1                       3.7   -0.6      9.3
  SNOW DEPTH       T

DEGREE DAYS
 HEATING
  YESTERDAY       27                        18      9       22
  MONTH TO DATE  736                       574    162      518
  SINCE DEC 1   2085                      2045     40     2001
  SINCE JUL 1   2743                      2681     62     2651

 COOLING
  YESTERDAY        0                         0      0        0
  MONTH TO DATE    0                         0      0        1
  SINCE DEC 1      0                         1     -1        9
  SINCE JAN 1      0                         0      0        1
..................................................................


WIND (MPH)
  HIGHEST WIND SPEED    14   HIGHEST WIND DIRECTION    NE (60)
  HIGHEST GUST SPEED    21   HIGHEST GUST DIRECTION     E (70)
  AVERAGE WIND SPEED     4.3


SKY COVER
  POSSIBLE SUNSHINE  MM
  AVERAGE SKY COVER 0.6


WEATHER CONDITIONS
 THE FOLLOWING WEATHER WAS RECORDED YESTERDAY.
  FOG
  HAZE


RELATIVE HUMIDITY (PERCENT)
 HIGHEST    92           400 AM
 LOWEST     36           400 PM
 AVERAGE    64

..........................................................


THE CHARLOTTE NC CLIMATE NORMALS FOR TODAY
                         NORMAL    RECORD    YEAR
 MAXIMUM TEMPERATURE (F)   58        78      2011
                                             1962
                                             1948
 MINIMUM TEMPERATURE (F)   36        14      2002


SUNRISE AND SUNSET
FEBRUARY 28 2015......SUNRISE   655 AM EST   SUNSET   618 PM EST
MARCH  1 2015.........SUNRISE   654 AM EST   SUNSET   619 PM EST


-  INDICATES NEGATIVE NUMBERS.
R  INDICATES RECORD WAS SET OR TIED.
MM INDICATES DATA IS MISSING.
T  INDICATES TRACE AMOUNT.

$$
07
