000
CDUS42 KGSP 230638
CLICLT

CLIMATE REPORT
NATIONAL WEATHER SERVICE GREENVILLE-SPARTANBURG SC
237 AM EDT SAT MAY 23 2015


...................................

...THE CHARLOTTE NC CLIMATE SUMMARY FOR MAY 22 2015...

CLIMATE NORMAL PERIOD 1981 TO 2010
CLIMATE RECORD PERIOD 1878 TO 2015


WEATHER ITEM   OBSERVED TIME   RECORD YEAR NORMAL DEPARTURE LAST
                VALUE   (LST)  VALUE       VALUE  FROM      YEAR
                                                  NORMAL
..................................................................
TEMPERATURE (F)
 YESTERDAY
  MAXIMUM         76    506 PM  98    1941  80     -4       89
  MINIMUM         52   1112 PM  42    2002  58     -6       68
  AVERAGE         64                        69     -5       79

PRECIPITATION (IN)
  YESTERDAY        0.00          3.50 2003   0.10  -0.10     0.00
  MONTH TO DATE    T                         2.17  -2.17     2.70
  SINCE MAR 1      8.33                      9.22  -0.89    14.52
  SINCE JAN 1     14.15                     15.95  -1.80    21.44

SNOWFALL (IN)
  YESTERDAY        0.0           0.0    MM   0.0    0.0      0.0
  MONTH TO DATE    0.0                       0.0    0.0       T
  SINCE MAR 1      0.0                       0.6   -0.6       T
  SINCE JUL 1      3.1                       4.3   -1.2      9.3
  SNOW DEPTH       0

DEGREE DAYS
 HEATING
  YESTERDAY        1                         1      0        0
  MONTH TO DATE   15                        46    -31       35
  SINCE MAR 1    483                       679   -196      721
  SINCE JUL 1   3254                      3378   -124     3397

 COOLING
  YESTERDAY        0                         5     -5       14
  MONTH TO DATE  146                        71     75      106
  SINCE MAR 1    209                       108    101      144
  SINCE JAN 1    209                       108    101      145
..................................................................


WIND (MPH)
  HIGHEST WIND SPEED     3   HIGHEST WIND DIRECTION     S (200)
  HIGHEST GUST SPEED     3   HIGHEST GUST DIRECTION     S (190)
  AVERAGE WIND SPEED     6.6


SKY COVER
  POSSIBLE SUNSHINE  MM
  AVERAGE SKY COVER 0.4


WEATHER CONDITIONS
 THE FOLLOWING WEATHER WAS RECORDED YESTERDAY.
  NO SIGNIFICANT WEATHER WAS OBSERVED.


RELATIVE HUMIDITY (PERCENT)
 HIGHEST    55           500 AM
 LOWEST     20           400 PM
 AVERAGE    38

..........................................................


THE CHARLOTTE NC CLIMATE NORMALS FOR TODAY
                         NORMAL    RECORD    YEAR
 MAXIMUM TEMPERATURE (F)   81        98      1941
 MINIMUM TEMPERATURE (F)   58        37      2002


SUNRISE AND SUNSET
MAY 23 2015...........SUNRISE   615 AM EDT   SUNSET   827 PM EDT
MAY 24 2015...........SUNRISE   614 AM EDT   SUNSET   828 PM EDT


-  INDICATES NEGATIVE NUMBERS.
R  INDICATES RECORD WAS SET OR TIED.
MM INDICATES DATA IS MISSING.
T  INDICATES TRACE AMOUNT.




$$
