000
CDUS42 KGSP 012034 RRA
CLICLT

CLIMATE REPORT
NATIONAL WEATHER SERVICE GREENVILLE-SPARTANBURG SC
432 PM EDT SAT OCT 1 2016


...................................

...THE CHARLOTTE NC CLIMATE SUMMARY FOR OCTOBER 1 2016...
VALID TODAY AS OF 0430 PM LOCAL TIME.

CLIMATE NORMAL PERIOD 1981 TO 2010
CLIMATE RECORD PERIOD 1878 TO 2016


WEATHER ITEM   OBSERVED TIME   RECORD YEAR NORMAL DEPARTURE LAST
                VALUE   (LST)  VALUE       VALUE  FROM      YEAR
                                                  NORMAL
..................................................................
TEMPERATURE (F)
 TODAY
  MAXIMUM         79    330 PM  92    1954  76      3       71
  MINIMUM         52    606 AM  39    1899  54     -2       58
  AVERAGE         66                        65      1       65

PRECIPITATION (IN)
  TODAY            0.00          3.80 1929   0.12  -0.12     0.02
  MONTH TO DATE    0.00                      0.12  -0.12     0.02
  SINCE SEP 1      5.44                      3.36   2.08     2.77
  SINCE JAN 1     26.98                     31.96  -4.98    25.19

SNOWFALL (IN)
  TODAY            0.0           0.0    MM   0.0    0.0      0.0
  MONTH TO DATE    0.0                       0.0    0.0      0.0
  SINCE SEP 1      0.0                       0.0    0.0      0.0
  SINCE JUL 1      0.0                       0.0    0.0      0.0
  SNOW DEPTH       0

DEGREE DAYS
 HEATING
  TODAY            0                         3     -3        0
  MONTH TO DATE    0                         3     -3        0
  SINCE SEP 1      0                        26    -26        4
  SINCE JUL 1      0                        26    -26        4

 COOLING
  TODAY            1                         3     -2        0
  MONTH TO DATE    1                         3     -2        0
  SINCE SEP 1    364                       201    163      251
  SINCE JAN 1   2131                      1478    653     1992
..................................................................


WIND (MPH)
  HIGHEST WIND SPEED    14   HIGHEST WIND DIRECTION    SW (230)
  HIGHEST GUST SPEED    19   HIGHEST GUST DIRECTION    SW (220)
  AVERAGE WIND SPEED     2.7


SKY COVER
  POSSIBLE SUNSHINE  MM
  AVERAGE SKY COVER 0.1


WEATHER CONDITIONS
 THE FOLLOWING WEATHER WAS RECORDED TODAY.
  NO SIGNIFICANT WEATHER WAS OBSERVED.


RELATIVE HUMIDITY (PERCENT)
 HIGHEST    89           200 AM
 LOWEST     32           300 PM
 AVERAGE    61

..........................................................


THE CHARLOTTE NC CLIMATE NORMALS FOR TOMORROW
                         NORMAL    RECORD    YEAR
 MAXIMUM TEMPERATURE (F)   76        92      1986
                                             1954
 MINIMUM TEMPERATURE (F)   54        36      1899


SUNRISE AND SUNSET
OCTOBER  1 2016.......SUNRISE   719 AM EDT   SUNSET   707 PM EDT
OCTOBER  2 2016.......SUNRISE   720 AM EDT   SUNSET   706 PM EDT


-  INDICATES NEGATIVE NUMBERS.
R  INDICATES RECORD WAS SET OR TIED.
MM INDICATES DATA IS MISSING.
T  INDICATES TRACE AMOUNT.




$$

LEV
