000
CDUS42 KGSP 112130 RRA
CLICLT

CLIMATE REPORT
NATIONAL WEATHER SERVICE GREENVILLE-SPARTANBURG SC
428 PM EST THU FEB 11 2016


...................................

...THE CHARLOTTE NC CLIMATE SUMMARY FOR FEBRUARY 11 2016...
VALID TODAY AS OF 400 PM LOCAL TIME.

CLIMATE NORMAL PERIOD 1981 TO 2010
CLIMATE RECORD PERIOD 1878 TO 2016


WEATHER ITEM   OBSERVED TIME   RECORD YEAR NORMAL DEPARTURE LAST
                VALUE   (LST)  VALUE       VALUE  FROM      YEAR
                                                  NORMAL
..................................................................
TEMPERATURE (F)
 TODAY
  MAXIMUM         48    307 PM  75    1965  54     -6       55
                                      1932
  MINIMUM         17    427 AM  12    1885  32    -15       28
  AVERAGE         33                        43    -10       42

PRECIPITATION (IN)
  TODAY            0.00          1.19 1903   0.11  -0.11     0.00
  MONTH TO DATE    0.75                      1.19  -0.44     1.40
  SINCE DEC 1     11.73                      7.85   3.88     6.77
  SINCE JAN 1      3.03                      4.60  -1.57     4.20

SNOWFALL (IN)
  TODAY            0.0           3.7  1910   0.1   -0.1      0.0
  MONTH TO DATE    T                         0.5   -0.5      0.0
  SINCE DEC 1      3.3                       2.9    0.4      0.0
  SINCE JUL 1      3.3                       3.0    0.3       T
  SNOW DEPTH       0

DEGREE DAYS
 HEATING
  TODAY           32                        22     10       23
  MONTH TO DATE  229                       251    -22      230
  SINCE DEC 1   1317                      1722   -405     1579
  SINCE JUL 1   1783                      2358   -575     2237

 COOLING
  TODAY            0                         0      0        0
  MONTH TO DATE    0                         0      0        0
  SINCE DEC 1     12                         1     11        0
  SINCE JAN 1      0                         0      0        0
..................................................................


WIND (MPH)
  HIGHEST WIND SPEED    12   HIGHEST WIND DIRECTION    NE (60)
  HIGHEST GUST SPEED    20   HIGHEST GUST DIRECTION    SE (120)
  AVERAGE WIND SPEED     3.5


SKY COVER
  POSSIBLE SUNSHINE  MM
  AVERAGE SKY COVER 0.1


WEATHER CONDITIONS
 THE FOLLOWING WEATHER WAS RECORDED TODAY.
  NO SIGNIFICANT WEATHER WAS OBSERVED.


RELATIVE HUMIDITY (PERCENT)
 HIGHEST    62           500 AM
 LOWEST     28           300 PM
 AVERAGE    45

..........................................................


THE CHARLOTTE NC CLIMATE NORMALS FOR TOMORROW
                         NORMAL    RECORD    YEAR
 MAXIMUM TEMPERATURE (F)   54        73      1999
 MINIMUM TEMPERATURE (F)   32        11      1899


SUNRISE AND SUNSET
FEBRUARY 11 2016......SUNRISE   715 AM EST   SUNSET   602 PM EST
FEBRUARY 12 2016......SUNRISE   714 AM EST   SUNSET   603 PM EST


-  INDICATES NEGATIVE NUMBERS.
R  INDICATES RECORD WAS SET OR TIED.
MM INDICATES DATA IS MISSING.
T  INDICATES TRACE AMOUNT.




$$
JPT
