000
CDUS42 KGSP 160644 RRA
CLICLT

CLIMATE REPORT
NATIONAL WEATHER SERVICE GREENVILLE-SPARTANBURG SC
143 AM EST MON JAN 16 2017


...................................

...THE CHARLOTTE NC CLIMATE SUMMARY FOR JANUARY 15 2017...

CLIMATE NORMAL PERIOD 1981 TO 2010
CLIMATE RECORD PERIOD 1878 TO 2017


WEATHER ITEM   OBSERVED TIME   RECORD YEAR NORMAL DEPARTURE LAST
                VALUE   (LST)  VALUE       VALUE  FROM      YEAR
                                                  NORMAL
..................................................................
TEMPERATURE (F)
 YESTERDAY
  MAXIMUM         69    300 PM  77    1907  50     19       48
  MINIMUM         43    304 AM  12    1994  29     14       37
                                      1964
  AVERAGE         56                        40     16       43

PRECIPITATION (IN)
  YESTERDAY        0.00          0.96 1885   0.11  -0.11     0.93
  MONTH TO DATE    2.71                      1.69   1.02     1.35
  SINCE DEC 1      5.62                      4.94   0.68    10.05
  SINCE JAN 1      2.71                      1.69   1.02     1.35

SNOWFALL (IN)
  YESTERDAY        0.0           2.0  1893   0.0    0.0      0.0
  MONTH TO DATE    1.1                       0.9    0.2      0.0
  SINCE DEC 1      1.1                       1.2   -0.1      0.0
  SINCE JUL 1      1.1                       1.3   -0.2      0.0
  SNOW DEPTH       0

DEGREE DAYS
 HEATING
  YESTERDAY        9                        25    -16       22
  MONTH TO DATE  310                       375    -65      366
  SINCE DEC 1    935                      1076   -141      667
  SINCE JUL 1   1353                      1712   -359     1133

 COOLING
  YESTERDAY        0                         0      0        0
  MONTH TO DATE    0                         0      0        0
  SINCE DEC 1      0                         1     -1       12
  SINCE JAN 1      0                         0      0        0
..................................................................


WIND (MPH)
  HIGHEST WIND SPEED    15   HIGHEST WIND DIRECTION     E (110)
  HIGHEST GUST SPEED    19   HIGHEST GUST DIRECTION     E (110)
  AVERAGE WIND SPEED     5.5


SKY COVER
  POSSIBLE SUNSHINE  MM
  AVERAGE SKY COVER 0.8


WEATHER CONDITIONS
 THE FOLLOWING WEATHER WAS RECORDED YESTERDAY.
  FOG
  FOG W/VISIBILITY <= 1/4 MILE


RELATIVE HUMIDITY (PERCENT)
 HIGHEST    96           900 AM
 LOWEST     53           300 PM
 AVERAGE    75

..........................................................


THE CHARLOTTE NC CLIMATE NORMALS FOR TODAY
                         NORMAL    RECORD    YEAR
 MAXIMUM TEMPERATURE (F)   50        74      1974
 MINIMUM TEMPERATURE (F)   29         5      1893


SUNRISE AND SUNSET
JANUARY 16 2017.......SUNRISE   731 AM EST   SUNSET   536 PM EST
JANUARY 17 2017.......SUNRISE   731 AM EST   SUNSET   537 PM EST


-  INDICATES NEGATIVE NUMBERS.
R  INDICATES RECORD WAS SET OR TIED.
MM INDICATES DATA IS MISSING.
T  INDICATES TRACE AMOUNT.




$$
