000
CDUS42 KGSP 012038
CLICLT

CLIMATE REPORT
NATIONAL WEATHER SERVICE GREENVILLE-SPARTANBURG SC
438 PM EDT WED OCT 1 2014


...................................

...THE CHARLOTTE NC CLIMATE SUMMARY FOR OCTOBER 1 2014...
VALID TODAY AS OF 0435 PM LOCAL TIME.

CLIMATE NORMAL PERIOD 1981 TO 2010
CLIMATE RECORD PERIOD 1878 TO 2014


WEATHER ITEM   OBSERVED TIME   RECORD YEAR NORMAL DEPARTURE LAST
                VALUE   (LST)  VALUE       VALUE  FROM      YEAR
                                                  NORMAL
..................................................................
TEMPERATURE (F)
 TODAY
  MAXIMUM         84    230 PM  92    1954  76      8       82
  MINIMUM         56    429 AM  39    1899  54      2       52
  AVERAGE         70                        65      5       67

PRECIPITATION (IN)
  TODAY            0.00          3.80 1929   0.12  -0.12     0.00
  MONTH TO DATE    0.00                      0.12  -0.12     0.00
  SINCE SEP 1      3.99                      3.36   0.63     3.06
  SINCE JAN 1     37.75                     31.96   5.79    38.38

SNOWFALL (IN)
  TODAY            0.0           0.0    MM   0.0    0.0      0.0
  MONTH TO DATE    0.0                       0.0    0.0      0.0
  SINCE SEP 1      0.0                       0.0    0.0      0.0
  SINCE JUL 1      0.0                       0.0    0.0      0.0
  SNOW DEPTH       0

DEGREE DAYS
 HEATING
  TODAY            0                         3     -3        0
  MONTH TO DATE    0                         3     -3        0
  SINCE SEP 1     12                        26    -14        2
  SINCE JUL 1     12                        26    -14        3

 COOLING
  TODAY            5                         3      2        2
  MONTH TO DATE    5                         3      2        2
  SINCE SEP 1    238                       201     37      230
  SINCE JAN 1   1593                      1478    115     1518
..................................................................


WIND (MPH)
  HIGHEST WIND SPEED     7   HIGHEST WIND DIRECTION     N (340)
  HIGHEST GUST SPEED     9   HIGHEST GUST DIRECTION    NE (30)
  AVERAGE WIND SPEED     0.7


SKY COVER
  POSSIBLE SUNSHINE  MM
  AVERAGE SKY COVER 0.2


WEATHER CONDITIONS
 THE FOLLOWING WEATHER WAS RECORDED TODAY.
  FOG


RELATIVE HUMIDITY (PERCENT)
 HIGHEST    93           300 AM
 LOWEST     37           200 PM
 AVERAGE    65

..........................................................


THE CHARLOTTE NC CLIMATE NORMALS FOR TOMORROW
                         NORMAL    RECORD    YEAR
 MAXIMUM TEMPERATURE (F)   76        92      1986
                                             1954
 MINIMUM TEMPERATURE (F)   54        36      1899


SUNRISE AND SUNSET
OCTOBER  1 2014.......SUNRISE   719 AM EDT   SUNSET   708 PM EDT
OCTOBER  2 2014.......SUNRISE   719 AM EDT   SUNSET   706 PM EDT


-  INDICATES NEGATIVE NUMBERS.
R  INDICATES RECORD WAS SET OR TIED.
MM INDICATES DATA IS MISSING.
T  INDICATES TRACE AMOUNT.

$$

OUTLAW
