000
CDUS42 KGSP 202135 RRA
CLICLT

CLIMATE REPORT
NATIONAL WEATHER SERVICE GREENVILLE-SPARTANBURG SC
435 PM EST SAT JAN 20 2018


...................................

...THE CHARLOTTE NC CLIMATE SUMMARY FOR JANUARY 20 2018...
VALID TODAY AS OF 0400 PM LOCAL TIME.

CLIMATE NORMAL PERIOD 1981 TO 2010
CLIMATE RECORD PERIOD 1878 TO 2018


WEATHER ITEM   OBSERVED TIME   RECORD YEAR NORMAL DEPARTURE LAST
                VALUE   (LST)  VALUE       VALUE  FROM      YEAR
                                                  NORMAL
..................................................................
TEMPERATURE (F)
 TODAY
  MAXIMUM         60    258 PM  71    1951  51      9       62
                                      1929
                                      1927
  MINIMUM         24    737 AM  -2    1985  30     -6       51
  AVERAGE         42                        40      2       57

PRECIPITATION (IN)
  TODAY            0.00          1.98 1883   0.11  -0.11     0.09
  MONTH TO DATE    0.96                      2.24  -1.28     2.80
  SINCE DEC 1      3.08                      5.49  -2.41     5.71
  SINCE JAN 1      0.96                      2.24  -1.28     2.80

SNOWFALL (IN)
  TODAY            0.0           0.4  1985   0.0    0.0      0.0
  MONTH TO DATE    3.9                       1.3    2.6      1.1
  SINCE DEC 1      4.0                       1.6    2.4      1.1
  SINCE JUL 1      4.0                       1.7    2.3      1.1
  SNOW DEPTH       0

DEGREE DAYS
 HEATING
  TODAY           23                        25     -2        8
  MONTH TO DATE  626                       500    126      360
  SINCE DEC 1   1238                      1201     37      985
  SINCE JUL 1   1764                      1837    -73     1403

 COOLING
  TODAY            0                         0      0        0
  MONTH TO DATE    0                         0      0        0
  SINCE DEC 1      0                         1     -1        0
  SINCE JAN 1      0                         0      0        0
..................................................................


WIND (MPH)
  HIGHEST WIND SPEED    10   HIGHEST WIND DIRECTION    SW (210)
  HIGHEST GUST SPEED    13   HIGHEST GUST DIRECTION    SW (220)
  AVERAGE WIND SPEED     3.1


SKY COVER
  POSSIBLE SUNSHINE  MM
  AVERAGE SKY COVER 0.1


WEATHER CONDITIONS
 THE FOLLOWING WEATHER WAS RECORDED TODAY.
  NO SIGNIFICANT WEATHER WAS OBSERVED.


RELATIVE HUMIDITY (PERCENT)
 HIGHEST    69           100 AM
 LOWEST     36          1100 AM
 AVERAGE    53

..........................................................


THE CHARLOTTE NC CLIMATE NORMALS FOR TOMORROW
                         NORMAL    RECORD    YEAR
 MAXIMUM TEMPERATURE (F)   51        73      1935
 MINIMUM TEMPERATURE (F)   30        -5      1985


SUNRISE AND SUNSET
JANUARY 20 2018.......SUNRISE   730 AM EST   SUNSET   540 PM EST
JANUARY 21 2018.......SUNRISE   730 AM EST   SUNSET   541 PM EST


-  INDICATES NEGATIVE NUMBERS.
R  INDICATES RECORD WAS SET OR TIED.
MM INDICATES DATA IS MISSING.
T  INDICATES TRACE AMOUNT.

$$
