711
CDUS46 KLOX 210924
CLICMA


CLIMATE REPORT
NATIONAL WEATHER SERVICE LOS ANGELES/OXNARD CA
224 AM PDT SAT OCT 21 2017


...................................

...THE CAMARILLO AIRPORT CA CLIMATE SUMMARY FOR OCTOBER 20 2017...

CLIMATE NORMAL PERIOD 1981 TO 2010
CLIMATE RECORD PERIOD 1923 TO 2017


WEATHER ITEM   OBSERVED TIME   RECORD YEAR NORMAL DEPARTURE LAST
                VALUE   (LST)  VALUE       VALUE  FROM      YEAR
                                                  NORMAL
..................................................................
TEMPERATURE (F)
 YESTERDAY
  MAXIMUM         75    131 PM  98    2016  73      2       98
  MINIMUM         53   1146 PM  40    1949  52      1       62
                                      1943
  AVERAGE         64                        63      1       80

PRECIPITATION (IN)
  YESTERDAY        0.00          0.46 2004   0.02  -0.02     0.00
  MONTH TO DATE    0.00                      0.30  -0.30     0.19
  SINCE OCT 1      0.00                      0.30  -0.30     0.19
  SINCE JAN 1     14.80                     11.52   3.28     5.61

SNOWFALL (IN)
  YESTERDAY        0.0
  MONTH TO DATE    0.0
  SINCE SEP 1      0.0
  SINCE JUL 1      0.0

DEGREE DAYS
 HEATING
  YESTERDAY        1                         3     -2        0
  MONTH TO DATE   11                        49    -38       19
  SINCE SEP 1     15                        66    -51       23
  SINCE JUL 1     16                        81    -65       23

 COOLING
  YESTERDAY        0                         1     -1       15
  MONTH TO DATE   62                        20     42       50
  SINCE SEP 1    255                        91    164      199
  SINCE JAN 1    751                       303    448      664
..................................................................


WIND (MPH)
  HIGHEST WIND SPEED    25   HIGHEST WIND DIRECTION     W (270)
  HIGHEST GUST SPEED    31   HIGHEST GUST DIRECTION     W (280)
  AVERAGE WIND SPEED     7.6


SKY COVER
  POSSIBLE SUNSHINE  MM
  AVERAGE SKY COVER 0.1


WEATHER CONDITIONS
 THE FOLLOWING WEATHER WAS RECORDED YESTERDAY.
  FOG


RELATIVE HUMIDITY (PERCENT)
 HIGHEST    86           200 AM
 LOWEST     49           300 PM
 AVERAGE    68

..........................................................


THE CAMARILLO AIRPORT CA CLIMATE NORMALS FOR TODAY
                         NORMAL    RECORD    YEAR
 MAXIMUM TEMPERATURE (F)   73        98      1965
                                             1942
 MINIMUM TEMPERATURE (F)   52        39      1924


SUNRISE AND SUNSET
OCTOBER 21 2017.......SUNRISE   707 AM PDT   SUNSET   615 PM PDT
OCTOBER 22 2017.......SUNRISE   708 AM PDT   SUNSET   613 PM PDT


-  INDICATES NEGATIVE NUMBERS.
R  INDICATES RECORD WAS SET OR TIED.
MM INDICATES DATA IS MISSING.
T  INDICATES TRACE AMOUNT.




$$
