000
CDUS46 KLOX 030856
CLICMA


CLIMATE REPORT
NATIONAL WEATHER SERVICE LOS ANGELES/OXNARD CA
1256 AM PST TUE MAR 3 2015


...................................

...THE CAMARILLO AIRPORT CA CLIMATE SUMMARY FOR MARCH 2 2015...

CLIMATE NORMAL PERIOD 1981 TO 2010
CLIMATE RECORD PERIOD 1948 TO 2015


WEATHER ITEM   OBSERVED TIME   RECORD YEAR NORMAL DEPARTURE LAST
                VALUE   (LST)  VALUE       VALUE  FROM      YEAR
                                                  NORMAL
..................................................................
TEMPERATURE (F)
 YESTERDAY
  MAXIMUM         62    140 PM  82    1994  65     -3       63
  MINIMUM         46    528 AM  31    1953  44      2       54
  AVERAGE         54                        55     -1       59

PRECIPITATION (IN)
  YESTERDAY        0.00          1.57 1974   0.19  -0.19      T
  MONTH TO DATE    0.52                      0.38   0.14     0.71
  SINCE OCT 1      8.01                     11.56  -3.55     4.81
  SINCE JAN 1      3.10                      7.56  -4.46     4.03

SNOWFALL (IN)
  YESTERDAY        0.0
  MONTH TO DATE    0.0
  SINCE MAR 1      0.0
  SINCE JUL 1      0.0

DEGREE DAYS
 HEATING
  YESTERDAY       11                        10      1        6
  MONTH TO DATE   19                        21     -2       13
  SINCE MAR 1     19                        21     -2       13
  SINCE JUL 1    676                      1357   -681      966

 COOLING
  YESTERDAY        0                         0      0        0
  MONTH TO DATE    0                         0      0        0
  SINCE MAR 1      0                         0      0        0
  SINCE JAN 1     39                         9     30       28
..................................................................


WIND (MPH)
  HIGHEST WIND SPEED    16   HIGHEST WIND DIRECTION     S (200)
  HIGHEST GUST SPEED    21   HIGHEST GUST DIRECTION    SW (210)
  AVERAGE WIND SPEED     7.1


SKY COVER
  POSSIBLE SUNSHINE  MM
  AVERAGE SKY COVER 0.4


WEATHER CONDITIONS
 THE FOLLOWING WEATHER WAS RECORDED YESTERDAY.
  THUNDERSTORM


RELATIVE HUMIDITY (PERCENT)
 HIGHEST    86           100 AM
 LOWEST     51           400 PM
 AVERAGE    69

..........................................................


THE CAMARILLO AIRPORT CA CLIMATE NORMALS FOR TODAY
                         NORMAL    RECORD    YEAR
 MAXIMUM TEMPERATURE (F)   65        86      1968
 MINIMUM TEMPERATURE (F)   45        30      1966


SUNRISE AND SUNSET
MARCH  3 2015.........SUNRISE   623 AM PST   SUNSET   554 PM PST
MARCH  4 2015.........SUNRISE   622 AM PST   SUNSET   555 PM PST


-  INDICATES NEGATIVE NUMBERS.
R  INDICATES RECORD WAS SET OR TIED.
MM INDICATES DATA IS MISSING.
T  INDICATES TRACE AMOUNT.




$$
