000
CDUS46 KLOX 130120
CLICMA


CLIMATE REPORT
NATIONAL WEATHER SERVICE LOS ANGELES/OXNARD CA
620 PM PDT SAT JUL 12 2014


...................................

...THE CAMARILLO CLIMATE SUMMARY FOR JULY 12 2014...
VALID TODAY AS OF 0600 PM LOCAL TIME.

CLIMATE NORMAL PERIOD 1981 TO 2010
CLIMATE RECORD PERIOD 1948 TO 2014


WEATHER ITEM   OBSERVED TIME   RECORD YEAR NORMAL DEPARTURE LAST
                VALUE   (LST)  VALUE       VALUE  FROM      YEAR
                                                  NORMAL
..................................................................
TEMPERATURE (F)
 TODAY
  MAXIMUM         80    205 PM  88    1983  76      4       76
  MINIMUM         61    515 AM  47    1966  58      3       62
  AVERAGE         71                        67      4       69

PRECIPITATION (IN)
  TODAY            0.00          0.01 1992   0.00   0.00     0.00
  MONTH TO DATE    0.00                      0.01  -0.01      T
  SINCE JUL 1      0.00                      0.01  -0.01      T
  SINCE JAN 1      4.19                     10.99  -6.80     2.15

SNOWFALL (IN)
  TODAY            0.0
  MONTH TO DATE    0.0
  SINCE JUN 1      0.0
  SINCE JUL 1      0.0

DEGREE DAYS
 HEATING
  TODAY            0                         0      0        0
  MONTH TO DATE    0                         1     -1        0
  SINCE JUN 1     12                        44    -32        0
  SINCE JUL 1      0                         1     -1        0

 COOLING
  TODAY            6                         2      4        4
  MONTH TO DATE   80                        24     56       71
  SINCE JUN 1    125                        47     78      217
  SINCE JAN 1    273                        78    195      323
..................................................................


WIND (MPH)
  HIGHEST WIND SPEED    13   HIGHEST WIND DIRECTION     W (260)
  HIGHEST GUST SPEED    20   HIGHEST GUST DIRECTION    SW (240)
  AVERAGE WIND SPEED     5.1


SKY COVER
  POSSIBLE SUNSHINE  MM
  AVERAGE SKY COVER 0.1


WEATHER CONDITIONS
 THE FOLLOWING WEATHER WAS RECORDED TODAY.
  NO SIGNIFICANT WEATHER WAS OBSERVED.


RELATIVE HUMIDITY (PERCENT)
 HIGHEST    84           100 AM
 LOWEST     54           100 PM
 AVERAGE    69

..........................................................


THE CAMARILLO CLIMATE NORMALS FOR TOMORROW
                         NORMAL    RECORD    YEAR
 MAXIMUM TEMPERATURE (F)   76        89      1953
 MINIMUM TEMPERATURE (F)   58        48      1966


SUNRISE AND SUNSET
JULY 12 2014..........SUNRISE   554 AM PDT   SUNSET   810 PM PDT
JULY 13 2014..........SUNRISE   555 AM PDT   SUNSET   809 PM PDT


-  INDICATES NEGATIVE NUMBERS.
R  INDICATES RECORD WAS SET OR TIED.
MM INDICATES DATA IS MISSING.
T  INDICATES TRACE AMOUNT.




$$
