000
CDUS46 KLOX 180118
CLICMA


CLIMATE REPORT
NATIONAL WEATHER SERVICE LOS ANGELES/OXNARD CA
518 PM PST TUE JAN 17 2017


...................................

...THE CAMARILLO CLIMATE SUMMARY FOR JANUARY 17 2017...
VALID TODAY AS OF 0500 PM LOCAL TIME.

CLIMATE NORMAL PERIOD 1981 TO 2010
CLIMATE RECORD PERIOD 1948 TO 2017


WEATHER ITEM   OBSERVED TIME   RECORD YEAR NORMAL DEPARTURE LAST
                VALUE   (LST)  VALUE       VALUE  FROM      YEAR
                                                  NORMAL
..................................................................
TEMPERATURE (F)
 TODAY
  MAXIMUM         64    151 PM  87    2014  66     -2       65
                                      1976
  MINIMUM         43    745 AM  32    2007  44     -1       45
  AVERAGE         54                        55     -1       55

PRECIPITATION (IN)
  TODAY            0.00          2.56 1973   0.12  -0.12     0.00
  MONTH TO DATE    3.09                      2.31   0.78     2.11
  SINCE OCT 1      7.75                      6.31   1.44     2.67
  SINCE JAN 1      3.09                      2.31   0.78     2.11

SNOWFALL (IN)
  TODAY            0.0
  MONTH TO DATE    0.0
  SINCE DEC 1      0.0
  SINCE JUL 1      0.0

DEGREE DAYS
 HEATING
  TODAY           11                        11      0       10
  MONTH TO DATE  174                       187    -13      176
  SINCE DEC 1    440                       536    -96      454
  SINCE JUL 1    603                       868   -265      599

 COOLING
  TODAY            0                         0      0        0
  MONTH TO DATE    0                         0      0        0
  SINCE DEC 1      5                         2      3        4
  SINCE JAN 1      0                         0      0        0
..................................................................


WIND (MPH)
  HIGHEST WIND SPEED    17   HIGHEST WIND DIRECTION    NE (60)
  HIGHEST GUST SPEED    22   HIGHEST GUST DIRECTION    NE (60)
  AVERAGE WIND SPEED     6.0


SKY COVER
  POSSIBLE SUNSHINE  MM
  AVERAGE SKY COVER 0.0


WEATHER CONDITIONS
 THE FOLLOWING WEATHER WAS RECORDED TODAY.
  NO SIGNIFICANT WEATHER WAS OBSERVED.


RELATIVE HUMIDITY (PERCENT)
 HIGHEST    71          1200 AM
 LOWEST     39          1100 AM
 AVERAGE    55

..........................................................


THE CAMARILLO CLIMATE NORMALS FOR TOMORROW
                         NORMAL    RECORD    YEAR
 MAXIMUM TEMPERATURE (F)   66        88      1976
 MINIMUM TEMPERATURE (F)   43        31      2007


SUNRISE AND SUNSET
JANUARY 17 2017.......SUNRISE   701 AM PST   SUNSET   512 PM PST
JANUARY 18 2017.......SUNRISE   701 AM PST   SUNSET   513 PM PST


-  INDICATES NEGATIVE NUMBERS.
R  INDICATES RECORD WAS SET OR TIED.
MM INDICATES DATA IS MISSING.
T  INDICATES TRACE AMOUNT.




$$
