000
CDUS46 KLOX 300903
CLICMA


CLIMATE REPORT
NATIONAL WEATHER SERVICE LOS ANGELES/OXNARD CA
203 AM PDT SUN AUG 30 2015


...................................

...THE CAMARILLO AIRPORT CA CLIMATE SUMMARY FOR AUGUST 29 2015...

CLIMATE NORMAL PERIOD 1981 TO 2010
CLIMATE RECORD PERIOD 1948 TO 2015


WEATHER ITEM   OBSERVED TIME   RECORD YEAR NORMAL DEPARTURE LAST
                VALUE   (LST)  VALUE       VALUE  FROM      YEAR
                                                  NORMAL
..................................................................
TEMPERATURE (F)
 YESTERDAY
  MAXIMUM         88   1101 AM  90    2009  77     11       83
  MINIMUM         66    347 AM  51    1960  59      7       61
  AVERAGE         77                        68      9       72

PRECIPITATION (IN)
  YESTERDAY        0.00          T    1960   0.01  -0.01     0.00
  MONTH TO DATE    0.00                      0.04  -0.04     0.03
  SINCE OCT 1      8.96                     15.04  -6.08     5.00
  SINCE JAN 1      4.05                     11.04  -6.99     4.22

SNOWFALL (IN)
  YESTERDAY        0.0
  MONTH TO DATE    0.0
  SINCE JUN 1      0.0
  SINCE JUL 1      0.0

DEGREE DAYS
 HEATING
  YESTERDAY        0                         0      0        0
  MONTH TO DATE    0                         0      0        0
  SINCE JUN 1      4                        53    -49       12
  SINCE JUL 1      0                        10    -10        0

 COOLING
  YESTERDAY       12                         3      9        7
  MONTH TO DATE  238                        87    151      199
  SINCE JUN 1    477                       181    296      469
  SINCE JAN 1    586                       212    374      617
..................................................................


WIND (MPH)
  HIGHEST WIND SPEED    14   HIGHEST WIND DIRECTION    SW (240)
  HIGHEST GUST SPEED    17   HIGHEST GUST DIRECTION    SW (230)
  AVERAGE WIND SPEED     4.5


SKY COVER
  POSSIBLE SUNSHINE  MM
  AVERAGE SKY COVER 0.0


WEATHER CONDITIONS
 THE FOLLOWING WEATHER WAS RECORDED YESTERDAY.
  HAZE


RELATIVE HUMIDITY (PERCENT)
 HIGHEST    81           400 AM
 LOWEST     42          1100 AM
 AVERAGE    62

..........................................................


THE CAMARILLO AIRPORT CA CLIMATE NORMALS FOR TODAY
                         NORMAL    RECORD    YEAR
 MAXIMUM TEMPERATURE (F)   77        89      2009
 MINIMUM TEMPERATURE (F)   59        50      1970


SUNRISE AND SUNSET
AUGUST 30 2015........SUNRISE   628 AM PDT   SUNSET   725 PM PDT
AUGUST 31 2015........SUNRISE   629 AM PDT   SUNSET   724 PM PDT


-  INDICATES NEGATIVE NUMBERS.
R  INDICATES RECORD WAS SET OR TIED.
MM INDICATES DATA IS MISSING.
T  INDICATES TRACE AMOUNT.




$$
