000
CDUS41 KILN 252047
CLICMH


CLIMATE REPORT
NATIONAL WEATHER SERVICE WILMINGTON OH
447 PM EDT SAT OCT 25 2014


...................................

...THE COLUMBUS OH CLIMATE SUMMARY FOR OCTOBER 25 2014...
VALID TODAY AS OF 0400 PM LOCAL TIME.

CLIMATE NORMAL PERIOD 1981 TO 2010
CLIMATE RECORD PERIOD 1869 TO 2014


WEATHER ITEM   OBSERVED TIME   RECORD YEAR NORMAL DEPARTURE LAST
                VALUE   (LST)  VALUE       VALUE  FROM      YEAR
                                                  NORMAL
..................................................................
TEMPERATURE (F)
 TODAY
  MAXIMUM         72    302 PM  81    1963  62     10       49
  MINIMUM         44    700 AM  23    1960  42      2       30
  AVERAGE         58                        52      6       40

PRECIPITATION (IN)
  TODAY            0.00          1.66 1939   0.07  -0.07     0.00
  MONTH TO DATE    2.26                      2.08   0.18     4.93
  SINCE SEP 1      2.91                      4.92  -2.01     7.45
  SINCE JAN 1     33.42                     32.61   0.81    34.09

SNOWFALL (IN)
  TODAY            0.0           1.3  1962   0.0    0.0      0.0
  MONTH TO DATE    T                         0.1   -0.1       T
  SINCE SEP 1      T                         0.1   -0.1       T
  SINCE JUL 1      T                         0.1   -0.1       T
  SNOW DEPTH       0

DEGREE DAYS
 HEATING
  TODAY            7                        13     -6       25
  MONTH TO DATE  252                       240     12      209
  SINCE SEP 1    300                       309     -9      258
  SINCE JUL 1    300                       309     -9      262

 COOLING
  TODAY            0                         0      0        0
  MONTH TO DATE    8                        13     -5       42
  SINCE SEP 1    141                       135      6      178
  SINCE JAN 1   1163                      1024    139     1179
..................................................................


WIND (MPH)
  HIGHEST WIND SPEED    17   HIGHEST WIND DIRECTION    SW (230)
  HIGHEST GUST SPEED    22   HIGHEST GUST DIRECTION    SW (230)
  AVERAGE WIND SPEED     5.8


SKY COVER
  POSSIBLE SUNSHINE  MM
  AVERAGE SKY COVER 0.6


WEATHER CONDITIONS
 THE FOLLOWING WEATHER WAS RECORDED TODAY.
  HAZE


RELATIVE HUMIDITY (PERCENT)
 HIGHEST    83          1200 AM
 LOWEST     53           200 PM
 AVERAGE    68

..........................................................


THE COLUMBUS OH CLIMATE NORMALS FOR TOMORROW
                         NORMAL    RECORD    YEAR
 MAXIMUM TEMPERATURE (F)   62        83      1963
 MINIMUM TEMPERATURE (F)   42        23      1962


SUNRISE AND SUNSET
OCTOBER 25 2014.......SUNRISE   753 AM EDT   SUNSET   638 PM EDT
OCTOBER 26 2014.......SUNRISE   754 AM EDT   SUNSET   637 PM EDT


-  INDICATES NEGATIVE NUMBERS.
R  INDICATES RECORD WAS SET OR TIED.
MM INDICATES DATA IS MISSING.
T  INDICATES TRACE AMOUNT.




$$
