000
CDUS41 KILN 280550
CLICMH


CLIMATE REPORT
NATIONAL WEATHER SERVICE WILMINGTON OH
149 AM EDT SUN MAY 28 2017


...................................

...THE COLUMBUS OH CLIMATE SUMMARY FOR MAY 27 2017...

CLIMATE NORMAL PERIOD 1981 TO 2010
CLIMATE RECORD PERIOD 1869 TO 2017


WEATHER ITEM   OBSERVED TIME   RECORD YEAR NORMAL DEPARTURE LAST
                VALUE   (LST)  VALUE       VALUE  FROM      YEAR
                                                  NORMAL
..................................................................
TEMPERATURE (F)
 YESTERDAY
  MAXIMUM         81    339 PM  94    1911  76      5       88
  MINIMUM         63    601 AM  34    1961  56      7       65
  AVERAGE         72                        66      6       77

PRECIPITATION (IN)
  YESTERDAY        0.12          1.44 1991   0.15  -0.03     0.00
  MONTH TO DATE    5.02                      3.58   1.44     2.14
  SINCE MAR 1     13.00                     10.00   3.00     8.72
  SINCE JAN 1     18.46                     14.98   3.48    13.13

SNOWFALL (IN)
  YESTERDAY        0.0           0.0    MM   0.0    0.0      0.0
  MONTH TO DATE    0.0                       0.0    0.0      0.0
  SINCE MAR 1      1.7                       5.3   -3.6      2.6
  SINCE JUL 1      9.3                      26.7  -17.4     17.1
  SNOW DEPTH       0

DEGREE DAYS
 HEATING
  YESTERDAY        0                         3     -3        0
  MONTH TO DATE  135                       136     -1      202
  SINCE MAR 1   1002                      1223   -221     1106
  SINCE JUL 1   4271                      5218   -947     4547

 COOLING
  YESTERDAY        7                         4      3       12
  MONTH TO DATE   56                        54      2       25
  SINCE MAR 1    100                        66     34       26
  SINCE JAN 1    104                        66     38       26
..................................................................


WIND (MPH)
  RESULTANT WIND SPEED   3   RESULTANT WIND DIRECTION   E (80)
  HIGHEST WIND SPEED    17   HIGHEST WIND DIRECTION    SE (150)
  HIGHEST GUST SPEED    20   HIGHEST GUST DIRECTION     S (170)
  AVERAGE WIND SPEED     4.5


SKY COVER
  POSSIBLE SUNSHINE  MM
  AVERAGE SKY COVER 0.7


WEATHER CONDITIONS
 THE FOLLOWING WEATHER WAS RECORDED YESTERDAY.
  THUNDERSTORM
  RAIN
  LIGHT RAIN
  FOG


RELATIVE HUMIDITY (PERCENT)
 HIGHEST   100           200 AM
 LOWEST     67           400 PM
 AVERAGE    84

..........................................................


THE COLUMBUS OH CLIMATE NORMALS FOR TODAY
                         NORMAL    RECORD    YEAR
 MAXIMUM TEMPERATURE (F)   76        94      1911
 MINIMUM TEMPERATURE (F)   56        36      1971
                                             1907


SUNRISE AND SUNSET
MAY 28 2017...........SUNRISE   607 AM EDT   SUNSET   852 PM EDT
MAY 29 2017...........SUNRISE   606 AM EDT   SUNSET   852 PM EDT


-  INDICATES NEGATIVE NUMBERS.
R  INDICATES RECORD WAS SET OR TIED.
MM INDICATES DATA IS MISSING.
T  INDICATES TRACE AMOUNT.




$$
