000
CDUS41 KILN 282055
CLICMH


CLIMATE REPORT
NATIONAL WEATHER SERVICE WILMINGTON OH
454 PM EDT TUE JUL 28 2015


...................................

...THE COLUMBUS OH CLIMATE SUMMARY FOR JULY 28 2015...
VALID TODAY AS OF 0400 PM LOCAL TIME.

CLIMATE NORMAL PERIOD 1981 TO 2010
CLIMATE RECORD PERIOD 1869 TO 2015


WEATHER ITEM   OBSERVED TIME   RECORD YEAR NORMAL DEPARTURE LAST
                VALUE   (LST)  VALUE       VALUE  FROM      YEAR
                                                  NORMAL
..................................................................
TEMPERATURE (F)
 TODAY
  MAXIMUM         91    331 PM 100    1952  85      6       76
  MINIMUM         70    454 AM  50    1962  65      5       63
  AVERAGE         81                        75      6       70

PRECIPITATION (IN)
  TODAY            0.00          1.72 1896   0.14  -0.14     0.01
  MONTH TO DATE    5.33                      4.39   0.94     3.47
  SINCE JUN 1     12.05                      8.40   3.65     8.76
  SINCE JAN 1     28.19                     23.97   4.22    25.61

SNOWFALL (IN)
  TODAY            0.0           0.0    MM   0.0    0.0      0.0
  MONTH TO DATE    0.0                       0.0    0.0      0.0
  SINCE JUN 1      0.0                       0.0    0.0      0.0
  SINCE JUL 1      0.0                       0.0    0.0      0.0
  SNOW DEPTH       0

DEGREE DAYS
 HEATING
  TODAY            0                         0      0        0
  MONTH TO DATE    0                         0      0        0
  SINCE JUN 1     20                        19      1        1
  SINCE JUL 1      0                         0      0        0

 COOLING
  TODAY           16                        10      6        5
  MONTH TO DATE  222                       280    -58      238
  SINCE JUN 1    442                       496    -54      527
  SINCE JAN 1    595                       578     17      682
..................................................................


WIND (MPH)
  HIGHEST WIND SPEED     9   HIGHEST WIND DIRECTION    SE (130)
  HIGHEST GUST SPEED    13   HIGHEST GUST DIRECTION    SE (140)
  AVERAGE WIND SPEED     3.0


SKY COVER
  POSSIBLE SUNSHINE  MM
  AVERAGE SKY COVER 0.6


WEATHER CONDITIONS
 THE FOLLOWING WEATHER WAS RECORDED TODAY.
  NO SIGNIFICANT WEATHER WAS OBSERVED.


RELATIVE HUMIDITY (PERCENT)
 HIGHEST    84           500 AM
 LOWEST     46          1100 AM
 AVERAGE    65

..........................................................


THE COLUMBUS OH CLIMATE NORMALS FOR TOMORROW
                         NORMAL    RECORD    YEAR
 MAXIMUM TEMPERATURE (F)   85        98      1940
 MINIMUM TEMPERATURE (F)   65        51      1968


SUNRISE AND SUNSET
JULY 28 2015..........SUNRISE   626 AM EDT   SUNSET   849 PM EDT
JULY 29 2015..........SUNRISE   627 AM EDT   SUNSET   849 PM EDT


-  INDICATES NEGATIVE NUMBERS.
R  INDICATES RECORD WAS SET OR TIED.
MM INDICATES DATA IS MISSING.
T  INDICATES TRACE AMOUNT.




$$
