000
CDUS41 KILN 290608
CLICMH


CLIMATE REPORT
NATIONAL WEATHER SERVICE WILMINGTON OH
107 AM EST THU JAN 29 2015


...................................

...THE COLUMBUS OH CLIMATE SUMMARY FOR JANUARY 28 2015...

CLIMATE NORMAL PERIOD 1981 TO 2010
CLIMATE RECORD PERIOD 1869 TO 2015


WEATHER ITEM   OBSERVED TIME   RECORD YEAR NORMAL DEPARTURE LAST
                VALUE   (LST)  VALUE       VALUE  FROM      YEAR
                                                  NORMAL
..................................................................
TEMPERATURE (F)
 YESTERDAY
  MAXIMUM         26    549 PM  66    1914  37    -11        6
  MINIMUM          6    655 AM -15    1963  23    -17      -11
  AVERAGE         16                        30    -14       -2

PRECIPITATION (IN)
  YESTERDAY        0.00          0.80 2009   0.08  -0.08     0.00
  MONTH TO DATE    2.69                      2.48   0.21     2.39
  SINCE DEC 1      5.39                      5.45  -0.06     6.69
  SINCE JAN 1      2.69                      2.48   0.21     2.39

SNOWFALL (IN)
  YESTERDAY        0.0           4.7  2009   0.2   -0.2      0.0
  MONTH TO DATE    7.4                       8.3   -0.9     17.6
  SINCE DEC 1      7.4                      13.3   -5.9     30.3
  SINCE JUL 1     11.5                      14.4   -2.9     35.0
  SNOW DEPTH       2

DEGREE DAYS
 HEATING
  YESTERDAY       49                        35     14       67
  MONTH TO DATE 1087                       996     91     1168
  SINCE DEC 1   1980                      1973      7     2099
  SINCE JUL 1   3165                      2987    178     3161

 COOLING
  YESTERDAY        0                         0      0        0
  MONTH TO DATE    0                         0      0        0
  SINCE DEC 1      0                         0      0        0
  SINCE JAN 1      0                         0      0        0
..................................................................


WIND (MPH)
  RESULTANT WIND SPEED   3   RESULTANT WIND DIRECTION  SE (140)
  HIGHEST WIND SPEED    12   HIGHEST WIND DIRECTION    SE (140)
  HIGHEST GUST SPEED    15   HIGHEST GUST DIRECTION    SE (140)
  AVERAGE WIND SPEED     3.1


SKY COVER
  POSSIBLE SUNSHINE  MM
  AVERAGE SKY COVER 0.3


WEATHER CONDITIONS
 THE FOLLOWING WEATHER WAS RECORDED YESTERDAY.
  FOG
  HAZE


RELATIVE HUMIDITY (PERCENT)
 HIGHEST    91           300 AM
 LOWEST     55           400 PM
 AVERAGE    73

..........................................................


THE COLUMBUS OH CLIMATE NORMALS FOR TODAY
                         NORMAL    RECORD    YEAR
 MAXIMUM TEMPERATURE (F)   37        67      2013
 MINIMUM TEMPERATURE (F)   23       -13      1963


SUNRISE AND SUNSET
JANUARY 29 2015.......SUNRISE   743 AM EST   SUNSET   547 PM EST
JANUARY 30 2015.......SUNRISE   742 AM EST   SUNSET   548 PM EST


-  INDICATES NEGATIVE NUMBERS.
R  INDICATES RECORD WAS SET OR TIED.
MM INDICATES DATA IS MISSING.
T  INDICATES TRACE AMOUNT.




$$
