000
CDUS41 KILN 232227
CLICMH


CLIMATE REPORT
NATIONAL WEATHER SERVICE WILMINGTON OH
527 PM EST THU NOV 23 2017


...................................

...THE COLUMBUS OH CLIMATE SUMMARY FOR NOVEMBER 23 2017...
VALID TODAY AS OF 0500 PM LOCAL TIME.

CLIMATE NORMAL PERIOD 1981 TO 2010
CLIMATE RECORD PERIOD 1869 TO 2017


WEATHER ITEM   OBSERVED TIME   RECORD YEAR NORMAL DEPARTURE LAST
                VALUE   (LST)  VALUE       VALUE  FROM      YEAR
                                                  NORMAL
..................................................................
TEMPERATURE (F)
 TODAY
  MAXIMUM         40    421 PM  72    1931  49     -9       45
  MINIMUM         24    515 AM  -1    1880  34    -10       29
  AVERAGE         32                        41     -9       37

PRECIPITATION (IN)
  TODAY            0.00          1.79 1891   0.12  -0.12     0.03
  MONTH TO DATE    4.56                      2.46   2.10     0.49
  SINCE SEP 1     10.71                      7.91   2.80     6.90
  SINCE JAN 1     44.74                     35.60   9.14    34.16

SNOWFALL (IN)
  TODAY            0.0           1.4  2005   0.0    0.0      0.0
  MONTH TO DATE    T                         0.5   -0.5       T
  SINCE SEP 1      T                         0.7   -0.7       T
  SINCE JUL 1      T                         0.7   -0.7       T
  SNOW DEPTH       0

DEGREE DAYS
 HEATING
  TODAY           33                        24      9       28
  MONTH TO DATE  496                       444     52      400
  SINCE SEP 1    777                       838    -61      632
  SINCE JUL 1    777                       838    -61      632

 COOLING
  TODAY            0                         0      0        0
  MONTH TO DATE    2                         0      2        3
  SINCE SEP 1    186                       135     51      234
  SINCE JAN 1   1095                      1024     71     1327
..................................................................


WIND (MPH)
  HIGHEST WIND SPEED    10   HIGHEST WIND DIRECTION     S (200)
  HIGHEST GUST SPEED    14   HIGHEST GUST DIRECTION     S (180)
  AVERAGE WIND SPEED     3.2


SKY COVER
  POSSIBLE SUNSHINE  MM
  AVERAGE SKY COVER 0.7


WEATHER CONDITIONS
 THE FOLLOWING WEATHER WAS RECORDED TODAY.
  NO SIGNIFICANT WEATHER WAS OBSERVED.


RELATIVE HUMIDITY (PERCENT)
 HIGHEST    88           400 AM
 LOWEST     54           100 PM
 AVERAGE    71

..........................................................


THE COLUMBUS OH CLIMATE NORMALS FOR TOMORROW
                         NORMAL    RECORD    YEAR
 MAXIMUM TEMPERATURE (F)   49        68      1931
 MINIMUM TEMPERATURE (F)   33         8      1950


SUNRISE AND SUNSET
NOVEMBER 23 2017......SUNRISE   726 AM EST   SUNSET   510 PM EST
NOVEMBER 24 2017......SUNRISE   727 AM EST   SUNSET   509 PM EST


-  INDICATES NEGATIVE NUMBERS.
R  INDICATES RECORD WAS SET OR TIED.
MM INDICATES DATA IS MISSING.
T  INDICATES TRACE AMOUNT.




$$
