000
CDUS41 KILN 260558
CLICMH


CLIMATE REPORT
NATIONAL WEATHER SERVICE WILMINGTON OH
151 AM EDT TUE MAY 26 2015


...................................

...THE COLUMBUS OH CLIMATE SUMMARY FOR MAY 25 2015...

CLIMATE NORMAL PERIOD 1981 TO 2010
CLIMATE RECORD PERIOD 1869 TO 2015


WEATHER ITEM   OBSERVED TIME   RECORD YEAR NORMAL DEPARTURE LAST
                VALUE   (LST)  VALUE       VALUE  FROM      YEAR
                                                  NORMAL
..................................................................
TEMPERATURE (F)
 YESTERDAY
  MAXIMUM         83    147 PM  93    1975  75      8       84
  MINIMUM         65    248 AM  33    1925  55     10       54
  AVERAGE         74                        65      9       69

PRECIPITATION (IN)
  YESTERDAY        0.00          1.72 1944   0.14  -0.14     0.00
  MONTH TO DATE    2.71                      3.29  -0.58     4.00
  SINCE MAR 1     10.72                      9.71   1.01    12.06
  SINCE JAN 1     15.29                     14.69   0.60    16.85

SNOWFALL (IN)
  YESTERDAY        0.0           0.0    MM   0.0    0.0      0.0
  MONTH TO DATE    0.0                       0.0    0.0      0.0
  SINCE MAR 1      5.4                       5.3    0.1      5.4
  SINCE JUL 1     33.4                      26.7    6.7     56.4
  SNOW DEPTH       0

DEGREE DAYS
 HEATING
  YESTERDAY        0                         3     -3        0
  MONTH TO DATE   85                       130    -45      112
  SINCE MAR 1   1264                      1217     47     1249
  SINCE JUL 1   5818                      5212    606     5633

 COOLING
  YESTERDAY        9                         3      6        4
  MONTH TO DATE  102                        47     55       84
  SINCE MAR 1    102                        59     43       92
  SINCE JAN 1    102                        59     43       92
..................................................................


WIND (MPH)
  RESULTANT WIND SPEED  10   RESULTANT WIND DIRECTION  SW (210)
  HIGHEST WIND SPEED    26   HIGHEST WIND DIRECTION    SW (210)
  HIGHEST GUST SPEED    33   HIGHEST GUST DIRECTION    SW (220)
  AVERAGE WIND SPEED    11.1


SKY COVER
  POSSIBLE SUNSHINE  MM
  AVERAGE SKY COVER 0.7


WEATHER CONDITIONS
 THE FOLLOWING WEATHER WAS RECORDED YESTERDAY.
  NO SIGNIFICANT WEATHER WAS OBSERVED.


RELATIVE HUMIDITY (PERCENT)
 HIGHEST    64          1000 PM
 LOWEST     43           500 PM
 AVERAGE    54

..........................................................


THE COLUMBUS OH CLIMATE NORMALS FOR TODAY
                         NORMAL    RECORD    YEAR
 MAXIMUM TEMPERATURE (F)   76        94      1911
 MINIMUM TEMPERATURE (F)   55        37      1969


SUNRISE AND SUNSET
MAY 26 2015...........SUNRISE   608 AM EDT   SUNSET   850 PM EDT
MAY 27 2015...........SUNRISE   607 AM EDT   SUNSET   850 PM EDT


-  INDICATES NEGATIVE NUMBERS.
R  INDICATES RECORD WAS SET OR TIED.
MM INDICATES DATA IS MISSING.
T  INDICATES TRACE AMOUNT.




$$
