000
CDUS41 KILN 182158
CLICMH


CLIMATE REPORT
NATIONAL WEATHER SERVICE WILMINGTON OH
453 PM EST SUN FEB 18 2018


...................................

...THE COLUMBUS OH CLIMATE SUMMARY FOR FEBRUARY 18 2018...
VALID TODAY AS OF 0400 PM LOCAL TIME.

CLIMATE NORMAL PERIOD 1981 TO 2010
CLIMATE RECORD PERIOD 1869 TO 2018


WEATHER ITEM   OBSERVED TIME   RECORD YEAR NORMAL DEPARTURE LAST
                VALUE   (LST)  VALUE       VALUE  FROM      YEAR
                                                  NORMAL
..................................................................
TEMPERATURE (F)
 TODAY
  MAXIMUM         44    409 PM  66    2017  41      3       66
  MINIMUM         33    726 AM  -7    1936  26      7       38
  AVERAGE         39                        33      6       52

PRECIPITATION (IN)
  TODAY            0.00          0.83 1914   0.08  -0.08     0.00
  MONTH TO DATE    2.65                      1.46   1.19     1.12
  SINCE DEC 1      6.80                      7.16  -0.36     7.04
  SINCE JAN 1      5.04                      4.19   0.85     3.95

SNOWFALL (IN)
  TODAY            0.0           3.4  1979   0.1   -0.1      0.0
  MONTH TO DATE    6.0                       3.9    2.1      0.6
  SINCE DEC 1     24.6                      18.1    6.5      7.6
  SINCE JUL 1     24.6                      19.2    5.4      7.6
  SNOW DEPTH       0

DEGREE DAYS
 HEATING
  TODAY           26                        32     -6       13
  MONTH TO DATE  589                       602    -13      505
  SINCE DEC 1   2789                      2680    109     2373
  SINCE JUL 1   3708                      3694     14     3139

 COOLING
  TODAY            0                         0      0        0
  MONTH TO DATE    0                         0      0        0
  SINCE DEC 1      0                         0      0        0
  SINCE JAN 1      0                         0      0        0
..................................................................


WIND (MPH)
  HIGHEST WIND SPEED    20   HIGHEST WIND DIRECTION    NW (300)
  HIGHEST GUST SPEED    24   HIGHEST GUST DIRECTION     W (290)
  AVERAGE WIND SPEED     8.3


SKY COVER
  POSSIBLE SUNSHINE  MM
  AVERAGE SKY COVER 0.9


WEATHER CONDITIONS
 THE FOLLOWING WEATHER WAS RECORDED TODAY.
  NO SIGNIFICANT WEATHER WAS OBSERVED.


RELATIVE HUMIDITY (PERCENT)
 HIGHEST    92           100 AM
 LOWEST     57           300 PM
 AVERAGE    75

..........................................................


THE COLUMBUS OH CLIMATE NORMALS FOR TOMORROW
                         NORMAL    RECORD    YEAR
 MAXIMUM TEMPERATURE (F)   42        70      1939
 MINIMUM TEMPERATURE (F)   26        -6      1936


SUNRISE AND SUNSET
FEBRUARY 18 2018......SUNRISE   720 AM EST   SUNSET   611 PM EST
FEBRUARY 19 2018......SUNRISE   719 AM EST   SUNSET   612 PM EST


-  INDICATES NEGATIVE NUMBERS.
R  INDICATES RECORD WAS SET OR TIED.
MM INDICATES DATA IS MISSING.
T  INDICATES TRACE AMOUNT.




$$
