711
CDUS41 KILN 182155
CLICMH


CLIMATE REPORT
NATIONAL WEATHER SERVICE WILMINGTON OH
454 PM EST WED JAN 18 2017


...................................

...THE COLUMBUS OH CLIMATE SUMMARY FOR JANUARY 18 2017...
VALID TODAY AS OF 0400 PM LOCAL TIME.

CLIMATE NORMAL PERIOD 1981 TO 2010
CLIMATE RECORD PERIOD 1869 TO 2017


WEATHER ITEM   OBSERVED TIME   RECORD YEAR NORMAL DEPARTURE LAST
                VALUE   (LST)  VALUE       VALUE  FROM      YEAR
                                                  NORMAL
..................................................................
TEMPERATURE (F)
 TODAY
  MAXIMUM         47   1257 AM  68    1996  36     11       13
  MINIMUM         39    928 AM -17    1994  22     17        4
  AVERAGE         43                        29     14        9

PRECIPITATION (IN)
  TODAY            0.01          0.79 1927   0.09  -0.08     0.00
  MONTH TO DATE    1.83                      1.64   0.19     1.01
  SINCE DEC 1      4.92                      4.61   0.31     5.89
  SINCE JAN 1      1.83                      1.64   0.19     1.01

SNOWFALL (IN)
  TODAY            0.0           3.1  1985   0.4   -0.4      0.0
  MONTH TO DATE    0.9                       5.4   -4.5      3.9
  SINCE DEC 1      6.3                      10.4   -4.1      3.9
  SINCE JUL 1      6.3                      11.5   -5.2      3.9
  SNOW DEPTH       0

DEGREE DAYS
 HEATING
  TODAY           22                        36    -14       56
  MONTH TO DATE  538                       641   -103      662
  SINCE DEC 1   1539                      1618    -79     1286
  SINCE JUL 1   2305                      2632   -327     2091

 COOLING
  TODAY            0                         0      0        0
  MONTH TO DATE    0                         0      0        0
  SINCE DEC 1      0                         0      0        0
  SINCE JAN 1      0                         0      0        0
..................................................................


WIND (MPH)
  HIGHEST WIND SPEED    21   HIGHEST WIND DIRECTION     W (290)
  HIGHEST GUST SPEED    26   HIGHEST GUST DIRECTION     W (290)
  AVERAGE WIND SPEED    11.2


SKY COVER
  POSSIBLE SUNSHINE  MM
  AVERAGE SKY COVER 0.6


WEATHER CONDITIONS
 THE FOLLOWING WEATHER WAS RECORDED TODAY.
  LIGHT RAIN
  FOG


RELATIVE HUMIDITY (PERCENT)
 HIGHEST    85           600 AM
 LOWEST     70           200 PM
 AVERAGE    78

..........................................................


THE COLUMBUS OH CLIMATE NORMALS FOR TOMORROW
                         NORMAL    RECORD    YEAR
 MAXIMUM TEMPERATURE (F)   36        67      1907
 MINIMUM TEMPERATURE (F)   22       -22      1994


SUNRISE AND SUNSET
JANUARY 18 2017.......SUNRISE   750 AM EST   SUNSET   534 PM EST
JANUARY 19 2017.......SUNRISE   749 AM EST   SUNSET   536 PM EST


-  INDICATES NEGATIVE NUMBERS.
R  INDICATES RECORD WAS SET OR TIED.
MM INDICATES DATA IS MISSING.
T  INDICATES TRACE AMOUNT.




$$
