000
CDUS41 KILN 010609
CLICMH


CLIMATE REPORT
NATIONAL WEATHER SERVICE WILMINGTON OH
207 AM EDT TUE SEP 1 2015


...................................

...THE COLUMBUS OH CLIMATE SUMMARY FOR AUGUST 31 2015...

CLIMATE NORMAL PERIOD 1981 TO 2010
CLIMATE RECORD PERIOD 1869 TO 2015


WEATHER ITEM   OBSERVED TIME   RECORD YEAR NORMAL DEPARTURE LAST
                VALUE   (LST)  VALUE       VALUE  FROM      YEAR
                                                  NORMAL
..................................................................
TEMPERATURE (F)
 YESTERDAY
  MAXIMUM         86    346 PM  98    1953  82      4       82
                                      1951
  MINIMUM         66    441 AM  43    1915  62      4       73
  AVERAGE         76                        72      4       78

PRECIPITATION (IN)
  YESTERDAY        0.00          2.35 2001   0.11  -0.11     1.83
  MONTH TO DATE    3.59                      3.32   0.27     4.90
  SINCE JUN 1     15.72                     12.12   3.60    13.66
  SINCE JAN 1     31.86                     27.69   4.17    30.51

SNOWFALL (IN)
  YESTERDAY        0.0           0.0         0.0    0.0      0.0
  MONTH TO DATE    0.0                       0.0    0.0      0.0
  SINCE JUN 1      0.0                       0.0    0.0      0.0
  SINCE JUL 1      0.0                       0.0    0.0      0.0
  SNOW DEPTH       0

DEGREE DAYS
 HEATING
  YESTERDAY        0                         0      0        0
  MONTH TO DATE    5                         0      5        0
  SINCE JUN 1     25                        19      6        1
  SINCE JUL 1      5                         0      5        0

 COOLING
  YESTERDAY       11                         7      4       13
  MONTH TO DATE  223                       281    -58      327
  SINCE JUN 1    703                       807   -104      867
  SINCE JAN 1    856                       889    -33     1022
..................................................................


WIND (MPH)
  RESULTANT WIND SPEED   1   RESULTANT WIND DIRECTION   S (180)
  HIGHEST WIND SPEED    14   HIGHEST WIND DIRECTION     S (180)
  HIGHEST GUST SPEED    17   HIGHEST GUST DIRECTION     S (170)
  AVERAGE WIND SPEED     2.1


SKY COVER
  POSSIBLE SUNSHINE  MM
  AVERAGE SKY COVER 0.5


WEATHER CONDITIONS
 THE FOLLOWING WEATHER WAS RECORDED YESTERDAY.
  THUNDERSTORM
  FOG


RELATIVE HUMIDITY (PERCENT)
 HIGHEST   100           500 AM
 LOWEST     51           400 PM
 AVERAGE    76

..........................................................


THE COLUMBUS OH CLIMATE NORMALS FOR TODAY
                         NORMAL    RECORD    YEAR
 MAXIMUM TEMPERATURE (F)   82        99      1953
                                             1932
 MINIMUM TEMPERATURE (F)   62        42      1967


SUNRISE AND SUNSET
SEPTEMBER  1 2015.....SUNRISE   659 AM EDT   SUNSET   803 PM EDT
SEPTEMBER  2 2015.....SUNRISE   700 AM EDT   SUNSET   802 PM EDT


-  INDICATES NEGATIVE NUMBERS.
R  INDICATES RECORD WAS SET OR TIED.
MM INDICATES DATA IS MISSING.
T  INDICATES TRACE AMOUNT.




$$
