000
CDUS41 KILN 160621
CLICMH


CLIMATE REPORT
NATIONAL WEATHER SERVICE WILMINGTON OH
220 AM EDT TUE SEP 16 2014


...................................

...THE COLUMBUS OH CLIMATE SUMMARY FOR SEPTEMBER 15 2014...

CLIMATE NORMAL PERIOD 1981 TO 2010
CLIMATE RECORD PERIOD 1869 TO 2014


WEATHER ITEM   OBSERVED TIME   RECORD YEAR NORMAL DEPARTURE LAST
                VALUE   (LST)  VALUE       VALUE  FROM      YEAR
                                                  NORMAL
..................................................................
TEMPERATURE (F)
 YESTERDAY
  MAXIMUM         73    403 PM  97    1939  78     -5       76
                                      1897
  MINIMUM         48    514 AM  40    1923  57     -9       47
  AVERAGE         61                        67     -6       62

PRECIPITATION (IN)
  YESTERDAY        T             1.79 1911   0.09  -0.09      T
  MONTH TO DATE    0.61                      1.49  -0.88     0.88
  SINCE SEP 1      0.61                      1.49  -0.88     0.88
  SINCE JAN 1     31.12                     29.18   1.94    27.52

SNOWFALL (IN)
  YESTERDAY        0.0           0.0         0.0    0.0      0.0
  MONTH TO DATE    0.0                       0.0    0.0      0.0
  SINCE SEP 1      0.0                       0.0    0.0      0.0
  SINCE JUL 1      0.0                       0.0    0.0      0.0
  SNOW DEPTH       0

DEGREE DAYS
 HEATING
  YESTERDAY        4                         2      2        3
  MONTH TO DATE   17                        14      3       18
  SINCE SEP 1     17                        14      3       18
  SINCE JUL 1     17                        14      3       22

 COOLING
  YESTERDAY        0                         4     -4        0
  MONTH TO DATE  107                        84     23      106
  SINCE SEP 1    107                        84     23      106
  SINCE JAN 1   1129                       973    156     1107
..................................................................


WIND (MPH)
  RESULTANT WIND SPEED   2   RESULTANT WIND DIRECTION  SW (210)
  HIGHEST WIND SPEED    17   HIGHEST WIND DIRECTION    SE (150)
  HIGHEST GUST SPEED    23   HIGHEST GUST DIRECTION    SE (150)
  AVERAGE WIND SPEED     5.6


SKY COVER
  POSSIBLE SUNSHINE  MM
  AVERAGE SKY COVER 0.6


WEATHER CONDITIONS
 THE FOLLOWING WEATHER WAS RECORDED YESTERDAY.
  LIGHT RAIN


RELATIVE HUMIDITY (PERCENT)
 HIGHEST    86           600 AM
 LOWEST     38           300 PM
 AVERAGE    62

..........................................................


THE COLUMBUS OH CLIMATE NORMALS FOR TODAY
                         NORMAL    RECORD    YEAR
 MAXIMUM TEMPERATURE (F)   77        96      1939
                                             1897
 MINIMUM TEMPERATURE (F)   57        40      1916


SUNRISE AND SUNSET
SEPTEMBER 16 2014.....SUNRISE   713 AM EDT   SUNSET   739 PM EDT
SEPTEMBER 17 2014.....SUNRISE   714 AM EDT   SUNSET   737 PM EDT


-  INDICATES NEGATIVE NUMBERS.
R  INDICATES RECORD WAS SET OR TIED.
MM INDICATES DATA IS MISSING.
T  INDICATES TRACE AMOUNT.




$$
