000
CDUS43 KILX 012156
CLICMI


CLIMATE REPORT
NATIONAL WEATHER SERVICE LINCOLN IL
455 PM CDT WED JUL 1 2015


...................................

...THE CHAMPAIGN IL AIRPORT CLIMATE SUMMARY FOR JULY 1 2015...
VALID TODAY AS OF 0400 PM LOCAL TIME.

CLIMATE NORMAL PERIOD 1981 TO 2010
CLIMATE RECORD PERIOD 9999 TO 9999


WEATHER ITEM   OBSERVED TIME   RECORD YEAR NORMAL DEPARTURE LAST
                VALUE   (LST)  VALUE       VALUE  FROM      YEAR
                                                  NORMAL
..................................................................
TEMPERATURE (F)
 TODAY
  MAXIMUM         76    259 PM  MM      MM  85     -9       85
  MINIMUM         63    512 AM  MM      MM  64     -1       67
  AVERAGE         70                        74     -4       76

PRECIPITATION (IN)
  TODAY            0.00         MM      MM   0.10  -0.10     0.75
  MONTH TO DATE    0.00                      0.10  -0.10     0.75
  SINCE JUN 1      8.35                      4.27   4.08     7.09
  SINCE JAN 1     19.76                     19.43   0.33    21.63

DEGREE DAYS
 HEATING
  TODAY            0                         0      0        0
  MONTH TO DATE    0                         0      0        0
  SINCE JUN 1      6                        17    -11        0
  SINCE JUL 1      0                         0      0        0

 COOLING
  TODAY            5                         9     -4       11
  MONTH TO DATE    5                         9     -4       11
  SINCE JUN 1    236                       232      4      292
  SINCE JAN 1    390                       324     66      444
..................................................................


WIND (MPH)
  HIGHEST WIND SPEED    12   HIGHEST WIND DIRECTION     E (70)
  HIGHEST GUST SPEED    15   HIGHEST GUST DIRECTION     E (80)
  AVERAGE WIND SPEED     5.5


SKY COVER
  POSSIBLE SUNSHINE  MM
  AVERAGE SKY COVER 0.5


WEATHER CONDITIONS
 THE FOLLOWING WEATHER WAS RECORDED TODAY.
  FOG


RELATIVE HUMIDITY (PERCENT)
 HIGHEST    93           100 AM
 LOWEST     74           300 PM
 AVERAGE    84

..........................................................


THE CHAMPAIGN IL AIRPORT CLIMATE NORMALS FOR TOMORROW
                         NORMAL    RECORD    YEAR
 MAXIMUM TEMPERATURE (F)   85        MM        MM
 MINIMUM TEMPERATURE (F)   64        MM        MM


SUNRISE AND SUNSET
JULY  1 2015..........SUNRISE   528 AM CDT   SUNSET   826 PM CDT
JULY  2 2015..........SUNRISE   528 AM CDT   SUNSET   826 PM CDT


-  INDICATES NEGATIVE NUMBERS.
R  INDICATES RECORD WAS SET OR TIED.
MM INDICATES DATA IS MISSING.
T  INDICATES TRACE AMOUNT.




$$
