000
CDUS43 KILX 290646
CLICMI


CLIMATE REPORT
NATIONAL WEATHER SERVICE LINCOLN IL
144 AM CDT FRI AUG 29 2014


...................................

...THE CHAMPAIGN IL AIRPORT CLIMATE SUMMARY FOR AUGUST 28 2014...

CLIMATE NORMAL PERIOD 1981 TO 2010
CLIMATE RECORD PERIOD 9999 TO 9999


WEATHER ITEM   OBSERVED TIME   RECORD YEAR NORMAL DEPARTURE LAST
                VALUE   (LST)  VALUE       VALUE  FROM      YEAR
                                                  NORMAL
..................................................................
TEMPERATURE (F)
 YESTERDAY
  MAXIMUM         84    220 PM  MM      MM  83      1       92
  MINIMUM         65    625 AM  MM      MM  60      5       69
  AVERAGE         75                        71      4       81

PRECIPITATION (IN)
  YESTERDAY        0.10         MM      MM   0.15  -0.05     0.00
  MONTH TO DATE    1.70                      3.20  -1.50     0.09
  SINCE JUN 1     14.02                     11.71   2.31     8.37
  SINCE JAN 1     28.56                     26.87   1.69    24.05

DEGREE DAYS
 HEATING
  YESTERDAY        0                         0      0        0
  MONTH TO DATE    2                         0      2        7
  SINCE JUN 1      9                        19    -10       28
  SINCE JUL 1      9                         2      7       15

 COOLING
  YESTERDAY       10                         6      4       16
  MONTH TO DATE  225                       212     13      209
  SINCE JUN 1    665                       717    -52      678
  SINCE JAN 1    817                       809      8      810
..................................................................


WIND (MPH)
  HIGHEST WIND SPEED    13   HIGHEST WIND DIRECTION     W (270)
  HIGHEST GUST SPEED    18   HIGHEST GUST DIRECTION     W (250)
  AVERAGE WIND SPEED     6.7


SKY COVER
  POSSIBLE SUNSHINE  MM
  AVERAGE SKY COVER 0.3


WEATHER CONDITIONS
 THE FOLLOWING WEATHER WAS RECORDED YESTERDAY.
  THUNDERSTORM
  LIGHT RAIN
  FOG


RELATIVE HUMIDITY (PERCENT)
 HIGHEST    93           600 AM
 LOWEST     63           100 PM
 AVERAGE    78

..........................................................


THE CHAMPAIGN IL AIRPORT CLIMATE NORMALS FOR TODAY
                         NORMAL    RECORD    YEAR
 MAXIMUM TEMPERATURE (F)   83        MM        MM
 MINIMUM TEMPERATURE (F)   59        MM        MM


SUNRISE AND SUNSET
AUGUST 29 2014........SUNRISE   618 AM CDT   SUNSET   729 PM CDT
AUGUST 30 2014........SUNRISE   619 AM CDT   SUNSET   728 PM CDT


-  INDICATES NEGATIVE NUMBERS.
R  INDICATES RECORD WAS SET OR TIED.
MM INDICATES DATA IS MISSING.
T  INDICATES TRACE AMOUNT.




$$
