000
CDUS43 KILX 280646
CLICMI


CLIMATE REPORT
NATIONAL WEATHER SERVICE LINCOLN IL
143 AM CDT FRI APR 28 2017


...................................

...THE CHAMPAIGN IL AIRPORT CLIMATE SUMMARY FOR APRIL 27 2017...

CLIMATE NORMAL PERIOD 1981 TO 2010
CLIMATE RECORD PERIOD 9999 TO 9999


WEATHER ITEM   OBSERVED TIME   RECORD YEAR NORMAL DEPARTURE LAST
                VALUE   (LST)  VALUE       VALUE  FROM      YEAR
                                                  NORMAL
..................................................................
TEMPERATURE (F)
 YESTERDAY
  MAXIMUM         60   1222 AM  MM      MM  68     -8       61
  MINIMUM         45    826 AM  MM      MM  44      1       50
  AVERAGE         53                        56     -3       56

PRECIPITATION (IN)
  YESTERDAY        0.16         MM      MM   0.14   0.02     0.27
  MONTH TO DATE    3.05                      3.31  -0.26     2.01
  SINCE MAR 1      5.20                      6.06  -0.86     5.06
  SINCE JAN 1      7.94                     10.13  -2.19     6.72

DEGREE DAYS
 HEATING
  YESTERDAY       12                         9      3        9
  MONTH TO DATE  210                       382   -172      356
  SINCE MAR 1    878                      1138   -260      891
  SINCE JUL 1   4397                      5640  -1243     4578

 COOLING
  YESTERDAY        0                         1     -1        0
  MONTH TO DATE   24                         1     23       14
  SINCE MAR 1     24                         2     22       14
  SINCE JAN 1     24                         2     22       14
..................................................................


WIND (MPH)
  HIGHEST WIND SPEED    37   HIGHEST WIND DIRECTION     S (180)
  HIGHEST GUST SPEED    44   HIGHEST GUST DIRECTION     S (180)
  AVERAGE WIND SPEED    15.6


SKY COVER
  POSSIBLE SUNSHINE  MM
  AVERAGE SKY COVER 0.9


WEATHER CONDITIONS
 THE FOLLOWING WEATHER WAS RECORDED YESTERDAY.
  HEAVY RAIN
  RAIN
  LIGHT RAIN
  FOG


RELATIVE HUMIDITY (PERCENT)
 HIGHEST    87           100 AM
 LOWEST     71           400 PM
 AVERAGE    79

..........................................................


THE CHAMPAIGN IL AIRPORT CLIMATE NORMALS FOR TODAY
                         NORMAL    RECORD    YEAR
 MAXIMUM TEMPERATURE (F)   69        MM        MM
 MINIMUM TEMPERATURE (F)   44        MM        MM


SUNRISE AND SUNSET
APRIL 28 2017.........SUNRISE   557 AM CDT   SUNSET   745 PM CDT
APRIL 29 2017.........SUNRISE   555 AM CDT   SUNSET   746 PM CDT


-  INDICATES NEGATIVE NUMBERS.
R  INDICATES RECORD WAS SET OR TIED.
MM INDICATES DATA IS MISSING.
T  INDICATES TRACE AMOUNT.




$$
