127
CDUS43 KTOP 160634
CLICNK


CLIMATE REPORT
NATIONAL WEATHER SERVICE TOPEKA KS
1233 AM CST SAT DEC 16 2017


...................................

...THE CONCORDIA KS CLIMATE SUMMARY FOR DECEMBER 15 2017...

CLIMATE NORMAL PERIOD 1981 TO 2010
CLIMATE RECORD PERIOD 1885 TO 2017


WEATHER ITEM   OBSERVED TIME   RECORD YEAR NORMAL DEPARTURE LAST
                VALUE   (LST)  VALUE       VALUE  FROM      YEAR
                                                  NORMAL
..................................................................
TEMPERATURE (F)
 YESTERDAY
  MAXIMUM         52    419 PM  70    2002  39     13       29
  MINIMUM         24    745 AM -16    1989  20      4       18
  AVERAGE         38                        30      8       24

PRECIPITATION (IN)
  YESTERDAY        0.00          2.46 1984   0.03  -0.03     0.00
  MONTH TO DATE    T                         0.48  -0.48     0.48
  SINCE DEC 1      T                         0.48  -0.48     0.48
  SINCE JAN 1     36.34                     27.52   8.82    29.57

SNOWFALL (IN)
  YESTERDAY        0.0           3.1  2007   0.1   -0.1      0.0
  MONTH TO DATE    T                         1.8   -1.8      0.4
  SINCE JAN 1      2.1                      18.2  -16.1     12.7
  SINCE JUL 1      T                         4.5   -4.5      0.4
  SNOW DEPTH       0

DEGREE DAYS
 HEATING
  YESTERDAY       27                        35     -8       41
  MONTH TO DATE  377                       503   -126      567
  SINCE DEC 1    377                       503   -126      567
  SINCE JUL 1   1314                      1595   -281     1264

 COOLING
  YESTERDAY        0                         0      0        0
  MONTH TO DATE    0                         0      0        0
  SINCE DEC 1      0                         0      0        0
  SINCE JAN 1   1370                      1349     21     1540
..................................................................


WIND (MPH)
  HIGHEST WIND SPEED    22   HIGHEST WIND DIRECTION    SW (210)
  HIGHEST GUST SPEED    29   HIGHEST GUST DIRECTION    SW (210)
  AVERAGE WIND SPEED    12.1


SKY COVER
  AVERAGE SKY COVER 0.0


WEATHER CONDITIONS
 THE FOLLOWING WEATHER WAS RECORDED YESTERDAY.
  NO SIGNIFICANT WEATHER WAS OBSERVED.


RELATIVE HUMIDITY (PERCENT)
 HIGHEST    92           100 AM
 LOWEST     30           400 PM
 AVERAGE    61

..........................................................


THE CONCORDIA KS CLIMATE NORMALS FOR TODAY
                         NORMAL    RECORD    YEAR
 MAXIMUM TEMPERATURE (F)   39        66      1962
 MINIMUM TEMPERATURE (F)   20       -10      1989


SUNRISE AND SUNSET
DECEMBER 16 2017......SUNRISE   745 AM CST   SUNSET   508 PM CST
DECEMBER 17 2017......SUNRISE   745 AM CST   SUNSET   508 PM CST


-  INDICATES NEGATIVE NUMBERS.
R  INDICATES RECORD WAS SET OR TIED.
MM INDICATES DATA IS MISSING.
T  INDICATES TRACE AMOUNT.




$$
