000
CDUS43 KTOP 170631
CLICNK


CLIMATE REPORT
NATIONAL WEATHER SERVICE TOPEKA KS
130 AM CDT THU AUG 17 2017


...................................

...THE CONCORDIA KS CLIMATE SUMMARY FOR AUGUST 16 2017...

CLIMATE NORMAL PERIOD 1981 TO 2010
CLIMATE RECORD PERIOD 1885 TO 2017


WEATHER ITEM   OBSERVED TIME   RECORD YEAR NORMAL DEPARTURE LAST
                VALUE   (LST)  VALUE       VALUE  FROM      YEAR
                                                  NORMAL
..................................................................
TEMPERATURE (F)
 YESTERDAY
  MAXIMUM         83    503 PM 108    1983  89     -6       92
                                      1956
  MINIMUM         63    505 AM  51    1897  66     -3       66
  AVERAGE         73                        77     -4       79

PRECIPITATION (IN)
  YESTERDAY        1.23          3.14 1977   0.10   1.13     0.00
  MONTH TO DATE    2.75                      1.70   1.05     1.82
  SINCE JUN 1      8.43                      9.67  -1.24     9.16
  SINCE JAN 1     26.81                     19.66   7.15    21.33

SNOWFALL (IN)
  YESTERDAY        0.0           T    1945   0.0    0.0      0.0
  MONTH TO DATE    0.0                       0.0    0.0      0.0
  SINCE JAN 1      2.1                      13.7  -11.6     12.3
  SINCE JUL 1      0.0                       0.0    0.0      0.0
  SNOW DEPTH       0

DEGREE DAYS
 HEATING
  YESTERDAY        0                         0      0        0
  MONTH TO DATE    0                         0      0        0
  SINCE JUN 1      2                        13    -11        1
  SINCE JUL 1      0                         0      0        1

 COOLING
  YESTERDAY        8                        12     -4       14
  MONTH TO DATE  106                       212   -106      216
  SINCE JUN 1    936                       913     23     1083
  SINCE JAN 1   1014                      1002     12     1143
..................................................................


WIND (MPH)
  HIGHEST WIND SPEED    51   HIGHEST WIND DIRECTION    NW (320)
  HIGHEST GUST SPEED    67   HIGHEST GUST DIRECTION    NW (310)
  AVERAGE WIND SPEED    10.5


SKY COVER
  AVERAGE SKY COVER 0.3


WEATHER CONDITIONS
 THE FOLLOWING WEATHER WAS RECORDED YESTERDAY.
  THUNDERSTORM
  HEAVY RAIN
  RAIN
  LIGHT RAIN
  FOG


RELATIVE HUMIDITY (PERCENT)
 HIGHEST   100           200 AM
 LOWEST     55           300 PM
 AVERAGE    78

..........................................................


THE CONCORDIA KS CLIMATE NORMALS FOR TODAY
                         NORMAL    RECORD    YEAR
 MAXIMUM TEMPERATURE (F)   89       107      1983
 MINIMUM TEMPERATURE (F)   66        49      2012


SUNRISE AND SUNSET
AUGUST 17 2017........SUNRISE   645 AM CDT   SUNSET   823 PM CDT
AUGUST 18 2017........SUNRISE   646 AM CDT   SUNSET   822 PM CDT


-  INDICATES NEGATIVE NUMBERS.
R  INDICATES RECORD WAS SET OR TIED.
MM INDICATES DATA IS MISSING.
T  INDICATES TRACE AMOUNT.




$$
