504
CDUS43 KICT 140637
CLICNU


CLIMATE REPORT
NATIONAL WEATHER SERVICE WICHITA KS
1237 AM CST SUN FEB 14 2016


...................................

...THE CHANUTE KS CLIMATE SUMMARY FOR FEBRUARY 13 2016...

CLIMATE NORMAL PERIOD 1981 TO 2010
CLIMATE RECORD PERIOD 1894 TO 2016


WEATHER ITEM   OBSERVED TIME   RECORD YEAR NORMAL DEPARTURE LAST
                VALUE   (LST)  VALUE       VALUE  FROM      YEAR
                                                  NORMAL
..................................................................
TEMPERATURE (F)
 YESTERDAY
  MAXIMUM         40    425 PM  77    1921  47     -7       50
  MINIMUM         22    817 AM   3    1899  26     -4       22
  AVERAGE         31                        37     -6       36

PRECIPITATION (IN)
  YESTERDAY        0.00          1.25 1978   0.06  -0.06     0.00
  MONTH TO DATE    0.29                      0.76  -0.47     0.23
  SINCE DEC 1      4.62                      3.77   0.85     3.23
  SINCE JAN 1      1.07                      2.02  -0.95     0.86

DEGREE DAYS
 HEATING
  YESTERDAY       34                        28      6       29
  MONTH TO DATE  362                       388    -26      380
  SINCE DEC 1   2048                      2335   -287     2172
  SINCE JUL 1   2691                      3187   -496     3114

 COOLING
  YESTERDAY        0                         0      0        0
  MONTH TO DATE    0                         0      0        0
  SINCE DEC 1      0                         0      0        0
  SINCE JAN 1      0                         0      0        0
..................................................................


WIND (MPH)
  HIGHEST WIND SPEED    18   HIGHEST WIND DIRECTION     E (110)
  HIGHEST GUST SPEED    23   HIGHEST GUST DIRECTION     E (100)
  AVERAGE WIND SPEED    11.0


SKY COVER
  POSSIBLE SUNSHINE  MM
  AVERAGE SKY COVER 0.4


WEATHER CONDITIONS
 THE FOLLOWING WEATHER WAS RECORDED YESTERDAY.
  NO SIGNIFICANT WEATHER WAS OBSERVED.


RELATIVE HUMIDITY (PERCENT)
 HIGHEST    50           400 AM
 LOWEST     21           200 PM
 AVERAGE    36

..........................................................


THE CHANUTE KS CLIMATE NORMALS FOR TODAY
                         NORMAL    RECORD    YEAR
 MAXIMUM TEMPERATURE (F)   48        76      1954
 MINIMUM TEMPERATURE (F)   27        -2      1936


SUNRISE AND SUNSET
FEBRUARY 14 2016......SUNRISE   713 AM CST   SUNSET   600 PM CST
FEBRUARY 15 2016......SUNRISE   712 AM CST   SUNSET   601 PM CST


-  INDICATES NEGATIVE NUMBERS.
R  INDICATES RECORD WAS SET OR TIED.
MM INDICATES DATA IS MISSING.
T  INDICATES TRACE AMOUNT.




$$
