000
CDUS43 KICT 310621
CLICNU


CLIMATE REPORT
NATIONAL WEATHER SERVICE WICHITA KS
121 AM CDT TUE MAY 31 2016


...................................

...THE CHANUTE KS CLIMATE SUMMARY FOR MAY 30 2016...

CLIMATE NORMAL PERIOD 1981 TO 2010
CLIMATE RECORD PERIOD 1894 TO 2016


WEATHER ITEM   OBSERVED TIME   RECORD YEAR NORMAL DEPARTURE LAST
                VALUE   (LST)  VALUE       VALUE  FROM      YEAR
                                                  NORMAL
..................................................................
TEMPERATURE (F)
 YESTERDAY
  MAXIMUM         79    312 PM  98    1934  80     -1       65
  MINIMUM         64    959 PM  42    1984  60      4       58
  AVERAGE         72                        70      2       62

PRECIPITATION (IN)
  YESTERDAY        0.00          4.70 1982   0.22  -0.22     0.01
  MONTH TO DATE    3.82                      5.59  -1.77    11.58
  SINCE MAR 1     10.70                     13.03  -2.33    16.66
  SINCE JAN 1     11.78                     16.19  -4.41    17.97

DEGREE DAYS
 HEATING
  YESTERDAY        0                         1     -1        3
  MONTH TO DATE  119                        75     44       81
  SINCE MAR 1    682                       905   -223      763
  SINCE JUL 1   3647                      4477   -830     4453

 COOLING
  YESTERDAY        7                         6      1        0
  MONTH TO DATE   78                        96    -18       87
  SINCE MAR 1    102                       127    -25      109
  SINCE JAN 1    102                       127    -25      109
..................................................................


WIND (MPH)
  HIGHEST WIND SPEED    16   HIGHEST WIND DIRECTION    SE (150)
  HIGHEST GUST SPEED    22   HIGHEST GUST DIRECTION     S (200)
  AVERAGE WIND SPEED     7.8


SKY COVER
  POSSIBLE SUNSHINE  MM
  AVERAGE SKY COVER 0.2


WEATHER CONDITIONS
 THE FOLLOWING WEATHER WAS RECORDED YESTERDAY.
  FOG


RELATIVE HUMIDITY (PERCENT)
 HIGHEST    93          1200 AM
 LOWEST     56           400 PM
 AVERAGE    75

..........................................................


THE CHANUTE KS CLIMATE NORMALS FOR TODAY
                         NORMAL    RECORD    YEAR
 MAXIMUM TEMPERATURE (F)   80        99      1934
 MINIMUM TEMPERATURE (F)   60        42      1930


SUNRISE AND SUNSET
MAY 31 2016...........SUNRISE   602 AM CDT   SUNSET   838 PM CDT
JUNE  1 2016..........SUNRISE   602 AM CDT   SUNSET   838 PM CDT


-  INDICATES NEGATIVE NUMBERS.
R  INDICATES RECORD WAS SET OR TIED.
MM INDICATES DATA IS MISSING.
T  INDICATES TRACE AMOUNT.




$$
