000
CDUS43 KICT 220732
CLICNU

CLIMATE REPORT
NATIONAL WEATHER SERVICE WICHITA KS
131 AM CST WED FEB 22 2017

...................................

...THE CHANUTE KS CLIMATE SUMMARY FOR FEBRUARY 21 2017...

CLIMATE NORMAL PERIOD 1981 TO 2010
CLIMATE RECORD PERIOD 1894 TO 2017


WEATHER ITEM   OBSERVED TIME   RECORD YEAR NORMAL DEPARTURE LAST
                VALUE   (LST)  VALUE       VALUE  FROM      YEAR
                                                  NORMAL
..................................................................
TEMPERATURE (F)
 YESTERDAY
  MAXIMUM         74    402 PM  77    1935  50     24       62
  MINIMUM         41   1048 PM  -7    1939  29     12       39
  AVERAGE         58                        39     19       51

PRECIPITATION (IN)
  YESTERDAY        0.00          1.80 1985   0.08  -0.08     0.00
  MONTH TO DATE    0.03                      1.34  -1.31     0.30
  SINCE DEC 1      2.65                      4.35  -1.70     4.63
  SINCE JAN 1      1.87                      2.60  -0.73     1.08

DEGREE DAYS
 HEATING
  YESTERDAY        7                        26    -19       14
  MONTH TO DATE  392                       603   -211      473
  SINCE DEC 1   2176                      2550   -374     2159
  SINCE JUL 1   2654                      3402   -748     2802

 COOLING
  YESTERDAY        0                         0      0        0
  MONTH TO DATE    3                         0      3        0
  SINCE DEC 1      3                         0      3        0
  SINCE JAN 1      3                         0      3        0
..................................................................


WIND (MPH)
  HIGHEST WIND SPEED    15   HIGHEST WIND DIRECTION     N (340)
  HIGHEST GUST SPEED    20   HIGHEST GUST DIRECTION    NW (330)
  AVERAGE WIND SPEED     5.3


SKY COVER
  POSSIBLE SUNSHINE  MM
  AVERAGE SKY COVER 0.1


WEATHER CONDITIONS
 THE FOLLOWING WEATHER WAS RECORDED YESTERDAY.
  FOG
  FOG W/VISIBILITY <= 1/4 MILE
  HAZE


RELATIVE HUMIDITY (PERCENT)
 HIGHEST   100          1200 AM
 LOWEST     38           400 PM
 AVERAGE    69

..........................................................


THE CHANUTE KS CLIMATE NORMALS FOR TODAY
                         NORMAL    RECORD    YEAR
 MAXIMUM TEMPERATURE (F)   50        80      1996
 MINIMUM TEMPERATURE (F)   29         8      1912


SUNRISE AND SUNSET
FEBRUARY 22 2017......SUNRISE   702 AM CST   SUNSET   609 PM CST
FEBRUARY 23 2017......SUNRISE   701 AM CST   SUNSET   610 PM CST


-  INDICATES NEGATIVE NUMBERS.
R  INDICATES RECORD WAS SET OR TIED.
MM INDICATES DATA IS MISSING.
T  INDICATES TRACE AMOUNT.

$$
