000
CDUS45 KGJT 260727
CLICNY


CLIMATE REPORT
NATIONAL WEATHER SERVICE GRAND JUNCTION CO
124 AM MDT TUE SEP 26 2017


...................................

...THE CANYONLANDS AIRPORT UT CLIMATE SUMMARY FOR SEPTEMBER 25 2017...

CLIMATE NORMAL PERIOD 1981 TO 2010
CLIMATE RECORD PERIOD 9999 TO 9999


WEATHER ITEM   OBSERVED TIME   RECORD YEAR NORMAL DEPARTURE LAST
                VALUE   (LST)  VALUE       VALUE  FROM      YEAR
                                                  NORMAL
..................................................................
TEMPERATURE (F)
 YESTERDAY
  MAXIMUM         66    355 PM  MM      MM  78    -12       72
  MINIMUM         36    604 AM  MM      MM  48    -12       47
  AVERAGE         51                        63    -12       60

PRECIPITATION (IN)
  YESTERDAY        0.00         MM      MM   0.04  -0.04     0.00
  MONTH TO DATE    0.41                      0.82  -0.41     0.92
  SINCE SEP 1      0.41                      0.82  -0.41     0.92
  SINCE JAN 1      3.24                      6.20  -2.96     5.11

SNOWFALL (IN)
  YESTERDAY       MM            MM      MM  MM     MM       MM
  MONTH TO DATE   MM                        MM     MM       MM
  SINCE SEP 1     MM                        MM     MM       MM
  SINCE JUL 1     MM                        MM     MM       MM
  SNOW DEPTH      MM

DEGREE DAYS
 HEATING
  YESTERDAY       14                         4     10        5
  MONTH TO DATE   42                        35      7       27
  SINCE SEP 1     42                        35      7       27
  SINCE JUL 1     42                        36      6       27

 COOLING
  YESTERDAY        0                         2     -2        0
  MONTH TO DATE  202                       113     89      132
  SINCE SEP 1    202                       113     89      132
  SINCE JAN 1   1729                      1279    450     1608
..................................................................


WIND (MPH)
  HIGHEST WIND SPEED    12   HIGHEST WIND DIRECTION    NW (330)
  HIGHEST GUST SPEED    16   HIGHEST GUST DIRECTION    NW (320)
  AVERAGE WIND SPEED     2.6


SKY COVER
  POSSIBLE SUNSHINE  MM
  AVERAGE SKY COVER 0.0


WEATHER CONDITIONS
 THE FOLLOWING WEATHER WAS RECORDED YESTERDAY.
  NO SIGNIFICANT WEATHER WAS OBSERVED.


RELATIVE HUMIDITY (PERCENT)
 HIGHEST    70           400 AM
 LOWEST     24           400 PM
 AVERAGE    47

..........................................................


THE CANYONLANDS AIRPORT UT CLIMATE NORMALS FOR TODAY
                         NORMAL    RECORD    YEAR
 MAXIMUM TEMPERATURE (F)   78        MM        MM
 MINIMUM TEMPERATURE (F)   48        MM        MM


SUNRISE AND SUNSET
SEPTEMBER 26 2017.....SUNRISE   711 AM MDT   SUNSET   709 PM MDT
SEPTEMBER 27 2017.....SUNRISE   711 AM MDT   SUNSET   707 PM MDT


-  INDICATES NEGATIVE NUMBERS.
R  INDICATES RECORD WAS SET OR TIED.
MM INDICATES DATA IS MISSING.
T  INDICATES TRACE AMOUNT.




$$
