156
CDUS45 KGJT 042351
CLICNY


CLIMATE REPORT
NATIONAL WEATHER SERVICE GRAND JUNCTION CO
541 PM MDT WED MAY 4 2016


...................................

...THE CANYONLANDS AIRPORT UT CLIMATE SUMMARY FOR MAY 4 2016...
VALID TODAY AS OF 0500 PM LOCAL TIME.

CLIMATE NORMAL PERIOD 1981 TO 2010
CLIMATE RECORD PERIOD 9999 TO 9999


WEATHER ITEM   OBSERVED TIME   RECORD YEAR NORMAL DEPARTURE LAST
                VALUE   (LST)  VALUE       VALUE  FROM      YEAR
                                                  NORMAL
..................................................................
TEMPERATURE (F)
 TODAY
  MAXIMUM         83    321 PM  MM      MM  73     10       76
  MINIMUM         46    353 AM  MM      MM  44      2       56
  AVERAGE         65                        58      7       66

PRECIPITATION (IN)
  TODAY            0.00         MM      MM   0.02  -0.02     0.06
  MONTH TO DATE    0.00                      0.09  -0.09     0.06
  SINCE MAR 1      1.31                      1.55  -0.24     0.68
  SINCE JAN 1      2.31                      2.71  -0.40     1.25

SNOWFALL (IN)
  TODAY           MM            MM      MM  MM     MM       MM
  MONTH TO DATE   MM                        MM     MM       MM
  SINCE MAR 1     MM                        MM     MM       MM
  SINCE JUL 1     MM                        MM     MM       MM
  SNOW DEPTH      MM

DEGREE DAYS
 HEATING
  TODAY            0                         7     -7        0
  MONTH TO DATE   31                        30      1        0
  SINCE MAR 1    890                      1046   -156      883
  SINCE JUL 1   5065                      5455   -390     4600

 COOLING
  TODAY            0                         1     -1        1
  MONTH TO DATE    0                         2     -2       11
  SINCE MAR 1      3                         5     -2       12
  SINCE JAN 1      3                         5     -2       12
..................................................................


WIND (MPH)
  HIGHEST WIND SPEED    18   HIGHEST WIND DIRECTION     S (160)
  HIGHEST GUST SPEED    24   HIGHEST GUST DIRECTION    SE (150)
  AVERAGE WIND SPEED     5.9


SKY COVER
  POSSIBLE SUNSHINE  MM
  AVERAGE SKY COVER 0.0


WEATHER CONDITIONS
 THE FOLLOWING WEATHER WAS RECORDED TODAY.
  NO SIGNIFICANT WEATHER WAS OBSERVED.


RELATIVE HUMIDITY (PERCENT)
 HIGHEST    61           600 AM
 LOWEST     12           300 PM
 AVERAGE    37

..........................................................


THE CANYONLANDS AIRPORT UT CLIMATE NORMALS FOR TOMORROW
                         NORMAL    RECORD    YEAR
 MAXIMUM TEMPERATURE (F)   74        MM        MM
 MINIMUM TEMPERATURE (F)   44        MM        MM


SUNRISE AND SUNSET
MAY  4 2016...........SUNRISE   617 AM MDT   SUNSET   815 PM MDT
MAY  5 2016...........SUNRISE   616 AM MDT   SUNSET   816 PM MDT


-  INDICATES NEGATIVE NUMBERS.
R  INDICATES RECORD WAS SET OR TIED.
MM INDICATES DATA IS MISSING.
T  INDICATES TRACE AMOUNT.




$$
