000
CDUS41 KGYX 280814
CLICON


CLIMATE REPORT
NATIONAL WEATHER SERVICE GRAY ME
414 AM EDT WED SEP 28 2016


...................................

...THE CONCORD NH CLIMATE SUMMARY FOR SEPTEMBER 27 2016...

CLIMATE NORMAL PERIOD 1981 TO 2010
CLIMATE RECORD PERIOD 1868 TO 2016


WEATHER ITEM   OBSERVED TIME   RECORD YEAR NORMAL DEPARTURE LAST
                VALUE   (LST)  VALUE       VALUE  FROM      YEAR
                                                  NORMAL
..................................................................
TEMPERATURE (F)
 YESTERDAY
  MAXIMUM         74    350 PM  88    1933  68      6       73
  MINIMUM         50   1156 PM  22    1947  43      7       34
  AVERAGE         62                        55      7       54

PRECIPITATION (IN)
  YESTERDAY        0.26          1.54 1939   0.13   0.13     0.00
  MONTH TO DATE    2.94                      3.00  -0.06     1.54
  SINCE SEP 1      2.94                      3.00  -0.06     1.54
  SINCE JAN 1     21.12                     29.27  -8.15    24.88

SNOWFALL (IN)
  YESTERDAY        0.0           0.0  2002   0.0    0.0      0.0
                                      2001
                                      2000
  MONTH TO DATE    0.0                       0.0    0.0      0.0
  SINCE SEP 1      0.0                       0.0    0.0      0.0
  SINCE JUL 1      0.0                       0.0    0.0      0.0
  SNOW DEPTH       0

DEGREE DAYS
 HEATING
  YESTERDAY        3                        10     -7       11
  MONTH TO DATE   65                       154    -89       70
  SINCE SEP 1     65                       154    -89       70
  SINCE JUL 1     77                       202   -125       78

 COOLING
  YESTERDAY        0                         0      0        0
  MONTH TO DATE   91                        37     54       89
  SINCE SEP 1     91                        37     54       89
  SINCE JAN 1    715                       450    265      589
..................................................................


WIND (MPH)
  RESULTANT WIND SPEED   1   RESULTANT WIND DIRECTION   S (170)
  HIGHEST WIND SPEED    10   HIGHEST WIND DIRECTION     S (160)
  HIGHEST GUST SPEED    14   HIGHEST GUST DIRECTION     S (170)
  AVERAGE WIND SPEED     2.1


SKY COVER
  AVERAGE SKY COVER 0.6


WEATHER CONDITIONS
 THE FOLLOWING WEATHER WAS RECORDED YESTERDAY.
  RAIN
  LIGHT RAIN
  FOG
  FOG W/VISIBILITY <= 1/4 MILE


RELATIVE HUMIDITY (PERCENT)
 HIGHEST    93           500 AM
 LOWEST     41           400 PM
 AVERAGE    67

..........................................................


THE CONCORD NH CLIMATE NORMALS FOR TODAY
                         NORMAL    RECORD    YEAR
 MAXIMUM TEMPERATURE (F)   68        90      1873
 MINIMUM TEMPERATURE (F)   42        21      1947


SUNRISE AND SUNSET
SEPTEMBER 28 2016.....SUNRISE   640 AM EDT   SUNSET   632 PM EDT
SEPTEMBER 29 2016.....SUNRISE   642 AM EDT   SUNSET   630 PM EDT


-  INDICATES NEGATIVE NUMBERS.
R  INDICATES RECORD WAS SET OR TIED.
MM INDICATES DATA IS MISSING.
T  INDICATES TRACE AMOUNT.




$$
