000
CDUS41 KGYX 200810
CLICON


CLIMATE REPORT
NATIONAL WEATHER SERVICE GRAY ME
410 AM EDT WED SEP 20 2017


...................................

...THE CONCORD NH CLIMATE SUMMARY FOR SEPTEMBER 19 2017...

CLIMATE NORMAL PERIOD 1981 TO 2010
CLIMATE RECORD PERIOD 1868 TO 2017


WEATHER ITEM   OBSERVED TIME   RECORD YEAR NORMAL DEPARTURE LAST
                VALUE   (LST)  VALUE       VALUE  FROM      YEAR
                                                  NORMAL
..................................................................
TEMPERATURE (F)
 YESTERDAY
  MAXIMUM         75   1251 PM  91    1983  71      4       74
  MINIMUM         63    618 AM  30    1990  46     17       67
                                      1959
                                      1956
  AVERAGE         69                        59     10       71

PRECIPITATION (IN)
  YESTERDAY        0.00          2.15 2016   0.11  -0.11     2.15
  MONTH TO DATE    2.97                      2.02   0.95     2.67
  SINCE SEP 1      2.97                      2.02   0.95     2.67
  SINCE JAN 1     31.49                     28.29   3.20    20.85

SNOWFALL (IN)
  YESTERDAY        0.0           0.0  2002   0.0    0.0      0.0
                                      2001
                                      2000
  MONTH TO DATE    0.0                       0.0    0.0      0.0
  SINCE SEP 1      0.0                       0.0    0.0      0.0
  SINCE JUL 1      0.0                       0.0    0.0      0.0
  SNOW DEPTH       0

DEGREE DAYS
 HEATING
  YESTERDAY        0                         7     -7        0
  MONTH TO DATE   57                        84    -27       20
  SINCE SEP 1     57                        84    -27       20
  SINCE JUL 1    110                       132    -22       32

 COOLING
  YESTERDAY        4                         1      3        6
  MONTH TO DATE   45                        32     13       74
  SINCE SEP 1     45                        32     13       74
  SINCE JAN 1    490                       445     45      698
..................................................................


WIND (MPH)
  RESULTANT WIND SPEED   5   RESULTANT WIND DIRECTION  NE (50)
  HIGHEST WIND SPEED    13   HIGHEST WIND DIRECTION    NE (40)
  HIGHEST GUST SPEED    18   HIGHEST GUST DIRECTION    NE (30)
  AVERAGE WIND SPEED     6.0


SKY COVER
  AVERAGE SKY COVER 1.0


WEATHER CONDITIONS
 THE FOLLOWING WEATHER WAS RECORDED YESTERDAY.
  FOG


RELATIVE HUMIDITY (PERCENT)
 HIGHEST   100           600 AM
 LOWEST     64           100 PM
 AVERAGE    82

..........................................................


THE CONCORD NH CLIMATE NORMALS FOR TODAY
                         NORMAL    RECORD    YEAR
 MAXIMUM TEMPERATURE (F)   71        92      1983
 MINIMUM TEMPERATURE (F)   46        28      1993
                                             1979


SUNRISE AND SUNSET
SEPTEMBER 20 2017.....SUNRISE   631 AM EDT   SUNSET   647 PM EDT
SEPTEMBER 21 2017.....SUNRISE   632 AM EDT   SUNSET   645 PM EDT


-  INDICATES NEGATIVE NUMBERS.
R  INDICATES RECORD WAS SET OR TIED.
MM INDICATES DATA IS MISSING.
T  INDICATES TRACE AMOUNT.




$$
