000
CDUS41 KGYX 170903
CLICON


CLIMATE REPORT
NATIONAL WEATHER SERVICE GRAY ME
403 AM EST FRI NOV 17 2017


...................................

...THE CONCORD NH CLIMATE SUMMARY FOR NOVEMBER 16 2017...

CLIMATE NORMAL PERIOD 1981 TO 2010
CLIMATE RECORD PERIOD 1868 TO 2017


WEATHER ITEM   OBSERVED TIME   RECORD YEAR NORMAL DEPARTURE LAST
                VALUE   (LST)  VALUE       VALUE  FROM      YEAR
                                                  NORMAL
..................................................................
TEMPERATURE (F)
 YESTERDAY
  MAXIMUM         42    254 PM  70    1990  48     -6       59
  MINIMUM         28    112 AM   0    1967  28      0       48
  AVERAGE         35                        38     -3       54

PRECIPITATION (IN)
  YESTERDAY        0.19          1.65 1892   0.12   0.07     0.14
  MONTH TO DATE    0.83                      2.01  -1.18     1.02
  SINCE SEP 1     11.80                      9.43   2.37    10.22
  SINCE JAN 1     40.32                     35.70   4.62    28.40

SNOWFALL (IN)
  YESTERDAY        0.0           6.0  1873   0.1   -0.1      0.0
  MONTH TO DATE    0.6                       0.7   -0.1      0.0
  SINCE SEP 1      0.6                       0.7   -0.1      0.0
  SINCE JUL 1      0.6                       0.7   -0.1      0.0
  SNOW DEPTH       0

DEGREE DAYS
 HEATING
  YESTERDAY       30                        27      3       11
  MONTH TO DATE  397                       388      9      327
  SINCE SEP 1    744                      1099   -355      863
  SINCE JUL 1    797                      1147   -350      875

 COOLING
  YESTERDAY        0                         0      0        0
  MONTH TO DATE    0                         0      0        0
  SINCE SEP 1    119                        39     80       91
  SINCE JAN 1    564                       452    112      715
..................................................................


WIND (MPH)
  RESULTANT WIND SPEED   2   RESULTANT WIND DIRECTION  NW (330)
  HIGHEST WIND SPEED    12   HIGHEST WIND DIRECTION    NW (310)
  HIGHEST GUST SPEED    13   HIGHEST GUST DIRECTION    NW (310)
  AVERAGE WIND SPEED     2.5


SKY COVER
  AVERAGE SKY COVER 1.0


WEATHER CONDITIONS
 THE FOLLOWING WEATHER WAS RECORDED YESTERDAY.
  RAIN
  LIGHT RAIN
  FOG


RELATIVE HUMIDITY (PERCENT)
 HIGHEST    96           900 AM
 LOWEST     82           500 AM
 AVERAGE    89

..........................................................


THE CONCORD NH CLIMATE NORMALS FOR TODAY
                         NORMAL    RECORD    YEAR
 MAXIMUM TEMPERATURE (F)   48        71      1928
                                             1896
 MINIMUM TEMPERATURE (F)   28        -1      1967


SUNRISE AND SUNSET
NOVEMBER 17 2017......SUNRISE   642 AM EST   SUNSET   420 PM EST
NOVEMBER 18 2017......SUNRISE   643 AM EST   SUNSET   419 PM EST


-  INDICATES NEGATIVE NUMBERS.
R  INDICATES RECORD WAS SET OR TIED.
MM INDICATES DATA IS MISSING.
T  INDICATES TRACE AMOUNT.




$$
