895
CDUS41 KGYX 080901
CLICON


CLIMATE REPORT
NATIONAL WEATHER SERVICE GRAY ME
401 AM EST MON FEB 8 2016


...................................

...THE CONCORD NH CLIMATE SUMMARY FOR FEBRUARY 7 2016...

CLIMATE NORMAL PERIOD 1981 TO 2010
CLIMATE RECORD PERIOD 1868 TO 2016


WEATHER ITEM   OBSERVED TIME   RECORD YEAR NORMAL DEPARTURE LAST
                VALUE   (LST)  VALUE       VALUE  FROM      YEAR
                                                  NORMAL
..................................................................
TEMPERATURE (F)
 YESTERDAY
  MAXIMUM         45    308 PM  64    1878  33     12       29
  MINIMUM         15    724 AM -20    1993  12      3        1
                                      1934
  AVERAGE         30                        22      8       15

PRECIPITATION (IN)
  YESTERDAY        0.00          2.10 1951   0.09  -0.09     0.01
  MONTH TO DATE    1.38                      0.64   0.74     0.90
  SINCE DEC 1      7.52                      6.54   0.98     9.33
  SINCE JAN 1      2.74                      3.34  -0.60     4.17

SNOWFALL (IN)
  YESTERDAY        0.0           9.8  1983   0.5   -0.5       T
  MONTH TO DATE    5.2                       3.4    1.8     13.5
  SINCE DEC 1     17.2                      36.0  -18.8     42.3
  SINCE JUL 1     17.2                      38.6  -21.4     55.2
  SNOW DEPTH       5

DEGREE DAYS
 HEATING
  YESTERDAY       35                        42     -7       50
  MONTH TO DATE  212                       301    -89      373
  SINCE DEC 1   2220                      2863   -643     2850
  SINCE JUL 1   3500                      4423   -923     4354

 COOLING
  YESTERDAY        0                         0      0        0
  MONTH TO DATE    0                         0      0        0
  SINCE DEC 1      0                         0      0        0
  SINCE JAN 1      0                         0      0        0
..................................................................


WIND (MPH)
  RESULTANT WIND SPEED   1   RESULTANT WIND DIRECTION   E (100)
  HIGHEST WIND SPEED    14   HIGHEST WIND DIRECTION    NE (50)
  HIGHEST GUST SPEED    20   HIGHEST GUST DIRECTION    NE (50)
  AVERAGE WIND SPEED     2.5


SKY COVER
  AVERAGE SKY COVER 0.0


WEATHER CONDITIONS
 THE FOLLOWING WEATHER WAS RECORDED YESTERDAY.
  FOG
  HAZE


RELATIVE HUMIDITY (PERCENT)
 HIGHEST    88           600 AM
 LOWEST     37           300 PM
 AVERAGE    63

..........................................................


THE CONCORD NH CLIMATE NORMALS FOR TODAY
                         NORMAL    RECORD    YEAR
 MAXIMUM TEMPERATURE (F)   33        62      1933
 MINIMUM TEMPERATURE (F)   12       -21      1950


SUNRISE AND SUNSET
FEBRUARY  8 2016......SUNRISE   654 AM EST   SUNSET   507 PM EST
FEBRUARY  9 2016......SUNRISE   653 AM EST   SUNSET   508 PM EST


-  INDICATES NEGATIVE NUMBERS.
R  INDICATES RECORD WAS SET OR TIED.
MM INDICATES DATA IS MISSING.
T  INDICATES TRACE AMOUNT.




$$
