000
CDUS41 KGYX 232044
CLICON


CLIMATE REPORT
NATIONAL WEATHER SERVICE GRAY ME
444 PM EDT SUN JUL 23 2017


...................................

...THE CONCORD NH CLIMATE SUMMARY FOR JULY 23 2017...
VALID TODAY AS OF 0400 PM LOCAL TIME.

CLIMATE NORMAL PERIOD 1981 TO 2010
CLIMATE RECORD PERIOD 1868 TO 2017


WEATHER ITEM   OBSERVED TIME   RECORD YEAR NORMAL DEPARTURE LAST
                VALUE   (LST)  VALUE       VALUE  FROM      YEAR
                                                  NORMAL
..................................................................
TEMPERATURE (F)
 TODAY
  MAXIMUM         78    259 PM 100    1978  83     -5       95
  MINIMUM         65    527 AM  41    1871  58      7       64
  AVERAGE         72                        70      2       80

PRECIPITATION (IN)
  TODAY            0.00          2.40 2013   0.13  -0.13     0.19
  MONTH TO DATE    0.71                      2.75  -2.04     1.71
  SINCE JUN 1      5.86                      6.44  -0.58     3.12
  SINCE JAN 1     24.93                     22.10   2.83    15.82

SNOWFALL (IN)
  TODAY            0.0           0.0  2002   0.0    0.0      0.0
                                      2001
                                      2000
  MONTH TO DATE    0.0                       0.0    0.0      0.0
  SINCE JUN 1      0.0                       0.0    0.0      0.0
  SINCE JUL 1      0.0                       0.0    0.0      0.0
  SNOW DEPTH       0

DEGREE DAYS
 HEATING
  TODAY            0                         0      0        0
  MONTH TO DATE    4                        13     -9       11
  SINCE JUN 1     83                        98    -15       53
  SINCE JUL 1      4                        13     -9       11

 COOLING
  TODAY            7                         6      1       15
  MONTH TO DATE  166                       128     38      168
  SINCE JUN 1    286                       212     74      250
  SINCE JAN 1    318                       230     88      290
..................................................................


WIND (MPH)
  HIGHEST WIND SPEED    13   HIGHEST WIND DIRECTION     E (70)
  HIGHEST GUST SPEED    18   HIGHEST GUST DIRECTION     S (160)
  AVERAGE WIND SPEED     5.0


SKY COVER
  POSSIBLE SUNSHINE  MM
  AVERAGE SKY COVER 0.3


WEATHER CONDITIONS
 THE FOLLOWING WEATHER WAS RECORDED TODAY.
  NO SIGNIFICANT WEATHER WAS OBSERVED.


RELATIVE HUMIDITY (PERCENT)
 HIGHEST    87           200 AM
 LOWEST     40           100 PM
 AVERAGE    64

..........................................................


THE CONCORD NH CLIMATE NORMALS FOR TOMORROW
                         NORMAL    RECORD    YEAR
 MAXIMUM TEMPERATURE (F)   83       100      1870
 MINIMUM TEMPERATURE (F)   58        42      1985


SUNRISE AND SUNSET
JULY 23 2017..........SUNRISE   527 AM EDT   SUNSET   817 PM EDT
JULY 24 2017..........SUNRISE   528 AM EDT   SUNSET   816 PM EDT


-  INDICATES NEGATIVE NUMBERS.
R  INDICATES RECORD WAS SET OR TIED.
MM INDICATES DATA IS MISSING.
T  INDICATES TRACE AMOUNT.




$$
