000
CDUS41 KGYX 172145
CLICON


CLIMATE REPORT
NATIONAL WEATHER SERVICE GRAY ME
445 PM EST WED JAN 17 2018


...................................

...THE CONCORD NH CLIMATE SUMMARY FOR JANUARY 17 2018...
VALID TODAY AS OF 0400 PM LOCAL TIME.

CLIMATE NORMAL PERIOD 1981 TO 2010
CLIMATE RECORD PERIOD 1868 TO 2018


WEATHER ITEM   OBSERVED TIME   RECORD YEAR NORMAL DEPARTURE LAST
                VALUE   (LST)  VALUE       VALUE  FROM      YEAR
                                                  NORMAL
..................................................................
TEMPERATURE (F)
 TODAY
  MAXIMUM         30    259 PM  56    1995  30      0       43
  MINIMUM         25    827 AM -20    1971  10     15       14
                                      1944
  AVERAGE         28                        20      8       29

PRECIPITATION (IN)
  TODAY            0.21          1.11 1891   0.08   0.13     0.30
  MONTH TO DATE    2.21                      1.47   0.74     1.48
  SINCE DEC 1      5.28                      4.67   0.61     4.80
  SINCE JAN 1      2.21                      1.47   0.74     1.48

SNOWFALL (IN)
  TODAY           MM             7.5  1909   0.7   MM        3.5
  MONTH TO DATE   13.7                      10.0    3.7      5.7
  SINCE DEC 1     33.8                      24.5    9.3     28.9
  SINCE JUL 1     34.4                      27.1    7.3     29.6
  SNOW DEPTH       5

DEGREE DAYS
 HEATING
  TODAY           37                        45     -8       36
  MONTH TO DATE  797                       755     42      666
  SINCE DEC 1   2118                      1941    177     1817
  SINCE JUL 1   3319                      3501   -182     3069

 COOLING
  TODAY            0                         0      0        0
  MONTH TO DATE    0                         0      0        0
  SINCE DEC 1      0                         0      0        0
  SINCE JAN 1      0                         0      0        0
..................................................................


WIND (MPH)
  HIGHEST WIND SPEED     8   HIGHEST WIND DIRECTION    NW (310)
  HIGHEST GUST SPEED     9   HIGHEST GUST DIRECTION    NW (300)
  AVERAGE WIND SPEED     3.4


SKY COVER
  POSSIBLE SUNSHINE  MM
  AVERAGE SKY COVER 1.0


WEATHER CONDITIONS
 THE FOLLOWING WEATHER WAS RECORDED TODAY.
  LIGHT SNOW
  FOG


RELATIVE HUMIDITY (PERCENT)
 HIGHEST    92          1200 AM
 LOWEST     84           200 AM
 AVERAGE    88

..........................................................


THE CONCORD NH CLIMATE NORMALS FOR TOMORROW
                         NORMAL    RECORD    YEAR
 MAXIMUM TEMPERATURE (F)   30        57      2006
                                             1990
 MINIMUM TEMPERATURE (F)   10       -30      1957


SUNRISE AND SUNSET
JANUARY 17 2018.......SUNRISE   714 AM EST   SUNSET   439 PM EST
JANUARY 18 2018.......SUNRISE   713 AM EST   SUNSET   440 PM EST


-  INDICATES NEGATIVE NUMBERS.
R  INDICATES RECORD WAS SET OR TIED.
MM INDICATES DATA IS MISSING.
T  INDICATES TRACE AMOUNT.




$$
