000
CDUS41 KGYX 230813
CLICON


CLIMATE REPORT
NATIONAL WEATHER SERVICE GRAY ME
412 AM EDT THU OCT 23 2014


...................................

...THE CONCORD NH CLIMATE SUMMARY FOR OCTOBER 22 2014...

CLIMATE NORMAL PERIOD 1981 TO 2010
CLIMATE RECORD PERIOD 1868 TO 2014


WEATHER ITEM   OBSERVED TIME   RECORD YEAR NORMAL DEPARTURE LAST
                VALUE   (LST)  VALUE       VALUE  FROM      YEAR
                                                  NORMAL
..................................................................
TEMPERATURE (F)
 YESTERDAY
  MAXIMUM         50    320 PM  86    1979  58     -8       60
  MINIMUM         47   1159 PM  17    1948  34     13       35
  AVERAGE         49                        46      3       48

PRECIPITATION (IN)
  YESTERDAY        0.25          0.63 1984   0.14   0.11      T
  MONTH TO DATE    2.96                      2.89   0.07     1.16
  SINCE SEP 1      3.38                      6.27  -2.89     5.97
  SINCE JAN 1     36.26                     32.54   3.72    34.26

SNOWFALL (IN)
  YESTERDAY        0.0           2.1  1969   0.0    0.0      0.0
  MONTH TO DATE    0.0                       0.0    0.0      0.0
  SINCE SEP 1      0.0                       0.0    0.0      0.0
  SINCE JUL 1      0.0                       0.0    0.0      0.0
  SNOW DEPTH       0

DEGREE DAYS
 HEATING
  YESTERDAY       16                        19     -3       17
  MONTH TO DATE  252                       340    -88      251
  SINCE SEP 1    441                       527    -86      450
  SINCE JUL 1    473                       575   -102      480

 COOLING
  YESTERDAY        0                         0      0        0
  MONTH TO DATE    6                         0      6        0
  SINCE SEP 1     56                        37     19       46
  SINCE JAN 1    387                       450    -63      537
..................................................................


WIND (MPH)
  RESULTANT WIND SPEED  11   RESULTANT WIND DIRECTION  NE (30)
  HIGHEST WIND SPEED    22   HIGHEST WIND DIRECTION    NE (30)
  HIGHEST GUST SPEED    32   HIGHEST GUST DIRECTION    NE (30)
  AVERAGE WIND SPEED    11.8


SKY COVER
  AVERAGE SKY COVER 1.0


WEATHER CONDITIONS
 THE FOLLOWING WEATHER WAS RECORDED YESTERDAY.
  HEAVY RAIN
  LIGHT RAIN
  FOG


RELATIVE HUMIDITY (PERCENT)
 HIGHEST   100           700 AM
 LOWEST     80           200 PM
 AVERAGE    90

..........................................................


THE CONCORD NH CLIMATE NORMALS FOR TODAY
                         NORMAL    RECORD    YEAR
 MAXIMUM TEMPERATURE (F)   58        82      1947
 MINIMUM TEMPERATURE (F)   34        17      1997


SUNRISE AND SUNSET
OCTOBER 23 2014.......SUNRISE   709 AM EDT   SUNSET   551 PM EDT
OCTOBER 24 2014.......SUNRISE   711 AM EDT   SUNSET   549 PM EDT


-  INDICATES NEGATIVE NUMBERS.
R  INDICATES RECORD WAS SET OR TIED.
MM INDICATES DATA IS MISSING.
T  INDICATES TRACE AMOUNT.




$$
