000
CDUS41 KGYX 250803
CLICON


CLIMATE REPORT
NATIONAL WEATHER SERVICE GRAY ME
402 AM EDT MON MAY 25 2015


...................................

...THE CONCORD NH CLIMATE SUMMARY FOR MAY 24 2015...

CLIMATE NORMAL PERIOD 1981 TO 2010
CLIMATE RECORD PERIOD 1868 TO 2015


WEATHER ITEM   OBSERVED TIME   RECORD YEAR NORMAL DEPARTURE LAST
                VALUE   (LST)  VALUE       VALUE  FROM      YEAR
                                                  NORMAL
..................................................................
TEMPERATURE (F)
 YESTERDAY
  MAXIMUM         85    121 PM  91    2007  71     14       68
                                      1991
                                      1977
  MINIMUM         42    357 AM  29    1971  45     -3       51
                                      1965
  AVERAGE         64                        58      6       60

PRECIPITATION (IN)
  YESTERDAY        0.00          2.04 1979   0.13  -0.13     0.25
  MONTH TO DATE    0.04                      2.77  -2.73     3.23
  SINCE MAR 1      3.78                      9.45  -5.67    10.08
  SINCE JAN 1      9.84                     14.77  -4.93    17.40

SNOWFALL (IN)
  YESTERDAY        0.0           0.0  2002   0.0    0.0      0.0
                                      2001
                                      2000
  MONTH TO DATE    0.0                       0.2   -0.2      0.0
  SINCE MAR 1      7.9                      14.1   -6.2     10.6
  SINCE JUL 1     92.1                      61.6   30.5     80.4
  SNOW DEPTH       0

DEGREE DAYS
 HEATING
  YESTERDAY        1                         8     -7        5
  MONTH TO DATE  151                       258   -107      210
  SINCE MAR 1   1908                      1845     63     2043
  SINCE JUL 1   7362                      7105    257     7512

 COOLING
  YESTERDAY        0                         1     -1        0
  MONTH TO DATE   18                         7     11        2
  SINCE MAR 1     18                         9      9        2
  SINCE JAN 1     18                         9      9        2
..................................................................


WIND (MPH)
  RESULTANT WIND SPEED   6   RESULTANT WIND DIRECTION   W (250)
  HIGHEST WIND SPEED    23   HIGHEST WIND DIRECTION     W (260)
  HIGHEST GUST SPEED    32   HIGHEST GUST DIRECTION     W (250)
  AVERAGE WIND SPEED     8.7


SKY COVER
  AVERAGE SKY COVER 0.1


WEATHER CONDITIONS
 THE FOLLOWING WEATHER WAS RECORDED YESTERDAY.
  NO SIGNIFICANT WEATHER WAS OBSERVED.


RELATIVE HUMIDITY (PERCENT)
 HIGHEST    67           400 AM
 LOWEST     18          1200 PM
 AVERAGE    43

..........................................................


THE CONCORD NH CLIMATE NORMALS FOR TODAY
                         NORMAL    RECORD    YEAR
 MAXIMUM TEMPERATURE (F)   72        93      2007
 MINIMUM TEMPERATURE (F)   46        24      1956


SUNRISE AND SUNSET
MAY 25 2015...........SUNRISE   514 AM EDT   SUNSET   813 PM EDT
MAY 26 2015...........SUNRISE   513 AM EDT   SUNSET   814 PM EDT


-  INDICATES NEGATIVE NUMBERS.
R  INDICATES RECORD WAS SET OR TIED.
MM INDICATES DATA IS MISSING.
T  INDICATES TRACE AMOUNT.




$$
