000
CDUS45 KPUB 301123
CLICOS


CLIMATE REPORT
NATIONAL WEATHER SERVICE PUEBLO
522 AM MDT TUE AUG 30 2016


...................................

...THE COLORADO SPRINGS CO CLIMATE SUMMARY FOR AUGUST 29 2016...

CLIMATE NORMAL PERIOD 1981 TO 2010
CLIMATE RECORD PERIOD 1872 TO 2016


WEATHER ITEM   OBSERVED TIME   RECORD YEAR NORMAL DEPARTURE LAST
                VALUE   (LST)  VALUE       VALUE  FROM      YEAR
                                                  NORMAL
..................................................................
TEMPERATURE (F)
 YESTERDAY
  MAXIMUM         74   1103 AM  93    1962  80     -6       84
  MINIMUM         54    131 PM  38    1944  54      0       52
  AVERAGE         64                        67     -3       68

PRECIPITATION (IN)
  YESTERDAY        0.95          1.15 1904   0.09   0.86     0.00
  MONTH TO DATE    2.65                      3.16  -0.51     1.68
  SINCE JUN 1      6.73                      8.50  -1.77    10.54
  SINCE JAN 1     13.66                     13.61   0.05    22.77

SNOWFALL (IN)
  YESTERDAY        T   R         T    2016   0.0    0.0      0.0
  MONTH TO DATE    T                         0.0    0.0      0.0
  SINCE JUN 1      T                         0.0    0.0       T
  SINCE JUL 1      T                         0.0    0.0       T
  SNOW DEPTH       0

DEGREE DAYS
 HEATING
  YESTERDAY        1                         1      0        0
  MONTH TO DATE   20                        14      6        9
  SINCE JUN 1     28                       103    -75       29
  SINCE JUL 1     20                        24     -4       19

 COOLING
  YESTERDAY        0                         3     -3        3
  MONTH TO DATE  144                       128     16      196
  SINCE JUN 1    624                       402    222      500
  SINCE JAN 1    626                       412    214      500
..................................................................


WIND (MPH)
  HIGHEST WIND SPEED    26   HIGHEST WIND DIRECTION     N (350)
  HIGHEST GUST SPEED    31   HIGHEST GUST DIRECTION    NW (310)
  AVERAGE WIND SPEED    10.5


SKY COVER
  POSSIBLE SUNSHINE  MM
  AVERAGE SKY COVER 0.8


WEATHER CONDITIONS
 THE FOLLOWING WEATHER WAS RECORDED YESTERDAY.
  THUNDERSTORM
  HEAVY RAIN
  RAIN
  LIGHT RAIN
  HAIL
  FOG
  HAZE


RELATIVE HUMIDITY (PERCENT)
 HIGHEST    93          1200 AM
 LOWEST     36           900 AM
 AVERAGE    65

..........................................................


THE COLORADO SPRINGS CO CLIMATE NORMALS FOR TODAY
                         NORMAL    RECORD    YEAR
 MAXIMUM TEMPERATURE (F)   80        94      1990
 MINIMUM TEMPERATURE (F)   53        40      1944


SUNRISE AND SUNSET
AUGUST 30 2016........SUNRISE   627 AM MDT   SUNSET   731 PM MDT
AUGUST 31 2016........SUNRISE   627 AM MDT   SUNSET   730 PM MDT


-  INDICATES NEGATIVE NUMBERS.
R  INDICATES RECORD WAS SET OR TIED.
MM INDICATES DATA IS MISSING.
T  INDICATES TRACE AMOUNT.




$$
