707
CDUS45 KPUB 310031
CLICOS


CLIMATE REPORT
NATIONAL WEATHER SERVICE PUEBLO
631 PM MDT SAT JUL 30 2016


...................................

...THE COLORADO SPRINGS CO CLIMATE SUMMARY FOR JULY 30 2016...
VALID TODAY AS OF 0500 PM LOCAL TIME.

CLIMATE NORMAL PERIOD 1981 TO 2010
CLIMATE RECORD PERIOD 1872 TO 2016


WEATHER ITEM   OBSERVED TIME   RECORD YEAR NORMAL DEPARTURE LAST
                VALUE   (LST)  VALUE       VALUE  FROM      YEAR
                                                  NORMAL
..................................................................
TEMPERATURE (F)
 TODAY
  MAXIMUM         87    213 PM  96    2006  84      3       85
  MINIMUM         60    636 AM  48    2009  57      3       56
  AVERAGE         74                        71      3       71

PRECIPITATION (IN)
  TODAY            0.01          2.34 1930   0.11  -0.10     0.00
  MONTH TO DATE    3.04                      2.73   0.31     3.14
  SINCE JUN 1      4.08                      5.23  -1.15     8.86
  SINCE JAN 1     11.01                     10.34   0.67    21.09

SNOWFALL (IN)
  TODAY            0.0           0.0  2002   0.0    0.0      0.0
                                      2001
  MONTH TO DATE    T                         0.0    0.0       T
  SINCE JUN 1      T                         0.0    0.0       T
  SINCE JUL 1      T                         0.0    0.0       T
  SNOW DEPTH       0

DEGREE DAYS
 HEATING
  TODAY            0                         0      0        0
  MONTH TO DATE    0                         3     -3       10
  SINCE JUN 1      8                        82    -74       20
  SINCE JUL 1      0                         3     -3       10

 COOLING
  TODAY            9                         6      3        6
  MONTH TO DATE  288                       183    105      177
  SINCE JUN 1    469                       266    203      299
  SINCE JAN 1    471                       276    195      299
..................................................................


WIND (MPH)
  HIGHEST WIND SPEED    26   HIGHEST WIND DIRECTION     E (110)
  HIGHEST GUST SPEED    30   HIGHEST GUST DIRECTION     E (110)
  AVERAGE WIND SPEED     6.5


SKY COVER
  POSSIBLE SUNSHINE  MM
  AVERAGE SKY COVER 0.7


WEATHER CONDITIONS
 THE FOLLOWING WEATHER WAS RECORDED TODAY.
  THUNDERSTORM
  LIGHT RAIN
  FOG
  HAZE


RELATIVE HUMIDITY (PERCENT)
 HIGHEST    90           400 AM
 LOWEST     25           200 PM
 AVERAGE    58

..........................................................


THE COLORADO SPRINGS CO CLIMATE NORMALS FOR TOMORROW
                         NORMAL    RECORD    YEAR
 MAXIMUM TEMPERATURE (F)   84        96      2002
 MINIMUM TEMPERATURE (F)   57        45      1913


SUNRISE AND SUNSET
JULY 30 2016..........SUNRISE   559 AM MDT   SUNSET   811 PM MDT
JULY 31 2016..........SUNRISE   600 AM MDT   SUNSET   810 PM MDT


-  INDICATES NEGATIVE NUMBERS.
R  INDICATES RECORD WAS SET OR TIED.
MM INDICATES DATA IS MISSING.
T  INDICATES TRACE AMOUNT.




$$
