000
CDUS45 KPUB 171149
CLICOS


CLIMATE REPORT
NATIONAL WEATHER SERVICE PUEBLO
449 AM MST SAT FEB 17 2018


...................................

...THE COLORADO SPRINGS CO CLIMATE SUMMARY FOR FEBRUARY 16 2018...

CLIMATE NORMAL PERIOD 1981 TO 2010
CLIMATE RECORD PERIOD 1872 TO 2018


WEATHER ITEM   OBSERVED TIME   RECORD YEAR NORMAL DEPARTURE LAST
                VALUE   (LST)  VALUE       VALUE  FROM      YEAR
                                                  NORMAL
..................................................................
TEMPERATURE (F)
 YESTERDAY
  MAXIMUM         39   1054 PM  68    2017  45     -6       68
                                      1970
  MINIMUM         20    640 AM -12    1903  20      0       30
  AVERAGE         30                        32     -2       49

PRECIPITATION (IN)
  YESTERDAY        0.01          0.34 1988   0.01   0.00     0.00
  MONTH TO DATE    0.26                      0.16   0.10     0.05
  SINCE DEC 1      0.43                      0.82  -0.39     1.05
  SINCE JAN 1      0.42                      0.48  -0.06     0.37

SNOWFALL (IN)
  YESTERDAY        T             5.9  1988   0.2   -0.2      0.0
  MONTH TO DATE    5.0                       2.8    2.2      0.6
  SINCE DEC 1      7.6                      14.1   -6.5     13.3
  SINCE JUL 1      9.2                      21.9  -12.7     13.3
  SNOW DEPTH       1

DEGREE DAYS
 HEATING
  YESTERDAY       35                        33      2       16
  MONTH TO DATE  511                       540    -29      381
  SINCE DEC 1   2405                      2702   -297     2532
  SINCE JUL 1   3573                      4183   -610     3435

 COOLING
  YESTERDAY        0                         0      0        0
  MONTH TO DATE    0                         0      0        0
  SINCE DEC 1      0                         0      0        0
  SINCE JAN 1      0                         0      0        0
..................................................................


WIND (MPH)
  HIGHEST WIND SPEED    22   HIGHEST WIND DIRECTION     N (10)
  HIGHEST GUST SPEED    29   HIGHEST GUST DIRECTION     N (20)
  AVERAGE WIND SPEED    10.3


SKY COVER
  POSSIBLE SUNSHINE  MM
  AVERAGE SKY COVER 0.8


WEATHER CONDITIONS
 THE FOLLOWING WEATHER WAS RECORDED YESTERDAY.
  LIGHT SNOW
  FOG
  FOG W/VISIBILITY <= 1/4 MILE


RELATIVE HUMIDITY (PERCENT)
 HIGHEST    96          1200 PM
 LOWEST     33          1100 PM
 AVERAGE    65

..........................................................


THE COLORADO SPRINGS CO CLIMATE NORMALS FOR TODAY
                         NORMAL    RECORD    YEAR
 MAXIMUM TEMPERATURE (F)   45        68      1970
 MINIMUM TEMPERATURE (F)   20       -19      1910


SUNRISE AND SUNSET
FEBRUARY 17 2018......SUNRISE   647 AM MST   SUNSET   539 PM MST
FEBRUARY 18 2018......SUNRISE   646 AM MST   SUNSET   540 PM MST


-  INDICATES NEGATIVE NUMBERS.
R  INDICATES RECORD WAS SET OR TIED.
MM INDICATES DATA IS MISSING.
T  INDICATES TRACE AMOUNT.




$$
