433
CDUS45 KPUB 291015
CLICOS


CLIMATE REPORT
NATIONAL WEATHER SERVICE PUEBLO
414 AM MDT THU SEP 29 2016


...................................

...THE COLORADO SPRINGS CO CLIMATE SUMMARY FOR SEPTEMBER 28 2016...

CLIMATE NORMAL PERIOD 1981 TO 2010
CLIMATE RECORD PERIOD 1872 TO 2016


WEATHER ITEM   OBSERVED TIME   RECORD YEAR NORMAL DEPARTURE LAST
                VALUE   (LST)  VALUE       VALUE  FROM      YEAR
                                                  NORMAL
..................................................................
TEMPERATURE (F)
 YESTERDAY
  MAXIMUM         80    127 PM  88    2010  70     10       86
  MINIMUM         51    229 AM  21    1936  42      9       55
  AVERAGE         66                        56     10       71

PRECIPITATION (IN)
  YESTERDAY        0.00          0.53 1959   0.02  -0.02      T
  MONTH TO DATE    0.05                      1.15  -1.10     0.29
  SINCE SEP 1      0.05                      1.15  -1.10     0.29
  SINCE JAN 1     13.49                     14.94  -1.45    23.11

SNOWFALL (IN)
  YESTERDAY        0.0           5.0  1936   0.1   -0.1      0.0
  MONTH TO DATE    0.0                       0.2   -0.2      0.0
  SINCE SEP 1      0.0                       0.2   -0.2      0.0
  SINCE JUL 1      T                         0.2   -0.2       T
  SNOW DEPTH       0

DEGREE DAYS
 HEATING
  YESTERDAY        0                         9     -9        0
  MONTH TO DATE   57                       140    -83       18
  SINCE SEP 1     57                       140    -83       18
  SINCE JUL 1     78                       171    -93       37

 COOLING
  YESTERDAY        1                         0      1        6
  MONTH TO DATE   75                        35     40       98
  SINCE SEP 1     75                        35     40       98
  SINCE JAN 1    701                       453    248      613
..................................................................


WIND (MPH)
  HIGHEST WIND SPEED    20   HIGHEST WIND DIRECTION    SE (130)
  HIGHEST GUST SPEED    28   HIGHEST GUST DIRECTION    SE (130)
  AVERAGE WIND SPEED     8.3


SKY COVER
  POSSIBLE SUNSHINE  MM
  AVERAGE SKY COVER 0.3


WEATHER CONDITIONS
 THE FOLLOWING WEATHER WAS RECORDED YESTERDAY.
  NO SIGNIFICANT WEATHER WAS OBSERVED.


RELATIVE HUMIDITY (PERCENT)
 HIGHEST    44           100 AM
 LOWEST     12          1100 AM
 AVERAGE    28

..........................................................


THE COLORADO SPRINGS CO CLIMATE NORMALS FOR TODAY
                         NORMAL    RECORD    YEAR
 MAXIMUM TEMPERATURE (F)   69        89      1933
 MINIMUM TEMPERATURE (F)   42        22      1985


SUNRISE AND SUNSET
SEPTEMBER 29 2016.....SUNRISE   653 AM MDT   SUNSET   644 PM MDT
SEPTEMBER 30 2016.....SUNRISE   654 AM MDT   SUNSET   642 PM MDT


-  INDICATES NEGATIVE NUMBERS.
R  INDICATES RECORD WAS SET OR TIED.
MM INDICATES DATA IS MISSING.
T  INDICATES TRACE AMOUNT.




$$
