000
CDUS45 KPUB 211049
CLICOS


CLIMATE REPORT
NATIONAL WEATHER SERVICE PUEBLO
449 AM MDT THU SEP 21 2017


...................................

...THE COLORADO SPRINGS CO CLIMATE SUMMARY FOR SEPTEMBER 20 2017...

CLIMATE NORMAL PERIOD 1981 TO 2010
CLIMATE RECORD PERIOD 1872 TO 2017


WEATHER ITEM   OBSERVED TIME   RECORD YEAR NORMAL DEPARTURE LAST
                VALUE   (LST)  VALUE       VALUE  FROM      YEAR
                                                  NORMAL
..................................................................
TEMPERATURE (F)
 YESTERDAY
  MAXIMUM         71    407 PM  90    2016  73     -2       90
                                      2010
                                      1956
  MINIMUM         40    532 AM  28    1901  46     -6       56
  AVERAGE         56                        59     -3       73

PRECIPITATION (IN)
  YESTERDAY        0.00          0.67 1965   0.03  -0.03     0.00
  MONTH TO DATE    0.19                      0.91  -0.72     0.05
  SINCE SEP 1      0.19                      0.91  -0.72     0.05
  SINCE JAN 1     15.47                     14.70   0.77    13.49

SNOWFALL (IN)
  YESTERDAY        0.0           0.1  1965   0.1   -0.1      0.0
  MONTH TO DATE    0.0                       0.1   -0.1      0.0
  SINCE SEP 1      0.0                       0.1   -0.1      0.0
  SINCE JUL 1      T                         0.1   -0.1       T
  SNOW DEPTH       0

DEGREE DAYS
 HEATING
  YESTERDAY        9                         6      3        0
  MONTH TO DATE   23                        75    -52       27
  SINCE SEP 1     23                        75    -52       27
  SINCE JUL 1     32                       106    -74       48

 COOLING
  YESTERDAY        0                         1     -1        8
  MONTH TO DATE   86                        33     53       60
  SINCE SEP 1     86                        33     53       60
  SINCE JAN 1    634                       451    183      686
..................................................................


WIND (MPH)
  HIGHEST WIND SPEED    31   HIGHEST WIND DIRECTION     S (170)
  HIGHEST GUST SPEED    38   HIGHEST GUST DIRECTION    SE (150)
  AVERAGE WIND SPEED    14.3


SKY COVER
  POSSIBLE SUNSHINE  MM
  AVERAGE SKY COVER 0.2


WEATHER CONDITIONS
 THE FOLLOWING WEATHER WAS RECORDED YESTERDAY.
  NO SIGNIFICANT WEATHER WAS OBSERVED.


RELATIVE HUMIDITY (PERCENT)
 HIGHEST    65           500 AM
 LOWEST     22           200 PM
 AVERAGE    44

..........................................................


THE COLORADO SPRINGS CO CLIMATE NORMALS FOR TODAY
                         NORMAL    RECORD    YEAR
 MAXIMUM TEMPERATURE (F)   73        86      2015
                                             2010
                                             2007
 MINIMUM TEMPERATURE (F)   45        24      1912


SUNRISE AND SUNSET
SEPTEMBER 21 2017.....SUNRISE   646 AM MDT   SUNSET   657 PM MDT
SEPTEMBER 22 2017.....SUNRISE   647 AM MDT   SUNSET   655 PM MDT


-  INDICATES NEGATIVE NUMBERS.
R  INDICATES RECORD WAS SET OR TIED.
MM INDICATES DATA IS MISSING.
T  INDICATES TRACE AMOUNT.




$$
