851
CDUS43 KLSX 080740
CLICOU


CLIMATE REPORT
NATIONAL WEATHER SERVICE ST LOUIS MO
138 AM CST MON FEB 8 2016


...................................

...THE COLUMBIA ASOS CLIMATE SUMMARY FOR FEBRUARY 7 2016...

CLIMATE NORMAL PERIOD 1981 TO 2010
CLIMATE RECORD PERIOD 1890 TO 2016


WEATHER ITEM   OBSERVED TIME   RECORD YEAR NORMAL DEPARTURE LAST
                VALUE   (LST)  VALUE       VALUE  FROM      YEAR
                                                  NORMAL
..................................................................
TEMPERATURE (F)
 YESTERDAY
  MAXIMUM         53    204 PM  70    2009  41     12       69
  MINIMUM         36   1159 PM  -6    1895  23     13       33
                                      1893
  AVERAGE         45                        32     13       51

PRECIPITATION (IN)
  YESTERDAY        0.00          0.77 1999   0.07  -0.07     0.00
  MONTH TO DATE    0.02                      0.48  -0.46     0.50
  SINCE DEC 1      7.96                      4.84   3.12     3.62
  SINCE JAN 1      0.92                      2.40  -1.48     1.44

SNOWFALL (IN)
  YESTERDAY        0.0           4.5  1890   0.2   -0.2      0.0
  MONTH TO DATE    0.0                       1.3   -1.3      0.9
  SINCE DEC 1      6.9                      11.8   -4.9      2.0
  SINCE JUL 1      6.9                      12.7   -5.8      2.8
  SNOW DEPTH       0

DEGREE DAYS
 HEATING
  YESTERDAY       20                        33    -13       14
  MONTH TO DATE  174                       235    -61      246
  SINCE DEC 1   1851                      2339   -488     2124
  SINCE JUL 1   2547                      3324   -777     3205

 COOLING
  YESTERDAY        0                         0      0        0
  MONTH TO DATE    0                         0      0        0
  SINCE DEC 1      0                         0      0        0
  SINCE JAN 1      0                         0      0        0
..................................................................


WIND (MPH)
  HIGHEST WIND SPEED    26   HIGHEST WIND DIRECTION     W (290)
  HIGHEST GUST SPEED    35   HIGHEST GUST DIRECTION     W (290)
  AVERAGE WIND SPEED    14.9


SKY COVER
  AVERAGE SKY COVER 0.3


WEATHER CONDITIONS
 THE FOLLOWING WEATHER WAS RECORDED YESTERDAY.
  LIGHT SNOW
  FOG


RELATIVE HUMIDITY (PERCENT)
 HIGHEST    75
 LOWEST     33
 AVERAGE    54

..........................................................


THE COLUMBIA ASOS CLIMATE NORMALS FOR TODAY
                         NORMAL    RECORD    YEAR
 MAXIMUM TEMPERATURE (F)   42        74      1943
 MINIMUM TEMPERATURE (F)   23       -16      1895


SUNRISE AND SUNSET
FEBRUARY  8 2016......SUNRISE   708 AM CST   SUNSET   538 PM CST
FEBRUARY  9 2016......SUNRISE   707 AM CST   SUNSET   539 PM CST


-  INDICATES NEGATIVE NUMBERS.
R  INDICATES RECORD WAS SET OR TIED.
MM INDICATES DATA IS MISSING.
T  INDICATES TRACE AMOUNT.




$$
