000
CDUS43 KLSX 290736
CLICOU


CLIMATE REPORT
NATIONAL WEATHER SERVICE ST LOUIS MO
235 AM CDT THU SEP 29 2016


...................................

...THE COLUMBIA ASOS CLIMATE SUMMARY FOR SEPTEMBER 28 2016...

CLIMATE NORMAL PERIOD 1981 TO 2010
CLIMATE RECORD PERIOD 1890 TO 2016


WEATHER ITEM   OBSERVED TIME   RECORD YEAR NORMAL DEPARTURE LAST
                VALUE   (LST)  VALUE       VALUE  FROM      YEAR
                                                  NORMAL
..................................................................
TEMPERATURE (F)
 YESTERDAY
  MAXIMUM         70    149 PM  99    1953  74     -4       83
  MINIMUM         52   1159 PM  32    1889  51      1       61
  AVERAGE         61                        62     -1       72

PRECIPITATION (IN)
  YESTERDAY        0.00          2.47 1934   0.13  -0.13     0.00
  MONTH TO DATE    7.33                      3.62   3.71     1.14
  SINCE SEP 1      7.33                      3.62   3.71     1.14
  SINCE JAN 1     35.67                     33.37   2.30    33.10

SNOWFALL (IN)
  YESTERDAY        0.0           0.0  2015   0.0    0.0      0.0
  MONTH TO DATE    0.0                       0.0    0.0      0.0
  SINCE SEP 1      0.0                       0.0    0.0      0.0
  SINCE JUL 1      0.0                       0.0    0.0      0.0
  SNOW DEPTH       0

DEGREE DAYS
 HEATING
  YESTERDAY        4                         5     -1        0
  MONTH TO DATE    5                        54    -49       16
  SINCE SEP 1      5                        54    -49       16
  SINCE JUL 1      5                        56    -51       18

 COOLING
  YESTERDAY        0                         2     -2        7
  MONTH TO DATE  232                       140     92      232
  SINCE SEP 1    232                       140     92      232
  SINCE JAN 1   1543                      1223    320     1353
..................................................................


WIND (MPH)
  HIGHEST WIND SPEED    23   HIGHEST WIND DIRECTION     N (340)
  HIGHEST GUST SPEED    30   HIGHEST GUST DIRECTION     N (340)
  AVERAGE WIND SPEED    12.3


SKY COVER
  AVERAGE SKY COVER 0.3


WEATHER CONDITIONS
 THE FOLLOWING WEATHER WAS RECORDED YESTERDAY.
  NO SIGNIFICANT WEATHER WAS OBSERVED.


RELATIVE HUMIDITY (PERCENT)
 HIGHEST    93
 LOWEST     45
 AVERAGE    69

..........................................................


THE COLUMBIA ASOS CLIMATE NORMALS FOR TODAY
                         NORMAL    RECORD    YEAR
 MAXIMUM TEMPERATURE (F)   73        99      1953
 MINIMUM TEMPERATURE (F)   50        30      1899


SUNRISE AND SUNSET
SEPTEMBER 29 2016.....SUNRISE   703 AM CDT   SUNSET   654 PM CDT
SEPTEMBER 30 2016.....SUNRISE   704 AM CDT   SUNSET   652 PM CDT


-  INDICATES NEGATIVE NUMBERS.
R  INDICATES RECORD WAS SET OR TIED.
MM INDICATES DATA IS MISSING.
T  INDICATES TRACE AMOUNT.




$$
