643
CDUS43 KLSX 062232
CLICOU


CLIMATE REPORT
NATIONAL WEATHER SERVICE ST LOUIS MO
530 PM CDT FRI MAY 6 2016


...................................

...THE COLUMBIA ASOS CLIMATE SUMMARY FOR MAY 6 2016...
VALID TODAY AS OF 0500 PM LOCAL TIME.

CLIMATE NORMAL PERIOD 1981 TO 2010
CLIMATE RECORD PERIOD 1890 TO 2016


WEATHER ITEM   OBSERVED TIME   RECORD YEAR NORMAL DEPARTURE LAST
                VALUE   (LST)  VALUE       VALUE  FROM      YEAR
                                                  NORMAL
..................................................................
TEMPERATURE (F)
 TODAY
  MAXIMUM         80    349 PM  90    1896  72      8       81
  MINIMUM         48    557 AM  32    1891  51     -3       61
  AVERAGE         64                        61      3       71

PRECIPITATION (IN)
  TODAY            0.00          2.09 1910   0.17  -0.17     0.00
  MONTH TO DATE    0.03                      1.02  -0.99     0.12
  SINCE MAR 1      4.55                      8.42  -3.87     4.95
  SINCE JAN 1      6.20                     12.59  -6.39     7.30

SNOWFALL (IN)
  TODAY            0.0           T    1944   0.0    0.0      0.0
  MONTH TO DATE    0.0                       0.0    0.0      0.0
  SINCE MAR 1      T                         1.9   -1.9      1.6
  SINCE JUL 1      9.0                      18.0   -9.0     12.0
  SNOW DEPTH       0

DEGREE DAYS
 HEATING
  TODAY            1                         5     -4        0
  MONTH TO DATE   46                        33     13        9
  SINCE MAR 1    693                       990   -297      813
  SINCE JUL 1   3870                      4936  -1066     4868

 COOLING
  TODAY            0                         1     -1        6
  MONTH TO DATE    0                         6     -6       25
  SINCE MAR 1     32                        31      1       40
  SINCE JAN 1     32                        31      1       40
..................................................................


WIND (MPH)
  HIGHEST WIND SPEED    14   HIGHEST WIND DIRECTION    SW (240)
  HIGHEST GUST SPEED    17   HIGHEST GUST DIRECTION     W (280)
  AVERAGE WIND SPEED     7.4


SKY COVER
  AVERAGE SKY COVER 0.0



RELATIVE HUMIDITY (PERCENT)
 HIGHEST    80          1200 AM
 LOWEST     32           200 PM
 AVERAGE    56

..........................................................


THE COLUMBIA ASOS CLIMATE NORMALS FOR TOMORROW
                         NORMAL    RECORD    YEAR
 MAXIMUM TEMPERATURE (F)   72        90      1965
                                             1940
                                             1896
 MINIMUM TEMPERATURE (F)   51        33      1931
                                             1906


SUNRISE AND SUNSET
MAY  6 2016...........SUNRISE   605 AM CDT   SUNSET   807 PM CDT
MAY  7 2016...........SUNRISE   604 AM CDT   SUNSET   807 PM CDT


-  INDICATES NEGATIVE NUMBERS.
R  INDICATES RECORD WAS SET OR TIED.
MM INDICATES DATA IS MISSING.
T  INDICATES TRACE AMOUNT.




$$
