000
CDUS43 KLSX 300730
CLICOU


CLIMATE REPORT
NATIONAL WEATHER SERVICE ST LOUIS MO
128 AM CST FRI JAN 30 2015


...................................

...THE COLUMBIA ASOS CLIMATE SUMMARY FOR JANUARY 29 2015...

CLIMATE NORMAL PERIOD 1981 TO 2010
CLIMATE RECORD PERIOD 1890 TO 2015


WEATHER ITEM   OBSERVED TIME   RECORD YEAR NORMAL DEPARTURE LAST
                VALUE   (LST)  VALUE       VALUE  FROM      YEAR
                                                  NORMAL
..................................................................
TEMPERATURE (F)
 YESTERDAY
  MAXIMUM         55    159 AM  70    2013  40     15       38
  MINIMUM         30   1159 PM -14    1904  21      9        6
                                      1899
  AVERAGE         43                        31     12       22

PRECIPITATION (IN)
  YESTERDAY        0.00          1.53 2013   0.06  -0.06     0.00
  MONTH TO DATE    0.67                      1.79  -1.12     0.90
  SINCE DEC 1      2.85                      4.23  -1.38     2.61
  SINCE JAN 1      0.67                      1.79  -1.12     0.90

SNOWFALL (IN)
  YESTERDAY        0.0           5.2  1909   0.2   -0.2      0.0
  MONTH TO DATE    0.1                       5.7   -5.6      7.5
  SINCE DEC 1      1.1                      10.1   -9.0      9.9
  SINCE JUL 1      1.9                      11.0   -9.1      9.9
  SNOW DEPTH       0

DEGREE DAYS
 HEATING
  YESTERDAY       22                        35    -13       43
  MONTH TO DATE  943                      1028    -85     1166
  SINCE DEC 1   1813                      2038   -225     2246
  SINCE JUL 1   2894                      3023   -129     3253

 COOLING
  YESTERDAY        0                         0      0        0
  MONTH TO DATE    0                         0      0        0
  SINCE DEC 1      0                         0      0        0
  SINCE JAN 1      0                         0      0        0
..................................................................


WIND (MPH)
  HIGHEST WIND SPEED    35   HIGHEST WIND DIRECTION    NW (310)
  HIGHEST GUST SPEED    45   HIGHEST GUST DIRECTION    NW (310)
  AVERAGE WIND SPEED    18.9


SKY COVER
  AVERAGE SKY COVER 0.8


WEATHER CONDITIONS
 THE FOLLOWING WEATHER WAS RECORDED YESTERDAY.
  NO SIGNIFICANT WEATHER WAS OBSERVED.


RELATIVE HUMIDITY (PERCENT)
 HIGHEST    76
 LOWEST     59
 AVERAGE    68

..........................................................


THE COLUMBIA ASOS CLIMATE NORMALS FOR TODAY
                         NORMAL    RECORD    YEAR
 MAXIMUM TEMPERATURE (F)   40        68      1890
 MINIMUM TEMPERATURE (F)   22        -9      1936


SUNRISE AND SUNSET
JANUARY 30 2015.......SUNRISE   717 AM CST   SUNSET   528 PM CST
JANUARY 31 2015.......SUNRISE   716 AM CST   SUNSET   529 PM CST


-  INDICATES NEGATIVE NUMBERS.
R  INDICATES RECORD WAS SET OR TIED.
MM INDICATES DATA IS MISSING.
T  INDICATES TRACE AMOUNT.




$$
