000
CDUS43 KLSX 260728
CLICOU


CLIMATE REPORT
NATIONAL WEATHER SERVICE ST LOUIS MO
227 AM CDT THU MAY 26 2016


...................................

...THE COLUMBIA ASOS CLIMATE SUMMARY FOR MAY 25 2016...

CLIMATE NORMAL PERIOD 1981 TO 2010
CLIMATE RECORD PERIOD 1890 TO 2016


WEATHER ITEM   OBSERVED TIME   RECORD YEAR NORMAL DEPARTURE LAST
                VALUE   (LST)  VALUE       VALUE  FROM      YEAR
                                                  NORMAL
..................................................................
TEMPERATURE (F)
 YESTERDAY
  MAXIMUM         83    458 PM  93    1911  77      6       82
  MINIMUM         61    419 AM  33    1925  56      5       63
  AVERAGE         72                        67      5       73

PRECIPITATION (IN)
  YESTERDAY        0.10          1.96 1903   0.16  -0.06     0.08
  MONTH TO DATE    1.81                      4.05  -2.24     4.12
  SINCE MAR 1      6.33                     11.45  -5.12     8.95
  SINCE JAN 1      7.98                     15.62  -7.64    11.30

SNOWFALL (IN)
  YESTERDAY        0.0           0.0  2015   0.0    0.0      0.0
  MONTH TO DATE    0.0                       0.0    0.0      0.0
  SINCE MAR 1      T                         1.9   -1.9      1.6
  SINCE JUL 1      9.0                      18.0   -9.0     12.0
  SNOW DEPTH       0

DEGREE DAYS
 HEATING
  YESTERDAY        0                         2     -2        0
  MONTH TO DATE  128                        99     29       73
  SINCE MAR 1    775                      1056   -281      877
  SINCE JUL 1   3952                      5002  -1050     4932

 COOLING
  YESTERDAY        7                         4      3        8
  MONTH TO DATE   38                        53    -15       74
  SINCE MAR 1     70                        78     -8       89
  SINCE JAN 1     70                        78     -8       89
..................................................................


WIND (MPH)
  HIGHEST WIND SPEED    14   HIGHEST WIND DIRECTION     S (190)
  HIGHEST GUST SPEED    17   HIGHEST GUST DIRECTION     S (190)
  AVERAGE WIND SPEED     8.7


SKY COVER
  AVERAGE SKY COVER 0.2


WEATHER CONDITIONS
 THE FOLLOWING WEATHER WAS RECORDED YESTERDAY.
  THUNDERSTORM
  RAIN
  LIGHT RAIN
  FOG


RELATIVE HUMIDITY (PERCENT)
 HIGHEST   100
 LOWEST     47
 AVERAGE    74

..........................................................


THE COLUMBIA ASOS CLIMATE NORMALS FOR TODAY
                         NORMAL    RECORD    YEAR
 MAXIMUM TEMPERATURE (F)   77        93      1953
                                             1911
 MINIMUM TEMPERATURE (F)   57        38      1901


SUNRISE AND SUNSET
MAY 26 2016...........SUNRISE   548 AM CDT   SUNSET   824 PM CDT
MAY 27 2016...........SUNRISE   548 AM CDT   SUNSET   825 PM CDT


-  INDICATES NEGATIVE NUMBERS.
R  INDICATES RECORD WAS SET OR TIED.
MM INDICATES DATA IS MISSING.
T  INDICATES TRACE AMOUNT.




$$
