000
CDUS43 KLSX 230748
CLICOU


CLIMATE REPORT
NATIONAL WEATHER SERVICE ST LOUIS MO
246 AM CDT TUE SEP 23 2014


...................................

...THE COLUMBIA ASOS CLIMATE SUMMARY FOR SEPTEMBER 22 2014...

CLIMATE NORMAL PERIOD 1981 TO 2010
CLIMATE RECORD PERIOD 1890 TO 2014


WEATHER ITEM   OBSERVED TIME   RECORD YEAR NORMAL DEPARTURE LAST
                VALUE   (LST)  VALUE       VALUE  FROM      YEAR
                                                  NORMAL
..................................................................
TEMPERATURE (F)
 YESTERDAY
  MAXIMUM         73    428 PM  97    1937  76     -3       75
  MINIMUM         48    617 AM  33    1995  53     -5       48
  AVERAGE         61                        65     -4       62

PRECIPITATION (IN)
  YESTERDAY        0.00          2.23 1986   0.13  -0.13     0.00
  MONTH TO DATE    6.15                      2.81   3.34     2.21
  SINCE SEP 1      6.15                      2.81   3.34     2.21
  SINCE JAN 1     30.44                     32.56  -2.12    35.30

SNOWFALL (IN)
  YESTERDAY        0.0           0.0  2013   0.0    0.0      0.0
  MONTH TO DATE    0.0                       0.0    0.0      0.0
  SINCE SEP 1      0.0                       0.0    0.0      0.0
  SINCE JUL 1      0.0                       0.0    0.0      0.0
  SNOW DEPTH       0

DEGREE DAYS
 HEATING
  YESTERDAY        4                         3      1        3
  MONTH TO DATE   44                        28     16       12
  SINCE SEP 1     44                        28     16       12
  SINCE JUL 1     44                        30     14       12

 COOLING
  YESTERDAY        0                         3     -3        0
  MONTH TO DATE   97                       125    -28      185
  SINCE SEP 1     97                       125    -28      185
  SINCE JAN 1   1207                      1208     -1     1252
..................................................................


WIND (MPH)
  HIGHEST WIND SPEED    12   HIGHEST WIND DIRECTION    NE (40)
  HIGHEST GUST SPEED    15   HIGHEST GUST DIRECTION    NE (50)
  AVERAGE WIND SPEED     5.7


SKY COVER
  AVERAGE SKY COVER 0.0


WEATHER CONDITIONS
 THE FOLLOWING WEATHER WAS RECORDED YESTERDAY.
  NO SIGNIFICANT WEATHER WAS OBSERVED.


RELATIVE HUMIDITY (PERCENT)
 HIGHEST   100
 LOWEST     44
 AVERAGE    72

..........................................................


THE COLUMBIA ASOS CLIMATE NORMALS FOR TODAY
                         NORMAL    RECORD    YEAR
 MAXIMUM TEMPERATURE (F)   76        94      2007
                                             1891
 MINIMUM TEMPERATURE (F)   53        33      1896


SUNRISE AND SUNSET
SEPTEMBER 23 2014.....SUNRISE   657 AM CDT   SUNSET   704 PM CDT
SEPTEMBER 24 2014.....SUNRISE   658 AM CDT   SUNSET   703 PM CDT


-  INDICATES NEGATIVE NUMBERS.
R  INDICATES RECORD WAS SET OR TIED.
MM INDICATES DATA IS MISSING.
T  INDICATES TRACE AMOUNT.




$$
