000
CDUS43 KLSX 262230
CLICOU


CLIMATE REPORT
NATIONAL WEATHER SERVICE ST LOUIS MO
530 PM CDT TUE MAY 26 2015


...................................

...THE COLUMBIA ASOS CLIMATE SUMMARY FOR MAY 26 2015...
VALID TODAY AS OF 0500 PM LOCAL TIME.

CLIMATE NORMAL PERIOD 1981 TO 2010
CLIMATE RECORD PERIOD 1890 TO 2015


WEATHER ITEM   OBSERVED TIME   RECORD YEAR NORMAL DEPARTURE LAST
                VALUE   (LST)  VALUE       VALUE  FROM      YEAR
                                                  NORMAL
..................................................................
TEMPERATURE (F)
 TODAY
  MAXIMUM         78    359 PM  93    1953  77      1       83
                                      1911
  MINIMUM         65    910 AM  38    1901  57      8       65
  AVERAGE         72                        67      5       74

PRECIPITATION (IN)
  TODAY            0.09          2.96 2000   0.15  -0.06     0.14
  MONTH TO DATE    4.21                      4.20   0.01     2.75
  SINCE MAR 1      9.04                     11.60  -2.56    12.26
  SINCE JAN 1     11.39                     15.77  -4.38    14.52

SNOWFALL (IN)
  TODAY            0.0           0.0  2014   0.0    0.0      0.0
  MONTH TO DATE    0.0                       0.0    0.0      0.0
  SINCE MAR 1      1.6                       1.9   -0.3      0.5
  SINCE JUL 1     12.0                      18.0   -6.0     17.8
  SNOW DEPTH       0

DEGREE DAYS
 HEATING
  TODAY            0                         2     -2        0
  MONTH TO DATE   73                       101    -28      113
  SINCE MAR 1    877                      1058   -181     1143
  SINCE JUL 1   4932                      5004    -72     5572

 COOLING
  TODAY            7                         4      3        9
  MONTH TO DATE   81                        57     24      101
  SINCE MAR 1     96                        82     14      112
  SINCE JAN 1     96                        82     14      112
..................................................................


WIND (MPH)
  HIGHEST WIND SPEED    23   HIGHEST WIND DIRECTION    SW (230)
  HIGHEST GUST SPEED    30   HIGHEST GUST DIRECTION    SW (220)
  AVERAGE WIND SPEED    15.0


SKY COVER
  AVERAGE SKY COVER 0.7



RELATIVE HUMIDITY (PERCENT)
 HIGHEST    93           400 AM
 LOWEST     56           300 PM
 AVERAGE    75

..........................................................


THE COLUMBIA ASOS CLIMATE NORMALS FOR TOMORROW
                         NORMAL    RECORD    YEAR
 MAXIMUM TEMPERATURE (F)   77        92      2012
                                             1911
 MINIMUM TEMPERATURE (F)   57        39      1961


SUNRISE AND SUNSET
MAY 26 2015...........SUNRISE   549 AM CDT   SUNSET   824 PM CDT
MAY 27 2015...........SUNRISE   548 AM CDT   SUNSET   824 PM CDT


-  INDICATES NEGATIVE NUMBERS.
R  INDICATES RECORD WAS SET OR TIED.
MM INDICATES DATA IS MISSING.
T  INDICATES TRACE AMOUNT.




$$
