000
CDUS43 KLSX 030732
CLICOU


CLIMATE REPORT
NATIONAL WEATHER SERVICE ST LOUIS MO
132 AM CST SAT DEC 3 2016


...................................

...THE COLUMBIA ASOS CLIMATE SUMMARY FOR DECEMBER 2 2016...

CLIMATE NORMAL PERIOD 1981 TO 2010
CLIMATE RECORD PERIOD 1890 TO 2016


WEATHER ITEM   OBSERVED TIME   RECORD YEAR NORMAL DEPARTURE LAST
                VALUE   (LST)  VALUE       VALUE  FROM      YEAR
                                                  NORMAL
..................................................................
TEMPERATURE (F)
 YESTERDAY
  MAXIMUM         50    326 PM  72    1917  45      5       40
  MINIMUM         25    716 AM   5    1985  28     -3       33
                                      1929
  AVERAGE         38                        37      1       37

PRECIPITATION (IN)
  YESTERDAY        0.00          2.71 1982   0.09  -0.09      T
  MONTH TO DATE    0.00                      0.19  -0.19      T
  SINCE DEC 1      0.00                      0.19  -0.19      T
  SINCE JAN 1     39.05                     40.37  -1.32    42.71

SNOWFALL (IN)
  YESTERDAY        0.0           2.8  1967   0.1   -0.1       T
  MONTH TO DATE    0.0                       0.2   -0.2       T
  SINCE DEC 1      0.0                       0.2   -0.2       T
  SINCE JUL 1      0.0                       1.1   -1.1       T
  SNOW DEPTH       0

DEGREE DAYS
 HEATING
  YESTERDAY       27                        28     -1       28
  MONTH TO DATE   56                        56      0       52
  SINCE DEC 1     56                        56      0       52
  SINCE JUL 1    639                      1041   -402      748

 COOLING
  YESTERDAY        0                         0      0        0
  MONTH TO DATE    0                         0      0        0
  SINCE DEC 1      0                         0      0        0
  SINCE JAN 1   1632                      1249    383     1387
..................................................................


WIND (MPH)
  HIGHEST WIND SPEED    12   HIGHEST WIND DIRECTION    NW (330)
  HIGHEST GUST SPEED    16   HIGHEST GUST DIRECTION     W (290)
  AVERAGE WIND SPEED     4.8


SKY COVER
  AVERAGE SKY COVER 0.1


WEATHER CONDITIONS
 THE FOLLOWING WEATHER WAS RECORDED YESTERDAY.
  NO SIGNIFICANT WEATHER WAS OBSERVED.


RELATIVE HUMIDITY (PERCENT)
 HIGHEST    85
 LOWEST     42
 AVERAGE    64

..........................................................


THE COLUMBIA ASOS CLIMATE NORMALS FOR TODAY
                         NORMAL    RECORD    YEAR
 MAXIMUM TEMPERATURE (F)   45        75      2012
 MINIMUM TEMPERATURE (F)   27         0      1895


SUNRISE AND SUNSET
DECEMBER  3 2016......SUNRISE   711 AM CST   SUNSET   447 PM CST
DECEMBER  4 2016......SUNRISE   712 AM CST   SUNSET   447 PM CST


-  INDICATES NEGATIVE NUMBERS.
R  INDICATES RECORD WAS SET OR TIED.
MM INDICATES DATA IS MISSING.
T  INDICATES TRACE AMOUNT.




$$
