421
CDUS45 KRIW 240738
CLICPR


CLIMATE REPORT
NATIONAL WEATHER SERVICE RIVERTON WY
128 AM MDT TUE MAY 24 2016


...................................

...THE CASPER WY CLIMATE SUMMARY FOR MAY 23 2016...

CLIMATE NORMAL PERIOD 1981 TO 2010
CLIMATE RECORD PERIOD 1939 TO 2016


WEATHER ITEM   OBSERVED TIME   RECORD YEAR NORMAL DEPARTURE LAST
                VALUE   (LST)  VALUE       VALUE  FROM      YEAR
                                                  NORMAL
..................................................................
TEMPERATURE (F)
 YESTERDAY
  MAXIMUM         66    240 PM  88    1984  70     -4       64
  MINIMUM         36    356 AM  28    2002  39     -3       37
                                      1986
  AVERAGE         51                        54     -3       51

PRECIPITATION (IN)
  YESTERDAY        T             0.84 1965   0.07  -0.07     0.54
  MONTH TO DATE    2.63                      1.51   1.12     2.76
  SINCE MAR 1      7.62                      3.62   4.00     5.06
  SINCE JAN 1      9.08                      4.70   4.38     6.37

SNOWFALL (IN)
  YESTERDAY        0.0                       0.0    0.0      0.0
  MONTH TO DATE    0.0                       2.7   -2.7      6.3
  SINCE MAR 1     27.9                      25.2    2.7     20.3
  SINCE JUL 1     86.6                      74.6   12.0     71.7
  SNOW DEPTH       0

DEGREE DAYS
 HEATING
  YESTERDAY       14                        11      3       14
  MONTH TO DATE  361                       326     35      410
  SINCE MAR 1   1867                      1920    -53     1811
  SINCE JUL 1   6802                      7368   -566     6862

 COOLING
  YESTERDAY        0                         0      0        0
  MONTH TO DATE    0                         0      0        0
  SINCE MAR 1      0                         0      0        0
  SINCE JAN 1      0                         0      0        0
..................................................................


WIND (MPH)
  HIGHEST WIND SPEED    35   HIGHEST WIND DIRECTION     W (280)
  HIGHEST GUST SPEED    45   HIGHEST GUST DIRECTION     W (280)
  AVERAGE WIND SPEED    14.3


SKY COVER
  POSSIBLE SUNSHINE  MM
  AVERAGE SKY COVER 0.2


WEATHER CONDITIONS
 THE FOLLOWING WEATHER WAS RECORDED YESTERDAY.
  NO SIGNIFICANT WEATHER WAS OBSERVED.


RELATIVE HUMIDITY (PERCENT)
 HIGHEST    70           300 AM
 LOWEST     22           300 PM
 AVERAGE    46

..........................................................


THE CASPER WY CLIMATE NORMALS FOR TODAY
                         NORMAL    RECORD    YEAR
 MAXIMUM TEMPERATURE (F)   70        86      1967
 MINIMUM TEMPERATURE (F)   40        30      1986


SUNRISE AND SUNSET
MAY 24 2016...........SUNRISE   534 AM MDT   SUNSET   832 PM MDT
MAY 25 2016...........SUNRISE   534 AM MDT   SUNSET   833 PM MDT


-  INDICATES NEGATIVE NUMBERS.
R  INDICATES RECORD WAS SET OR TIED.
MM INDICATES DATA IS MISSING.
T  INDICATES TRACE AMOUNT.




$$
