000
CDUS45 KRIW 070738
CLICPR


CLIMATE REPORT
NATIONAL WEATHER SERVICE RIVERTON WY
1236 AM MST SUN FEB 7 2016


...................................

...THE CASPER WY CLIMATE SUMMARY FOR FEBRUARY 6 2016...

CLIMATE NORMAL PERIOD 1981 TO 2010
CLIMATE RECORD PERIOD 1939 TO 2016


WEATHER ITEM   OBSERVED TIME   RECORD YEAR NORMAL DEPARTURE LAST
                VALUE   (LST)  VALUE       VALUE  FROM      YEAR
                                                  NORMAL
..................................................................
TEMPERATURE (F)
 YESTERDAY
  MAXIMUM         33    857 PM  63    1963  36     -3       60
  MINIMUM         22    105 AM -26    2014  15      7       40
  AVERAGE         28                        25      3       50

PRECIPITATION (IN)
  YESTERDAY        0.00          0.21 1986   0.02  -0.02     0.00
  MONTH TO DATE    0.34                      0.11   0.23     0.30
  SINCE DEC 1      2.39                      1.11   1.28     2.07
  SINCE JAN 1      1.33                      0.62   0.71     0.82

SNOWFALL (IN)
  YESTERDAY        0.0                       0.3   -0.3      0.0
  MONTH TO DATE   14.6                       2.0   12.6      3.0
  SINCE DEC 1     44.8                      22.1   22.7     27.2
  SINCE JUL 1     58.1                      41.6   16.5     42.0
  SNOW DEPTH       8

DEGREE DAYS
 HEATING
  YESTERDAY       37                        40     -3       15
  MONTH TO DATE  300                       240     60      181
  SINCE DEC 1   2750                      2763    -13     2488
  SINCE JUL 1   4272                      4617   -345     4263

 COOLING
  YESTERDAY        0                         0      0        0
  MONTH TO DATE    0                         0      0        0
  SINCE DEC 1      0                         0      0        0
  SINCE JAN 1      0                         0      0        0
..................................................................


WIND (MPH)
  HIGHEST WIND SPEED    44   HIGHEST WIND DIRECTION    SW (210)
  HIGHEST GUST SPEED    54   HIGHEST GUST DIRECTION     S (200)
  AVERAGE WIND SPEED    27.5


SKY COVER
  POSSIBLE SUNSHINE  MM
  AVERAGE SKY COVER 0.0


WEATHER CONDITIONS
 THE FOLLOWING WEATHER WAS RECORDED YESTERDAY.
  LIGHT SNOW
  HAZE


RELATIVE HUMIDITY (PERCENT)
 HIGHEST    77           100 AM
 LOWEST     56           900 PM
 AVERAGE    67

..........................................................


THE CASPER WY CLIMATE NORMALS FOR TODAY
                         NORMAL    RECORD    YEAR
 MAXIMUM TEMPERATURE (F)   36        60      2015
 MINIMUM TEMPERATURE (F)   15       -16      1971


SUNRISE AND SUNSET
FEBRUARY  7 2016......SUNRISE   714 AM MST   SUNSET   526 PM MST
FEBRUARY  8 2016......SUNRISE   713 AM MST   SUNSET   528 PM MST


-  INDICATES NEGATIVE NUMBERS.
R  INDICATES RECORD WAS SET OR TIED.
MM INDICATES DATA IS MISSING.
T  INDICATES TRACE AMOUNT.




$$
