000
CDUS45 KRIW 270740
CLICPR


CLIMATE REPORT
NATIONAL WEATHER SERVICE RIVERTON WY
130 AM MDT MON MAR 27 2017


...................................

...THE CASPER WY CLIMATE SUMMARY FOR MARCH 26 2017...

CLIMATE NORMAL PERIOD 1981 TO 2010
CLIMATE RECORD PERIOD 1939 TO 2017


WEATHER ITEM   OBSERVED TIME   RECORD YEAR NORMAL DEPARTURE LAST
                VALUE   (LST)  VALUE       VALUE  FROM      YEAR
                                                  NORMAL
..................................................................
TEMPERATURE (F)
 YESTERDAY
  MAXIMUM         51    432 PM  74    2004  51      0       41
  MINIMUM         35   1129 PM -12    1965  25     10       22
  AVERAGE         43                        38      5       32

PRECIPITATION (IN)
  YESTERDAY        0.16          0.98 1958   0.03   0.13      T
  MONTH TO DATE    0.64                      0.66  -0.02     0.41
  SINCE MAR 1      0.64                      0.66  -0.02     0.41
  SINCE JAN 1      1.99                      1.74   0.25     1.87

SNOWFALL (IN)
  YESTERDAY        0.0                       0.4   -0.4       T
  MONTH TO DATE    2.3                       8.9   -6.6      2.1
  SINCE MAR 1      2.3                       8.9   -6.6      2.1
  SINCE JUL 1     55.8                      58.3   -2.5     60.8
  SNOW DEPTH       0

DEGREE DAYS
 HEATING
  YESTERDAY       22                        27     -5       33
  MONTH TO DATE  597                       792   -195      715
  SINCE MAR 1    597                       792   -195      715
  SINCE JUL 1   5787                      6240   -453     5650

 COOLING
  YESTERDAY        0                         0      0        0
  MONTH TO DATE    0                         0      0        0
  SINCE MAR 1      0                         0      0        0
  SINCE JAN 1      0                         0      0        0
..................................................................


WIND (MPH)
  HIGHEST WIND SPEED    17   HIGHEST WIND DIRECTION     N (360)
  HIGHEST GUST SPEED    21   HIGHEST GUST DIRECTION     N (10)
  AVERAGE WIND SPEED     4.9


SKY COVER
  POSSIBLE SUNSHINE  MM
  AVERAGE SKY COVER 0.7


WEATHER CONDITIONS
 THE FOLLOWING WEATHER WAS RECORDED YESTERDAY.
  LIGHT RAIN
  FOG
  HAZE


RELATIVE HUMIDITY (PERCENT)
 HIGHEST   100          1200 AM
 LOWEST     50           400 PM
 AVERAGE    75

..........................................................


THE CASPER WY CLIMATE NORMALS FOR TODAY
                         NORMAL    RECORD    YEAR
 MAXIMUM TEMPERATURE (F)   51        73      1986
                                             1946
 MINIMUM TEMPERATURE (F)   25        -6      2009


SUNRISE AND SUNSET
MARCH 27 2017.........SUNRISE   656 AM MDT   SUNSET   727 PM MDT
MARCH 28 2017.........SUNRISE   654 AM MDT   SUNSET   728 PM MDT


-  INDICATES NEGATIVE NUMBERS.
R  INDICATES RECORD WAS SET OR TIED.
MM INDICATES DATA IS MISSING.
T  INDICATES TRACE AMOUNT.




$$
