000
CDUS45 KRIW 260039
CLICPR


CLIMATE REPORT
NATIONAL WEATHER SERVICE RIVERTON WY
535 PM MST SUN FEB 25 2018


...................................

...THE CASPER WY CLIMATE SUMMARY FOR FEBRUARY 25 2018...
VALID TODAY AS OF 0500 PM LOCAL TIME.

CLIMATE NORMAL PERIOD 1981 TO 2010
CLIMATE RECORD PERIOD 1939 TO 2018


WEATHER ITEM   OBSERVED TIME   RECORD YEAR NORMAL DEPARTURE LAST
                VALUE   (LST)  VALUE       VALUE  FROM      YEAR
                                                  NORMAL
..................................................................
TEMPERATURE (F)
 TODAY
  MAXIMUM         26        MM  65    1986  41    -15       20
  MINIMUM         12        MM -16    2014  18     -6        9
  AVERAGE         19                        29    -10       15

PRECIPITATION (IN)
  TODAY            0.00          0.31 1998   0.02  -0.02     0.00
  MONTH TO DATE    0.62                      0.50   0.12     0.81
  SINCE DEC 1      2.67                      1.50   1.17     2.66
  SINCE JAN 1      1.30                      1.01   0.29     1.35

SNOWFALL (IN)
  TODAY            0.0                       0.3   -0.3      0.0
  MONTH TO DATE   18.6                       8.7    9.9     14.3
  SINCE DEC 1     50.3                      28.8   21.5     50.3
  SINCE JUL 1     59.5                      48.3   11.2     53.5
  SNOW DEPTH       6

DEGREE DAYS
 HEATING
  TODAY           46                        36     10       50
  MONTH TO DATE 1144                       965    179      807
  SINCE DEC 1   3604                      3488    116     3631
  SINCE JUL 1   5348                      5342      6     5057

 COOLING
  TODAY            0                         0      0        0
  MONTH TO DATE    0                         0      0        0
  SINCE DEC 1      0                         0      0        0
  SINCE JAN 1      0                         0      0        0
..................................................................


WIND (MPH)
  HIGHEST WIND SPEED    30   HIGHEST WIND DIRECTION    SW (230)
  HIGHEST GUST SPEED    44   HIGHEST GUST DIRECTION    SW (220)
  AVERAGE WIND SPEED    20.3


SKY COVER
  POSSIBLE SUNSHINE  MM
  AVERAGE SKY COVER 0.1


WEATHER CONDITIONS
 THE FOLLOWING WEATHER WAS RECORDED TODAY.
  LIGHT SNOW


RELATIVE HUMIDITY (PERCENT)
 HIGHEST    74          1200 AM
 LOWEST     60          1200 PM
 AVERAGE    67

..........................................................


THE CASPER WY CLIMATE NORMALS FOR TOMORROW
                         NORMAL    RECORD    YEAR
 MAXIMUM TEMPERATURE (F)   41        63      1950
 MINIMUM TEMPERATURE (F)   18       -13      2002
                                             1947


SUNRISE AND SUNSET
FEBRUARY 25 2018......SUNRISE   648 AM MST   SUNSET   550 PM MST
FEBRUARY 26 2018......SUNRISE   646 AM MST   SUNSET   552 PM MST


-  INDICATES NEGATIVE NUMBERS.
R  INDICATES RECORD WAS SET OR TIED.
MM INDICATES DATA IS MISSING.
T  INDICATES TRACE AMOUNT.




$$
