000
CDUS45 KRIW 290040
CLICPR


CLIMATE REPORT
NATIONAL WEATHER SERVICE RIVERTON WY
537 PM MST SUN DEC 28 2014


...................................

...THE CASPER WY CLIMATE SUMMARY FOR DECEMBER 28 2014...
VALID TODAY AS OF 0500 PM LOCAL TIME.

CLIMATE NORMAL PERIOD 1981 TO 2010
CLIMATE RECORD PERIOD 1939 TO 2014


WEATHER ITEM   OBSERVED TIME   RECORD YEAR NORMAL DEPARTURE LAST
                VALUE   (LST)  VALUE       VALUE  FROM      YEAR
                                                  NORMAL
..................................................................
TEMPERATURE (F)
 TODAY
  MAXIMUM         26        MM  53    2005  34     -8       37
  MINIMUM         17   1200 AM -26    1983  13      4       -6
  AVERAGE         22                        24     -2       16

PRECIPITATION (IN)
  TODAY            0.00          0.16 1955   0.01  -0.01     0.14
  MONTH TO DATE    1.05                      0.44   0.61     1.12
  SINCE DEC 1      1.05                      0.44   0.61     1.12
  SINCE JAN 1     11.93                     12.47  -0.54    15.06

SNOWFALL (IN)
  TODAY            0.0                       0.4   -0.4      1.9
  MONTH TO DATE   14.9                      10.0    4.9     14.9
  SINCE DEC 1     14.9                      10.0    4.9     14.9
  SINCE JUL 1     29.7                      29.5    0.2     39.7
  SNOW DEPTH       4

DEGREE DAYS
 HEATING
  TODAY           43                        41      2       49
  MONTH TO DATE  927                      1154   -227     1253
  SINCE DEC 1    927                      1154   -227     1253
  SINCE JUL 1   2702                      3008   -306     3097

 COOLING
  TODAY            0                         0      0        0
  MONTH TO DATE    0                         0      0        0
  SINCE DEC 1      0                         0      0        0
  SINCE JAN 1    357                       422    -65      618
..................................................................


WIND (MPH)
  HIGHEST WIND SPEED    27   HIGHEST WIND DIRECTION    SW (220)
  HIGHEST GUST SPEED    35   HIGHEST GUST DIRECTION    SW (220)
  AVERAGE WIND SPEED    19.3


SKY COVER
  POSSIBLE SUNSHINE  MM
  AVERAGE SKY COVER 0.4


WEATHER CONDITIONS
 THE FOLLOWING WEATHER WAS RECORDED TODAY.
  NO SIGNIFICANT WEATHER WAS OBSERVED.


RELATIVE HUMIDITY (PERCENT)
 HIGHEST    67           200 AM
 LOWEST     55           100 PM
 AVERAGE    61

..........................................................


THE CASPER WY CLIMATE NORMALS FOR TOMORROW
                         NORMAL    RECORD    YEAR
 MAXIMUM TEMPERATURE (F)   34        51      1980
                                             1965
 MINIMUM TEMPERATURE (F)   13       -25      1990


SUNRISE AND SUNSET
DECEMBER 28 2014......SUNRISE   736 AM MST   SUNSET   439 PM MST
DECEMBER 29 2014......SUNRISE   736 AM MST   SUNSET   440 PM MST


-  INDICATES NEGATIVE NUMBERS.
R  INDICATES RECORD WAS SET OR TIED.
MM INDICATES DATA IS MISSING.
T  INDICATES TRACE AMOUNT.




$$
