000
CDUS45 KRIW 290735
CLICPR


CLIMATE REPORT
NATIONAL WEATHER SERVICE RIVERTON WY
127 AM MDT SAT AUG 29 2015


...................................

...THE CASPER WY CLIMATE SUMMARY FOR AUGUST 28 2015...

CLIMATE NORMAL PERIOD 1981 TO 2010
CLIMATE RECORD PERIOD 1939 TO 2015


WEATHER ITEM   OBSERVED TIME   RECORD YEAR NORMAL DEPARTURE LAST
                VALUE   (LST)  VALUE       VALUE  FROM      YEAR
                                                  NORMAL
..................................................................
TEMPERATURE (F)
 YESTERDAY
  MAXIMUM         85    301 PM  95    2012  83      2       82
                                      1995
  MINIMUM         51   1159 PM  34    2004  49      2       52
  AVERAGE         68                        66      2       67

PRECIPITATION (IN)
  YESTERDAY        0.00          0.23 1964   0.02  -0.02      T
  MONTH TO DATE    0.83                      0.78   0.05     0.97
  SINCE JUN 1      2.90                      3.80  -0.90     3.49
  SINCE JAN 1     10.40                      9.01   1.39     8.25

SNOWFALL (IN)
  YESTERDAY        0.0                       0.0    0.0      0.0
  MONTH TO DATE    0.0                       0.0    0.0      0.0
  SINCE JUN 1      0.0                       0.1   -0.1       T
  SINCE JUL 1      0.0                       0.0    0.0       T
  SNOW DEPTH       0

DEGREE DAYS
 HEATING
  YESTERDAY        0                         2     -2        0
  MONTH TO DATE   44                        22     22       25
  SINCE JUN 1     86                       174    -88      199
  SINCE JUL 1     60                        38     22       41

 COOLING
  YESTERDAY        3                         3      0        2
  MONTH TO DATE  125                       144    -19      113
  SINCE JUN 1    331                       385    -54      318
  SINCE JAN 1    331                       389    -58      324
..................................................................


WIND (MPH)
  HIGHEST WIND SPEED    20   HIGHEST WIND DIRECTION    SW (210)
  HIGHEST GUST SPEED    23   HIGHEST GUST DIRECTION    SW (220)
  AVERAGE WIND SPEED     8.9


SKY COVER
  POSSIBLE SUNSHINE  MM
  AVERAGE SKY COVER 0.0


WEATHER CONDITIONS
 THE FOLLOWING WEATHER WAS RECORDED YESTERDAY.
  HAZE


RELATIVE HUMIDITY (PERCENT)
 HIGHEST    71           500 AM
 LOWEST     17           400 PM
 AVERAGE    44

..........................................................


THE CASPER WY CLIMATE NORMALS FOR TODAY
                         NORMAL    RECORD    YEAR
 MAXIMUM TEMPERATURE (F)   83        97      2012
 MINIMUM TEMPERATURE (F)   48        39      2004


SUNRISE AND SUNSET
AUGUST 29 2015........SUNRISE   627 AM MDT   SUNSET   746 PM MDT
AUGUST 30 2015........SUNRISE   628 AM MDT   SUNSET   744 PM MDT


-  INDICATES NEGATIVE NUMBERS.
R  INDICATES RECORD WAS SET OR TIED.
MM INDICATES DATA IS MISSING.
T  INDICATES TRACE AMOUNT.




$$
