000
CDUS45 KRIW 310733
CLICPR


CLIMATE REPORT
NATIONAL WEATHER SERVICE RIVERTON WY
126 AM MDT FRI OCT 31 2014


...................................

...THE CASPER WY CLIMATE SUMMARY FOR OCTOBER 30 2014...

CLIMATE NORMAL PERIOD 1981 TO 2010
CLIMATE RECORD PERIOD 1939 TO 2014


WEATHER ITEM   OBSERVED TIME   RECORD YEAR NORMAL DEPARTURE LAST
                VALUE   (LST)  VALUE       VALUE  FROM      YEAR
                                                  NORMAL
..................................................................
TEMPERATURE (F)
 YESTERDAY
  MAXIMUM         60    246 PM  75    1950  54      6       49
  MINIMUM         20    141 AM  -3    1971  28     -8       25
  AVERAGE         40                        40      0       37

PRECIPITATION (IN)
  YESTERDAY        0.00          0.31 1974   0.03  -0.03     0.00
  MONTH TO DATE    1.05                      1.08  -0.03     3.03
  SINCE SEP 1      1.69                      2.16  -0.47     4.50
  SINCE JAN 1     10.07                     11.24  -1.17    13.70

SNOWFALL (IN)
  YESTERDAY        0.0                       0.3   -0.3      0.0
  MONTH TO DATE    3.2                       7.1   -3.9     16.4
  SINCE SEP 1      4.2                       8.9   -4.7     21.2
  SINCE JUL 1      4.2                       8.9   -4.7     21.2
  SNOW DEPTH       0

DEGREE DAYS
 HEATING
  YESTERDAY       25                        24      1       28
  MONTH TO DATE  436                       590   -154      698
  SINCE SEP 1    626                       829   -203      865
  SINCE JUL 1    673                       875   -202      865

 COOLING
  YESTERDAY        0                         0      0        0
  MONTH TO DATE    0                         0      0        0
  SINCE SEP 1     29                        25      4       80
  SINCE JAN 1    357                       422    -65      618
..................................................................


WIND (MPH)
  HIGHEST WIND SPEED    15   HIGHEST WIND DIRECTION     E (70)
  HIGHEST GUST SPEED    20   HIGHEST GUST DIRECTION     E (70)
  AVERAGE WIND SPEED     3.7


SKY COVER
  POSSIBLE SUNSHINE  MM
  AVERAGE SKY COVER 0.0


WEATHER CONDITIONS
 THE FOLLOWING WEATHER WAS RECORDED YESTERDAY.
  NO SIGNIFICANT WEATHER WAS OBSERVED.


RELATIVE HUMIDITY (PERCENT)
 HIGHEST    77           200 AM
 LOWEST     23           300 PM
 AVERAGE    50

..........................................................


THE CASPER WY CLIMATE NORMALS FOR TODAY
                         NORMAL    RECORD    YEAR
 MAXIMUM TEMPERATURE (F)   53        70      2008
 MINIMUM TEMPERATURE (F)   27         2      1972


SUNRISE AND SUNSET
OCTOBER 31 2014.......SUNRISE   739 AM MDT   SUNSET   559 PM MDT
NOVEMBER  1 2014......SUNRISE   740 AM MDT   SUNSET   558 PM MDT


-  INDICATES NEGATIVE NUMBERS.
R  INDICATES RECORD WAS SET OR TIED.
MM INDICATES DATA IS MISSING.
T  INDICATES TRACE AMOUNT.




$$
