000
CDUS45 KRIW 060738
CLICPR


CLIMATE REPORT
NATIONAL WEATHER SERVICE RIVERTON WY
1233 AM MST FRI MAR 6 2015


...................................

...THE CASPER WY CLIMATE SUMMARY FOR MARCH 5 2015...

CLIMATE NORMAL PERIOD 1981 TO 2010
CLIMATE RECORD PERIOD 1939 TO 2015


WEATHER ITEM   OBSERVED TIME   RECORD YEAR NORMAL DEPARTURE LAST
                VALUE   (LST)  VALUE       VALUE  FROM      YEAR
                                                  NORMAL
..................................................................
TEMPERATURE (F)
 YESTERDAY
  MAXIMUM         33    401 PM  68    2000  44    -11       51
  MINIMUM         13    354 AM -12    1943  20     -7       25
  AVERAGE         23                        32     -9       38

PRECIPITATION (IN)
  YESTERDAY        0.00          0.81 2010   0.03  -0.03     0.00
  MONTH TO DATE    0.53                      0.11   0.42     0.20
  SINCE MAR 1      0.53                      0.11   0.42     0.20
  SINCE JAN 1      1.84                      1.19   0.65     1.68

SNOWFALL (IN)
  YESTERDAY        0.0                       0.3   -0.3      0.0
  MONTH TO DATE    8.8                       1.5    7.3      3.0
  SINCE MAR 1      8.8                       1.5    7.3      3.0
  SINCE JUL 1     60.2                      50.9    9.3     69.2
  SNOW DEPTH       5

DEGREE DAYS
 HEATING
  YESTERDAY       42                        33      9       27
  MONTH TO DATE  246                       168     78      198
  SINCE MAR 1    246                       168     78      198
  SINCE JUL 1   5297                      5616   -319     5962

 COOLING
  YESTERDAY        0                         0      0        0
  MONTH TO DATE    0                         0      0        0
  SINCE MAR 1      0                         0      0        0
  SINCE JAN 1      0                         0      0        0
..................................................................


WIND (MPH)
  HIGHEST WIND SPEED    26   HIGHEST WIND DIRECTION    SW (220)
  HIGHEST GUST SPEED    33   HIGHEST GUST DIRECTION    SW (220)
  AVERAGE WIND SPEED    16.8


SKY COVER
  POSSIBLE SUNSHINE  MM
  AVERAGE SKY COVER 0.1


WEATHER CONDITIONS
 THE FOLLOWING WEATHER WAS RECORDED YESTERDAY.
  NO SIGNIFICANT WEATHER WAS OBSERVED.


RELATIVE HUMIDITY (PERCENT)
 HIGHEST    69           700 PM
 LOWEST     59           300 PM
 AVERAGE    64

..........................................................


THE CASPER WY CLIMATE NORMALS FOR TODAY
                         NORMAL    RECORD    YEAR
 MAXIMUM TEMPERATURE (F)   45        63      2006
 MINIMUM TEMPERATURE (F)   20       -12      1943


SUNRISE AND SUNSET
MARCH  6 2015.........SUNRISE   634 AM MST   SUNSET   601 PM MST
MARCH  7 2015.........SUNRISE   632 AM MST   SUNSET   602 PM MST


-  INDICATES NEGATIVE NUMBERS.
R  INDICATES RECORD WAS SET OR TIED.
MM INDICATES DATA IS MISSING.
T  INDICATES TRACE AMOUNT.




$$
