000
CDUS46 KLOX 272230
CLICQT


CLIMATE REPORT
NATIONAL WEATHER SERVICE LOS ANGELES/OXNARD CA
230 PM PST TUE JAN 27 2015


...................................

...THE DOWNTOWN LOS ANGELES (USC) CA CLIMATE SUMMARY FOR JANUARY 27 2015...
VALID AS OF 0200 PM LOCAL TIME.

CLIMATE NORMAL PERIOD 1981 TO 2010
CLIMATE RECORD PERIOD 1877 TO 2015


WEATHER ITEM   OBSERVED TIME   RECORD YEAR NORMAL DEPARTURE LAST
                VALUE   (LST)  VALUE       VALUE  FROM      YEAR
                                                  NORMAL
..................................................................
TEMPERATURE (F)
 TODAY
  MAXIMUM         74    108 PM  87    1986  68      6       69
  MINIMUM         57    228 AM  32    1898  48      9       52
  AVERAGE         66                        58      8       61

PRECIPITATION (IN)
  TODAY            0.00          2.28 1916   0.09  -0.09      T
  MONTH TO DATE    1.06                      2.70  -1.64      T
  SINCE OCT 1      5.67                      6.73  -1.06     0.88
  SINCE JAN 1      1.06                      2.70  -1.64      T

SNOWFALL (IN)
  TODAY            0.0
  MONTH TO DATE    0.0
  SINCE DEC 1      0.0
  SINCE JUL 1      0.0

DEGREE DAYS
 HEATING
  TODAY            0                         7     -7        4
  MONTH TO DATE  106                       195    -89       73
  SINCE DEC 1    288                       429   -141      272
  SINCE JUL 1    311                       560   -249      353

 COOLING
  TODAY            1                         0      1        0
  MONTH TO DATE   18                         0     18       17
  SINCE DEC 1     22                         4     18       33
  SINCE JAN 1     18                         0     18       17
..................................................................


WIND (MPH)
  HIGHEST WIND SPEED     7   HIGHEST WIND DIRECTION     W (260)
  HIGHEST GUST SPEED    12   HIGHEST GUST DIRECTION     W (260)
  AVERAGE WIND SPEED     1.0


SKY COVER
  POSSIBLE SUNSHINE  MM
  AVERAGE SKY COVER 0.6


WEATHER CONDITIONS
 THE FOLLOWING WEATHER WAS RECORDED TODAY.
  NO SIGNIFICANT WEATHER WAS OBSERVED.


RELATIVE HUMIDITY (PERCENT)
 HIGHEST    86           200 AM
 LOWEST     41           100 PM
 AVERAGE    64

..........................................................


THE DOWNTOWN LOS ANGELES (USC) CA CLIMATE NORMALS FOR TOMORROW
                         NORMAL    RECORD    YEAR
 MAXIMUM TEMPERATURE (F)   68        90      1971
 MINIMUM TEMPERATURE (F)   48        35      1957


SUNRISE AND SUNSET
JANUARY 27 2015.......SUNRISE   654 AM PST   SUNSET   519 PM PST
JANUARY 28 2015.......SUNRISE   653 AM PST   SUNSET   520 PM PST


-  INDICATES NEGATIVE NUMBERS.
R  INDICATES RECORD WAS SET OR TIED.
MM INDICATES DATA IS MISSING.
T  INDICATES TRACE AMOUNT.




$$
