000
CDUS46 KLOX 240858
CLICQT


CLIMATE REPORT
NATIONAL WEATHER SERVICE LOS ANGELES/OXNARD CA
158 AM PDT WED MAY 24 2017


...................................

...THE DOWNTOWN LOS ANGELES (USC) CA CLIMATE SUMMARY FOR MAY 23 2017...

CLIMATE NORMAL PERIOD 1981 TO 2010
CLIMATE RECORD PERIOD 1877 TO 2017


WEATHER ITEM   OBSERVED TIME   RECORD YEAR NORMAL DEPARTURE LAST
                VALUE   (LST)  VALUE       VALUE  FROM      YEAR
                                                  NORMAL
..................................................................
TEMPERATURE (F)
 YESTERDAY
  MAXIMUM         82    923 AM  92    1932  75      7       74
  MINIMUM         59   1159 PM  41    1881  58      1       57
  AVERAGE         71                        66      5       66

PRECIPITATION (IN)
  YESTERDAY        0.00          0.10 1977   0.01  -0.01     0.00
  MONTH TO DATE    0.32                      0.22   0.10     0.05
  SINCE OCT 1     18.99                     14.51   4.48     6.88
  SINCE JAN 1     13.04                     10.48   2.56     5.85

SNOWFALL (IN)
  YESTERDAY        0.0
  MONTH TO DATE    0.0
  SINCE MAR 1      0.0
  SINCE JUL 1      0.0

DEGREE DAYS
 HEATING
  YESTERDAY        0                         1     -1        0
  MONTH TO DATE   23                        36    -13       17
  SINCE MAR 1     77                       294   -217      115
  SINCE JUL 1    729                      1069   -340      755

 COOLING
  YESTERDAY        6                         2      4        1
  MONTH TO DATE   82                        46     36       21
  SINCE MAR 1    254                       110    144      125
  SINCE JAN 1    262                       133    129      200
..................................................................


WIND (MPH)
  HIGHEST WIND SPEED    10   HIGHEST WIND DIRECTION     W (270)
  HIGHEST GUST SPEED    17   HIGHEST GUST DIRECTION     W (270)
  AVERAGE WIND SPEED     2.0


SKY COVER
  POSSIBLE SUNSHINE  MM
  AVERAGE SKY COVER 0.1


WEATHER CONDITIONS
 THE FOLLOWING WEATHER WAS RECORDED YESTERDAY.
  FOG
  HAZE


RELATIVE HUMIDITY (PERCENT)
 HIGHEST    84          1200 AM
 LOWEST     50           900 AM
 AVERAGE    67

..........................................................


THE DOWNTOWN LOS ANGELES (USC) CA CLIMATE NORMALS FOR TODAY
                         NORMAL    RECORD    YEAR
 MAXIMUM TEMPERATURE (F)   75        95      1896
 MINIMUM TEMPERATURE (F)   58        45      1888


SUNRISE AND SUNSET
MAY 24 2017...........SUNRISE   546 AM PDT   SUNSET   754 PM PDT
MAY 25 2017...........SUNRISE   545 AM PDT   SUNSET   755 PM PDT


-  INDICATES NEGATIVE NUMBERS.
R  INDICATES RECORD WAS SET OR TIED.
MM INDICATES DATA IS MISSING.
T  INDICATES TRACE AMOUNT.




$$
