000
CDUS46 KLOX 110907
CLICQT


CLIMATE REPORT
NATIONAL WEATHER SERVICE LOS ANGELES/OXNARD CA
207 AM PDT FRI JUL 11 2014


...................................

...THE DOWNTOWN LOS ANGELES (USC) CA CLIMATE SUMMARY FOR JULY 10 2014...

CLIMATE NORMAL PERIOD 1981 TO 2010
CLIMATE RECORD PERIOD 1877 TO 2014


WEATHER ITEM   OBSERVED TIME   RECORD YEAR NORMAL DEPARTURE LAST
                VALUE   (LST)  VALUE       VALUE  FROM      YEAR
                                                  NORMAL
..................................................................
TEMPERATURE (F)
 YESTERDAY
  MAXIMUM         85   1139 AM 103    1959  83      2       83
  MINIMUM         66   1044 PM  55    1903  63      3       67
  AVERAGE         76                        73      3       75

PRECIPITATION (IN)
  YESTERDAY        0.00          T    2006   0.00   0.00      T
                                      2006
                                      2013
  MONTH TO DATE    0.00                      0.00   0.00      T
  SINCE JUL 1      0.00                      0.00   0.00      T
  SINCE JAN 1      5.11                     10.61  -5.50     2.63

SNOWFALL (IN)
  YESTERDAY        0.0
  MONTH TO DATE    0.0
  SINCE JUN 1      0.0
  SINCE JUL 1      0.0

DEGREE DAYS
 HEATING
  YESTERDAY        0                         0      0        0
  MONTH TO DATE    0                         0      0        0
  SINCE JUN 1      0                         8     -8        0
  SINCE JUL 1      0                         0      0        0

 COOLING
  YESTERDAY       11                         8      3       10
  MONTH TO DATE   87                        76     11       94
  SINCE JUN 1    215                       210      5      261
  SINCE JAN 1    509                       364    145      419
..................................................................


WIND (MPH)
  HIGHEST WIND SPEED    10   HIGHEST WIND DIRECTION     W (270)
  HIGHEST GUST SPEED    16   HIGHEST GUST DIRECTION     W (280)
  AVERAGE WIND SPEED     2.4


SKY COVER
  POSSIBLE SUNSHINE  MM
  AVERAGE SKY COVER 0.5


WEATHER CONDITIONS
 THE FOLLOWING WEATHER WAS RECORDED YESTERDAY.
  HAZE


RELATIVE HUMIDITY (PERCENT)
 HIGHEST    81          1200 AM
 LOWEST     51          1100 AM
 AVERAGE    66

..........................................................


THE DOWNTOWN LOS ANGELES (USC) CA CLIMATE NORMALS FOR TODAY
                         NORMAL    RECORD    YEAR
 MAXIMUM TEMPERATURE (F)   83        97      1959
 MINIMUM TEMPERATURE (F)   64        52      1878


SUNRISE AND SUNSET
JULY 11 2014..........SUNRISE   551 AM PDT   SUNSET   807 PM PDT
JULY 12 2014..........SUNRISE   551 AM PDT   SUNSET   806 PM PDT


-  INDICATES NEGATIVE NUMBERS.
R  INDICATES RECORD WAS SET OR TIED.
MM INDICATES DATA IS MISSING.
T  INDICATES TRACE AMOUNT.




$$
