000
CDUS46 KLOX 300908
CLICQT


CLIMATE REPORT
NATIONAL WEATHER SERVICE LOS ANGELES/OXNARD CA
208 AM PDT MON MAY 30 2016


...................................

...THE DOWNTOWN LOS ANGELES (USC) CA CLIMATE SUMMARY FOR MAY 29 2016...

CLIMATE NORMAL PERIOD 1981 TO 2010
CLIMATE RECORD PERIOD 1877 TO 2016


WEATHER ITEM   OBSERVED TIME   RECORD YEAR NORMAL DEPARTURE LAST
                VALUE   (LST)  VALUE       VALUE  FROM      YEAR
                                                  NORMAL
..................................................................
TEMPERATURE (F)
 YESTERDAY
  MAXIMUM         71    129 PM  99    1978  75     -4       77
  MINIMUM         60   1159 PM  46    1881  58      2       58
  AVERAGE         66                        67     -1       68

PRECIPITATION (IN)
  YESTERDAY        0.00          0.09 1918   0.00   0.00     0.00
  MONTH TO DATE    0.05                      0.25  -0.20     0.93
  SINCE OCT 1      6.88                     14.54  -7.66     8.46
  SINCE JAN 1      5.85                     10.51  -4.66     3.85

SNOWFALL (IN)
  YESTERDAY        0.0
  MONTH TO DATE    0.0
  SINCE MAR 1      0.0
  SINCE JUL 1      0.0

DEGREE DAYS
 HEATING
  YESTERDAY        0                         1     -1        0
  MONTH TO DATE   20                        42    -22       41
  SINCE MAR 1    118                       300   -182      107
  SINCE JUL 1    758                      1075   -317      470

 COOLING
  YESTERDAY        1                         2     -1        3
  MONTH TO DATE   26                        58    -32       19
  SINCE MAR 1    130                       122      8      227
  SINCE JAN 1    205                       145     60      284
..................................................................


WIND (MPH)
  HIGHEST WIND SPEED     9   HIGHEST WIND DIRECTION     W (270)
  HIGHEST GUST SPEED    16   HIGHEST GUST DIRECTION     W (270)
  AVERAGE WIND SPEED     1.6


SKY COVER
  POSSIBLE SUNSHINE  MM
  AVERAGE SKY COVER 0.6


WEATHER CONDITIONS
 THE FOLLOWING WEATHER WAS RECORDED YESTERDAY.
  NO SIGNIFICANT WEATHER WAS OBSERVED.


RELATIVE HUMIDITY (PERCENT)
 HIGHEST    78          1200 AM
 LOWEST     57           100 PM
 AVERAGE    68

..........................................................


THE DOWNTOWN LOS ANGELES (USC) CA CLIMATE NORMALS FOR TODAY
                         NORMAL    RECORD    YEAR
 MAXIMUM TEMPERATURE (F)   75        95      1972
 MINIMUM TEMPERATURE (F)   58        48      1878


SUNRISE AND SUNSET
MAY 30 2016...........SUNRISE   543 AM PDT   SUNSET   759 PM PDT
MAY 31 2016...........SUNRISE   543 AM PDT   SUNSET   759 PM PDT


-  INDICATES NEGATIVE NUMBERS.
R  INDICATES RECORD WAS SET OR TIED.
MM INDICATES DATA IS MISSING.
T  INDICATES TRACE AMOUNT.




$$
