000
CDUS46 KLOX 030856
CLICQT


CLIMATE REPORT
NATIONAL WEATHER SERVICE LOS ANGELES/OXNARD CA
1256 AM PST TUE MAR 3 2015


...................................

...THE DOWNTOWN LOS ANGELES (USC) CA CLIMATE SUMMARY FOR MARCH 2 2015...

CLIMATE NORMAL PERIOD 1981 TO 2010
CLIMATE RECORD PERIOD 1877 TO 2015


WEATHER ITEM   OBSERVED TIME   RECORD YEAR NORMAL DEPARTURE LAST
                VALUE   (LST)  VALUE       VALUE  FROM      YEAR
                                                  NORMAL
..................................................................
TEMPERATURE (F)
 YESTERDAY
  MAXIMUM         63    219 PM  87    1994  69     -6       62
  MINIMUM         49    648 AM  35    1896  50     -1       54
  AVERAGE         56                        60     -4       58

PRECIPITATION (IN)
  YESTERDAY        0.21          5.88 1938   0.11   0.10     0.17
  MONTH TO DATE    0.87                      0.22   0.65     1.17
  SINCE OCT 1      7.40                     11.17  -3.77     5.63
  SINCE JAN 1      2.79                      7.14  -4.35     4.75

SNOWFALL (IN)
  YESTERDAY       MM
  MONTH TO DATE    0.0
  SINCE MAR 1      0.0
  SINCE JUL 1      0.0

DEGREE DAYS
 HEATING
  YESTERDAY        9                         6      3        7
  MONTH TO DATE   16                        12      4       14
  SINCE MAR 1     16                        12      4       14
  SINCE JUL 1    379                       787   -408      491

 COOLING
  YESTERDAY        0                         1     -1        0
  MONTH TO DATE    0                         2     -2        0
  SINCE MAR 1      0                         2     -2        0
  SINCE JAN 1     57                        25     32       23
..................................................................


WIND (MPH)
  HIGHEST WIND SPEED     9   HIGHEST WIND DIRECTION     E (70)
  HIGHEST GUST SPEED    14   HIGHEST GUST DIRECTION     E (80)
  AVERAGE WIND SPEED     2.0


SKY COVER
  POSSIBLE SUNSHINE  MM
  AVERAGE SKY COVER 0.5


WEATHER CONDITIONS
 THE FOLLOWING WEATHER WAS RECORDED YESTERDAY.
  HEAVY RAIN
  RAIN
  LIGHT RAIN
  FOG


RELATIVE HUMIDITY (PERCENT)
 HIGHEST    93          1200 AM
 LOWEST     48           300 PM
 AVERAGE    71

..........................................................


THE DOWNTOWN LOS ANGELES (USC) CA CLIMATE NORMALS FOR TODAY
                         NORMAL    RECORD    YEAR
 MAXIMUM TEMPERATURE (F)   69        85      1931
 MINIMUM TEMPERATURE (F)   50        38      1894


SUNRISE AND SUNSET
MARCH  3 2015.........SUNRISE   620 AM PST   SUNSET   551 PM PST
MARCH  4 2015.........SUNRISE   618 AM PST   SUNSET   552 PM PST


-  INDICATES NEGATIVE NUMBERS.
R  INDICATES RECORD WAS SET OR TIED.
MM INDICATES DATA IS MISSING.
T  INDICATES TRACE AMOUNT.




$$
