000
CDUS42 KILM 270843
CLICRE


CLIMATE REPORT
NATIONAL WEATHER SERVICE WILMINGTON NC
443 AM EDT WED AUG 27 2014


...................................

...THE NORTH MYRTLE BEACH SC CLIMATE SUMMARY FOR AUGUST 26 2014...

CLIMATE NORMAL PERIOD 1981 TO 2010
CLIMATE RECORD PERIOD 1949 TO 2014


WEATHER ITEM   OBSERVED TIME   RECORD YEAR NORMAL DEPARTURE LAST
                VALUE   (LST)  VALUE       VALUE  FROM      YEAR
                                                  NORMAL
..................................................................
TEMPERATURE (F)
 YESTERDAY
  MAXIMUM         86    250 PM  91    2003  86      0       84
                                      1994
  MINIMUM         66    604 AM  58    1952  71     -5       64
  AVERAGE         76                        78     -2       74

PRECIPITATION (IN)
  YESTERDAY        0.00                      0.28  -0.28     0.00
  MONTH TO DATE    6.60                      6.17   0.43     4.19
  SINCE JUN 1     15.67                     16.71  -1.04    23.32
  SINCE JAN 1     28.65                     34.11  -5.46    40.76

DEGREE DAYS
 HEATING
  YESTERDAY        0                         0      0        0
  MONTH TO DATE    0                         0      0        0
  SINCE JUN 1      0                         0      0        0
  SINCE JUL 1      0                         0      0        0

 COOLING
  YESTERDAY       11                        13     -2        9
  MONTH TO DATE  370                       367      3      348
  SINCE JUN 1   1236                      1200     36     1204
  SINCE JAN 1   1518                      1412    106     1384
..................................................................


WIND (MPH)
  HIGHEST WIND SPEED    16   HIGHEST WIND DIRECTION    NE (40)
  HIGHEST GUST SPEED    22   HIGHEST GUST DIRECTION     N (10)
  AVERAGE WIND SPEED     8.7


SKY COVER
  POSSIBLE SUNSHINE   0 PERCENT
  AVERAGE SKY COVER 0.0


WEATHER CONDITIONS
 THE FOLLOWING WEATHER WAS RECORDED YESTERDAY.
  NO SIGNIFICANT WEATHER WAS OBSERVED.


RELATIVE HUMIDITY (PERCENT)
 HIGHEST     0          1200 AM
 LOWEST      0          1200 AM
 AVERAGE     0

..........................................................


THE NORTH MYRTLE BEACH SC CLIMATE NORMALS FOR TODAY
                         NORMAL    RECORD    YEAR
 MAXIMUM TEMPERATURE (F)   86        92      2003
 MINIMUM TEMPERATURE (F)   71        66      2013
                                             1952


SUNRISE AND SUNSET
AUGUST 27 2014........SUNRISE   645 AM EDT   SUNSET   747 PM EDT
AUGUST 28 2014........SUNRISE   646 AM EDT   SUNSET   746 PM EDT


-  INDICATES NEGATIVE NUMBERS.
R  INDICATES RECORD WAS SET OR TIED.
MM INDICATES DATA IS MISSING.
T  INDICATES TRACE AMOUNT.




$$
