675
CDUS42 KILM 110942
CLICRE


CLIMATE REPORT
NATIONAL WEATHER SERVICE WILMINGTON NC
441 AM EST THU FEB 11 2016


...................................

...THE NORTH MYRTLE BEACH SC CLIMATE SUMMARY FOR FEBRUARY 10 2016...

CLIMATE NORMAL PERIOD 1981 TO 2010
CLIMATE RECORD PERIOD 1949 TO 2016


WEATHER ITEM   OBSERVED TIME   RECORD YEAR NORMAL DEPARTURE LAST
                VALUE   (LST)  VALUE       VALUE  FROM      YEAR
                                                  NORMAL
..................................................................
TEMPERATURE (F)
 YESTERDAY
  MAXIMUM         41    406 PM  76    1950  56    -15       54
  MINIMUM         30    736 AM  20    1989  38     -8       40
  AVERAGE         36                        47    -11       47

PRECIPITATION (IN)
  YESTERDAY        0.00                      0.11  -0.11     0.14
  MONTH TO DATE    4.30                      1.11   3.19     0.43
  SINCE DEC 1      9.32                      8.26   1.06     7.75
  SINCE JAN 1      6.20                      4.80   1.40     4.55

SNOWFALL (IN)
  YESTERDAY       MM
  MONTH TO DATE   MM
  SINCE DEC 1     MM
  SINCE JUL 1     MM
  SNOW DEPTH      MM

DEGREE DAYS
 HEATING
  YESTERDAY       29                        18     11       18
  MONTH TO DATE  163                       185    -22      191
  SINCE DEC 1    968                      1292   -324     1183
  SINCE JUL 1   1165                      1653   -488     1633

 COOLING
  YESTERDAY        0                         0      0        0
  MONTH TO DATE    0                         0      0        0
  SINCE DEC 1     51                         3     48        3
  SINCE JAN 1      0                         0      0        1
..................................................................


WIND (MPH)
  HIGHEST WIND SPEED    18   HIGHEST WIND DIRECTION     W (280)
  HIGHEST GUST SPEED    28   HIGHEST GUST DIRECTION     W (280)
  AVERAGE WIND SPEED     9.3


SKY COVER
  POSSIBLE SUNSHINE  MM
  AVERAGE SKY COVER 0.2


WEATHER CONDITIONS
 THE FOLLOWING WEATHER WAS RECORDED YESTERDAY.
  NO SIGNIFICANT WEATHER WAS OBSERVED.


RELATIVE HUMIDITY (PERCENT)
 HIGHEST    69           300 AM
 LOWEST     38           200 PM
 AVERAGE    54

..........................................................


THE NORTH MYRTLE BEACH SC CLIMATE NORMALS FOR TODAY
                         NORMAL    RECORD    YEAR
 MAXIMUM TEMPERATURE (F)   57        76      1952
 MINIMUM TEMPERATURE (F)   38        20      1989


SUNRISE AND SUNSET
FEBRUARY 11 2016......SUNRISE   704 AM EST   SUNSET   555 PM EST
FEBRUARY 12 2016......SUNRISE   703 AM EST   SUNSET   556 PM EST


-  INDICATES NEGATIVE NUMBERS.
R  INDICATES RECORD WAS SET OR TIED.
MM INDICATES DATA IS MISSING.
T  INDICATES TRACE AMOUNT.




$$
