000
CDUS42 KILM 232041
CLICRE


CLIMATE REPORT
NATIONAL WEATHER SERVICE WILMINGTON NC
441 PM EDT TUE SEP 23 2014


...................................

...THE NORTH MYRTLE BEACH SC CLIMATE SUMMARY FOR SEPTEMBER 23 2014...
VALID TODAY AS OF 0400 PM LOCAL TIME.

CLIMATE NORMAL PERIOD 1981 TO 2010
CLIMATE RECORD PERIOD 1949 TO 2014


WEATHER ITEM   OBSERVED TIME   RECORD YEAR NORMAL DEPARTURE LAST
                VALUE   (LST)  VALUE       VALUE  FROM      YEAR
                                                  NORMAL
..................................................................
TEMPERATURE (F)
 TODAY
  MAXIMUM         68   1235 PM  90    2007  82    -14       78
  MINIMUM         63    259 PM  47    1999  65     -2       58
  AVERAGE         66                        73     -7       68

PRECIPITATION (IN)
  TODAY            0.03                      0.18  -0.15     0.00
  MONTH TO DATE    4.10                      4.94  -0.84     1.18
  SINCE SEP 1      4.10                      4.94  -0.84     1.18
  SINCE JAN 1     32.75                     40.29  -7.54    41.94

DEGREE DAYS
 HEATING
  TODAY            0                         0      0        0
  MONTH TO DATE    0                         0      0        0
  SINCE SEP 1      0                         0      0        0
  SINCE JUL 1      0                         0      0        0

 COOLING
  TODAY            1                         9     -8        3
  MONTH TO DATE  280                       256     24      256
  SINCE SEP 1    280                       256     24      256
  SINCE JAN 1   1868                      1732    136     1707
..................................................................


WIND (MPH)
  HIGHEST WIND SPEED    18   HIGHEST WIND DIRECTION    NE (30)
  HIGHEST GUST SPEED    26   HIGHEST GUST DIRECTION    NE (40)
  AVERAGE WIND SPEED     9.7


SKY COVER
  POSSIBLE SUNSHINE  MM
  AVERAGE SKY COVER 0.9


WEATHER CONDITIONS
 THE FOLLOWING WEATHER WAS RECORDED TODAY.
  LIGHT RAIN


RELATIVE HUMIDITY (PERCENT)
 HIGHEST    93          1200 AM
 LOWEST     81          1200 PM
 AVERAGE    87

..........................................................


THE NORTH MYRTLE BEACH SC CLIMATE NORMALS FOR TOMORROW
                         NORMAL    RECORD    YEAR
 MAXIMUM TEMPERATURE (F)   82        89      2000
 MINIMUM TEMPERATURE (F)   65        50      1999


SUNRISE AND SUNSET
SEPTEMBER 23 2014.....SUNRISE   704 AM EDT   SUNSET   710 PM EDT
SEPTEMBER 24 2014.....SUNRISE   704 AM EDT   SUNSET   709 PM EDT


-  INDICATES NEGATIVE NUMBERS.
R  INDICATES RECORD WAS SET OR TIED.
MM INDICATES DATA IS MISSING.
T  INDICATES TRACE AMOUNT.




$$
