000
CDUS42 KILM 230946
CLICRE


CLIMATE REPORT
NATIONAL WEATHER SERVICE WILMINGTON NC
445 AM EST FRI FEB 23 2018


...................................

...THE N.MYRTLE BEACH SOUTH CAROLINA CLIMATE SUMMARY FOR FEBRUARY 22 2018...

CLIMATE NORMAL PERIOD 1981 TO 2010
CLIMATE RECORD PERIOD 1949 TO 2018


WEATHER ITEM   OBSERVED TIME   RECORD YEAR NORMAL DEPARTURE LAST
                VALUE   (LST)  VALUE       VALUE  FROM      YEAR
                                                  NORMAL
..................................................................
TEMPERATURE (F)
 YESTERDAY
  MAXIMUM         75R   151 PM  75    2007  59     16       71
                                      1993
  MINIMUM         63   1152 PM  25    1999  40     23       58
  AVERAGE         69                        49     20       65

PRECIPITATION (IN)
  YESTERDAY        0.00          0.61 2008   0.13  -0.13     0.00
  MONTH TO DATE    1.36                      2.68  -1.32     1.31
  SINCE DEC 1      9.02                      9.83  -0.81     5.96
  SINCE JAN 1      5.58                      6.37  -0.79     3.34

SNOWFALL (IN)
  YESTERDAY       MM            MM          MM
  MONTH TO DATE   MM                        MM
  SINCE DEC 1     MM                        MM
  SINCE JUL 1     MM                        MM
  SNOW DEPTH      MM

DEGREE DAYS
 HEATING
  YESTERDAY        0                        16    -16        0
  MONTH TO DATE  212                       387   -175      242
  SINCE DEC 1   1397                      1494    -97     1068
  SINCE JUL 1   1738                      1855   -117     1371

 COOLING
  YESTERDAY        4                         0      4        0
  MONTH TO DATE   13                         0     13        0
  SINCE DEC 1     13                         3     10        0
  SINCE JAN 1     13                         0     13        0
..................................................................


WIND (MPH)
  RESULTANT WIND SPEED   7   RESULTANT WIND DIRECTION   S (190)
  HIGHEST WIND SPEED    13   HIGHEST WIND DIRECTION     S (190)
  HIGHEST GUST SPEED    19   HIGHEST GUST DIRECTION     S (180)
  AVERAGE WIND SPEED     7.2


SKY COVER
  POSSIBLE SUNSHINE  MM
  AVERAGE SKY COVER 0.3


WEATHER CONDITIONS
 THE FOLLOWING WEATHER WAS RECORDED YESTERDAY.
  FOG


RELATIVE HUMIDITY (PERCENT)
 HIGHEST   100          1200 AM
 LOWEST     64           100 PM
 AVERAGE    82

..........................................................


THE N.MYRTLE BEACH SOUTH CAROLINA CLIMATE NORMALS FOR TODAY
                         NORMAL    RECORD    YEAR
 MAXIMUM TEMPERATURE (F)   59        74      2017
 MINIMUM TEMPERATURE (F)   40        25      1999


SUNRISE AND SUNSET
FEBRUARY 23 2018......SUNRISE   651 AM EST   SUNSET   606 PM EST
FEBRUARY 24 2018......SUNRISE   649 AM EST   SUNSET   607 PM EST


-  INDICATES NEGATIVE NUMBERS.
R  INDICATES RECORD WAS SET OR TIED.
MM INDICATES DATA IS MISSING.
T  INDICATES TRACE AMOUNT.




$$
