000
CDUS42 KILM 240847
CLICRE


CLIMATE REPORT
NATIONAL WEATHER SERVICE WILMINGTON NC
447 AM EDT FRI OCT 24 2014


...................................

...THE NORTH MYRTLE BEACH SC CLIMATE SUMMARY FOR OCTOBER 23 2014...

CLIMATE NORMAL PERIOD 1981 TO 2010
CLIMATE RECORD PERIOD 1949 TO 2014


WEATHER ITEM   OBSERVED TIME   RECORD YEAR NORMAL DEPARTURE LAST
                VALUE   (LST)  VALUE       VALUE  FROM      YEAR
                                                  NORMAL
..................................................................
TEMPERATURE (F)
 YESTERDAY
  MAXIMUM         70    252 PM  82    2007  73     -3       73
  MINIMUM         46    652 AM  36    1954  53     -7       52
  AVERAGE         58                        63     -5       63

PRECIPITATION (IN)
  YESTERDAY        0.00                      0.09  -0.09     0.06
  MONTH TO DATE    0.35                      3.10  -2.75     1.37
  SINCE SEP 1      4.92                      9.38  -4.46     2.73
  SINCE JAN 1     33.57                     44.73 -11.16    43.49

DEGREE DAYS
 HEATING
  YESTERDAY        7                         4      3        2
  MONTH TO DATE   38                        46     -8       10
  SINCE SEP 1     39                        50    -11       10
  SINCE JUL 1     39                        50    -11       10

 COOLING
  YESTERDAY        0                         2     -2        0
  MONTH TO DATE  101                        84     17       89
  SINCE SEP 1    422                       392     30      366
  SINCE JAN 1   2010                      1868    142     1817
..................................................................


WIND (MPH)
  HIGHEST WIND SPEED    13   HIGHEST WIND DIRECTION     W (280)
  HIGHEST GUST SPEED    19   HIGHEST GUST DIRECTION     W (280)
  AVERAGE WIND SPEED     5.6


SKY COVER
  POSSIBLE SUNSHINE  MM
  AVERAGE SKY COVER 0.0


WEATHER CONDITIONS
 THE FOLLOWING WEATHER WAS RECORDED YESTERDAY.
  NO SIGNIFICANT WEATHER WAS OBSERVED.


RELATIVE HUMIDITY (PERCENT)
 HIGHEST    86           400 AM
 LOWEST     39           100 PM
 AVERAGE    63

..........................................................


THE NORTH MYRTLE BEACH SC CLIMATE NORMALS FOR TODAY
                         NORMAL    RECORD    YEAR
 MAXIMUM TEMPERATURE (F)   73        84      2001
 MINIMUM TEMPERATURE (F)   53        36      2006
                                             1952


SUNRISE AND SUNSET
OCTOBER 24 2014.......SUNRISE   727 AM EDT   SUNSET   630 PM EDT
OCTOBER 25 2014.......SUNRISE   728 AM EDT   SUNSET   629 PM EDT


-  INDICATES NEGATIVE NUMBERS.
R  INDICATES RECORD WAS SET OR TIED.
MM INDICATES DATA IS MISSING.
T  INDICATES TRACE AMOUNT.




$$
