000
CDUS42 KILM 200844
CLICRE


CLIMATE REPORT
NATIONAL WEATHER SERVICE WILMINGTON NC
443 AM EDT MON OCT 20 2014


...................................

...THE NORTH MYRTLE BEACH SC CLIMATE SUMMARY FOR OCTOBER 19 2014...

CLIMATE NORMAL PERIOD 1981 TO 2010
CLIMATE RECORD PERIOD 1949 TO 2014


WEATHER ITEM   OBSERVED TIME   RECORD YEAR NORMAL DEPARTURE LAST
                VALUE   (LST)  VALUE       VALUE  FROM      YEAR
                                                  NORMAL
..................................................................
TEMPERATURE (F)
 YESTERDAY
  MAXIMUM         70    340 PM  86    2007  74     -4       77
  MINIMUM         48   1006 PM  41    1992  54     -6       64
  AVERAGE         59                        64     -5       71

PRECIPITATION (IN)
  YESTERDAY        0.00                      0.14  -0.14     0.67
  MONTH TO DATE    0.35                      2.65  -2.30     1.14
  SINCE SEP 1      4.92                      8.93  -4.01     2.50
  SINCE JAN 1     33.57                     44.28 -10.71    43.26

DEGREE DAYS
 HEATING
  YESTERDAY        6                         3      3        0
  MONTH TO DATE   20                        31    -11        1
  SINCE SEP 1     21                        35    -14        1
  SINCE JUL 1     21                        35    -14        1

 COOLING
  YESTERDAY        0                         2     -2        6
  MONTH TO DATE  100                        76     24       89
  SINCE SEP 1    421                       384     37      366
  SINCE JAN 1   2009                      1860    149     1817
..................................................................


WIND (MPH)
  HIGHEST WIND SPEED    16   HIGHEST WIND DIRECTION     N (360)
  HIGHEST GUST SPEED    22   HIGHEST GUST DIRECTION     N (350)
  AVERAGE WIND SPEED     5.7


SKY COVER
  POSSIBLE SUNSHINE  MM
  AVERAGE SKY COVER 0.1


WEATHER CONDITIONS
 THE FOLLOWING WEATHER WAS RECORDED YESTERDAY.
  NO SIGNIFICANT WEATHER WAS OBSERVED.


RELATIVE HUMIDITY (PERCENT)
 HIGHEST    93           900 PM
 LOWEST     40           400 PM
 AVERAGE    67

..........................................................


THE NORTH MYRTLE BEACH SC CLIMATE NORMALS FOR TODAY
                         NORMAL    RECORD    YEAR
 MAXIMUM TEMPERATURE (F)   74        84      2006
                                             1953
 MINIMUM TEMPERATURE (F)   54        36      1992


SUNRISE AND SUNSET
OCTOBER 20 2014.......SUNRISE   724 AM EDT   SUNSET   635 PM EDT
OCTOBER 21 2014.......SUNRISE   725 AM EDT   SUNSET   634 PM EDT


-  INDICATES NEGATIVE NUMBERS.
R  INDICATES RECORD WAS SET OR TIED.
MM INDICATES DATA IS MISSING.
T  INDICATES TRACE AMOUNT.




$$
