000
CDUS44 KCRP 010034
CLICRP

CLIMATE REPORT
NATIONAL WEATHER SERVICE CORPUS CHRISTI TX
732 PM CDT WED AUG 31 2016

...................................

...THE CORPUS CHRISTI CLIMATE SUMMARY FOR AUGUST 31 2016...
VALID TODAY AS OF 700 PM LOCAL TIME.

CLIMATE NORMAL PERIOD 1981 TO 2010
CLIMATE RECORD PERIOD 1887 TO 2016


WEATHER ITEM   OBSERVED TIME   RECORD YEAR NORMAL DEPARTURE LAST
                VALUE   (LST)  VALUE       VALUE  FROM      YEAR
                                                  NORMAL
..................................................................
TEMPERATURE (F)
 TODAY
  MAXIMUM         94    150 PM 103    2000  93      1       93
  MINIMUM         75    643 AM  67    1915  75      0       75
  AVERAGE         85                        84      1       84

PRECIPITATION (IN)
  TODAY            T             2.13 1987   0.16  -0.16     0.59
  MONTH TO DATE    4.12                      2.92   1.20     2.93
  SINCE JUN 1      7.07                      9.07  -2.00     5.75
  SINCE JAN 1     25.29                     19.34   5.95    36.01

SNOWFALL (IN)
  TODAY            0.0
  MONTH TO DATE    0.0
  SINCE JUN 1      0.0
  SINCE JUL 1      0.0
  SNOW DEPTH       0

DEGREE DAYS
 HEATING
  TODAY            0                         0      0        0
  MONTH TO DATE    0                         0      0        0
  SINCE JUN 1      0                         0      0        0
  SINCE JUL 1      0                         0      0        0

 COOLING
  TODAY           20                        19      1       19
  MONTH TO DATE  652                       611     41      643
  SINCE JUN 1   1881                      1720    161     1827
  SINCE JAN 1   2917                      2561    356     2657
..................................................................


WIND (MPH)
  HIGHEST WIND SPEED    25   HIGHEST WIND DIRECTION    NE (50)
  HIGHEST GUST SPEED    31   HIGHEST GUST DIRECTION    NE (40)


SKY COVER
  POSSIBLE SUNSHINE  MM
  AVERAGE SKY COVER 0.7


WEATHER CONDITIONS
 THE FOLLOWING WEATHER WAS RECORDED TODAY.
  THUNDERSTORM


RELATIVE HUMIDITY (PERCENT)
 HIGHEST   100           200 AM
 LOWEST     52           200 PM
 AVERAGE    76

..........................................................


THE CORPUS CHRISTI CLIMATE NORMALS FOR TOMORROW
                         NORMAL    RECORD    YEAR
 MAXIMUM TEMPERATURE (F)   93       103      2000
 MINIMUM TEMPERATURE (F)   75        67      1950


SUNRISE AND SUNSET
AUGUST 31 2016........SUNRISE   709 AM CDT   SUNSET   751 PM CDT
SEPTEMBER  1 2016.....SUNRISE   709 AM CDT   SUNSET   750 PM CDT


-  INDICATES NEGATIVE NUMBERS.
R  INDICATES RECORD WAS SET OR TIED.
MM INDICATES DATA IS MISSING.
T  INDICATES TRACE AMOUNT.




$$
