000
CDUS44 KCRP 220656
CLICRP

CLIMATE REPORT
NATIONAL WEATHER SERVICE CORPUS CHRISTI TX
149 AM CDT FRI AUG 22 2014


...................................

...THE CORPUS CHRISTI CLIMATE SUMMARY FOR AUGUST 21 2014...

CLIMATE NORMAL PERIOD 1981 TO 2010
CLIMATE RECORD PERIOD 1887 TO 2014


WEATHER ITEM   OBSERVED TIME   RECORD YEAR NORMAL DEPARTURE LAST
                VALUE   (LST)  VALUE       VALUE  FROM      YEAR
                                                  NORMAL
..................................................................
TEMPERATURE (F)
 YESTERDAY
  MAXIMUM         96    156 PM 100    1997  94      2       95
  MINIMUM         78    631 AM  69    1986  75      3       78
  AVERAGE         87                        85      2       87

PRECIPITATION (IN)
  YESTERDAY        0.00          1.21 1953   0.11  -0.11     0.00
  MONTH TO DATE    1.04                      1.60  -0.56     0.59
  SINCE JUN 1      3.19                      7.75  -4.56     5.66
  SINCE JAN 1     10.29                     18.02  -7.73    10.39

SNOWFALL (IN)
  YESTERDAY        0.0
  MONTH TO DATE    0.0
  SINCE JUN 1      0.0
  SINCE JUL 1      0.0
  SNOW DEPTH       0

DEGREE DAYS
 HEATING
  YESTERDAY        0                         0      0        0
  MONTH TO DATE    0                         0      0        0
  SINCE JUN 1      0                         0      0        0
  SINCE JUL 1      0                         0      0        0

 COOLING
  YESTERDAY       22                        20      2       22
  MONTH TO DATE  461                       420     41      470
  SINCE JUN 1   1688                      1529    159     1785
  SINCE JAN 1   2494                      2370    124     2803
..................................................................


WIND (MPH)
  HIGHEST WIND SPEED    31   HIGHEST WIND DIRECTION    SE (150)
  HIGHEST GUST SPEED    36   HIGHEST GUST DIRECTION    SE (140)
  AVERAGE WIND SPEED    19.3


SKY COVER
  POSSIBLE SUNSHINE  MM
  AVERAGE SKY COVER 0.3


WEATHER CONDITIONS
 THE FOLLOWING WEATHER WAS RECORDED YESTERDAY.
  NO SIGNIFICANT WEATHER WAS OBSERVED.


RELATIVE HUMIDITY (PERCENT)
 HIGHEST    91           600 AM
 LOWEST     52          1100 AM
 AVERAGE    72

..........................................................


THE CORPUS CHRISTI CLIMATE NORMALS FOR TODAY
                         NORMAL    RECORD    YEAR
 MAXIMUM TEMPERATURE (F)   94       101      2010
                                             2009
                                             1997
 MINIMUM TEMPERATURE (F)   75        67      1986
                                             1946


SUNRISE AND SUNSET
AUGUST 22 2014........SUNRISE   704 AM CDT   SUNSET   801 PM CDT
AUGUST 23 2014........SUNRISE   704 AM CDT   SUNSET   800 PM CDT


-  INDICATES NEGATIVE NUMBERS.
R  INDICATES RECORD WAS SET OR TIED.
MM INDICATES DATA IS MISSING.
T  INDICATES TRACE AMOUNT.

$$

GW
