000
CDUS44 KCRP 071051 CCA
CLICRP

CLIMATE REPORT...CORRECTION
NATIONAL WEATHER SERVICE CORPUS CHRISTI TX
449 AM CST SUN FEB 7 2016

...................................

...THE CORPUS CHRISTI CLIMATE SUMMARY FOR FEBRUARY 6 2016...

CLIMATE NORMAL PERIOD 1981 TO 2010
CLIMATE RECORD PERIOD 1887 TO 2016


WEATHER ITEM   OBSERVED TIME   RECORD YEAR NORMAL DEPARTURE LAST
                VALUE   (LST)  VALUE       VALUE  FROM      YEAR
                                                  NORMAL
..................................................................
TEMPERATURE (F)
 YESTERDAY
  MAXIMUM         71    307 PM  85    1951  69      2       57
  MINIMUM         43    527 AM  26    1989  49     -6       46
  AVERAGE         57                        59     -2       52

PRECIPITATION (IN)
  YESTERDAY        0.00          1.97 1967   0.06  -0.06     0.00
  MONTH TO DATE    0.00                      0.34  -0.34     0.79
  SINCE DEC 1      2.97                      3.71  -0.74     3.87
  SINCE JAN 1      2.08                      1.88   0.20     2.83

SNOWFALL (IN)
  YESTERDAY        0.0
  MONTH TO DATE    0.0
  SINCE DEC 1      0.0
  SINCE JUL 1      0.0
  SNOW DEPTH       0

DEGREE DAYS
 HEATING
  YESTERDAY        8                         7      1       13
  MONTH TO DATE   43                        46     -3       68
  SINCE DEC 1    475                       572    -97      613
  SINCE JUL 1    549                       673   -124      774

 COOLING
  YESTERDAY        0                         1     -1        0
  MONTH TO DATE    6                         6      0        3
  SINCE DEC 1     97                        85     12       65
  SINCE JAN 1     19                        36    -17        6
..................................................................


WIND (MPH)
  HIGHEST WIND SPEED    29   HIGHEST WIND DIRECTION    NW (330)
  HIGHEST GUST SPEED    36   HIGHEST GUST DIRECTION     N (340)
  AVERAGE WIND SPEED    12.9


SKY COVER
  POSSIBLE SUNSHINE  MM
  AVERAGE SKY COVER 0.2


WEATHER CONDITIONS
 THE FOLLOWING WEATHER WAS RECORDED YESTERDAY.
  NO SIGNIFICANT WEATHER WAS OBSERVED.


RELATIVE HUMIDITY (PERCENT)
 HIGHEST    89           600 AM
 LOWEST     16           300 PM
 AVERAGE    53

..........................................................


THE CORPUS CHRISTI CLIMATE NORMALS FOR TODAY
                         NORMAL    RECORD    YEAR
 MAXIMUM TEMPERATURE (F)   69        83      1999
                                             1950
 MINIMUM TEMPERATURE (F)   49        20      1895


SUNRISE AND SUNSET
FEBRUARY  7 2016......SUNRISE   713 AM CST   SUNSET   615 PM CST
FEBRUARY  8 2016......SUNRISE   713 AM CST   SUNSET   616 PM CST


-  INDICATES NEGATIVE NUMBERS.
R  INDICATES RECORD WAS SET OR TIED.
MM INDICATES DATA IS MISSING.
T  INDICATES TRACE AMOUNT.




$$
