000
CDUS44 KCRP 202147
CLICRP

CLIMATE REPORT
NATIONAL WEATHER SERVICE CORPUS CHRISTI TX
347 PM CST THU NOV 20 2014


...THE CORPUS CHRISTI CLIMATE SUMMARY FOR NOVEMBER 20 2014...
VALID TODAY AS OF 330 PM LOCAL TIME.

CLIMATE NORMAL PERIOD 1981 TO 2010
CLIMATE RECORD PERIOD 1887 TO 2014


WEATHER ITEM   OBSERVED TIME   RECORD YEAR NORMAL DEPARTURE LAST
                VALUE   (LST)  VALUE       VALUE  FROM      YEAR
                                                  NORMAL
..................................................................
TEMPERATURE (F)
 TODAY
  MAXIMUM         73    159 PM  89    1996  75     -2       86
  MINIMUM         55    216 AM  29    1969  55      0       68
  AVERAGE         64                        65     -1       77

PRECIPITATION (IN)
  TODAY            0.04          2.45 2009   0.06  -0.02     0.01
  MONTH TO DATE    2.20                      1.47   0.73     0.53
  SINCE SEP 1     13.84                     10.09   3.75     9.29
  SINCE JAN 1     27.68                     29.43  -1.75    20.30

SNOWFALL (IN)
  TODAY            0.0
  MONTH TO DATE    0.0
  SINCE SEP 1      0.0
  SINCE JUL 1      0.0
  SNOW DEPTH       0

DEGREE DAYS
 HEATING
  TODAY            1                         4     -3        0
  MONTH TO DATE  135                        43     92       26
  SINCE SEP 1    135                        53     82       26
  SINCE JUL 1    135                        53     82       26

 COOLING
  TODAY            0                         3     -3       12
  MONTH TO DATE   35                        96    -61      114
  SINCE SEP 1    913                       886     27     1084
  SINCE JAN 1   3616                      3447    169     4097
..................................................................


WIND (MPH)
  HIGHEST WIND SPEED    18   HIGHEST WIND DIRECTION     S (170)
  HIGHEST GUST SPEED    23   HIGHEST GUST DIRECTION     S (170)


SKY COVER
  POSSIBLE SUNSHINE  MM
  AVERAGE SKY COVER 0.9


WEATHER CONDITIONS
 THE FOLLOWING WEATHER WAS RECORDED TODAY.
  LIGHT RAIN
  FOG


RELATIVE HUMIDITY (PERCENT)
 HIGHEST    93           100 AM
 LOWEST     86          1200 AM
 AVERAGE    90

..........................................................


THE CORPUS CHRISTI CLIMATE NORMALS FOR TOMORROW
                         NORMAL    RECORD    YEAR
 MAXIMUM TEMPERATURE (F)   74        91      1996
 MINIMUM TEMPERATURE (F)   54        32      1969


SUNRISE AND SUNSET
NOVEMBER 20 2014......SUNRISE   655 AM CST   SUNSET   536 PM CST
NOVEMBER 21 2014......SUNRISE   656 AM CST   SUNSET   536 PM CST


-  INDICATES NEGATIVE NUMBERS.
R  INDICATES RECORD WAS SET OR TIED.
MM INDICATES DATA IS MISSING.
T  INDICATES TRACE AMOUNT.


$$

TMT
