000
CDUS44 KCRP 020829
CLICRP

CLIMATE REPORT
NATIONAL WEATHER SERVICE CORPUS CHRISTI TX
328 AM CDT WED SEP 2 2015

...................................

...THE CORPUS CHRISTI CLIMATE SUMMARY FOR SEPTEMBER 1 2015...

CLIMATE NORMAL PERIOD 1981 TO 2010
CLIMATE RECORD PERIOD 1887 TO 2015

WEATHER ITEM   OBSERVED TIME   RECORD YEAR NORMAL DEPARTURE LAST
                VALUE   (LST)  VALUE       VALUE  FROM      YEAR
                                                  NORMAL
..................................................................
TEMPERATURE (F)
 YESTERDAY
  MAXIMUM         90    137 PM 103    2000  93     -3       91
  MINIMUM         73    519 AM  67    1950  75     -2       78
  AVERAGE         82                        84     -2       85

PRECIPITATION (IN)
  YESTERDAY        0.02          1.53 1970   0.16  -0.14     0.00
  MONTH TO DATE    0.02                      0.16  -0.14     0.00
  SINCE SEP 1      0.02                      0.16  -0.14     0.00
  SINCE JAN 1     36.03                     19.50  16.53    13.84

SNOWFALL (IN)
  YESTERDAY        0.0
  MONTH TO DATE    0.0
  SINCE SEP 1      0.0
  SINCE JUL 1      0.0
  SNOW DEPTH       0

DEGREE DAYS
 HEATING
  YESTERDAY        0                         0      0        0
  MONTH TO DATE    0                         0      0        0
  SINCE SEP 1      0                         0      0        0
  SINCE JUL 1      0                         0      0        0

 COOLING
  YESTERDAY       17                        19     -2       20
  MONTH TO DATE   17                        19     -2       20
  SINCE SEP 1     17                        19     -2       20
  SINCE JAN 1   2674                      2580     94     2723
..................................................................


WIND (MPH)
  HIGHEST WIND SPEED    25   HIGHEST WIND DIRECTION     E (80)
  HIGHEST GUST SPEED    30   HIGHEST GUST DIRECTION     E (80)
  AVERAGE WIND SPEED    11.6

SKY COVER
  POSSIBLE SUNSHINE  MM
  AVERAGE SKY COVER 0.6

WEATHER CONDITIONS
 THE FOLLOWING WEATHER WAS RECORDED YESTERDAY.
  THUNDERSTORM
  LIGHT RAIN
  FOG

RELATIVE HUMIDITY (PERCENT)
 HIGHEST    94           600 AM
 LOWEST     56           100 PM
 AVERAGE    75

..........................................................

THE CORPUS CHRISTI CLIMATE NORMALS FOR TODAY
                         NORMAL    RECORD    YEAR
 MAXIMUM TEMPERATURE (F)   93       102      2000
 MINIMUM TEMPERATURE (F)   74        70      1893

SUNRISE AND SUNSET
SEPTEMBER  2 2015.....SUNRISE   709 AM CDT   SUNSET   750 PM CDT
SEPTEMBER  3 2015.....SUNRISE   710 AM CDT   SUNSET   749 PM CDT

-  INDICATES NEGATIVE NUMBERS.
R  INDICATES RECORD WAS SET OR TIED.
MM INDICATES DATA IS MISSING.
T  INDICATES TRACE AMOUNT.

$$
