000
CDUS44 KCRP 280711
CLICRP

CLIMATE REPORT
NATIONAL WEATHER SERVICE CORPUS CHRISTI TX
209 AM CDT WED JUN 28 2017


...................................

...THE CORPUS CHRISTI CLIMATE SUMMARY FOR JUNE 27 2017...

CLIMATE NORMAL PERIOD 1981 TO 2010
CLIMATE RECORD PERIOD 1887 TO 2017


WEATHER ITEM   OBSERVED TIME   RECORD YEAR NORMAL DEPARTURE LAST
                VALUE   (LST)  VALUE       VALUE  FROM      YEAR
                                                  NORMAL
..................................................................
TEMPERATURE (F)
 YESTERDAY
  MAXIMUM         90    417 PM 101    2012  92     -2       94
                                      1980
  MINIMUM         78   1006 AM  62    1974  75      3       76
  AVERAGE         84                        83      1       85

PRECIPITATION (IN)
  YESTERDAY        0.01          8.03 1931   0.12  -0.11     0.00
  MONTH TO DATE    1.90                      3.01  -1.11     2.88
  SINCE JUN 1      1.90                      3.01  -1.11     2.88
  SINCE JAN 1     15.17                     13.28   1.89    21.10

SNOWFALL (IN)
  YESTERDAY        0.0
  MONTH TO DATE    0.0
  SINCE JUN 1      0.0
  SINCE JUL 1      0.0
  SNOW DEPTH       0

DEGREE DAYS
 HEATING
  YESTERDAY        0                         0      0        0
  MONTH TO DATE    0                         0      0        0
  SINCE JUN 1      0                         0      0        0
  SINCE JUL 1    368                       898   -530      640

 COOLING
  YESTERDAY       19                        18      1       20
  MONTH TO DATE  514                       466     48      496
  SINCE JUN 1    514                       466     48      496
  SINCE JAN 1   1704                      1307    397     1532
..................................................................


WIND (MPH)
  HIGHEST WIND SPEED    23   HIGHEST WIND DIRECTION    SE (120)
  HIGHEST GUST SPEED    27   HIGHEST GUST DIRECTION    SE (120)
  AVERAGE WIND SPEED     9.8


SKY COVER
  POSSIBLE SUNSHINE  MM
  AVERAGE SKY COVER 0.7


WEATHER CONDITIONS
 THE FOLLOWING WEATHER WAS RECORDED YESTERDAY.
  LIGHT RAIN


RELATIVE HUMIDITY (PERCENT)
 HIGHEST    91           200 AM
 LOWEST     59           400 PM
 AVERAGE    75

..........................................................


THE CORPUS CHRISTI CLIMATE NORMALS FOR TODAY
                         NORMAL    RECORD    YEAR
 MAXIMUM TEMPERATURE (F)   92       101      2013
 MINIMUM TEMPERATURE (F)   75        65      1974


SUNRISE AND SUNSET
JUNE 28 2017..........SUNRISE   637 AM CDT   SUNSET   830 PM CDT
JUNE 29 2017..........SUNRISE   637 AM CDT   SUNSET   830 PM CDT


-  INDICATES NEGATIVE NUMBERS.
R  INDICATES RECORD WAS SET OR TIED.
MM INDICATES DATA IS MISSING.
T  INDICATES TRACE AMOUNT.




$$
