000
CDUS44 KCRP 030658
CLICRP

CLIMATE REPORT
NATIONAL WEATHER SERVICE CORPUS CHRISTI TX
1254 AM CST TUE MAR 3 2015


...................................

...THE CORPUS CHRISTI CLIMATE SUMMARY FOR MARCH 2 2015...

CLIMATE NORMAL PERIOD 1981 TO 2010
CLIMATE RECORD PERIOD 1887 TO 2015


WEATHER ITEM   OBSERVED TIME   RECORD YEAR NORMAL DEPARTURE LAST
                VALUE   (LST)  VALUE       VALUE  FROM      YEAR
                                                  NORMAL
..................................................................
TEMPERATURE (F)
 YESTERDAY
  MAXIMUM         54    854 PM  98    1999  73    -19       82
  MINIMUM         47    955 AM  24    1980  54     -7       40
  AVERAGE         51                        63    -12       61

PRECIPITATION (IN)
  YESTERDAY        0.02          2.84 1936   0.07  -0.05      T
  MONTH TO DATE    0.05                      0.14  -0.09      T
  SINCE MAR 1      0.05                      0.14  -0.09      T
  SINCE JAN 1      3.50                      3.61  -0.11     0.91

SNOWFALL (IN)
  YESTERDAY        0.0
  MONTH TO DATE    0.0
  SINCE MAR 1      0.0
  SINCE JUL 1      0.0
  SNOW DEPTH       0

DEGREE DAYS
 HEATING
  YESTERDAY       14                         4     10        4
  MONTH TO DATE   29                         8     21        4
  SINCE MAR 1     29                         8     21        4
  SINCE JUL 1    966                       808    158     1003

 COOLING
  YESTERDAY        0                         3     -3        0
  MONTH TO DATE    0                         5     -5        4
  SINCE MAR 1      0                         5     -5        4
  SINCE JAN 1     28                        81    -53       81
..................................................................


WIND (MPH)
  HIGHEST WIND SPEED    17   HIGHEST WIND DIRECTION     N (10)
  HIGHEST GUST SPEED    20   HIGHEST GUST DIRECTION     N (10)
  AVERAGE WIND SPEED     9.0


SKY COVER
  POSSIBLE SUNSHINE  MM
  AVERAGE SKY COVER 1.0


WEATHER CONDITIONS
 THE FOLLOWING WEATHER WAS RECORDED YESTERDAY.
  LIGHT RAIN
  FOG
  FOG W/VISIBILITY <= 1/4 MILE


RELATIVE HUMIDITY (PERCENT)
 HIGHEST   100          1200 PM
 LOWEST     89           100 PM
 AVERAGE    95

..........................................................


THE CORPUS CHRISTI CLIMATE NORMALS FOR TODAY
                         NORMAL    RECORD    YEAR
 MAXIMUM TEMPERATURE (F)   73        88      1966
                                             1956
                                             1893
 MINIMUM TEMPERATURE (F)   54        28      1943


SUNRISE AND SUNSET
MARCH  3 2015.........SUNRISE   653 AM CST   SUNSET   632 PM CST
MARCH  4 2015.........SUNRISE   652 AM CST   SUNSET   632 PM CST


-  INDICATES NEGATIVE NUMBERS.
R  INDICATES RECORD WAS SET OR TIED.
MM INDICATES DATA IS MISSING.
T  INDICATES TRACE AMOUNT.




$$
