000
CDUS44 KCRP 250659
CLICRP

CLIMATE REPORT
NATIONAL WEATHER SERVICE CORPUS CHRISTI TX
1255 AM CST SUN JAN 25 2015


...................................

...THE CORPUS CHRISTI CLIMATE SUMMARY FOR JANUARY 24 2015...

CLIMATE NORMAL PERIOD 1981 TO 2010
CLIMATE RECORD PERIOD 1887 TO 2015


WEATHER ITEM   OBSERVED TIME   RECORD YEAR NORMAL DEPARTURE LAST
                VALUE   (LST)  VALUE       VALUE  FROM      YEAR
                                                  NORMAL
..................................................................
TEMPERATURE (F)
 YESTERDAY
  MAXIMUM         63    428 PM  87    1972  67     -4       40
  MINIMUM         35    738 AM  18    1963  48    -13       31
  AVERAGE         49                        57     -8       36

PRECIPITATION (IN)
  YESTERDAY        0.00          1.36 2007   0.05  -0.05     0.02
  MONTH TO DATE    1.99                      1.20   0.79     0.67
  SINCE DEC 1      3.03                      3.03   0.00     0.96
  SINCE JAN 1      1.99                      1.20   0.79     0.67

SNOWFALL (IN)
  YESTERDAY        0.0
  MONTH TO DATE    0.0
  SINCE DEC 1      0.0
  SINCE JUL 1      0.0
  SNOW DEPTH       0

DEGREE DAYS
 HEATING
  YESTERDAY       16                         8      8       29
  MONTH TO DATE  365                       215    150      229
  SINCE DEC 1    519                       465     54      528
  SINCE JUL 1    680                       566    114      685

 COOLING
  YESTERDAY        0                         1     -1        0
  MONTH TO DATE    2                        24    -22        2
  SINCE DEC 1     61                        73    -12       38
  SINCE JAN 1      2                        24    -22        2
..................................................................


WIND (MPH)
  HIGHEST WIND SPEED    15   HIGHEST WIND DIRECTION     W (270)
  HIGHEST GUST SPEED    21   HIGHEST GUST DIRECTION     W (260)
  AVERAGE WIND SPEED     8.6


SKY COVER
  POSSIBLE SUNSHINE  MM
  AVERAGE SKY COVER 0.4


WEATHER CONDITIONS
 THE FOLLOWING WEATHER WAS RECORDED YESTERDAY.
  NO SIGNIFICANT WEATHER WAS OBSERVED.


RELATIVE HUMIDITY (PERCENT)
 HIGHEST    92           100 AM
 LOWEST     46           400 PM
 AVERAGE    69

..........................................................


THE CORPUS CHRISTI CLIMATE NORMALS FOR TODAY
                         NORMAL    RECORD    YEAR
 MAXIMUM TEMPERATURE (F)   67        87      1965
 MINIMUM TEMPERATURE (F)   48        23      1897


SUNRISE AND SUNSET
JANUARY 25 2015.......SUNRISE   720 AM CST   SUNSET   605 PM CST
JANUARY 26 2015.......SUNRISE   720 AM CST   SUNSET   606 PM CST


-  INDICATES NEGATIVE NUMBERS.
R  INDICATES RECORD WAS SET OR TIED.
MM INDICATES DATA IS MISSING.
T  INDICATES TRACE AMOUNT.




$$
