000
CDUS44 KCRP 042144
CLICRP

CLIMATE REPORT
NATIONAL WEATHER SERVICE CORPUS CHRISTI TX
443 PM CDT SAT JUL 4 2015


...................................

...THE CORPUS CHRISTI CLIMATE SUMMARY FOR JULY 4 2015...
VALID TODAY AS OF 0400 PM LOCAL TIME.

CLIMATE NORMAL PERIOD 1981 TO 2010
CLIMATE RECORD PERIOD 1887 TO 2015


WEATHER ITEM   OBSERVED TIME   RECORD YEAR NORMAL DEPARTURE LAST
                VALUE   (LST)  VALUE       VALUE  FROM      YEAR
                                                  NORMAL
..................................................................
TEMPERATURE (F)
 TODAY
  MAXIMUM         91    329 PM 102    2009  92     -1       94
  MINIMUM         78    255 AM  69    1996  75      3       72
  AVERAGE         85                        84      1       83

PRECIPITATION (IN)
  TODAY            0.00          3.50 2007   0.12  -0.12     0.00
  MONTH TO DATE    0.57                      0.50   0.07      T
  SINCE JUN 1      2.20                      3.86  -1.66     1.41
  SINCE JAN 1     32.46                     14.13  18.33     8.51

SNOWFALL (IN)
  TODAY            0.0
  MONTH TO DATE    0.0
  SINCE JUN 1      0.0
  SINCE JUL 1      0.0
  SNOW DEPTH       0

DEGREE DAYS
 HEATING
  TODAY            0                         0      0        0
  MONTH TO DATE    0                         0      0        0
  SINCE JUN 1      0                         0      0        0
  SINCE JUL 1      0                         0      0        0

 COOLING
  TODAY           20                        18      2       18
  MONTH TO DATE   70                        72     -2       77
  SINCE JUN 1    609                       594     15      684
  SINCE JAN 1   1439                      1435      4     1490
..................................................................


WIND (MPH)
  HIGHEST WIND SPEED    25   HIGHEST WIND DIRECTION    SE (140)
  HIGHEST GUST SPEED    33   HIGHEST GUST DIRECTION    SE (150)


SKY COVER
  POSSIBLE SUNSHINE  MM
  AVERAGE SKY COVER 0.6


WEATHER CONDITIONS
 THE FOLLOWING WEATHER WAS RECORDED TODAY.
  NO SIGNIFICANT WEATHER WAS OBSERVED.


RELATIVE HUMIDITY (PERCENT)
 HIGHEST    97           500 AM
 LOWEST     59          1200 PM
 AVERAGE    78

..........................................................


THE CORPUS CHRISTI CLIMATE NORMALS FOR TOMORROW
                         NORMAL    RECORD    YEAR
 MAXIMUM TEMPERATURE (F)   92       102      2009
 MINIMUM TEMPERATURE (F)   75        69      2011


SUNRISE AND SUNSET
JULY  4 2015..........SUNRISE   639 AM CDT   SUNSET   830 PM CDT
JULY  5 2015..........SUNRISE   639 AM CDT   SUNSET   830 PM CDT


-  INDICATES NEGATIVE NUMBERS.
R  INDICATES RECORD WAS SET OR TIED.
MM INDICATES DATA IS MISSING.
T  INDICATES TRACE AMOUNT.




$$
