000
CDUS41 KRLX 290719
CLICRW


CLIMATE REPORT
NATIONAL WEATHER SERVICE CHARLESTON WV
318 AM EDT FRI MAY 29 2015


...................................

...THE CHARLESTON WV CLIMATE SUMMARY FOR MAY 28 2015...

CLIMATE NORMAL PERIOD 1981 TO 2010
CLIMATE RECORD PERIOD 1901 TO 2015


WEATHER ITEM   OBSERVED TIME   RECORD YEAR NORMAL DEPARTURE LAST
                VALUE   (LST)  VALUE       VALUE  FROM      YEAR
                                                  NORMAL
..................................................................
TEMPERATURE (F)
 YESTERDAY
  MAXIMUM         85    324 PM  94    1929  77      8       85
                                      1911
  MINIMUM         63    522 AM  38    1907  56      7       60
  AVERAGE         74                        67      7       73

PRECIPITATION (IN)
  YESTERDAY        0.00          1.10 1917   0.17  -0.17     0.00
  MONTH TO DATE    1.85                      4.30  -2.45     2.34
  SINCE JAN 1     19.11                     17.64   1.47    16.09

SNOWFALL (IN)
  YESTERDAY        0.0
  MONTH TO DATE    0.0
  SINCE SEP 1     29.1
  SNOW DEPTH       0

DEGREE DAYS
 HEATING
  YESTERDAY        0                         2     -2        0
  MONTH TO DATE   54                       111    -57       87
  SINCE MAR 1    930                      1005    -75     1006
  SINCE JUL 1   4835                      4459    376     4773

 COOLING
  YESTERDAY        9                         4      5        8
  MONTH TO DATE  143                        64     79       86
  SINCE MAR 1    158                        96     62      104
  SINCE JAN 1    158                        96     62      104
..................................................................


WIND (MPH)
  HIGHEST WIND SPEED     8   HIGHEST WIND DIRECTION    SE (120)
  HIGHEST GUST SPEED    17   HIGHEST GUST DIRECTION     E (80)
  AVERAGE WIND SPEED     1.4


SKY COVER
  POSSIBLE SUNSHINE  MM
  AVERAGE SKY COVER 0.6


WEATHER CONDITIONS
 THE FOLLOWING WEATHER WAS RECORDED YESTERDAY.
  FOG


RELATIVE HUMIDITY (PERCENT)
 HIGHEST    93          1200 AM
 LOWEST     44           300 PM
 AVERAGE    69

..........................................................


THE CHARLESTON WV CLIMATE NORMALS FOR TODAY
                         NORMAL    RECORD    YEAR
 MAXIMUM TEMPERATURE (F)   78        96      1931
                                             1914
 MINIMUM TEMPERATURE (F)   57        38      1949


SUNRISE AND SUNSET
MAY 29 2015...........SUNRISE   606 AM EDT   SUNSET   842 PM EDT
MAY 30 2015...........SUNRISE   605 AM EDT   SUNSET   843 PM EDT


-  INDICATES NEGATIVE NUMBERS.
R  INDICATES RECORD WAS SET OR TIED.
MM INDICATES DATA IS MISSING.
T  INDICATES TRACE AMOUNT.




$$
