000
CDUS41 KRLX 222226
CLICRW


CLIMATE REPORT
NATIONAL WEATHER SERVICE CHARLESTON WV
525 PM EST WED NOV 22 2017


...................................

...THE CHARLESTON WV CLIMATE SUMMARY FOR NOVEMBER 22 2017...
VALID TODAY AS OF 0500 PM LOCAL TIME.

CLIMATE NORMAL PERIOD 1981 TO 2010
CLIMATE RECORD PERIOD 1901 TO 2017


WEATHER ITEM   OBSERVED TIME   RECORD YEAR NORMAL DEPARTURE LAST
                VALUE   (LST)  VALUE       VALUE  FROM      YEAR
                                                  NORMAL
..................................................................
TEMPERATURE (F)
 TODAY
  MAXIMUM         50   1210 AM  78    1931  54     -4       46
  MINIMUM         39    110 PM  11    1964  35      4       21
  AVERAGE         45                        45      0       34

PRECIPITATION (IN)
  TODAY            0.00          2.47 1991   0.13  -0.13     0.00
  MONTH TO DATE    1.56                      2.73  -1.17     1.16
  SINCE SEP 1      8.71                      8.65   0.06     7.11
  SINCE JAN 1     44.15                     39.76   4.39    36.61

DEGREE DAYS
 HEATING
  TODAY           20                        20      0       31
  MONTH TO DATE  370                       369      1      343
  SINCE SEP 1    619                       707    -88      510
  SINCE JUL 1    619                       709    -90      510

 COOLING
  TODAY            0                         0      0        0
  MONTH TO DATE    1                         0      1        5
  SINCE SEP 1    200                       148     52      292
  SINCE JAN 1   1138                      1094     44     1473
..................................................................


WIND (MPH)
  HIGHEST WIND SPEED    15   HIGHEST WIND DIRECTION    NW (310)
  HIGHEST GUST SPEED    23   HIGHEST GUST DIRECTION    NW (330)
  AVERAGE WIND SPEED     6.8


SKY COVER
  POSSIBLE SUNSHINE  MM
  AVERAGE SKY COVER 0.9


WEATHER CONDITIONS
 THE FOLLOWING WEATHER WAS RECORDED TODAY.
  FOG
  HAZE


RELATIVE HUMIDITY (PERCENT)
 HIGHEST    86           100 AM
 LOWEST     54           300 PM
 AVERAGE    70

..........................................................


THE CHARLESTON WV CLIMATE NORMALS FOR TOMORROW
                         NORMAL    RECORD    YEAR
 MAXIMUM TEMPERATURE (F)   54        86      1931
 MINIMUM TEMPERATURE (F)   35        14      1970
                                             1964


SUNRISE AND SUNSET
NOVEMBER 22 2017......SUNRISE   716 AM EST   SUNSET   509 PM EST
NOVEMBER 23 2017......SUNRISE   717 AM EST   SUNSET   509 PM EST


-  INDICATES NEGATIVE NUMBERS.
R  INDICATES RECORD WAS SET OR TIED.
MM INDICATES DATA IS MISSING.
T  INDICATES TRACE AMOUNT.




$$
