000
CDUS41 KRLX 200815
CLICRW


CLIMATE REPORT
NATIONAL WEATHER SERVICE CHARLESTON WV
315 AM EST TUE FEB 20 2018


...................................

...THE CHARLESTON WV CLIMATE SUMMARY FOR FEBRUARY 19 2018...

CLIMATE NORMAL PERIOD 1981 TO 2010
CLIMATE RECORD PERIOD 1901 TO 2018


WEATHER ITEM   OBSERVED TIME   RECORD YEAR NORMAL DEPARTURE LAST
                VALUE   (LST)  VALUE       VALUE  FROM      YEAR
                                                  NORMAL
..................................................................
TEMPERATURE (F)
 YESTERDAY
  MAXIMUM         75    413 PM  77    1994  48     27       54
  MINIMUM         38   1201 AM -11    1903  29      9       40
  AVERAGE         57                        38     19       47

PRECIPITATION (IN)
  YESTERDAY        0.20          1.06 1940   0.11   0.09     0.18
  MONTH TO DATE    6.05                      2.10   3.95     1.00
  SINCE JAN 1      9.42                      5.10   4.32     5.77

SNOWFALL (IN)
  YESTERDAY        0.0           4.1  1963   0.3   -0.3      0.0
  MONTH TO DATE    0.7                       6.9   -6.2       T
  SINCE SEP 1     10.3                      26.3  -16.0      7.5
  SNOW DEPTH       0

DEGREE DAYS
 HEATING
  YESTERDAY        8                        27    -19       18
  MONTH TO DATE  468                       538    -70      414
  SINCE DEC 1   2401                      2342     59     1935
  SINCE JUL 1   3187                      3226    -39     2589

 COOLING
  YESTERDAY        0                         0      0        0
  MONTH TO DATE    2                         0      2        0
  SINCE DEC 1      2                         1      1        0
  SINCE JAN 1      2                         0      2        0
..................................................................


WIND (MPH)
  HIGHEST WIND SPEED    21   HIGHEST WIND DIRECTION    SW (210)
  HIGHEST GUST SPEED    28   HIGHEST GUST DIRECTION    SW (210)
  AVERAGE WIND SPEED     8.2


SKY COVER
  POSSIBLE SUNSHINE  MM
  AVERAGE SKY COVER 0.7


WEATHER CONDITIONS
 THE FOLLOWING WEATHER WAS RECORDED YESTERDAY.
  RAIN


RELATIVE HUMIDITY (PERCENT)
 HIGHEST    93           900 AM
 LOWEST     49           500 PM
 AVERAGE    71

..........................................................


THE CHARLESTON WV CLIMATE NORMALS FOR TODAY
                         NORMAL    RECORD    YEAR
 MAXIMUM TEMPERATURE (F)   48        77      1939
 MINIMUM TEMPERATURE (F)   29       -11      2015


SUNRISE AND SUNSET
FEBRUARY 20 2018......SUNRISE   711 AM EST   SUNSET   610 PM EST
FEBRUARY 21 2018......SUNRISE   709 AM EST   SUNSET   611 PM EST


-  INDICATES NEGATIVE NUMBERS.
R  INDICATES RECORD WAS SET OR TIED.
MM INDICATES DATA IS MISSING.
T  INDICATES TRACE AMOUNT.




$$
