000
CDUS41 KRLX 290735
CLICRW


CLIMATE REPORT
NATIONAL WEATHER SERVICE CHARLESTON WV
334 AM EDT SUN MAY 29 2016


...................................

...THE CHARLESTON WV CLIMATE SUMMARY FOR MAY 28 2016...

CLIMATE NORMAL PERIOD 1981 TO 2010
CLIMATE RECORD PERIOD 1901 TO 2016


WEATHER ITEM   OBSERVED TIME   RECORD YEAR NORMAL DEPARTURE LAST
                VALUE   (LST)  VALUE       VALUE  FROM      YEAR
                                                  NORMAL
..................................................................
TEMPERATURE (F)
 YESTERDAY
  MAXIMUM         88    249 PM  94    1929  77     11       85
                                      1911
  MINIMUM         63    507 AM  38    1907  56      7       63
  AVERAGE         76                        67      9       74

PRECIPITATION (IN)
  YESTERDAY        0.00          1.10 1917   0.17  -0.17     0.00
  MONTH TO DATE    5.09                      4.30   0.79     1.85
  SINCE JAN 1     16.86                     17.64  -0.78    19.11

SNOWFALL (IN)
  YESTERDAY        0.0
  MONTH TO DATE    0.0
  SINCE SEP 1     33.5
  SNOW DEPTH       0

DEGREE DAYS
 HEATING
  YESTERDAY        0                         2     -2        0
  MONTH TO DATE  138                       111     27       54
  SINCE MAR 1    781                      1005   -224      930
  SINCE JUL 1   3716                      4459   -743     4835

 COOLING
  YESTERDAY       11                         4      7        9
  MONTH TO DATE   57                        64     -7      143
  SINCE MAR 1    103                        96      7      158
  SINCE JAN 1    103                        96      7      158
..................................................................


WIND (MPH)
  HIGHEST WIND SPEED     9   HIGHEST WIND DIRECTION    SW (220)
  HIGHEST GUST SPEED    13   HIGHEST GUST DIRECTION     W (280)
  AVERAGE WIND SPEED     1.4


SKY COVER
  POSSIBLE SUNSHINE  MM
  AVERAGE SKY COVER 0.4


WEATHER CONDITIONS
 THE FOLLOWING WEATHER WAS RECORDED YESTERDAY.
  FOG


RELATIVE HUMIDITY (PERCENT)
 HIGHEST    93           400 AM
 LOWEST     40           300 PM
 AVERAGE    67

..........................................................


THE CHARLESTON WV CLIMATE NORMALS FOR TODAY
                         NORMAL    RECORD    YEAR
 MAXIMUM TEMPERATURE (F)   78        96      1931
                                             1914
 MINIMUM TEMPERATURE (F)   57        38      1949


SUNRISE AND SUNSET
MAY 29 2016...........SUNRISE   606 AM EDT   SUNSET   843 PM EDT
MAY 30 2016...........SUNRISE   605 AM EDT   SUNSET   843 PM EDT


-  INDICATES NEGATIVE NUMBERS.
R  INDICATES RECORD WAS SET OR TIED.
MM INDICATES DATA IS MISSING.
T  INDICATES TRACE AMOUNT.




$$
