000
CDUS41 KRLX 040752
CLICRW


CLIMATE REPORT
NATIONAL WEATHER SERVICE CHARLESTON WV
348 AM EDT WED MAY 4 2016


...................................

...THE CHARLESTON WV CLIMATE SUMMARY FOR MAY 3 2016...

CLIMATE NORMAL PERIOD 1981 TO 2010
CLIMATE RECORD PERIOD 1901 TO 2016


WEATHER ITEM   OBSERVED TIME   RECORD YEAR NORMAL DEPARTURE LAST
                VALUE   (LST)  VALUE       VALUE  FROM      YEAR
                                                  NORMAL
..................................................................
TEMPERATURE (F)
 YESTERDAY
  MAXIMUM         63   1207 PM  92    1942  72     -9       80
  MINIMUM         55   1159 PM  31    2005  49      6       42
  AVERAGE         59                        61     -2       61

PRECIPITATION (IN)
  YESTERDAY        0.08          1.05 1983   0.13  -0.05     0.00
  MONTH TO DATE    1.66                      0.40   1.26     0.02
  SINCE JAN 1     13.43                     13.74  -0.31    17.28

SNOWFALL (IN)
  YESTERDAY        0.0
  MONTH TO DATE    0.0
  SINCE SEP 1     33.5
  SNOW DEPTH       0

DEGREE DAYS
 HEATING
  YESTERDAY        6                         6      0        4
  MONTH TO DATE    6                        18    -12       18
  SINCE MAR 1    649                       912   -263      894
  SINCE JUL 1   3584                      4366   -782     4799

 COOLING
  YESTERDAY        0                         1     -1        0
  MONTH TO DATE    8                         3      5        0
  SINCE MAR 1     54                        35     19       15
  SINCE JAN 1     54                        35     19       15
..................................................................


WIND (MPH)
  HIGHEST WIND SPEED    13   HIGHEST WIND DIRECTION    NW (320)
  HIGHEST GUST SPEED    18   HIGHEST GUST DIRECTION    NW (310)
  AVERAGE WIND SPEED     4.2


SKY COVER
  POSSIBLE SUNSHINE  MM
  AVERAGE SKY COVER 0.9


WEATHER CONDITIONS
 THE FOLLOWING WEATHER WAS RECORDED YESTERDAY.
  RAIN
  LIGHT RAIN
  FOG
  HAZE


RELATIVE HUMIDITY (PERCENT)
 HIGHEST    97          1200 AM
 LOWEST     72          1200 PM
 AVERAGE    85

..........................................................


THE CHARLESTON WV CLIMATE NORMALS FOR TODAY
                         NORMAL    RECORD    YEAR
 MAXIMUM TEMPERATURE (F)   73        91      1919
 MINIMUM TEMPERATURE (F)   49        29      1986


SUNRISE AND SUNSET
MAY  4 2016...........SUNRISE   626 AM EDT   SUNSET   821 PM EDT
MAY  5 2016...........SUNRISE   624 AM EDT   SUNSET   822 PM EDT


-  INDICATES NEGATIVE NUMBERS.
R  INDICATES RECORD WAS SET OR TIED.
MM INDICATES DATA IS MISSING.
T  INDICATES TRACE AMOUNT.




$$
