000
CDUS41 KRLX 192120
CLICRW


CLIMATE REPORT
NATIONAL WEATHER SERVICE CHARLESTON WV
520 PM EDT TUE SEP 19 2017


...................................

...THE CHARLESTON WV CLIMATE SUMMARY FOR SEPTEMBER 19 2017...
VALID TODAY AS OF 0500 PM LOCAL TIME.

CLIMATE NORMAL PERIOD 1981 TO 2010
CLIMATE RECORD PERIOD 1901 TO 2017


WEATHER ITEM   OBSERVED TIME   RECORD YEAR NORMAL DEPARTURE LAST
                VALUE   (LST)  VALUE       VALUE  FROM      YEAR
                                                  NORMAL
..................................................................
TEMPERATURE (F)
 TODAY
  MAXIMUM         85    318 PM  98    1908  77      8       84
  MINIMUM         62    713 AM  33    1903  56      6       65
  AVERAGE         74                        66      8       75

PRECIPITATION (IN)
  TODAY            0.00          1.28 2003   0.10  -0.10      T
  MONTH TO DATE    2.39                      2.10   0.29     0.38
  SINCE SEP 1      2.39                      2.10   0.29     0.38
  SINCE JAN 1     37.83                     33.21   4.62    29.88

DEGREE DAYS
 HEATING
  TODAY            0                         2     -2        0
  MONTH TO DATE   28                        16     12        0
  SINCE SEP 1     28                        16     12        0
  SINCE JUL 1     28                        18     10        0

 COOLING
  TODAY            9                         3      6       10
  MONTH TO DATE   49                        99    -50      181
  SINCE SEP 1     49                        99    -50      181
  SINCE JAN 1    987                      1045    -58     1362
..................................................................


WIND (MPH)
  HIGHEST WIND SPEED     9   HIGHEST WIND DIRECTION     W (260)
  HIGHEST GUST SPEED    12   HIGHEST GUST DIRECTION    NW (310)
  AVERAGE WIND SPEED     1.4


SKY COVER
  POSSIBLE SUNSHINE  MM
  AVERAGE SKY COVER 0.6


WEATHER CONDITIONS
 THE FOLLOWING WEATHER WAS RECORDED TODAY.
  FOG
  FOG W/VISIBILITY <= 1/4 MILE


RELATIVE HUMIDITY (PERCENT)
 HIGHEST   100           100 AM
 LOWEST     51           300 PM
 AVERAGE    76

..........................................................


THE CHARLESTON WV CLIMATE NORMALS FOR TOMORROW
                         NORMAL    RECORD    YEAR
 MAXIMUM TEMPERATURE (F)   76        97      1925
 MINIMUM TEMPERATURE (F)   55        36      1937


SUNRISE AND SUNSET
SEPTEMBER 19 2017.....SUNRISE   712 AM EDT   SUNSET   728 PM EDT
SEPTEMBER 20 2017.....SUNRISE   713 AM EDT   SUNSET   726 PM EDT


-  INDICATES NEGATIVE NUMBERS.
R  INDICATES RECORD WAS SET OR TIED.
MM INDICATES DATA IS MISSING.
T  INDICATES TRACE AMOUNT.




$$
