000
CDUS41 KRLX 280722
CLICRW


CLIMATE REPORT
NATIONAL WEATHER SERVICE CHARLESTON WV
322 AM EDT FRI JUL 28 2017


...................................

...THE CHARLESTON WV CLIMATE SUMMARY FOR JULY 27 2017...

CLIMATE NORMAL PERIOD 1981 TO 2010
CLIMATE RECORD PERIOD 1901 TO 2017


WEATHER ITEM   OBSERVED TIME   RECORD YEAR NORMAL DEPARTURE LAST
                VALUE   (LST)  VALUE       VALUE  FROM      YEAR
                                                  NORMAL
..................................................................
TEMPERATURE (F)
 YESTERDAY
  MAXIMUM         75    300 PM 103    1930  85    -10       89
  MINIMUM         66    601 AM  50    1962  66      0       72
                                      1937
  AVERAGE         71                        75     -4       81

PRECIPITATION (IN)
  YESTERDAY        0.89          1.87 1959   0.17   0.72      T
  MONTH TO DATE    3.43                      4.31  -0.88     3.70
  SINCE JAN 1     31.49                     26.74   4.75    25.32

SNOWFALL (IN)
  YESTERDAY        0.0
  MONTH TO DATE    0.0
  SINCE SEP 1      7.5
  SNOW DEPTH       0

DEGREE DAYS
 HEATING
  YESTERDAY        0                         0      0        0
  MONTH TO DATE    0                         0      0        0
  SINCE JUN 1      5                        13     -8        3
  SINCE JUL 1      0                         0      0        0

 COOLING
  YESTERDAY        6                        10     -4       16
  MONTH TO DATE  320                       285     35      327
  SINCE JUN 1    516                       505     11      582
  SINCE JAN 1    661                       615     46      712
..................................................................


WIND (MPH)
  HIGHEST WIND SPEED    13   HIGHEST WIND DIRECTION     S (180)
  HIGHEST GUST SPEED    15   HIGHEST GUST DIRECTION    SW (210)
  AVERAGE WIND SPEED     3.3


SKY COVER
  POSSIBLE SUNSHINE  MM
  AVERAGE SKY COVER 0.8


WEATHER CONDITIONS
 THE FOLLOWING WEATHER WAS RECORDED YESTERDAY.
  THUNDERSTORM
  HEAVY RAIN
  RAIN
  LIGHT RAIN
  FOG


RELATIVE HUMIDITY (PERCENT)
 HIGHEST    93           200 AM
 LOWEST     79          1000 AM
 AVERAGE    86

..........................................................


THE CHARLESTON WV CLIMATE NORMALS FOR TODAY
                         NORMAL    RECORD    YEAR
 MAXIMUM TEMPERATURE (F)   85       100      1993
 MINIMUM TEMPERATURE (F)   66        46      1937


SUNRISE AND SUNSET
JULY 28 2017..........SUNRISE   625 AM EDT   SUNSET   840 PM EDT
JULY 29 2017..........SUNRISE   626 AM EDT   SUNSET   839 PM EDT


-  INDICATES NEGATIVE NUMBERS.
R  INDICATES RECORD WAS SET OR TIED.
MM INDICATES DATA IS MISSING.
T  INDICATES TRACE AMOUNT.




$$
