000
CDUS41 KRLX 260716
CLICRW


CLIMATE REPORT
NATIONAL WEATHER SERVICE CHARLESTON WV
316 AM EDT TUE JUL 26 2016


...................................

...THE CHARLESTON WV CLIMATE SUMMARY FOR JULY 25 2016...

CLIMATE NORMAL PERIOD 1981 TO 2010
CLIMATE RECORD PERIOD 1901 TO 2016


WEATHER ITEM   OBSERVED TIME   RECORD YEAR NORMAL DEPARTURE LAST
                VALUE   (LST)  VALUE       VALUE  FROM      YEAR
                                                  NORMAL
..................................................................
TEMPERATURE (F)
 YESTERDAY
  MAXIMUM         93    257 PM 106    1934  85      8       87
  MINIMUM         73    510 AM  51    1947  66      7       60
  AVERAGE         83                        75      8       74

PRECIPITATION (IN)
  YESTERDAY        0.00          1.85 1977   0.16  -0.16     0.00
  MONTH TO DATE    2.68                      3.98  -1.30     7.02
  SINCE JAN 1     24.30                     26.41  -2.11    32.20

SNOWFALL (IN)
  YESTERDAY        0.0
  MONTH TO DATE    0.0
  SINCE SEP 1     33.5
  SNOW DEPTH       0

DEGREE DAYS
 HEATING
  YESTERDAY        0                         0      0        0
  MONTH TO DATE    0                         0      0        0
  SINCE JUN 1      3                        13    -10        8
  SINCE JUL 1      0                         0      0        0

 COOLING
  YESTERDAY       18                        10      8        9
  MONTH TO DATE  295                       265     30      251
  SINCE JUN 1    550                       485     65      538
  SINCE JAN 1    680                       595     85      727
..................................................................


WIND (MPH)
  HIGHEST WIND SPEED    14   HIGHEST WIND DIRECTION    SW (230)
  HIGHEST GUST SPEED    18   HIGHEST GUST DIRECTION    SW (220)
  AVERAGE WIND SPEED     4.2


SKY COVER
  POSSIBLE SUNSHINE  MM
  AVERAGE SKY COVER 0.5


WEATHER CONDITIONS
 THE FOLLOWING WEATHER WAS RECORDED YESTERDAY.
  FOG


RELATIVE HUMIDITY (PERCENT)
 HIGHEST    94           100 AM
 LOWEST     49           300 PM
 AVERAGE    72

..........................................................


THE CHARLESTON WV CLIMATE NORMALS FOR TODAY
                         NORMAL    RECORD    YEAR
 MAXIMUM TEMPERATURE (F)   85       104      1934
                                             1930
 MINIMUM TEMPERATURE (F)   66        52      1920


SUNRISE AND SUNSET
JULY 26 2016..........SUNRISE   624 AM EDT   SUNSET   841 PM EDT
JULY 27 2016..........SUNRISE   625 AM EDT   SUNSET   841 PM EDT


-  INDICATES NEGATIVE NUMBERS.
R  INDICATES RECORD WAS SET OR TIED.
MM INDICATES DATA IS MISSING.
T  INDICATES TRACE AMOUNT.




$$
