000
CDUS42 KFFC 240031
CLICSG


CLIMATE REPORT
NATIONAL WEATHER SERVICE PEACHTREE CITY GA
731 PM EST SUN NOV 23 2014


...................................

...THE COLUMBUS CLIMATE SUMMARY FOR NOVEMBER 23 2014...
VALID AS OF 0700 PM LOCAL TIME.

CLIMATE NORMAL PERIOD 1981 TO 2010
CLIMATE RECORD PERIOD 1948 TO 2014


WEATHER ITEM   OBSERVED TIME   RECORD YEAR NORMAL DEPARTURE LAST
                VALUE   (LST)  VALUE       VALUE  FROM      YEAR
                                                  NORMAL
..................................................................
TEMPERATURE (F)
 TODAY
  MAXIMUM         68    334 PM  79    1979  66      2       63
  MINIMUM         53    329 AM  19    1956  44      9       47
  AVERAGE         61                        55      6       55

PRECIPITATION (IN)
  TODAY            1.52          1.82 1948   0.16   1.36     0.01
  MONTH TO DATE    2.89                      3.00  -0.11     0.58
  SINCE SEP 1     11.26                      8.64   2.62     2.20
  SINCE JAN 1     47.44                     41.38   6.06    52.57

SNOWFALL (IN)
  TODAY            0.0           0.0  2001   0.0    0.0      0.0
  MONTH TO DATE    0.0                       0.0    0.0      0.0
  SINCE SEP 1      0.0                       0.0    0.0      0.0
  SINCE JUL 1      0.0                       0.0    0.0      0.0
  SNOW DEPTH       0

DEGREE DAYS
 HEATING
  TODAY            4                        10     -6       10
  MONTH TO DATE  326                       174    152      150
  SINCE SEP 1    370                       250    120      197
  SINCE JUL 1    370                       250    120      197
..................................................................


WIND (MPH)
  HIGHEST WIND SPEED    29   HIGHEST WIND DIRECTION    SW (240)
  HIGHEST GUST SPEED    41   HIGHEST GUST DIRECTION    SW (240)
  AVERAGE WIND SPEED     9.6


SKY COVER
  AVERAGE SKY COVER 1.0


WEATHER CONDITIONS
 THE FOLLOWING WEATHER WAS RECORDED TODAY.
  THUNDERSTORM
  HEAVY RAIN
  RAIN
  LIGHT RAIN
  FOG


RELATIVE HUMIDITY (PERCENT)
 HIGHEST   100           400 AM
 LOWEST     83          1200 AM

..........................................................


THE COLUMBUS CLIMATE NORMALS FOR TOMORROW
                         NORMAL    RECORD
 MAXIMUM TEMPERATURE (F)   66        80
 MINIMUM TEMPERATURE (F)   44        19


SUNRISE AND SUNSET
NOVEMBER 23 2014......SUNRISE   717 AM EST   SUNSET   536 PM EST
NOVEMBER 24 2014......SUNRISE   717 AM EST   SUNSET   535 PM EST


-  INDICATES NEGATIVE NUMBERS.
R  INDICATES RECORD WAS SET OR TIED.
MM INDICATES DATA IS MISSING.
T  INDICATES TRACE AMOUNT.




$$
