000
CDUS42 KFFC 312039
CLICSG


CLIMATE REPORT
NATIONAL WEATHER SERVICE PEACHTREE CITY GA
439 PM EDT FRI OCT 31 2014


...................................

...THE COLUMBUS CLIMATE SUMMARY FOR OCTOBER 31 2014...
VALID TODAY AS OF 0400 PM LOCAL TIME.

CLIMATE NORMAL PERIOD 1981 TO 2010
CLIMATE RECORD PERIOD 1948 TO 2014


WEATHER ITEM   OBSERVED TIME   RECORD YEAR NORMAL DEPARTURE LAST
                VALUE   (LST)  VALUE       VALUE  FROM      YEAR
                                                  NORMAL
..................................................................
TEMPERATURE (F)
 TODAY
  MAXIMUM         70    133 PM  86    2000  73     -3       80
                                      1961
  MINIMUM         46    657 AM  29    1954  51     -5       60
  AVERAGE         58                        62     -4       70

PRECIPITATION (IN)
  TODAY            0.00          1.93 1967   0.09  -0.09      T
  MONTH TO DATE    4.26                      2.58   1.68     0.45
  SINCE SEP 1      8.37                      5.64   2.73     1.62
  SINCE JAN 1     44.55                     38.38   6.17    51.99

SNOWFALL (IN)
  TODAY            0.0           0.0  2002   0.0    0.0      0.0
                                      2001
  MONTH TO DATE    0.0                       0.0    0.0      0.0
  SINCE SEP 1      0.0                       0.0    0.0      0.0
  SINCE JUL 1      0.0                       0.0    0.0      0.0
  SNOW DEPTH       0

DEGREE DAYS
 HEATING
  TODAY            7                         5      2        0
  MONTH TO DATE   43                        75    -32       47
  SINCE SEP 1     43                        76    -33       47
  SINCE JUL 1     43                        76    -33       47

 COOLING
  TODAY            0                         2     -2        5
  MONTH TO DATE  128                       118     10      157
  SINCE SEP 1    514                       468     46      552
  SINCE JAN 1   2309                      2340    -31     2336
..................................................................


WIND (MPH)
  RESULTANT WIND SPEED   5   RESULTANT WIND DIRECTION   N (350)
  HIGHEST WIND SPEED    15   HIGHEST WIND DIRECTION     N (340)
  HIGHEST GUST SPEED    20   HIGHEST GUST DIRECTION     N (340)
  AVERAGE WIND SPEED     5.5


SKY COVER
  AVERAGE SKY COVER 0.1


WEATHER CONDITIONS
 THE FOLLOWING WEATHER WAS RECORDED TODAY.
  NO SIGNIFICANT WEATHER WAS OBSERVED.


RELATIVE HUMIDITY (PERCENT)
 HIGHEST    77           100 AM
 LOWEST     32           200 PM
 AVERAGE    55

..........................................................


THE COLUMBUS CLIMATE NORMALS FOR TOMORROW
                         NORMAL    RECORD    YEAR
 MAXIMUM TEMPERATURE (F)   73        86      2000
 MINIMUM TEMPERATURE (F)   50        29      1993


SUNRISE AND SUNSET
OCTOBER 31 2014.......SUNRISE   756 AM EDT   SUNSET   650 PM EDT
NOVEMBER  1 2014......SUNRISE   757 AM EDT   SUNSET   649 PM EDT


-  INDICATES NEGATIVE NUMBERS.
R  INDICATES RECORD WAS SET OR TIED.
MM INDICATES DATA IS MISSING.
T  INDICATES TRACE AMOUNT.




$$
