000
CDUS42 KFFC 290820
CLICSG


CLIMATE REPORT
NATIONAL WEATHER SERVICE PEACHTREE CITY GA
419 AM EDT SAT AUG 29 2015


...................................

...THE COLUMBUS CLIMATE SUMMARY FOR AUGUST 28 2015...

CLIMATE NORMAL PERIOD 1981 TO 2010
CLIMATE RECORD PERIOD 1948 TO 2015


WEATHER ITEM   OBSERVED TIME   RECORD YEAR NORMAL DEPARTURE LAST
                VALUE   (LST)  VALUE       VALUE  FROM      YEAR
                                                  NORMAL
..................................................................
TEMPERATURE (F)
 YESTERDAY
  MAXIMUM         88    225 PM 101    1990  91     -3       95
  MINIMUM         72    440 AM  57    1952  72      0       65
  AVERAGE         80                        81     -1       80

PRECIPITATION (IN)
  YESTERDAY        0.20          2.21 2009   0.11   0.09     0.00
  MONTH TO DATE    7.19                      3.45   3.74     1.18
  SINCE JUN 1     13.50                     11.93   1.57     9.88
  SINCE JAN 1     32.98                     32.42   0.56    35.67

DEGREE DAYS
 HEATING
  YESTERDAY        0                         0      0        0
  MONTH TO DATE    0                         0      0        0
  SINCE JUN 1      0                         0      0        0
  SINCE JUL 1      0                         0      0        0

 COOLING
  YESTERDAY       15                        16     -1       15
  MONTH TO DATE  478                       475      3      462
  SINCE JUN 1   1539                      1465     74     1403
  SINCE JAN 1   1985                      1823    162     1739
..................................................................


WIND (MPH)
  HIGHEST WIND SPEED     8   HIGHEST WIND DIRECTION     E (110)
  HIGHEST GUST SPEED    12   HIGHEST GUST DIRECTION     E (80)
  AVERAGE WIND SPEED     7.3


SKY COVER
  AVERAGE SKY COVER 0.5


WEATHER CONDITIONS
 THE FOLLOWING WEATHER WAS RECORDED YESTERDAY.
  THUNDERSTORM
  HEAVY RAIN
  LIGHT RAIN
  FOG


RELATIVE HUMIDITY (PERCENT)
 HIGHEST    94           700 PM
 LOWEST     55           200 PM
 AVERAGE    75

..........................................................


THE COLUMBUS CLIMATE NORMALS FOR TODAY
                         NORMAL    RECORD    YEAR
 MAXIMUM TEMPERATURE (F)   90       102      1990
 MINIMUM TEMPERATURE (F)   71        59      1992


SUNRISE AND SUNSET
AUGUST 29 2015........SUNRISE   713 AM EDT   SUNSET   808 PM EDT
AUGUST 30 2015........SUNRISE   713 AM EDT   SUNSET   807 PM EDT


-  INDICATES NEGATIVE NUMBERS.
R  INDICATES RECORD WAS SET OR TIED.
MM INDICATES DATA IS MISSING.
T  INDICATES TRACE AMOUNT.




$$
