000
CDUS42 KFFC 042041
CLICSG


CLIMATE REPORT
NATIONAL WEATHER SERVICE PEACHTREE CITY GA
441 PM EDT WED MAY 4 2016


...................................

...THE COLUMBUS CLIMATE SUMMARY FOR MAY 4 2016...
VALID TODAY AS OF 0400 PM LOCAL TIME.

CLIMATE NORMAL PERIOD 1981 TO 2010
CLIMATE RECORD PERIOD 1948 TO 2016


WEATHER ITEM   OBSERVED TIME   RECORD YEAR NORMAL DEPARTURE LAST
                VALUE   (LST)  VALUE       VALUE  FROM      YEAR
                                                  NORMAL
..................................................................
TEMPERATURE (F)
 TODAY
  MAXIMUM         74    319 PM  92    1930  81     -7       82
  MINIMUM         56    620 AM  40    1971  58     -2       55
  AVERAGE         65                        70     -5       69

PRECIPITATION (IN)
  TODAY            0.00          2.24 1967   0.10  -0.10     0.00
  MONTH TO DATE    0.01                      0.41  -0.40     0.00
  SINCE MAR 1      9.51                      9.42   0.09     8.93
  SINCE JAN 1     16.94                     17.71  -0.77    16.30

DEGREE DAYS
 HEATING
  TODAY            0                         1     -1        0
  MONTH TO DATE    0                         4     -4        2
  SINCE MAR 1    214                       339   -125      202
  SINCE JUL 1   1604                      2116   -512     2212

 COOLING
  TODAY            0                         5     -5        4
  MONTH TO DATE   26                        20      6        6
  SINCE MAR 1    164                       120     44      155
  SINCE JAN 1    166                       124     42      155
..................................................................


WIND (MPH)
  RESULTANT WIND SPEED   6   RESULTANT WIND DIRECTION   N (340)
  HIGHEST WIND SPEED    15   HIGHEST WIND DIRECTION     N (350)
  HIGHEST GUST SPEED    24   HIGHEST GUST DIRECTION    NW (310)
  AVERAGE WIND SPEED     8.1


SKY COVER
  AVERAGE SKY COVER 0.2


WEATHER CONDITIONS
 THE FOLLOWING WEATHER WAS RECORDED TODAY.
  NO SIGNIFICANT WEATHER WAS OBSERVED.


RELATIVE HUMIDITY (PERCENT)
 HIGHEST    80           500 AM
 LOWEST     35           100 PM
 AVERAGE    58

..........................................................


THE COLUMBUS CLIMATE NORMALS FOR TOMORROW
                         NORMAL    RECORD    YEAR
 MAXIMUM TEMPERATURE (F)   81        93      1959
                                             1930
 MINIMUM TEMPERATURE (F)   58        43      1973


SUNRISE AND SUNSET
MAY  4 2016...........SUNRISE   650 AM EDT   SUNSET   824 PM EDT
MAY  5 2016...........SUNRISE   649 AM EDT   SUNSET   824 PM EDT


-  INDICATES NEGATIVE NUMBERS.
R  INDICATES RECORD WAS SET OR TIED.
MM INDICATES DATA IS MISSING.
T  INDICATES TRACE AMOUNT.




$$
