000
CDUS42 KFFC 052037
CLICSG


CLIMATE REPORT
NATIONAL WEATHER SERVICE PEACHTREE CITY GA
437 PM EDT SUN JUL 5 2015


...................................

...THE COLUMBUS CLIMATE SUMMARY FOR JULY 5 2015...
VALID TODAY AS OF 0400 PM LOCAL TIME.

CLIMATE NORMAL PERIOD 1981 TO 2010
CLIMATE RECORD PERIOD 1948 TO 2015


WEATHER ITEM   OBSERVED TIME   RECORD YEAR NORMAL DEPARTURE LAST
                VALUE   (LST)  VALUE       VALUE  FROM      YEAR
                                                  NORMAL
..................................................................
TEMPERATURE (F)
 TODAY
  MAXIMUM         81    259 PM 102    1979  92    -11       90
  MINIMUM         69    659 AM  64    1952  73     -4       69
  AVERAGE         75                        82     -7       80

PRECIPITATION (IN)
  TODAY            0.04          0.95 1981   0.16  -0.12     0.00
  MONTH TO DATE    1.17                      0.78   0.39     0.00
  SINCE JUN 1      5.24                      4.50   0.74     4.21
  SINCE JAN 1     24.72                     24.99  -0.27    30.00

DEGREE DAYS
 HEATING
  TODAY            0                         0      0        0
  MONTH TO DATE    0                         0      0        0
  SINCE JUN 1      0                         0      0        0
  SINCE JUL 1      0                         0      0        0

 COOLING
  TODAY           10                        17     -7       15
  MONTH TO DATE   63                        85    -22       84
  SINCE JUN 1    535                       531      4      543
  SINCE JAN 1    981                       889     92      879
..................................................................


WIND (MPH)
  RESULTANT WIND SPEED   3   RESULTANT WIND DIRECTION  SW (240)
  HIGHEST WIND SPEED    12   HIGHEST WIND DIRECTION    SW (240)
  HIGHEST GUST SPEED    14   HIGHEST GUST DIRECTION     W (250)
  AVERAGE WIND SPEED     3.8


SKY COVER
  AVERAGE SKY COVER 0.6


WEATHER CONDITIONS
 THE FOLLOWING WEATHER WAS RECORDED TODAY.
  LIGHT RAIN


RELATIVE HUMIDITY (PERCENT)
 HIGHEST    97          1200 AM
 LOWEST     67           300 PM
 AVERAGE    82

..........................................................


THE COLUMBUS CLIMATE NORMALS FOR TOMORROW
                         NORMAL    RECORD    YEAR
 MAXIMUM TEMPERATURE (F)   92       101      1977
 MINIMUM TEMPERATURE (F)   73        61      1970


SUNRISE AND SUNSET
JULY  5 2015..........SUNRISE   638 AM EDT   SUNSET   851 PM EDT
JULY  6 2015..........SUNRISE   638 AM EDT   SUNSET   851 PM EDT


-  INDICATES NEGATIVE NUMBERS.
R  INDICATES RECORD WAS SET OR TIED.
MM INDICATES DATA IS MISSING.
T  INDICATES TRACE AMOUNT.




$$
