000
CDUS42 KFFC 190924
CLICSG


CLIMATE REPORT
NATIONAL WEATHER SERVICE PEACHTREE CITY GA
423 AM EST SUN NOV 19 2017


...................................

...THE COLUMBUS CLIMATE SUMMARY FOR NOVEMBER 18 2017...

CLIMATE NORMAL PERIOD 1981 TO 2010
CLIMATE RECORD PERIOD 1948 TO 2017


WEATHER ITEM   OBSERVED TIME   RECORD YEAR NORMAL DEPARTURE LAST
                VALUE   (LST)  VALUE       VALUE  FROM      YEAR
                                                  NORMAL
..................................................................
TEMPERATURE (F)
 YESTERDAY
  MAXIMUM         75    236 PM  84    1985  68      7       78
  MINIMUM         45    721 AM  26    2014  45      0       44
                                      1951
  AVERAGE         60                        56      4       61

PRECIPITATION (IN)
  YESTERDAY        0.13          3.08 1957   0.16  -0.03     0.00
  MONTH TO DATE    1.54                      2.22  -0.68     0.00
  SINCE SEP 1      9.35                      7.86   1.49     1.67
  SINCE JAN 1     48.36                     40.60   7.76    28.59

SNOWFALL (IN)
  YESTERDAY        0.0           0.0  2002   0.0    0.0      0.0
                                      2001
  MONTH TO DATE    0.0                       0.0    0.0      0.0
  SINCE SEP 1      0.0                       0.0    0.0      0.0
  SINCE JUL 1      0.0                       0.0    0.0      0.0
  SNOW DEPTH       0

DEGREE DAYS
 HEATING
  YESTERDAY        5                         9     -4        4
  MONTH TO DATE   93                       125    -32       79
  SINCE SEP 1    160                       201    -41       89
  SINCE JUL 1    160                       201    -41       89

 COOLING
  YESTERDAY        0                         1     -1        0
  MONTH TO DATE   37                        21     16       30
  SINCE SEP 1    620                       489    131      697
  SINCE JAN 1   2714                      2361    353     2754
..................................................................


WIND (MPH)
  HIGHEST WIND SPEED    37   HIGHEST WIND DIRECTION    NW (330)
  HIGHEST GUST SPEED    45   HIGHEST GUST DIRECTION    NW (320)
  AVERAGE WIND SPEED     8.7


SKY COVER
  AVERAGE SKY COVER 0.4


WEATHER CONDITIONS
 THE FOLLOWING WEATHER WAS RECORDED YESTERDAY.
  HEAVY RAIN
  RAIN
  LIGHT RAIN


RELATIVE HUMIDITY (PERCENT)
 HIGHEST    86           200 AM
 LOWEST     57          1200 PM
 AVERAGE    72

..........................................................


THE COLUMBUS CLIMATE NORMALS FOR TODAY
                         NORMAL    RECORD    YEAR
 MAXIMUM TEMPERATURE (F)   67        84      1942
 MINIMUM TEMPERATURE (F)   45        21      2014


SUNRISE AND SUNSET
NOVEMBER 19 2017......SUNRISE   713 AM EST   SUNSET   537 PM EST
NOVEMBER 20 2017......SUNRISE   714 AM EST   SUNSET   536 PM EST


-  INDICATES NEGATIVE NUMBERS.
R  INDICATES RECORD WAS SET OR TIED.
MM INDICATES DATA IS MISSING.
T  INDICATES TRACE AMOUNT.




$$
