000
CDUS42 KFFC 210817
CLICSG


CLIMATE REPORT
NATIONAL WEATHER SERVICE PEACHTREE CITY GA
417 AM EDT SUN SEP 21 2014


...................................

...THE COLUMBUS CLIMATE SUMMARY FOR SEPTEMBER 20 2014...

CLIMATE NORMAL PERIOD 1981 TO 2010
CLIMATE RECORD PERIOD 1948 TO 2014


WEATHER ITEM   OBSERVED TIME   RECORD YEAR NORMAL DEPARTURE LAST
                VALUE   (LST)  VALUE       VALUE  FROM      YEAR
                                                  NORMAL
..................................................................
TEMPERATURE (F)
 YESTERDAY
  MAXIMUM         83    436 PM  98    2010  85     -2       91
  MINIMUM         68   1133 PM  50    1981  65      3       66
  AVERAGE         76                        75      1       79

PRECIPITATION (IN)
  YESTERDAY        0.00          0.66 2011   0.10  -0.10     0.00
  MONTH TO DATE    3.88                      2.09   1.79      T
  SINCE SEP 1      3.88                      2.09   1.79      T
  SINCE JAN 1     40.06                     34.83   5.23    50.37

DEGREE DAYS
 HEATING
  YESTERDAY        0                         0      0        0
  MONTH TO DATE    0                         0      0        0
  SINCE SEP 1      0                         0      0        0
  SINCE JUL 1      0                         0      0        0

 COOLING
  YESTERDAY       11                        10      1       14
  MONTH TO DATE  318                       262     56      321
  SINCE SEP 1    318                       262     56      321
  SINCE JAN 1   2113                      2134    -21     2105
..................................................................


WIND (MPH)
  HIGHEST WIND SPEED    15   HIGHEST WIND DIRECTION     E (80)
  HIGHEST GUST SPEED    21   HIGHEST GUST DIRECTION     E (80)
  AVERAGE WIND SPEED     8.0


SKY COVER
  AVERAGE SKY COVER 0.5


WEATHER CONDITIONS
 THE FOLLOWING WEATHER WAS RECORDED YESTERDAY.
  NO SIGNIFICANT WEATHER WAS OBSERVED.


RELATIVE HUMIDITY (PERCENT)
 HIGHEST    84           100 AM
 LOWEST     51           400 PM
 AVERAGE    68

..........................................................


THE COLUMBUS CLIMATE NORMALS FOR TODAY
                         NORMAL    RECORD    YEAR
 MAXIMUM TEMPERATURE (F)   85        98      2010
 MINIMUM TEMPERATURE (F)   65        53      1996


SUNRISE AND SUNSET
SEPTEMBER 21 2014.....SUNRISE   727 AM EDT   SUNSET   738 PM EDT
SEPTEMBER 22 2014.....SUNRISE   728 AM EDT   SUNSET   736 PM EDT


-  INDICATES NEGATIVE NUMBERS.
R  INDICATES RECORD WAS SET OR TIED.
MM INDICATES DATA IS MISSING.
T  INDICATES TRACE AMOUNT.




$$
