000
CDUS42 KFFC 170822
CLICSG


CLIMATE REPORT
NATIONAL WEATHER SERVICE PEACHTREE CITY GA
422 AM EDT THU AUG 17 2017


...................................

...THE COLUMBUS CLIMATE SUMMARY FOR AUGUST 16 2017...

CLIMATE NORMAL PERIOD 1981 TO 2010
CLIMATE RECORD PERIOD 1948 TO 2017


WEATHER ITEM   OBSERVED TIME   RECORD YEAR NORMAL DEPARTURE LAST
                VALUE   (LST)  VALUE       VALUE  FROM      YEAR
                                                  NORMAL
..................................................................
TEMPERATURE (F)
 YESTERDAY
  MAXIMUM         93    532 PM 103    1995  92      1       95
  MINIMUM         75    637 AM  64    1929  73      2       75
  AVERAGE         84                        82      2       85

PRECIPITATION (IN)
  YESTERDAY        0.00          2.25 2005   0.11  -0.11      T
  MONTH TO DATE    2.81                      2.00   0.81     1.97
  SINCE JUN 1     11.37                     10.48   0.89     5.08
  SINCE JAN 1     36.94                     30.97   5.97    24.52

DEGREE DAYS
 HEATING
  YESTERDAY        0                         0      0        0
  MONTH TO DATE    0                         0      0        0
  SINCE JUN 1      0                         0      0        0
  SINCE JUL 1      0                         0      0        0

 COOLING
  YESTERDAY       19                        17      2       20
  MONTH TO DATE  268                       276     -8      290
  SINCE JUN 1   1276                      1266     10     1393
  SINCE JAN 1   1828                      1624    204     1779
..................................................................


WIND (MPH)
  HIGHEST WIND SPEED    12   HIGHEST WIND DIRECTION     W (280)
  HIGHEST GUST SPEED    21   HIGHEST GUST DIRECTION     W (290)
  AVERAGE WIND SPEED     4.4


SKY COVER
  AVERAGE SKY COVER 0.3


WEATHER CONDITIONS
 THE FOLLOWING WEATHER WAS RECORDED YESTERDAY.
  NO SIGNIFICANT WEATHER WAS OBSERVED.


RELATIVE HUMIDITY (PERCENT)
 HIGHEST    94           200 AM
 LOWEST     52           200 PM
 AVERAGE    73

..........................................................


THE COLUMBUS CLIMATE NORMALS FOR TODAY
                         NORMAL    RECORD    YEAR
 MAXIMUM TEMPERATURE (F)   92       102      2000
 MINIMUM TEMPERATURE (F)   73        65      2013


SUNRISE AND SUNSET
AUGUST 17 2017........SUNRISE   705 AM EDT   SUNSET   822 PM EDT
AUGUST 18 2017........SUNRISE   706 AM EDT   SUNSET   821 PM EDT


-  INDICATES NEGATIVE NUMBERS.
R  INDICATES RECORD WAS SET OR TIED.
MM INDICATES DATA IS MISSING.
T  INDICATES TRACE AMOUNT.




$$
