000
CDUS42 KFFC 220023
CLICSG


CLIMATE REPORT
NATIONAL WEATHER SERVICE PEACHTREE CITY GA
723 PM EST SAT JAN 21 2017


...................................

...THE COLUMBUS CLIMATE SUMMARY FOR JANUARY 21 2017...
VALID AS OF 0700 PM LOCAL TIME.

CLIMATE NORMAL PERIOD 1981 TO 2010
CLIMATE RECORD PERIOD 1948 TO 2017


WEATHER ITEM   OBSERVED TIME   RECORD YEAR NORMAL DEPARTURE LAST
                VALUE   (LST)  VALUE       VALUE  FROM      YEAR
                                                  NORMAL
..................................................................
TEMPERATURE (F)
 TODAY
  MAXIMUM         68   1030 AM  79    1937  58     10       53
  MINIMUM         59    155 PM  -2    1985  37     22       47
  AVERAGE         64                        47     17       50

PRECIPITATION (IN)
  TODAY            1.65          2.77 1904   0.13   1.52     0.38
  MONTH TO DATE   10.26                      2.52   7.74     1.39
  SINCE DEC 1     14.63                      6.79   7.84    18.77
  SINCE JAN 1     10.26                      2.52   7.74     1.39

SNOWFALL (IN)
  TODAY            0.0           0.0  2002   0.0    0.0      0.0
  MONTH TO DATE    0.0                       0.2   -0.2      0.0
  SINCE DEC 1      0.0                       0.3   -0.3      0.0
  SINCE JUL 1      0.0                       0.3   -0.3      0.0
  SNOW DEPTH       0

DEGREE DAYS
 HEATING
  TODAY            1                        18    -17       15
  MONTH TO DATE  207                       378   -171      411
  SINCE DEC 1    594                       875   -281      620
  SINCE JUL 1    781                      1207   -426      816
..................................................................


WIND (MPH)
  HIGHEST WIND SPEED    31   HIGHEST WIND DIRECTION     W (270)
  HIGHEST GUST SPEED    45   HIGHEST GUST DIRECTION     W (270)
  AVERAGE WIND SPEED     5.8


SKY COVER
  AVERAGE SKY COVER 0.8


WEATHER CONDITIONS
 THE FOLLOWING WEATHER WAS RECORDED TODAY.
  THUNDERSTORM
  HEAVY RAIN
  RAIN
  LIGHT RAIN
  FOG


RELATIVE HUMIDITY (PERCENT)
 HIGHEST   100           100 AM
 LOWEST     84           500 PM

..........................................................


THE COLUMBUS CLIMATE NORMALS FOR TOMORROW
                         NORMAL    RECORD
 MAXIMUM TEMPERATURE (F)   58        79
 MINIMUM TEMPERATURE (F)   37        12


SUNRISE AND SUNSET
JANUARY 21 2017.......SUNRISE   740 AM EST   SUNSET   603 PM EST
JANUARY 22 2017.......SUNRISE   739 AM EST   SUNSET   604 PM EST


-  INDICATES NEGATIVE NUMBERS.
R  INDICATES RECORD WAS SET OR TIED.
MM INDICATES DATA IS MISSING.
T  INDICATES TRACE AMOUNT.




$$
