000
CDUS42 KFFC 200917
CLICSG


CLIMATE REPORT
NATIONAL WEATHER SERVICE PEACHTREE CITY GA
417 AM EST SAT JAN 20 2018


...................................

...THE COLUMBUS CLIMATE SUMMARY FOR JANUARY 19 2018...

CLIMATE NORMAL PERIOD 1981 TO 2010
CLIMATE RECORD PERIOD 1948 TO 2018


WEATHER ITEM   OBSERVED TIME   RECORD YEAR NORMAL DEPARTURE LAST
                VALUE   (LST)  VALUE       VALUE  FROM      YEAR
                                                  NORMAL
..................................................................
TEMPERATURE (F)
 YESTERDAY
  MAXIMUM         56    416 PM  82    1990  58     -2       75
  MINIMUM         22    742 AM   6    1977  37    -15       52
  AVERAGE         39                        47     -8       64

PRECIPITATION (IN)
  YESTERDAY        0.00          4.68 1936   0.13  -0.13     0.03
  MONTH TO DATE    0.89                      2.27  -1.38     8.58
  SINCE DEC 1      3.44                      6.54  -3.10    12.95
  SINCE JAN 1      0.89                      2.27  -1.38     8.58

SNOWFALL (IN)
  YESTERDAY        0.0           0.0  2002   0.0    0.0      0.0
  MONTH TO DATE    2.0                       0.1    1.9      0.0
  SINCE DEC 1      2.0                       0.2    1.8      0.0
  SINCE JUL 1      2.0                       0.2    1.8      0.0
  SNOW DEPTH       0

DEGREE DAYS
 HEATING
  YESTERDAY       26                        18      8        1
  MONTH TO DATE  466                       342    124      206
  SINCE DEC 1    895                       839     56      593
  SINCE JUL 1   1159                      1171    -12      780

 COOLING
  YESTERDAY        0                         0      0        0
  MONTH TO DATE    2                         0      2        2
  SINCE DEC 1     10                         4      6        7
  SINCE JAN 1      2                         0      2        2
..................................................................


WIND (MPH)
  HIGHEST WIND SPEED     9   HIGHEST WIND DIRECTION     W (280)
  HIGHEST GUST SPEED    12   HIGHEST GUST DIRECTION    NW (330)
  AVERAGE WIND SPEED     2.0


SKY COVER
  AVERAGE SKY COVER 0.0


WEATHER CONDITIONS
 THE FOLLOWING WEATHER WAS RECORDED YESTERDAY.
  NO SIGNIFICANT WEATHER WAS OBSERVED.


RELATIVE HUMIDITY (PERCENT)
 HIGHEST    81           800 AM
 LOWEST     13           400 PM
 AVERAGE    47

..........................................................


THE COLUMBUS CLIMATE NORMALS FOR TODAY
                         NORMAL    RECORD    YEAR
 MAXIMUM TEMPERATURE (F)   58        78      1907
 MINIMUM TEMPERATURE (F)   37         2      1985


SUNRISE AND SUNSET
JANUARY 20 2018.......SUNRISE   740 AM EST   SUNSET   602 PM EST
JANUARY 21 2018.......SUNRISE   740 AM EST   SUNSET   603 PM EST


-  INDICATES NEGATIVE NUMBERS.
R  INDICATES RECORD WAS SET OR TIED.
MM INDICATES DATA IS MISSING.
T  INDICATES TRACE AMOUNT.




$$
