000
CDUS45 KTFX 220756
CLICTB


CLIMATE REPORT
NATIONAL WEATHER SERVICE GREAT FALLS MT
1252 AM MST MON DEC 22 2014


...................................

...THE CUT BANK MT CLIMATE SUMMARY FOR DECEMBER 21 2014...

CLIMATE NORMAL PERIOD 1981 TO 2010
CLIMATE RECORD PERIOD 1903 TO 2014


WEATHER ITEM   OBSERVED TIME   RECORD YEAR NORMAL DEPARTURE LAST
                VALUE   (LST)  VALUE       VALUE  FROM      YEAR
                                                  NORMAL
..................................................................
TEMPERATURE (F)
 YESTERDAY
  MAXIMUM         44   1220 PM  57    1954  32     12       22
  MINIMUM         30   1159 PM -33    1990  11     19       -3
  AVERAGE         37                        21     16       10

PRECIPITATION (IN)
  YESTERDAY        0.00          0.22 1945   0.01  -0.01     0.01
  MONTH TO DATE    0.05                      0.15  -0.10     0.41
  SINCE OCT 1      1.85                      0.95   0.90     1.18
  SINCE JAN 1     16.76                     10.83   5.93    14.88

SNOWFALL (IN)
  YESTERDAY       MM
  SNOW DEPTH       T

DEGREE DAYS
 HEATING
  YESTERDAY       28                        44    -16       55
  MONTH TO DATE  799                       890    -91     1059
  SINCE DEC 1    799                       890    -91     1059
  SINCE JUL 1   2897                      3153   -256     3148

 COOLING
  YESTERDAY        0                         0      0        0
  MONTH TO DATE    0                         0      0        0
  SINCE DEC 1      0                         0      0        0
  SINCE JAN 1    208                       162     46      226
..................................................................


WIND (MPH)
  HIGHEST WIND SPEED    31   HIGHEST WIND DIRECTION     W (260)
  HIGHEST GUST SPEED    41   HIGHEST GUST DIRECTION     W (270)
  AVERAGE WIND SPEED    18.3


SKY COVER
  AVERAGE SKY COVER 0.2


WEATHER CONDITIONS
 THE FOLLOWING WEATHER WAS RECORDED YESTERDAY.
  NO SIGNIFICANT WEATHER WAS OBSERVED.


RELATIVE HUMIDITY (PERCENT)
 HIGHEST    85           100 AM
 LOWEST     62          1200 PM
 AVERAGE    74

..........................................................


THE CUT BANK MT CLIMATE NORMALS FOR TODAY
                         NORMAL    RECORD    YEAR
 MAXIMUM TEMPERATURE (F)   32        56      1994
 MINIMUM TEMPERATURE (F)   11       -32      1990


SUNRISE AND SUNSET
DECEMBER 22 2014......SUNRISE   820 AM MST   SUNSET   437 PM MST
DECEMBER 23 2014......SUNRISE   820 AM MST   SUNSET   437 PM MST


-  INDICATES NEGATIVE NUMBERS.
R  INDICATES RECORD WAS SET OR TIED.
MM INDICATES DATA IS MISSING.
T  INDICATES TRACE AMOUNT.




$$
