000
CDUS45 KTFX 011014
CLICTB


CLIMATE REPORT
NATIONAL WEATHER SERVICE GREAT FALLS MT
414 AM MDT SAT AUG 1 2015


...................................

...THE CUT BANK MT CLIMATE SUMMARY FOR JULY 31 2015...

CLIMATE NORMAL PERIOD 1981 TO 2010
CLIMATE RECORD PERIOD 1903 TO 2015


WEATHER ITEM   OBSERVED TIME   RECORD YEAR NORMAL DEPARTURE LAST
                VALUE   (LST)  VALUE       VALUE  FROM      YEAR
                                                  NORMAL
..................................................................
TEMPERATURE (F)
 YESTERDAY
  MAXIMUM         94    236 PM  99    1929  82     12       91
  MINIMUM         47    311 AM  34    1968  51     -4       54
  AVERAGE         71                        66      5       73

PRECIPITATION (IN)
  YESTERDAY        0.00          1.45 1931   0.04  -0.04     0.00
  MONTH TO DATE    0.95                      1.28  -0.33     0.42
  SINCE OCT 1      7.68                      8.49  -0.81    12.35
  SINCE JAN 1      5.15                      7.47  -2.32    11.15

SNOWFALL (IN)
  YESTERDAY       MM
  SNOW DEPTH       0

DEGREE DAYS
 HEATING
  YESTERDAY        0                         2     -2        0
  MONTH TO DATE   67                        88    -21       17
  SINCE JUN 1    197                       319   -122      290
  SINCE JUL 1     67                        86    -19       17

 COOLING
  YESTERDAY        6                         3      3        8
  MONTH TO DATE   70                        72     -2      104
  SINCE JUN 1    130                        87     43      105
  SINCE JAN 1    130                        89     41      105
..................................................................


WIND (MPH)
  HIGHEST WIND SPEED    20   HIGHEST WIND DIRECTION     W (290)
  HIGHEST GUST SPEED    29   HIGHEST GUST DIRECTION     W (270)
  AVERAGE WIND SPEED     8.1


SKY COVER
  AVERAGE SKY COVER 0.0


WEATHER CONDITIONS
 THE FOLLOWING WEATHER WAS RECORDED YESTERDAY.
  NO SIGNIFICANT WEATHER WAS OBSERVED.


RELATIVE HUMIDITY (PERCENT)
 HIGHEST    66           200 AM
 LOWEST      8           300 PM
 AVERAGE    37

..........................................................


THE CUT BANK MT CLIMATE NORMALS FOR TODAY
                         NORMAL    RECORD    YEAR
 MAXIMUM TEMPERATURE (F)   82        95      1914
 MINIMUM TEMPERATURE (F)   51        37      2002


SUNRISE AND SUNSET
AUGUST  1 2015........SUNRISE   603 AM MDT   SUNSET   907 PM MDT
AUGUST  2 2015........SUNRISE   605 AM MDT   SUNSET   906 PM MDT


-  INDICATES NEGATIVE NUMBERS.
R  INDICATES RECORD WAS SET OR TIED.
MM INDICATES DATA IS MISSING.
T  INDICATES TRACE AMOUNT.




$$
