000
CDUS45 KTFX 010831
CLICTB


CLIMATE REPORT
NATIONAL WEATHER SERVICE GREAT FALLS MT
229 AM MDT TUE SEP 1 2015


...................................

...THE CUT BANK MT CLIMATE SUMMARY FOR AUGUST 31 2015...

CLIMATE NORMAL PERIOD 1981 TO 2010
CLIMATE RECORD PERIOD 1903 TO 2015


WEATHER ITEM   OBSERVED TIME   RECORD YEAR NORMAL DEPARTURE LAST
                VALUE   (LST)  VALUE       VALUE  FROM      YEAR
                                                  NORMAL
..................................................................
TEMPERATURE (F)
 YESTERDAY
  MAXIMUM         64    659 PM  97    1991  74    -10       70
  MINIMUM         50   1029 PM  30    1930  45      5       48
  AVERAGE         57                        59     -2       59

PRECIPITATION (IN)
  YESTERDAY        0.00          0.66 2008   0.04  -0.04     0.00
  MONTH TO DATE    0.60                      1.19  -0.59     2.69
  SINCE OCT 1      8.28                      9.68  -1.40    15.04
  SINCE JAN 1      5.75                      8.66  -2.91    13.84

SNOWFALL (IN)
  YESTERDAY       MM
  SNOW DEPTH       0

DEGREE DAYS
 HEATING
  YESTERDAY        8                         6      2        6
  MONTH TO DATE   84                       108    -24       80
  SINCE JUN 1    281                       427   -146      370
  SINCE JUL 1    151                       194    -43       97

 COOLING
  YESTERDAY        0                         1     -1        0
  MONTH TO DATE   98                        64     34       92
  SINCE JUN 1    228                       151     77      197
  SINCE JAN 1    228                       153     75      197
..................................................................


WIND (MPH)
  HIGHEST WIND SPEED    47   HIGHEST WIND DIRECTION     W (250)
  HIGHEST GUST SPEED    57   HIGHEST GUST DIRECTION     W (260)
  AVERAGE WIND SPEED    23.5


SKY COVER
  AVERAGE SKY COVER 0.0


WEATHER CONDITIONS
 THE FOLLOWING WEATHER WAS RECORDED YESTERDAY.
  NO SIGNIFICANT WEATHER WAS OBSERVED.


RELATIVE HUMIDITY (PERCENT)
 HIGHEST    54          1200 AM
 LOWEST     34          1200 PM
 AVERAGE    44

..........................................................


THE CUT BANK MT CLIMATE NORMALS FOR TODAY
                         NORMAL    RECORD    YEAR
 MAXIMUM TEMPERATURE (F)   74        97      1967
 MINIMUM TEMPERATURE (F)   44        30      1914


SUNRISE AND SUNSET
SEPTEMBER  1 2015.....SUNRISE   646 AM MDT   SUNSET   812 PM MDT
SEPTEMBER  2 2015.....SUNRISE   648 AM MDT   SUNSET   810 PM MDT


-  INDICATES NEGATIVE NUMBERS.
R  INDICATES RECORD WAS SET OR TIED.
MM INDICATES DATA IS MISSING.
T  INDICATES TRACE AMOUNT.




$$
