000
CDUS45 KTFX 310859
CLICTB


CLIMATE REPORT
NATIONAL WEATHER SERVICE GREAT FALLS MT
156 AM MST SAT JAN 31 2015


...................................

...THE CUT BANK MT CLIMATE SUMMARY FOR JANUARY 30 2015...

CLIMATE NORMAL PERIOD 1981 TO 2010
CLIMATE RECORD PERIOD 1903 TO 2015


WEATHER ITEM   OBSERVED TIME   RECORD YEAR NORMAL DEPARTURE LAST
                VALUE   (LST)  VALUE       VALUE  FROM      YEAR
                                                  NORMAL
..................................................................
TEMPERATURE (F)
 YESTERDAY
  MAXIMUM         50    311 PM  64    1962  34     16       11
  MINIMUM         20    659 AM -34    1996  12      8       -3
                                      1950
  AVERAGE         35                        23     12        4

PRECIPITATION (IN)
  YESTERDAY        0.00          0.20 1947   0.00   0.00     0.04
  MONTH TO DATE    0.64                      0.19   0.45     0.82
  SINCE OCT 1      3.17                      1.21   1.96     2.02
  SINCE JAN 1      0.64                      0.19   0.45     0.82

SNOWFALL (IN)
  YESTERDAY       MM
  SNOW DEPTH       0

DEGREE DAYS
 HEATING
  YESTERDAY       30                        42    -12       61
  MONTH TO DATE 1187                      1285    -98     1116
  SINCE DEC 1   2462                      2612   -150     2556
  SINCE JUL 1   4560                      4875   -315     4645

 COOLING
  YESTERDAY        0                         0      0        0
  MONTH TO DATE    0                         0      0        0
  SINCE DEC 1      0                         0      0        0
  SINCE JAN 1      0                         0      0        0
..................................................................


WIND (MPH)
  HIGHEST WIND SPEED    28   HIGHEST WIND DIRECTION     N (340)
  HIGHEST GUST SPEED    34   HIGHEST GUST DIRECTION     N (340)
  AVERAGE WIND SPEED     8.0


SKY COVER
  AVERAGE SKY COVER 0.0


WEATHER CONDITIONS
 THE FOLLOWING WEATHER WAS RECORDED YESTERDAY.
  FOG


RELATIVE HUMIDITY (PERCENT)
 HIGHEST    74           900 AM
 LOWEST     26           200 PM
 AVERAGE    50

..........................................................


THE CUT BANK MT CLIMATE NORMALS FOR TODAY
                         NORMAL    RECORD    YEAR
 MAXIMUM TEMPERATURE (F)   34        67      1962
 MINIMUM TEMPERATURE (F)   12       -46      1918


SUNRISE AND SUNSET
JANUARY 31 2015.......SUNRISE   800 AM MST   SUNSET   526 PM MST
FEBRUARY  1 2015......SUNRISE   759 AM MST   SUNSET   528 PM MST


-  INDICATES NEGATIVE NUMBERS.
R  INDICATES RECORD WAS SET OR TIED.
MM INDICATES DATA IS MISSING.
T  INDICATES TRACE AMOUNT.




$$
