000
CDUS45 KTFX 072224
CLICTB


CLIMATE REPORT
NATIONAL WEATHER SERVICE GREAT FALLS MT
423 PM MDT TUE JUL 7 2015


...................................

...THE CUT BANK MT CLIMATE SUMMARY FOR JULY 7 2015...
VALID TODAY AS OF 0400 PM LOCAL TIME.

CLIMATE NORMAL PERIOD 1981 TO 2010
CLIMATE RECORD PERIOD 1903 TO 2015


WEATHER ITEM   OBSERVED TIME   RECORD YEAR NORMAL DEPARTURE LAST
                VALUE   (LST)  VALUE       VALUE  FROM      YEAR
                                                  NORMAL
..................................................................
TEMPERATURE (F)
 TODAY
  MAXIMUM         67    259 PM  93    1985  77    -10       75
  MINIMUM         53    207 AM  37    1952  49      4       53
  AVERAGE         60                        63     -3       64

PRECIPITATION (IN)
  TODAY            0.01          0.78 1923   0.04  -0.03     0.04
  MONTH TO DATE    0.69                      0.37   0.32     0.04
  SINCE OCT 1      7.42                      7.58  -0.16    11.97
  SINCE JAN 1      4.89                      6.56  -1.67    10.77

SNOWFALL (IN)
  TODAY           MM
  SNOW DEPTH       0

DEGREE DAYS
 HEATING
  TODAY            5                         4      1        1
  MONTH TO DATE   27                        30     -3        4
  SINCE JUN 1    157                       263   -106      277
  SINCE JUL 1     27                        30     -3        4

 COOLING
  TODAY            0                         2     -2        0
  MONTH TO DATE   16                         9      7       26
  SINCE JUN 1     76                        24     52       27
  SINCE JAN 1     76                        26     50       27
..................................................................


WIND (MPH)
  HIGHEST WIND SPEED    24   HIGHEST WIND DIRECTION     N (340)
  HIGHEST GUST SPEED    30   HIGHEST GUST DIRECTION    NW (320)
  AVERAGE WIND SPEED    10.1


SKY COVER
  AVERAGE SKY COVER 0.7


WEATHER CONDITIONS
 THE FOLLOWING WEATHER WAS RECORDED TODAY.
  LIGHT RAIN


RELATIVE HUMIDITY (PERCENT)
 HIGHEST    89           400 AM
 LOWEST     52          1000 AM
 AVERAGE    71

..........................................................


THE CUT BANK MT CLIMATE NORMALS FOR TOMORROW
                         NORMAL    RECORD    YEAR
 MAXIMUM TEMPERATURE (F)   78        96      1921
 MINIMUM TEMPERATURE (F)   49        37      1971


SUNRISE AND SUNSET
JULY  7 2015..........SUNRISE   535 AM MDT   SUNSET   933 PM MDT
JULY  8 2015..........SUNRISE   536 AM MDT   SUNSET   932 PM MDT


-  INDICATES NEGATIVE NUMBERS.
R  INDICATES RECORD WAS SET OR TIED.
MM INDICATES DATA IS MISSING.
T  INDICATES TRACE AMOUNT.




$$
