000
CDUS45 KTFX 311017
CLICTB


CLIMATE REPORT
NATIONAL WEATHER SERVICE GREAT FALLS MT
416 AM MDT THU JUL 31 2014


...................................

...THE CUT BANK MT CLIMATE SUMMARY FOR JULY 30 2014...

CLIMATE NORMAL PERIOD 1981 TO 2010
CLIMATE RECORD PERIOD 1903 TO 2014


WEATHER ITEM   OBSERVED TIME   RECORD YEAR NORMAL DEPARTURE LAST
                VALUE   (LST)  VALUE       VALUE  FROM      YEAR
                                                  NORMAL
..................................................................
TEMPERATURE (F)
 YESTERDAY
  MAXIMUM         93    100 PM  98    1926  82     11       71
  MINIMUM         50    451 AM  40    1933  51     -1       48
  AVERAGE         72                        66      6       60

PRECIPITATION (IN)
  YESTERDAY        0.00          0.53 1931   0.03  -0.03     0.04
  MONTH TO DATE    0.42                      1.24  -0.82     1.71
  SINCE OCT 1     12.35                      8.45   3.90    11.67
  SINCE JAN 1     11.15                      7.43   3.72     9.50

SNOWFALL (IN)
  YESTERDAY       MM
  SNOW DEPTH       0

DEGREE DAYS
 HEATING
  YESTERDAY        0                         2     -2        5
  MONTH TO DATE   17                        86    -69       40
  SINCE JUN 1    290                       319    -29      249
  SINCE JUL 1     17                        86    -69       40

 COOLING
  YESTERDAY        7                         3      4        0
  MONTH TO DATE   96                        69     27       85
  SINCE JUN 1     97                        84     13       97
  SINCE JAN 1     97                        86     11       99
..................................................................


WIND (MPH)
  HIGHEST WIND SPEED    20   HIGHEST WIND DIRECTION    NW (310)
  HIGHEST GUST SPEED    26   HIGHEST GUST DIRECTION    NW (310)
  AVERAGE WIND SPEED     7.1


SKY COVER
  AVERAGE SKY COVER 0.0


WEATHER CONDITIONS
 THE FOLLOWING WEATHER WAS RECORDED YESTERDAY.
  THUNDERSTORM


RELATIVE HUMIDITY (PERCENT)
 HIGHEST    83           400 AM
 LOWEST     18           200 PM
 AVERAGE    51

..........................................................


THE CUT BANK MT CLIMATE NORMALS FOR TODAY
                         NORMAL    RECORD    YEAR
 MAXIMUM TEMPERATURE (F)   82        99      1929
 MINIMUM TEMPERATURE (F)   51        34      1968


SUNRISE AND SUNSET
JULY 31 2014..........SUNRISE   602 AM MDT   SUNSET   908 PM MDT
AUGUST  1 2014........SUNRISE   604 AM MDT   SUNSET   907 PM MDT


-  INDICATES NEGATIVE NUMBERS.
R  INDICATES RECORD WAS SET OR TIED.
MM INDICATES DATA IS MISSING.
T  INDICATES TRACE AMOUNT.




$$
