856
CDUS42 KTAE 070638
CLICTY


CLIMATE REPORT
NATIONAL WEATHER SERVICE TALLAHASSEE FL
138 AM EST SUN FEB 7 2016


...................................

...THE CROSS CITY  CLIMATE SUMMARY FOR FEBRUARY 6 2016...

CLIMATE NORMAL PERIOD 1981 TO 2010
CLIMATE RECORD PERIOD 1948 TO 2016


WEATHER ITEM   OBSERVED TIME   NORMAL DEPARTURE LAST
                VALUE   (LST)  VALUE  FROM      YEAR
                                      NORMAL
......................................................
TEMPERATURE (F)
 YESTERDAY
  MAXIMUM         55    126 PM  69    -14       63
  MINIMUM         40    203 AM  43     -3       35
  AVERAGE         48            56     -8

PRECIPITATION (IN)
  YESTERDAY        0.25          0.09   0.16     0.00
  MONTH TO DATE    2.94          0.63   2.31     1.16
  SINCE DEC 1      8.28          7.19   1.09     7.34
  SINCE JAN 1      6.02          4.67   1.35     4.10

DEGREE DAYS
 HEATING
  YESTERDAY       17            10      7
  MONTH TO DATE   36            60    -24
  SINCE DEC 1    466           770   -304
  SINCE JUL 1    504           938   -434

 COOLING
  YESTERDAY        0             1     -1
  MONTH TO DATE   17             6     11
  SINCE DEC 1    187            35    152
  SINCE JAN 1     21            17      4
......................................................


WIND (MPH)
  RESULTANT WIND SPEED   7   RESULTANT WIND DIRECTION  NE (30)
  HIGHEST WIND SPEED    17   HIGHEST WIND DIRECTION    NE (30)
  HIGHEST GUST SPEED    20   HIGHEST GUST DIRECTION    NW (330)
  AVERAGE WIND SPEED     8.1



WEATHER CONDITIONS
 THE FOLLOWING WEATHER WAS RECORDED YESTERDAY.
  NO SIGNIFICANT WEATHER WAS OBSERVED.


RELATIVE HUMIDITY (PERCENT)
 HIGHEST    93
 LOWEST     54

..........................................................




SUNRISE AND SUNSET
FEBRUARY  7 2016......SUNRISE   718 AM EST   SUNSET   615 PM EST
FEBRUARY  8 2016......SUNRISE   718 AM EST   SUNSET   616 PM EST


-  INDICATES NEGATIVE NUMBERS.
R  INDICATES RECORD WAS SET OR TIED.
MM INDICATES DATA IS MISSING.
T  INDICATES TRACE AMOUNT.




$$
