000
CDUS42 KTAE 240631
CLICTY


CLIMATE REPORT
NATIONAL WEATHER SERVICE TALLAHASSEE FL
230 AM EDT MON APR 24 2017


...................................

...THE CROSS CITY  CLIMATE SUMMARY FOR APRIL 23 2017...

CLIMATE NORMAL PERIOD 1981 TO 2010
CLIMATE RECORD PERIOD 1948 TO 2017


WEATHER ITEM   OBSERVED TIME   NORMAL DEPARTURE LAST
                VALUE   (LST)  VALUE  FROM      YEAR
                                      NORMAL
......................................................
TEMPERATURE (F)
 YESTERDAY
  MAXIMUM         86   1200 PM  82      4       83
  MINIMUM         61   1200 AM  55      6       63
  AVERAGE         74            68      6

PRECIPITATION (IN)
  YESTERDAY        0.00          0.07  -0.07     0.00
  MONTH TO DATE    2.11          2.57  -0.46     3.99
  SINCE MAR 1      2.97          6.78  -3.81     7.46
  SINCE JAN 1      5.52         14.09  -8.57    14.22

DEGREE DAYS
 HEATING
  YESTERDAY        0             1     -1
  MONTH TO DATE   21            44    -23
  SINCE MAR 1    156           179    -23
  SINCE JUL 1    755          1299   -544

 COOLING
  YESTERDAY        9             4      5
  MONTH TO DATE  110            74     36
  SINCE MAR 1    177           121     56
  SINCE JAN 1    239           148     91
......................................................


WIND (MPH)
  RESULTANT WIND SPEED   4   RESULTANT WIND DIRECTION  SW (240)
  HIGHEST WIND SPEED    16   HIGHEST WIND DIRECTION     W (260)
  HIGHEST GUST SPEED    21   HIGHEST GUST DIRECTION     W (260)
  AVERAGE WIND SPEED     5.6



WEATHER CONDITIONS
 THE FOLLOWING WEATHER WAS RECORDED YESTERDAY.
  NO SIGNIFICANT WEATHER WAS OBSERVED.


RELATIVE HUMIDITY (PERCENT)
 HIGHEST    97
 LOWEST     51

..........................................................




SUNRISE AND SUNSET
APRIL 24 2017.........SUNRISE   656 AM EDT   SUNSET   805 PM EDT
APRIL 25 2017.........SUNRISE   655 AM EDT   SUNSET   806 PM EDT


-  INDICATES NEGATIVE NUMBERS.
R  INDICATES RECORD WAS SET OR TIED.
MM INDICATES DATA IS MISSING.
T  INDICATES TRACE AMOUNT.




$$
