000
CDUS42 KTAE 312125
CLICTY


CLIMATE REPORT
NATIONAL WEATHER SERVICE TALLAHASSEE FL
523 PM EDT THU JUL 31 2014

...................................

...THE CROSS CITY (AMOS) CLIMATE SUMMARY FOR JULY 31 2014...
VALID TODAY AS OF 0500 PM LOCAL TIME.

CLIMATE NORMAL PERIOD 1981 TO 2010
CLIMATE RECORD PERIOD 1948 TO 2014


WEATHER ITEM   OBSERVED TIME   NORMAL DEPARTURE LAST
                VALUE   (LST)  VALUE  FROM      YEAR
                                      NORMAL
......................................................
TEMPERATURE (F)
 TODAY
  MAXIMUM         93    354 PM  91      2
  MINIMUM         67    554 AM  72     -5
  AVERAGE         80            82     -2

PRECIPITATION (IN)
  TODAY            0.00          0.20  -0.20     0.51
  MONTH TO DATE    7.29          5.66   1.63    21.01
  SINCE JUN 1     11.06         10.75   0.31    30.36
  SINCE JAN 1     36.56         27.92   8.64    42.90

DEGREE DAYS
 HEATING
  TODAY            0
  MONTH TO DATE    0
  SINCE JUN 1      0
  SINCE JUL 1      0

 COOLING
  TODAY           15
  MONTH TO DATE  521
  SINCE JUN 1   1000
  SINCE JAN 1   1492
......................................................


WIND (MPH)
  RESULTANT WIND SPEED   1   RESULTANT WIND DIRECTION  NW (330)
  HIGHEST WIND SPEED    12   HIGHEST WIND DIRECTION     W (290)
  HIGHEST GUST SPEED    14   HIGHEST GUST DIRECTION     W (290)
  AVERAGE WIND SPEED     2.1



WEATHER CONDITIONS
 THE FOLLOWING WEATHER WAS RECORDED TODAY.
  NO SIGNIFICANT WEATHER WAS OBSERVED.


RELATIVE HUMIDITY (PERCENT)
 HIGHEST    97
 LOWEST     38
 AVERAGE    68

..........................................................


THE CROSS CITY (AMOS) CLIMATE NORMALS FOR TOMORROW
                         NORMAL
 MAXIMUM TEMPERATURE (F)   91
 MINIMUM TEMPERATURE (F)   72



-  INDICATES NEGATIVE NUMBERS.
R  INDICATES RECORD WAS SET OR TIED.
MM INDICATES DATA IS MISSING.
T  INDICATES TRACE AMOUNT.

$$
