000
CDUS42 KTAE 202137
CLICTY


CLIMATE REPORT
NATIONAL WEATHER SERVICE TALLAHASSEE FL
535 PM EDT SUN APR 20 2014


...................................

...THE CROSS CITY (AMOS) CLIMATE SUMMARY FOR APRIL 20 2014...
VALID TODAY AS OF 0500 PM LOCAL TIME.

CLIMATE NORMAL PERIOD 1981 TO 2010
CLIMATE RECORD PERIOD 1948 TO 2014


WEATHER ITEM   OBSERVED TIME   NORMAL DEPARTURE LAST
                VALUE   (LST)  VALUE  FROM      YEAR
                                      NORMAL
......................................................
TEMPERATURE (F)
 TODAY
  MAXIMUM         69    225 PM  81    -12
  MINIMUM         57    938 AM  54      3
  AVERAGE         63            68     -5

PRECIPITATION (IN)
  TODAY            0.00          0.07  -0.07     1.17
  MONTH TO DATE    3.82          2.35   1.47     2.77
  SINCE MAR 1      8.78          6.56   2.22     3.98
  SINCE JAN 1     18.93         13.87   5.06     7.49

DEGREE DAYS
 HEATING
  TODAY            2
  MONTH TO DATE   20
  SINCE MAR 1    185
  SINCE JUL 1   1180

 COOLING
  TODAY            0
  MONTH TO DATE   57
  SINCE MAR 1     74
  SINCE JAN 1    109
......................................................


WIND (MPH)
  RESULTANT WIND SPEED   8   RESULTANT WIND DIRECTION   N (10)
  HIGHEST WIND SPEED    16   HIGHEST WIND DIRECTION     N (20)
  HIGHEST GUST SPEED    20   HIGHEST GUST DIRECTION     N (10)
  AVERAGE WIND SPEED     8.7



WEATHER CONDITIONS
 THE FOLLOWING WEATHER WAS RECORDED TODAY.
  NO SIGNIFICANT WEATHER WAS OBSERVED.


RELATIVE HUMIDITY (PERCENT)
 HIGHEST    93
 LOWEST     67
 AVERAGE    80

..........................................................


THE CROSS CITY (AMOS) CLIMATE NORMALS FOR TOMORROW
                         NORMAL
 MAXIMUM TEMPERATURE (F)   81
 MINIMUM TEMPERATURE (F)   55



-  INDICATES NEGATIVE NUMBERS.
R  INDICATES RECORD WAS SET OR TIED.
MM INDICATES DATA IS MISSING.
T  INDICATES TRACE AMOUNT.




$$
