000
CDUS42 KTAE 020620
CLICTY


CLIMATE REPORT
NATIONAL WEATHER SERVICE TALLAHASSEE FL
118 AM EST MON MAR 2 2015

...................................

...THE CROSS CITY  CLIMATE SUMMARY FOR MARCH 1 2015...

CLIMATE NORMAL PERIOD 1981 TO 2010
CLIMATE RECORD PERIOD 1948 TO 2015


WEATHER ITEM   OBSERVED TIME   NORMAL DEPARTURE LAST
                VALUE   (LST)  VALUE  FROM      YEAR
                                      NORMAL
......................................................
TEMPERATURE (F)
 YESTERDAY
  MAXIMUM         79    316 PM  73      6       73
  MINIMUM         50    615 AM  46      4       36
  AVERAGE         65            59      6

PRECIPITATION (IN)
  YESTERDAY        0.17          0.11   0.06     0.00
  MONTH TO DATE    0.17          0.11   0.06     0.00
  SINCE MAR 1      0.17          0.11   0.06     0.00
  SINCE JAN 1      6.14          7.42  -1.28    10.15

DEGREE DAYS
 HEATING
  YESTERDAY        0             7     -7
  MONTH TO DATE    0             7     -7
  SINCE MAR 1      0             7     -7
  SINCE JUL 1   1160          1127     33

 COOLING
  YESTERDAY        0             1     -1
  MONTH TO DATE    0             1     -1
  SINCE MAR 1      0             1     -1
  SINCE JAN 1     16            28    -12
......................................................


WIND (MPH)
  RESULTANT WIND SPEED   5   RESULTANT WIND DIRECTION  NE (40)
  HIGHEST WIND SPEED     8   HIGHEST WIND DIRECTION     N (20)
  HIGHEST GUST SPEED    MM   HIGHEST GUST DIRECTION    MM
  AVERAGE WIND SPEED     6.1



WEATHER CONDITIONS
 THE FOLLOWING WEATHER WAS RECORDED YESTERDAY.
  NO SIGNIFICANT WEATHER WAS OBSERVED.


RELATIVE HUMIDITY (PERCENT)
 HIGHEST   100
 LOWEST     64

..........................................................



SUNRISE AND SUNSET
MARCH  2 2015.........SUNRISE   657 AM EST   SUNSET   632 PM EST
MARCH  3 2015.........SUNRISE   656 AM EST   SUNSET   633 PM EST


-  INDICATES NEGATIVE NUMBERS.
R  INDICATES RECORD WAS SET OR TIED.
MM INDICATES DATA IS MISSING.
T  INDICATES TRACE AMOUNT.

$$
