000
CDUS42 KCAE 072221
CLICUB


CLIMATE REPORT
NATIONAL WEATHER SERVICE COLUMBIA SC
521 PM EST WED DEC 7 2016


...................................

...THE HAMILTON - OWENS AIRPORT SC CLIMATE SUMMARY FOR DECEMBER 7 2016...
VALID TODAY AS OF 0500 PM LOCAL TIME.

CLIMATE NORMAL PERIOD 1981 TO 2010
CLIMATE RECORD PERIOD 9999 TO 9999


WEATHER ITEM   OBSERVED TIME   NORMAL DEPARTURE LAST
                VALUE   (LST)  VALUE  FROM      YEAR
                                      NORMAL
......................................................
TEMPERATURE (F)
 TODAY
  MAXIMUM         58    258 PM  61     -3       68
  MINIMUM         49    824 AM  39     10       47
  AVERAGE         54            50      4       58

PRECIPITATION (IN)
  TODAY            0.00          0.11  -0.11      T
  MONTH TO DATE    1.54          0.77   0.77     0.44
  SINCE DEC 1      1.54          0.77   0.77     0.44
  SINCE JAN 1     41.42         42.97  -1.55    59.81

DEGREE DAYS
 HEATING
  TODAY           11            15     -4        7
  MONTH TO DATE   94           101     -7       77
  SINCE DEC 1     94           101     -7       77
  SINCE JUL 1    355           472   -117      324

 COOLING
  TODAY            0             0      0        0
  MONTH TO DATE    0             0      0        0
  SINCE DEC 1      0             0      0        0
  SINCE JAN 1   2850          2256    594     2593
......................................................


WIND (MPH)
  HIGHEST WIND SPEED     9   HIGHEST WIND DIRECTION     S (160)
  HIGHEST GUST SPEED    13   HIGHEST GUST DIRECTION     S (170)
  AVERAGE WIND SPEED     2.6


SKY COVER
  AVERAGE SKY COVER 0.8


WEATHER CONDITIONS
 THE FOLLOWING WEATHER WAS RECORDED TODAY.
  FOG


RELATIVE HUMIDITY (PERCENT)
 HIGHEST    86          1200 AM
 LOWEST     67           200 PM
 AVERAGE    77

..........................................................


THE HAMILTON - OWENS AIRPORT SC CLIMATE NORMALS FOR TOMORROW
                         NORMAL
 MAXIMUM TEMPERATURE (F)   61
 MINIMUM TEMPERATURE (F)   39


SUNRISE AND SUNSET
DECEMBER  7 2016......SUNRISE   716 AM EST   SUNSET   515 PM EST
DECEMBER  8 2016......SUNRISE   717 AM EST   SUNSET   515 PM EST


-  INDICATES NEGATIVE NUMBERS.
R  INDICATES RECORD WAS SET OR TIED.
MM INDICATES DATA IS MISSING.
T  INDICATES TRACE AMOUNT.




$$
