000
CDUS42 KCAE 010632
CLICUB


CLIMATE REPORT
NATIONAL WEATHER SERVICE COLUMBIA SC
232 AM EDT FRI AUG 1 2014


...................................

...THE HAMILTON - OWENS AIRPORT SC CLIMATE SUMMARY FOR JULY 31 2014...

CLIMATE NORMAL PERIOD 1981 TO 2010
CLIMATE RECORD PERIOD 9999 TO 9999


WEATHER ITEM   OBSERVED TIME   RECORD YEAR NORMAL DEPARTURE LAST
                VALUE   (LST)  VALUE       VALUE  FROM      YEAR
                                                  NORMAL
..................................................................
TEMPERATURE (F)
 YESTERDAY
  MAXIMUM         86   1218 PM  MM      MM  93     -7       85
  MINIMUM         70    903 PM  MM      MM  73     -3       74
  AVERAGE         78                        83     -5       80

PRECIPITATION (IN)
  YESTERDAY        0.41         MM      MM   0.17   0.24      T
  MONTH TO DATE    3.32                      5.18  -1.86    11.36
  SINCE JUN 1      6.48                     10.09  -3.61    17.80
  SINCE JAN 1     24.44                     26.91  -2.47    34.90

DEGREE DAYS
 HEATING
  YESTERDAY        0                         0      0        0
  MONTH TO DATE    0                         0      0        0
  SINCE JUN 1      0                         0      0        0
  SINCE JUL 1      0                         0      0        0

 COOLING
  YESTERDAY       13                        18     -5       15
  MONTH TO DATE  524                       547    -23      500
  SINCE JUN 1   1018                       980     38      957
  SINCE JAN 1   1411                      1316     95     1267
..................................................................


WIND (MPH)
  HIGHEST WIND SPEED     9   HIGHEST WIND DIRECTION    SE (140)
  HIGHEST GUST SPEED    17   HIGHEST GUST DIRECTION    SE (130)
  AVERAGE WIND SPEED     3.0


SKY COVER
  AVERAGE SKY COVER 0.7


WEATHER CONDITIONS
 THE FOLLOWING WEATHER WAS RECORDED YESTERDAY.
  HEAVY RAIN
  RAIN
  LIGHT RAIN
  FOG


RELATIVE HUMIDITY (PERCENT)
 HIGHEST    93           500 PM
 LOWEST     51           100 PM

..........................................................


THE HAMILTON - OWENS AIRPORT SC CLIMATE NORMALS FOR TODAY
                         NORMAL    RECORD    YEAR
 MAXIMUM TEMPERATURE (F)   93        MM        MM
 MINIMUM TEMPERATURE (F)   73        MM        MM


SUNRISE AND SUNSET
AUGUST  1 2014........SUNRISE   635 AM EDT   SUNSET   825 PM EDT
AUGUST  2 2014........SUNRISE   636 AM EDT   SUNSET   824 PM EDT


-  INDICATES NEGATIVE NUMBERS.
R  INDICATES RECORD WAS SET OR TIED.
MM INDICATES DATA IS MISSING.
T  INDICATES TRACE AMOUNT.




$$
