000
CDUS42 KCAE 310540
CLICUB


CLIMATE REPORT
NATIONAL WEATHER SERVICE COLUMBIA SC
140 AM EDT FRI OCT 31 2014


...................................

...THE HAMILTON - OWENS AIRPORT SC CLIMATE SUMMARY FOR OCTOBER 30 2014...

CLIMATE NORMAL PERIOD 1981 TO 2010
CLIMATE RECORD PERIOD 9999 TO 9999


WEATHER ITEM   OBSERVED TIME   RECORD YEAR NORMAL DEPARTURE LAST
                VALUE   (LST)  VALUE       VALUE  FROM      YEAR
                                                  NORMAL
..................................................................
TEMPERATURE (F)
 YESTERDAY
  MAXIMUM         73    324 PM  MM      MM  72      1       81
  MINIMUM         52   1159 PM  MM      MM  49      3       52
  AVERAGE         63                        60      3       67

PRECIPITATION (IN)
  YESTERDAY        0.00         MM      MM   0.08  -0.08     0.00
  MONTH TO DATE    2.57                      3.23  -0.66     0.15
  SINCE SEP 1      8.11                      7.27   0.84     2.10
  SINCE JAN 1     37.77                     39.12  -1.35    44.99

DEGREE DAYS
 HEATING
  YESTERDAY        2                         6     -4        0
  MONTH TO DATE   49                        81    -32       60
  SINCE SEP 1     53                        84    -31       60
  SINCE JUL 1     53                        84    -31       60

 COOLING
  YESTERDAY        0                         1     -1        2
  MONTH TO DATE  132                        93     39      128
  SINCE SEP 1    480                       422     58      473
  SINCE JAN 1   2407                      2240    167     2201
..................................................................


WIND (MPH)
  HIGHEST WIND SPEED     9   HIGHEST WIND DIRECTION    NE (40)
  HIGHEST GUST SPEED    17   HIGHEST GUST DIRECTION     E (90)
  AVERAGE WIND SPEED     2.6


SKY COVER
  AVERAGE SKY COVER 0.2


WEATHER CONDITIONS
 THE FOLLOWING WEATHER WAS RECORDED YESTERDAY.
  HAZE


RELATIVE HUMIDITY (PERCENT)
 HIGHEST    77           900 PM
 LOWEST     34           400 PM

..........................................................


THE HAMILTON - OWENS AIRPORT SC CLIMATE NORMALS FOR TODAY
                         NORMAL    RECORD    YEAR
 MAXIMUM TEMPERATURE (F)   72        MM        MM
 MINIMUM TEMPERATURE (F)   49        MM        MM


SUNRISE AND SUNSET
OCTOBER 31 2014.......SUNRISE   742 AM EDT   SUNSET   632 PM EDT
NOVEMBER  1 2014......SUNRISE   743 AM EDT   SUNSET   631 PM EDT


-  INDICATES NEGATIVE NUMBERS.
R  INDICATES RECORD WAS SET OR TIED.
MM INDICATES DATA IS MISSING.
T  INDICATES TRACE AMOUNT.




$$
