000
CDUS42 KCAE 220629
CLICUB


CLIMATE REPORT
NATIONAL WEATHER SERVICE COLUMBIA SC
228 AM EDT TUE JUL 22 2014


...................................

...THE HAMILTON - OWENS AIRPORT SC CLIMATE SUMMARY FOR JULY 21 2014...

CLIMATE NORMAL PERIOD 1981 TO 2010
CLIMATE RECORD PERIOD 9999 TO 9999


WEATHER ITEM   OBSERVED TIME   RECORD YEAR NORMAL DEPARTURE LAST
                VALUE   (LST)  VALUE       VALUE  FROM      YEAR
                                                  NORMAL
..................................................................
TEMPERATURE (F)
 YESTERDAY
  MAXIMUM         85    200 PM  MM      MM  93     -8       86
  MINIMUM         73   1159 PM  MM      MM  73      0       72
  AVERAGE         79                        83     -4       79

PRECIPITATION (IN)
  YESTERDAY        1.14         MM      MM   0.13   1.01     2.06
  MONTH TO DATE    2.78                      3.74  -0.96    11.04
  SINCE JUN 1      5.94                      8.65  -2.71    17.48
  SINCE JAN 1     23.90                     25.47  -1.57    34.58

DEGREE DAYS
 HEATING
  YESTERDAY        0                         0      0        0
  MONTH TO DATE    0                         0      0        0
  SINCE JUN 1      0                         0      0        0
  SINCE JUL 1      0                         0      0        0

 COOLING
  YESTERDAY       14                        18     -4       14
  MONTH TO DATE  347                       371    -24      333
  SINCE JUN 1    841                       804     37      790
  SINCE JAN 1   1234                      1140     94     1100
..................................................................


WIND (MPH)
  HIGHEST WIND SPEED    13   HIGHEST WIND DIRECTION    NW (330)
  HIGHEST GUST SPEED    20   HIGHEST GUST DIRECTION    NW (320)
  AVERAGE WIND SPEED     2.0


SKY COVER
  AVERAGE SKY COVER 0.7


WEATHER CONDITIONS
 THE FOLLOWING WEATHER WAS RECORDED YESTERDAY.
  THUNDERSTORM
  HEAVY RAIN
  RAIN
  LIGHT RAIN
  FOG
  HAZE


RELATIVE HUMIDITY (PERCENT)
 HIGHEST    94           400 AM
 LOWEST     65           200 PM

..........................................................


THE HAMILTON - OWENS AIRPORT SC CLIMATE NORMALS FOR TODAY
                         NORMAL    RECORD    YEAR
 MAXIMUM TEMPERATURE (F)   93        MM        MM
 MINIMUM TEMPERATURE (F)   73        MM        MM


SUNRISE AND SUNSET
JULY 22 2014..........SUNRISE   628 AM EDT   SUNSET   832 PM EDT
JULY 23 2014..........SUNRISE   629 AM EDT   SUNSET   831 PM EDT


-  INDICATES NEGATIVE NUMBERS.
R  INDICATES RECORD WAS SET OR TIED.
MM INDICATES DATA IS MISSING.
T  INDICATES TRACE AMOUNT.




$$
