000
CDUS42 KCAE 060634
CLICUB


CLIMATE REPORT
NATIONAL WEATHER SERVICE COLUMBIA SC
134 AM EST SAT FEB 6 2016


...................................

...THE HAMILTON - OWENS AIRPORT SC CLIMATE SUMMARY FOR FEBRUARY 5 2016...

CLIMATE NORMAL PERIOD 1981 TO 2010
CLIMATE RECORD PERIOD 9999 TO 9999


WEATHER ITEM   OBSERVED TIME   NORMAL DEPARTURE LAST
                VALUE   (LST)  VALUE  FROM      YEAR
                                      NORMAL
......................................................
TEMPERATURE (F)
 YESTERDAY
  MAXIMUM         53    429 PM  58     -5       60
  MINIMUM         34   1159 PM  37     -3       36
  AVERAGE         44            48     -4       48

PRECIPITATION (IN)
  YESTERDAY        T             0.10  -0.10     0.01
  MONTH TO DATE    1.72          0.52   1.20     0.60
  SINCE DEC 1      8.51          7.35   1.16     8.18
  SINCE JAN 1      3.27          4.15  -0.88     4.00

DEGREE DAYS
 HEATING
  YESTERDAY       21            17      4       17
  MONTH TO DATE   33            88    -55       95
  SINCE DEC 1    840          1209   -369     1143
  SINCE JUL 1   1087          1580   -493     1618

 COOLING
  YESTERDAY        0             0      0        0
  MONTH TO DATE    3             0      3        0
  SINCE DEC 1     59             5     54        0
  SINCE JAN 1      3             1      2        0
......................................................


WIND (MPH)
  HIGHEST WIND SPEED    14   HIGHEST WIND DIRECTION     N (360)
  HIGHEST GUST SPEED    26   HIGHEST GUST DIRECTION    NW (330)
  AVERAGE WIND SPEED     5.0


SKY COVER
  AVERAGE SKY COVER 0.3


WEATHER CONDITIONS
 THE FOLLOWING WEATHER WAS RECORDED YESTERDAY.
  NO SIGNIFICANT WEATHER WAS OBSERVED.


RELATIVE HUMIDITY (PERCENT)
 HIGHEST    75          1100 PM
 LOWEST     21           200 PM

..........................................................


THE HAMILTON - OWENS AIRPORT SC CLIMATE NORMALS FOR TODAY
                         NORMAL    RECORD    YEAR
 MAXIMUM TEMPERATURE (F)   59        MM        MM
 MINIMUM TEMPERATURE (F)   37        MM        MM


SUNRISE AND SUNSET
FEBRUARY  6 2016......SUNRISE   717 AM EST   SUNSET   559 PM EST
FEBRUARY  7 2016......SUNRISE   717 AM EST   SUNSET   600 PM EST


-  INDICATES NEGATIVE NUMBERS.
R  INDICATES RECORD WAS SET OR TIED.
MM INDICATES DATA IS MISSING.
T  INDICATES TRACE AMOUNT.




$$
