026
CDUS42 KCAE 180624
CLICUB


CLIMATE REPORT
NATIONAL WEATHER SERVICE COLUMBIA SC
123 AM EST SUN FEB 18 2018


...................................

...THE HAMILTON - OWENS AIRPORT SC CLIMATE SUMMARY FOR FEBRUARY 17 2018...

CLIMATE NORMAL PERIOD 1981 TO 2010
CLIMATE RECORD PERIOD 9999 TO 9999


WEATHER ITEM   OBSERVED TIME   NORMAL DEPARTURE LAST
                VALUE   (LST)  VALUE  FROM      YEAR
                                      NORMAL
......................................................
TEMPERATURE (F)
 YESTERDAY
  MAXIMUM         70    102 AM  61      9       74
  MINIMUM         56   1159 PM  39     17       36
  AVERAGE         63            50     13       55

PRECIPITATION (IN)
  YESTERDAY        0.00          0.16  -0.16     0.00
  MONTH TO DATE    1.09          2.03  -0.94     1.55
  SINCE DEC 1      6.73          8.86  -2.13    11.07
  SINCE JAN 1      3.40          5.66  -2.26     7.69

DEGREE DAYS
 HEATING
  YESTERDAY        2            15    -13       10
  MONTH TO DATE  174           282   -108      166
  SINCE DEC 1   1295          1403   -108      952
  SINCE JUL 1   1648          1774   -126     1213

 COOLING
  YESTERDAY        0             0      0        0
  MONTH TO DATE   15             0     15        4
  SINCE DEC 1     16             5     11        7
  SINCE JAN 1     16             1     15        6
......................................................


WIND (MPH)
  HIGHEST WIND SPEED    14   HIGHEST WIND DIRECTION     S (160)
  HIGHEST GUST SPEED    22   HIGHEST GUST DIRECTION     S (160)
  AVERAGE WIND SPEED     4.5


SKY COVER
  AVERAGE SKY COVER 0.8


WEATHER CONDITIONS
 THE FOLLOWING WEATHER WAS RECORDED YESTERDAY.
  NO SIGNIFICANT WEATHER WAS OBSERVED.


RELATIVE HUMIDITY (PERCENT)
 HIGHEST    87           800 PM
 LOWEST     48          1100 AM

..........................................................


THE HAMILTON - OWENS AIRPORT SC CLIMATE NORMALS FOR TODAY
                         NORMAL    RECORD    YEAR
 MAXIMUM TEMPERATURE (F)   61        MM        MM
 MINIMUM TEMPERATURE (F)   39        MM        MM


SUNRISE AND SUNSET
FEBRUARY 18 2018......SUNRISE   705 AM EST   SUNSET   611 PM EST
FEBRUARY 19 2018......SUNRISE   704 AM EST   SUNSET   612 PM EST


-  INDICATES NEGATIVE NUMBERS.
R  INDICATES RECORD WAS SET OR TIED.
MM INDICATES DATA IS MISSING.
T  INDICATES TRACE AMOUNT.




$$
