000
CDUS43 KUNR 220836
CLICUT


CLIMATE REPORT
NATIONAL WEATHER SERVICE RAPID CITY SD
235 AM MDT TUE APR 22 2014


...................................

...THE CUSTER COUNTY AIRPORT SD CLIMATE SUMMARY FOR APRIL 21 2014...

CLIMATE NORMAL PERIOD 1981 TO 2010
CLIMATE RECORD PERIOD 9999 TO 9999


WEATHER ITEM   OBSERVED TIME   NORMAL DEPARTURE LAST
                VALUE   (LST)  VALUE  FROM      YEAR
                                      NORMAL
......................................................
TEMPERATURE (F)
 YESTERDAY
  MAXIMUM         62    300 PM  53      9       45
  MINIMUM         30    533 AM  29      1       27
  AVERAGE         46            41      5       36

PRECIPITATION (IN)
  YESTERDAY        0.00          0.07  -0.07     0.57
  MONTH TO DATE    1.21          1.36  -0.15     2.60
  SINCE MAR 1      2.41          2.37   0.04     3.34
  SINCE JAN 1      3.74          3.23   0.51     4.27

DEGREE DAYS
 HEATING
  YESTERDAY       19            24     -5       29
  MONTH TO DATE  562           572    -10      730
  SINCE MAR 1   1614          1612      2     1815
  SINCE JUL 1   7472          7447     25     7357

 COOLING
  YESTERDAY        0             0      0        0
  MONTH TO DATE    0             0      0        0
  SINCE MAR 1      0             0      0        0
  SINCE JAN 1      0             0      0        0
......................................................


WIND (MPH)
  HIGHEST WIND SPEED    25   HIGHEST WIND DIRECTION     E (80)
  HIGHEST GUST SPEED    28   HIGHEST GUST DIRECTION     E (100)
  AVERAGE WIND SPEED     6.1


SKY COVER
  AVERAGE SKY COVER 0.1


WEATHER CONDITIONS
 THE FOLLOWING WEATHER WAS RECORDED YESTERDAY.
  NO SIGNIFICANT WEATHER WAS OBSERVED.


RELATIVE HUMIDITY (PERCENT)
 HIGHEST    64
 LOWEST     22
 AVERAGE    43

..........................................................




SUNRISE AND SUNSET
APRIL 22 2014.........SUNRISE   600 AM MDT   SUNSET   746 PM MDT
APRIL 23 2014.........SUNRISE   559 AM MDT   SUNSET   748 PM MDT


-  INDICATES NEGATIVE NUMBERS.
R  INDICATES RECORD WAS SET OR TIED.
MM INDICATES DATA IS MISSING.
T  INDICATES TRACE AMOUNT.




$$
