000
CDUS43 KUNR 220835
CLICUT


CLIMATE REPORT
NATIONAL WEATHER SERVICE RAPID CITY SD
133 AM MST MON JAN 22 2018


...................................

...THE CUSTER COUNTY AIRPORT SD CLIMATE SUMMARY FOR JANUARY 21 2018...

CLIMATE NORMAL PERIOD 1981 TO 2010
CLIMATE RECORD PERIOD 9999 TO 9999


WEATHER ITEM   OBSERVED TIME   NORMAL DEPARTURE LAST
                VALUE   (LST)  VALUE  FROM      YEAR
                                      NORMAL
......................................................
TEMPERATURE (F)
 YESTERDAY
  MAXIMUM         26    302 PM  35     -9       39
  MINIMUM         21   1159 PM  14      7       21
  AVERAGE         24            24      0       30

PRECIPITATION (IN)
  YESTERDAY        0.08          0.01   0.07     0.00
  MONTH TO DATE    0.48          0.20   0.28     0.26
  SINCE DEC 1      1.56          0.58   0.98     1.54
  SINCE JAN 1      0.48          0.20   0.28     0.26

DEGREE DAYS
 HEATING
  YESTERDAY       41            41      0       35
  MONTH TO DATE  815           861    -46      924
  SINCE DEC 1   2096          2150    -54     2381
  SINCE JUL 1   4060          4331   -271     4000

 COOLING
  YESTERDAY        0             0      0        0
  MONTH TO DATE    0             0      0        0
  SINCE DEC 1      0             0      0        0
  SINCE JAN 1      0             0      0        0
......................................................


WIND (MPH)
  HIGHEST WIND SPEED    15   HIGHEST WIND DIRECTION    NE (30)
  HIGHEST GUST SPEED    21   HIGHEST GUST DIRECTION    NE (30)
  AVERAGE WIND SPEED     7.2


SKY COVER
  AVERAGE SKY COVER 0.9


WEATHER CONDITIONS
 THE FOLLOWING WEATHER WAS RECORDED YESTERDAY.
  LIGHT SNOW
  FOG
  HAZE


RELATIVE HUMIDITY (PERCENT)
 HIGHEST    88
 LOWEST     63
 AVERAGE    76

..........................................................




SUNRISE AND SUNSET
JANUARY 22 2018.......SUNRISE   721 AM MST   SUNSET   452 PM MST
JANUARY 23 2018.......SUNRISE   720 AM MST   SUNSET   453 PM MST


-  INDICATES NEGATIVE NUMBERS.
R  INDICATES RECORD WAS SET OR TIED.
MM INDICATES DATA IS MISSING.
T  INDICATES TRACE AMOUNT.




$$
