000
CDUS43 KUNR 240911
CLICUT


CLIMATE REPORT
NATIONAL WEATHER SERVICE RAPID CITY SD
307 AM MDT FRI MAR 24 2017


...................................

...THE CUSTER COUNTY AIRPORT SD CLIMATE SUMMARY FOR MARCH 23 2017...

CLIMATE NORMAL PERIOD 1981 TO 2010
CLIMATE RECORD PERIOD 9999 TO 9999


WEATHER ITEM   OBSERVED TIME   NORMAL DEPARTURE LAST
                VALUE   (LST)  VALUE  FROM      YEAR
                                      NORMAL
......................................................
TEMPERATURE (F)
 YESTERDAY
  MAXIMUM         63    120 PM  43     20       31
  MINIMUM         35    920 PM  23     12       21
  AVERAGE         49            33     16       26

PRECIPITATION (IN)
  YESTERDAY        T             0.04  -0.04     0.12
  MONTH TO DATE    0.17          0.65  -0.48     0.42
  SINCE MAR 1      0.17          0.65  -0.48     0.42
  SINCE JAN 1      2.18          1.51   0.67     1.03

DEGREE DAYS
 HEATING
  YESTERDAY       16            32    -16       39
  MONTH TO DATE  641           791   -150      617
  SINCE MAR 1    641           791   -150      617
  SINCE JUL 1   6009          6626   -617     5672

 COOLING
  YESTERDAY        0             0      0        0
  MONTH TO DATE    0             0      0        0
  SINCE MAR 1      0             0      0        0
  SINCE JAN 1      0             0      0        0
......................................................


WIND (MPH)
  HIGHEST WIND SPEED    22   HIGHEST WIND DIRECTION     N (20)
  HIGHEST GUST SPEED    34   HIGHEST GUST DIRECTION    NE (30)
  AVERAGE WIND SPEED     7.8


SKY COVER
  AVERAGE SKY COVER 0.5


WEATHER CONDITIONS
 THE FOLLOWING WEATHER WAS RECORDED YESTERDAY.
  THUNDERSTORM


RELATIVE HUMIDITY (PERCENT)
 HIGHEST    83
 LOWEST     36
 AVERAGE    60

..........................................................




SUNRISE AND SUNSET
MARCH 24 2017.........SUNRISE   650 AM MDT   SUNSET   712 PM MDT
MARCH 25 2017.........SUNRISE   648 AM MDT   SUNSET   713 PM MDT


-  INDICATES NEGATIVE NUMBERS.
R  INDICATES RECORD WAS SET OR TIED.
MM INDICATES DATA IS MISSING.
T  INDICATES TRACE AMOUNT.




$$
