000
CDUS43 KUNR 240833
CLICUT


CLIMATE REPORT
NATIONAL WEATHER SERVICE RAPID CITY SD
233 AM MDT FRI OCT 24 2014


...................................

...THE CUSTER COUNTY AIRPORT SD CLIMATE SUMMARY FOR OCTOBER 23 2014...

CLIMATE NORMAL PERIOD 1981 TO 2010
CLIMATE RECORD PERIOD 9999 TO 9999


WEATHER ITEM   OBSERVED TIME   NORMAL DEPARTURE LAST
                VALUE   (LST)  VALUE  FROM      YEAR
                                      NORMAL
......................................................
TEMPERATURE (F)
 YESTERDAY
  MAXIMUM         64    239 PM  52     12       52
  MINIMUM         31    240 AM  29      2       35
  AVERAGE         48            41      7       44

PRECIPITATION (IN)
  YESTERDAY        0.00          0.05  -0.05     0.00
  MONTH TO DATE    0.21          1.27  -1.06     3.46
  SINCE SEP 1      4.63          2.84   1.79     4.76
  SINCE JAN 1     19.14         17.76   1.38    20.71

DEGREE DAYS
 HEATING
  YESTERDAY       17            24     -7       21
  MONTH TO DATE  375           487   -112      582
  SINCE SEP 1    660           819   -159      804
  SINCE JUL 1    791           973   -182      901

 COOLING
  YESTERDAY        0             0      0        0
  MONTH TO DATE    0             0      0        0
  SINCE SEP 1     18            11      7       38
  SINCE JAN 1    152           177    -25      187
......................................................


WIND (MPH)
  HIGHEST WIND SPEED    23   HIGHEST WIND DIRECTION     W (270)
  HIGHEST GUST SPEED    32   HIGHEST GUST DIRECTION     W (270)
  AVERAGE WIND SPEED     7.3


SKY COVER
  AVERAGE SKY COVER 0.0


WEATHER CONDITIONS
 THE FOLLOWING WEATHER WAS RECORDED YESTERDAY.
  NO SIGNIFICANT WEATHER WAS OBSERVED.


RELATIVE HUMIDITY (PERCENT)
 HIGHEST    63
 LOWEST     23
 AVERAGE    43

..........................................................




SUNRISE AND SUNSET
OCTOBER 24 2014.......SUNRISE   720 AM MDT   SUNSET   557 PM MDT
OCTOBER 25 2014.......SUNRISE   721 AM MDT   SUNSET   555 PM MDT


-  INDICATES NEGATIVE NUMBERS.
R  INDICATES RECORD WAS SET OR TIED.
MM INDICATES DATA IS MISSING.
T  INDICATES TRACE AMOUNT.




$$
