000
CDUS43 KUNR 270831
CLICUT


CLIMATE REPORT
NATIONAL WEATHER SERVICE RAPID CITY SD
231 AM MDT THU APR 27 2017


...................................

...THE CUSTER COUNTY AIRPORT SD CLIMATE SUMMARY FOR APRIL 26 2017...

CLIMATE NORMAL PERIOD 1981 TO 2010
CLIMATE RECORD PERIOD 9999 TO 9999


WEATHER ITEM   OBSERVED TIME   NORMAL DEPARTURE LAST
                VALUE   (LST)  VALUE  FROM      YEAR
                                      NORMAL
......................................................
TEMPERATURE (F)
 YESTERDAY
  MAXIMUM         45    123 PM  55    -10       36
  MINIMUM         19    525 AM  30    -11       30
  AVERAGE         32            42    -10       33

PRECIPITATION (IN)
  YESTERDAY        0.00          0.09  -0.09     0.71
  MONTH TO DATE    2.86          1.75   1.11     1.03
  SINCE MAR 1      3.57          2.76   0.81     2.17
  SINCE JAN 1      5.58          3.62   1.96     2.78

DEGREE DAYS
 HEATING
  YESTERDAY       33            23     10       32
  MONTH TO DATE  614           689    -75      541
  SINCE MAR 1   1458          1729   -271     1413
  SINCE JUL 1   6826          7564   -738     6468

 COOLING
  YESTERDAY        0             0      0        0
  MONTH TO DATE    0             0      0        0
  SINCE MAR 1      0             0      0        0
  SINCE JAN 1      0             0      0        0
......................................................


WIND (MPH)
  HIGHEST WIND SPEED    14   HIGHEST WIND DIRECTION     E (80)
  HIGHEST GUST SPEED    19   HIGHEST GUST DIRECTION     W (270)
  AVERAGE WIND SPEED     4.4


SKY COVER
  AVERAGE SKY COVER 0.6


WEATHER CONDITIONS
 THE FOLLOWING WEATHER WAS RECORDED YESTERDAY.
  FOG
  FOG W/VISIBILITY <= 1/4 MILE


RELATIVE HUMIDITY (PERCENT)
 HIGHEST    92
 LOWEST     73
 AVERAGE    83

..........................................................




SUNRISE AND SUNSET
APRIL 27 2017.........SUNRISE   552 AM MDT   SUNSET   753 PM MDT
APRIL 28 2017.........SUNRISE   551 AM MDT   SUNSET   754 PM MDT


-  INDICATES NEGATIVE NUMBERS.
R  INDICATES RECORD WAS SET OR TIED.
MM INDICATES DATA IS MISSING.
T  INDICATES TRACE AMOUNT.




$$
