000
CDUS43 KUNR 010836
CLICUT


CLIMATE REPORT
NATIONAL WEATHER SERVICE RAPID CITY SD
235 AM MDT SUN MAY 1 2016


...................................

...THE CUSTER COUNTY AIRPORT SD CLIMATE SUMMARY FOR APRIL 30 2016...

CLIMATE NORMAL PERIOD 1981 TO 2010
CLIMATE RECORD PERIOD 9999 TO 9999


WEATHER ITEM   OBSERVED TIME   NORMAL DEPARTURE LAST
                VALUE   (LST)  VALUE  FROM      YEAR
                                      NORMAL
......................................................
TEMPERATURE (F)
 YESTERDAY
  MAXIMUM         39    412 PM  56    -17       70
  MINIMUM         30    405 AM  31     -1       37
  AVERAGE         35            44     -9       54

PRECIPITATION (IN)
  YESTERDAY        0.01          0.09  -0.08     0.03
  MONTH TO DATE    1.16          2.12  -0.96     1.98
  SINCE MAR 1      2.30          3.13  -0.83     2.31
  SINCE JAN 1      2.91          3.99  -1.08     2.71

DEGREE DAYS
 HEATING
  YESTERDAY       30            21      9       11
  MONTH TO DATE  669           776   -107      709
  SINCE MAR 1   1541          1815   -274     1540
  SINCE JUL 1   6596          7650  -1054     6989

 COOLING
  YESTERDAY        0             0      0        0
  MONTH TO DATE    0             0      0        0
  SINCE MAR 1      0             0      0        0
  SINCE JAN 1      0             0      0        0
......................................................


WIND (MPH)
  HIGHEST WIND SPEED    24   HIGHEST WIND DIRECTION    NE (30)
  HIGHEST GUST SPEED    35   HIGHEST GUST DIRECTION    NE (40)
  AVERAGE WIND SPEED    15.1


SKY COVER
  AVERAGE SKY COVER 0.8


WEATHER CONDITIONS
 THE FOLLOWING WEATHER WAS RECORDED YESTERDAY.
  LT FREEZING RAIN
  LIGHT SNOW
  FOG
  FOG W/VISIBILITY <= 1/4 MILE


RELATIVE HUMIDITY (PERCENT)
 HIGHEST    92
 LOWEST     64
 AVERAGE    78

..........................................................




SUNRISE AND SUNSET
MAY  1 2016...........SUNRISE   546 AM MDT   SUNSET   758 PM MDT
MAY  2 2016...........SUNRISE   545 AM MDT   SUNSET   759 PM MDT


-  INDICATES NEGATIVE NUMBERS.
R  INDICATES RECORD WAS SET OR TIED.
MM INDICATES DATA IS MISSING.
T  INDICATES TRACE AMOUNT.




$$
