000
CDUS43 KUNR 300833
CLICUT


CLIMATE REPORT
NATIONAL WEATHER SERVICE RAPID CITY SD
233 AM MDT WED JUL 30 2014


...................................

...THE CUSTER COUNTY AIRPORT SD CLIMATE SUMMARY FOR JULY 29 2014...

CLIMATE NORMAL PERIOD 1981 TO 2010
CLIMATE RECORD PERIOD 9999 TO 9999


WEATHER ITEM   OBSERVED TIME   NORMAL DEPARTURE LAST
                VALUE   (LST)  VALUE  FROM      YEAR
                                      NORMAL
......................................................
TEMPERATURE (F)
 YESTERDAY
  MAXIMUM         65    337 PM  80    -15       73
  MINIMUM         50   1039 PM  52     -2       50
  AVERAGE         58            66     -8       62

PRECIPITATION (IN)
  YESTERDAY        T             0.07  -0.07     0.20
  MONTH TO DATE    1.44          2.29  -0.85     3.79
  SINCE JUN 1      4.83          5.51  -0.68     5.44
  SINCE JAN 1     12.55         12.62  -0.07    11.97

DEGREE DAYS
 HEATING
  YESTERDAY        7             2      5        3
  MONTH TO DATE   76            62     14       39
  SINCE JUN 1    349           282     67      232
  SINCE JUL 1     76            62     14       39

 COOLING
  YESTERDAY        0             3     -3        0
  MONTH TO DATE   85            77      8       61
  SINCE JUN 1     86           102    -16       70
  SINCE JAN 1     90           103    -13       72
......................................................


WIND (MPH)
  HIGHEST WIND SPEED    10   HIGHEST WIND DIRECTION     W (280)
  HIGHEST GUST SPEED    12   HIGHEST GUST DIRECTION     W (270)
  AVERAGE WIND SPEED     3.1


SKY COVER
  AVERAGE SKY COVER 0.5


WEATHER CONDITIONS
 THE FOLLOWING WEATHER WAS RECORDED YESTERDAY.
  THUNDERSTORM
  LIGHT RAIN


RELATIVE HUMIDITY (PERCENT)
 HIGHEST    80
 LOWEST     62
 AVERAGE    71

..........................................................




SUNRISE AND SUNSET
JULY 30 2014..........SUNRISE   541 AM MDT   SUNSET   820 PM MDT
JULY 31 2014..........SUNRISE   542 AM MDT   SUNSET   819 PM MDT


-  INDICATES NEGATIVE NUMBERS.
R  INDICATES RECORD WAS SET OR TIED.
MM INDICATES DATA IS MISSING.
T  INDICATES TRACE AMOUNT.




$$
