000
CDUS43 KUNR 210831
CLICUT


CLIMATE REPORT
NATIONAL WEATHER SERVICE RAPID CITY SD
230 AM MDT MON AUG 21 2017


...................................

...THE CUSTER COUNTY AIRPORT SD CLIMATE SUMMARY FOR AUGUST 20 2017...

CLIMATE NORMAL PERIOD 1981 TO 2010
CLIMATE RECORD PERIOD 9999 TO 9999


WEATHER ITEM   OBSERVED TIME   NORMAL DEPARTURE LAST
                VALUE   (LST)  VALUE  FROM      YEAR
                                      NORMAL
......................................................
TEMPERATURE (F)
 YESTERDAY
  MAXIMUM         72    424 PM  77     -5       66
  MINIMUM         55   1152 PM  50      5       35
  AVERAGE         64            64      0       51

PRECIPITATION (IN)
  YESTERDAY        0.00          0.06  -0.06     0.00
  MONTH TO DATE    2.07          1.37   0.70     0.99
  SINCE JUN 1      9.65          7.03   2.62     7.52
  SINCE JAN 1     17.53         14.14   3.39    12.10

DEGREE DAYS
 HEATING
  YESTERDAY        1             3     -2       14
  MONTH TO DATE   82            48     34       51
  SINCE JUN 1    245           329    -84      150
  SINCE JUL 1     90           109    -19       94

 COOLING
  YESTERDAY        0             2     -2        0
  MONTH TO DATE    6            40    -34       45
  SINCE JUN 1    194           146     48      240
  SINCE JAN 1    194           147     47      240
......................................................


WIND (MPH)
  HIGHEST WIND SPEED    20   HIGHEST WIND DIRECTION     E (80)
  HIGHEST GUST SPEED    26   HIGHEST GUST DIRECTION     E (90)
  AVERAGE WIND SPEED    10.6


SKY COVER
  AVERAGE SKY COVER 0.0


WEATHER CONDITIONS
 THE FOLLOWING WEATHER WAS RECORDED YESTERDAY.
  NO SIGNIFICANT WEATHER WAS OBSERVED.


RELATIVE HUMIDITY (PERCENT)
 HIGHEST    72
 LOWEST     36
 AVERAGE    54

..........................................................




SUNRISE AND SUNSET
AUGUST 21 2017........SUNRISE   606 AM MDT   SUNSET   748 PM MDT
AUGUST 22 2017........SUNRISE   607 AM MDT   SUNSET   747 PM MDT


-  INDICATES NEGATIVE NUMBERS.
R  INDICATES RECORD WAS SET OR TIED.
MM INDICATES DATA IS MISSING.
T  INDICATES TRACE AMOUNT.




$$
