000
CDUS41 KILN 172216
CLICVG


CLIMATE REPORT
NATIONAL WEATHER SERVICE WILMINGTON OH
506 PM EST WED JAN 17 2018


...................................

...THE CINCINNATI OH CLIMATE SUMMARY FOR JANUARY 17 2018...
VALID TODAY AS OF 0500 PM LOCAL TIME.

CLIMATE NORMAL PERIOD 1981 TO 2010
CLIMATE RECORD PERIOD 1869 TO 2018


WEATHER ITEM   OBSERVED TIME   RECORD YEAR NORMAL DEPARTURE LAST
                VALUE   (LST)  VALUE       VALUE  FROM      YEAR
                                                  NORMAL
..................................................................
TEMPERATURE (F)
 TODAY
  MAXIMUM         19    430 PM  63    2017  39    -20       63
                                      1952
  MINIMUM          7    441 AM -24    1977  23    -16       44
  AVERAGE         13                        31    -18       54

PRECIPITATION (IN)
  TODAY            0.01          1.37 2012   0.10  -0.09     0.21
  MONTH TO DATE    1.55                      1.67  -0.12     2.70
  SINCE DEC 1      3.94                      5.04  -1.10     7.13
  SINCE JAN 1      1.55                      1.67  -0.12     2.70

SNOWFALL (IN)
  TODAY            0.4           6.1  1978   0.2    0.2      0.0
  MONTH TO DATE    6.1                       3.3    2.8      2.5
  SINCE DEC 1      9.9                       8.1    1.8      4.7
  SINCE JUL 1      9.9                       8.9    1.0      4.7
  SNOW DEPTH       3

DEGREE DAYS
 HEATING
  TODAY           52                        34     18       11
  MONTH TO DATE  737                       578    159      515
  SINCE DEC 1   1744                      1537    207     1484
  SINCE JUL 1   2635                      2497    138     2166

 COOLING
  TODAY            0                         0      0        0
  MONTH TO DATE    0                         0      0        0
  SINCE DEC 1      0                         0      0        0
  SINCE JAN 1      0                         0      0        0
..................................................................


WIND (MPH)
  HIGHEST WIND SPEED    10   HIGHEST WIND DIRECTION     W (260)
  HIGHEST GUST SPEED    13   HIGHEST GUST DIRECTION    NW (320)
  AVERAGE WIND SPEED     6.0


SKY COVER
  POSSIBLE SUNSHINE  MM
  AVERAGE SKY COVER 0.9


WEATHER CONDITIONS
 THE FOLLOWING WEATHER WAS RECORDED TODAY.
  LIGHT SNOW
  FOG
  HAZE


RELATIVE HUMIDITY (PERCENT)
 HIGHEST    91           900 AM
 LOWEST     67           400 PM
 AVERAGE    79

..........................................................


THE CINCINNATI OH CLIMATE NORMALS FOR TOMORROW
                         NORMAL    RECORD    YEAR
 MAXIMUM TEMPERATURE (F)   39        70      1929
 MINIMUM TEMPERATURE (F)   23       -25      1977


SUNRISE AND SUNSET
JANUARY 17 2018.......SUNRISE   755 AM EST   SUNSET   543 PM EST
JANUARY 18 2018.......SUNRISE   755 AM EST   SUNSET   544 PM EST


-  INDICATES NEGATIVE NUMBERS.
R  INDICATES RECORD WAS SET OR TIED.
MM INDICATES DATA IS MISSING.
T  INDICATES TRACE AMOUNT.




$$
