000
CDUS41 KILN 270536
CLICVG


CLIMATE REPORT
NATIONAL WEATHER SERVICE WILMINGTON OH
136 AM EDT THU APR 27 2017


...................................

...THE CINCINNATI OH CLIMATE SUMMARY FOR APRIL 26 2017...

CLIMATE NORMAL PERIOD 1981 TO 2010
CLIMATE RECORD PERIOD 1869 TO 2017


WEATHER ITEM   OBSERVED TIME   RECORD YEAR NORMAL DEPARTURE LAST
                VALUE   (LST)  VALUE       VALUE  FROM      YEAR
                                                  NORMAL
..................................................................
TEMPERATURE (F)
 YESTERDAY
  MAXIMUM         81    523 PM  89    1915  68     13       82
  MINIMUM         55    406 AM  29    1919  47      8       60
  AVERAGE         68                        58     10       71

PRECIPITATION (IN)
  YESTERDAY        0.00          1.58 1912   0.14  -0.14     1.24
  MONTH TO DATE    2.52                      3.34  -0.82     3.36
  SINCE MAR 1      7.33                      7.30   0.03     8.66
  SINCE JAN 1     14.55                     13.11   1.44    15.29

SNOWFALL (IN)
  YESTERDAY        0.0           0.0    MM   0.0    0.0      0.0
  MONTH TO DATE    0.0                       0.5   -0.5       T
  SINCE MAR 1      2.0                       3.5   -1.5      2.3
  SINCE JUL 1     10.0                      22.1  -12.1     19.2
  SNOW DEPTH       0

DEGREE DAYS
 HEATING
  YESTERDAY        0                         8     -8        0
  MONTH TO DATE  159                       311   -152      293
  SINCE MAR 1    782                       977   -195      747
  SINCE JUL 1   3862                      4804   -942     3955

 COOLING
  YESTERDAY        3                         1      2        6
  MONTH TO DATE   36                        14     22       15
  SINCE MAR 1     37                        14     23       15
  SINCE JAN 1     37                        14     23       15
..................................................................


WIND (MPH)
  RESULTANT WIND SPEED  11   RESULTANT WIND DIRECTION   S (180)
  HIGHEST WIND SPEED    24   HIGHEST WIND DIRECTION     S (160)
  HIGHEST GUST SPEED    31   HIGHEST GUST DIRECTION     S (160)
  AVERAGE WIND SPEED    11.1


SKY COVER
  POSSIBLE SUNSHINE  MM
  AVERAGE SKY COVER 0.5


WEATHER CONDITIONS
 THE FOLLOWING WEATHER WAS RECORDED YESTERDAY.
  NO SIGNIFICANT WEATHER WAS OBSERVED.


RELATIVE HUMIDITY (PERCENT)
 HIGHEST    93           400 AM
 LOWEST     42           500 PM
 AVERAGE    68

..........................................................


THE CINCINNATI OH CLIMATE NORMALS FOR TODAY
                         NORMAL    RECORD    YEAR
 MAXIMUM TEMPERATURE (F)   69        86      1990
                                             1986
                                             1914
 MINIMUM TEMPERATURE (F)   48        30      1996


SUNRISE AND SUNSET
APRIL 27 2017.........SUNRISE   645 AM EDT   SUNSET   828 PM EDT
APRIL 28 2017.........SUNRISE   644 AM EDT   SUNSET   829 PM EDT


-  INDICATES NEGATIVE NUMBERS.
R  INDICATES RECORD WAS SET OR TIED.
MM INDICATES DATA IS MISSING.
T  INDICATES TRACE AMOUNT.




$$
