000
CDUS41 KILN 252052
CLICVG


CLIMATE REPORT
NATIONAL WEATHER SERVICE WILMINGTON OH
451 PM EDT WED MAY 25 2016


...................................

...THE CINCINNATI OH CLIMATE SUMMARY FOR MAY 25 2016...
VALID TODAY AS OF 0400 PM LOCAL TIME.

CLIMATE NORMAL PERIOD 1981 TO 2010
CLIMATE RECORD PERIOD 1869 TO 2016


WEATHER ITEM   OBSERVED TIME   RECORD YEAR NORMAL DEPARTURE LAST
                VALUE   (LST)  VALUE       VALUE  FROM      YEAR
                                                  NORMAL
..................................................................
TEMPERATURE (F)
 TODAY
  MAXIMUM         81    331 PM  93    1908  76      5       76
  MINIMUM         58    316 AM  32    1925  56      2       65
  AVERAGE         70                        66      4       71

PRECIPITATION (IN)
  TODAY            0.00          1.90 1995   0.16  -0.16     0.18
  MONTH TO DATE    2.71                      3.97  -1.26     0.95
  SINCE MAR 1     12.89                     11.82   1.07    12.40
  SINCE JAN 1     19.52                     17.63   1.89    16.55

SNOWFALL (IN)
  TODAY            0.0           0.0    MM   0.0    0.0      0.0
  MONTH TO DATE    0.0                       0.0    0.0      0.0
  SINCE MAR 1      2.3                       3.5   -1.2      4.9
  SINCE JUL 1     19.2                      22.1   -2.9     29.9
  SNOW DEPTH       0

DEGREE DAYS
 HEATING
  TODAY            0                         3     -3        0
  MONTH TO DATE  161                       114     47       67
  SINCE MAR 1    926                      1121   -195     1049
  SINCE JUL 1   4134                      4948   -814     5276

 COOLING
  TODAY            5                         4      1        6
  MONTH TO DATE   21                        52    -31       98
  SINCE MAR 1     39                        70    -31      103
  SINCE JAN 1     39                        70    -31      103
..................................................................


WIND (MPH)
  HIGHEST WIND SPEED    17   HIGHEST WIND DIRECTION     S (190)
  HIGHEST GUST SPEED    24   HIGHEST GUST DIRECTION     S (200)
  AVERAGE WIND SPEED     7.0


SKY COVER
  POSSIBLE SUNSHINE  MM
  AVERAGE SKY COVER 0.8


WEATHER CONDITIONS
 THE FOLLOWING WEATHER WAS RECORDED TODAY.
  NO SIGNIFICANT WEATHER WAS OBSERVED.


RELATIVE HUMIDITY (PERCENT)
 HIGHEST    78           400 AM
 LOWEST     54           300 PM
 AVERAGE    66

..........................................................


THE CINCINNATI OH CLIMATE NORMALS FOR TOMORROW
                         NORMAL    RECORD    YEAR
 MAXIMUM TEMPERATURE (F)   76        95      1911
 MINIMUM TEMPERATURE (F)   56        37      1983


SUNRISE AND SUNSET
MAY 25 2016...........SUNRISE   618 AM EDT   SUNSET   854 PM EDT
MAY 26 2016...........SUNRISE   617 AM EDT   SUNSET   855 PM EDT


-  INDICATES NEGATIVE NUMBERS.
R  INDICATES RECORD WAS SET OR TIED.
MM INDICATES DATA IS MISSING.
T  INDICATES TRACE AMOUNT.




$$
