000
CDUS41 KILN 020556
CLICVG


CLIMATE REPORT
NATIONAL WEATHER SERVICE WILMINGTON OH
1255 AM EST MON MAR 2 2015


...................................

...THE CINCINNATI OH CLIMATE SUMMARY FOR MARCH 1 2015...

CLIMATE NORMAL PERIOD 1981 TO 2010
CLIMATE RECORD PERIOD 1869 TO 2015


WEATHER ITEM   OBSERVED TIME   RECORD YEAR NORMAL DEPARTURE LAST
                VALUE   (LST)  VALUE       VALUE  FROM      YEAR
                                                  NORMAL
..................................................................
TEMPERATURE (F)
 YESTERDAY
  MAXIMUM         35    105 PM  71    1976  47    -12       53
  MINIMUM         24    203 AM   5    1960  30     -6       28
  AVERAGE         30                        38     -8       41

PRECIPITATION (IN)
  YESTERDAY        0.14          2.10 1997   0.11   0.03      T
  MONTH TO DATE    0.14                      0.11   0.03      T
  SINCE MAR 1      0.14                      0.11   0.03      T
  SINCE JAN 1      4.29                      5.92  -1.63     5.54

SNOWFALL (IN)
  YESTERDAY        1.2           7.1  1980   0.1    1.1      0.0
  MONTH TO DATE    1.2                       0.1    1.1      0.0
  SINCE MAR 1      1.2                       0.1    1.1      0.0
  SINCE JUL 1     26.2                      18.7    7.5     43.6
  SNOW DEPTH       3

DEGREE DAYS
 HEATING
  YESTERDAY       35                        27      8       24
  MONTH TO DATE   35                        27      8       24
  SINCE MAR 1     35                        27      8       24
  SINCE JUL 1   4262                      3854    408     4268

 COOLING
  YESTERDAY        0                         0      0        0
  MONTH TO DATE    0                         0      0        0
  SINCE MAR 1      0                         0      0        0
  SINCE JAN 1      0                         0      0        0
..................................................................


WIND (MPH)
  RESULTANT WIND SPEED   2   RESULTANT WIND DIRECTION  SW (230)
  HIGHEST WIND SPEED    15   HIGHEST WIND DIRECTION    NW (310)
  HIGHEST GUST SPEED    18   HIGHEST GUST DIRECTION    NW (310)
  AVERAGE WIND SPEED     5.4


SKY COVER
  POSSIBLE SUNSHINE  MM
  AVERAGE SKY COVER 1.0


WEATHER CONDITIONS
 THE FOLLOWING WEATHER WAS RECORDED YESTERDAY.
  LIGHT RAIN
  LT FREEZING RAIN
  LIGHT SNOW
  FOG
  HAZE


RELATIVE HUMIDITY (PERCENT)
 HIGHEST    92           500 AM
 LOWEST     81           100 AM
 AVERAGE    87

..........................................................


THE CINCINNATI OH CLIMATE NORMALS FOR TODAY
                         NORMAL    RECORD    YEAR
 MAXIMUM TEMPERATURE (F)   48        78      1992
 MINIMUM TEMPERATURE (F)   30        -5      1980


SUNRISE AND SUNSET
MARCH  2 2015.........SUNRISE   710 AM EST   SUNSET   632 PM EST
MARCH  3 2015.........SUNRISE   709 AM EST   SUNSET   633 PM EST


-  INDICATES NEGATIVE NUMBERS.
R  INDICATES RECORD WAS SET OR TIED.
MM INDICATES DATA IS MISSING.
T  INDICATES TRACE AMOUNT.




$$
