000
CDUS41 KILN 310616
CLICVG


CLIMATE REPORT
NATIONAL WEATHER SERVICE WILMINGTON OH
115 AM EST SAT JAN 31 2015


...................................

...THE CINCINNATI OH CLIMATE SUMMARY FOR JANUARY 30 2015...

CLIMATE NORMAL PERIOD 1981 TO 2010
CLIMATE RECORD PERIOD 1869 TO 2015


WEATHER ITEM   OBSERVED TIME   RECORD YEAR NORMAL DEPARTURE LAST
                VALUE   (LST)  VALUE       VALUE  FROM      YEAR
                                                  NORMAL
..................................................................
TEMPERATURE (F)
 YESTERDAY
  MAXIMUM         35   1242 AM  68    1947  40     -5       34
                                      1916
  MINIMUM         20   1156 PM -12    1966  23     -3        8
  AVERAGE         28                        31     -3       21

PRECIPITATION (IN)
  YESTERDAY        T             1.39 1982   0.10  -0.10     0.00
  MONTH TO DATE    2.34                      2.90  -0.56     2.80
  SINCE DEC 1      5.94                      6.27  -0.33     7.73
  SINCE JAN 1      2.34                      2.90  -0.56     2.80

SNOWFALL (IN)
  YESTERDAY        T             3.2  1985   0.2   -0.2      0.0
  MONTH TO DATE    1.2                       6.2   -5.0     20.4
  SINCE DEC 1      1.3                      11.0   -9.7     30.8
  SINCE JUL 1      6.4                      11.8   -5.4     33.2
  SNOW DEPTH       0

DEGREE DAYS
 HEATING
  YESTERDAY       37                        34      3       44
  MONTH TO DATE 1037                      1020     17     1245
  SINCE DEC 1   1879                      1979   -100     2160
  SINCE JUL 1   3017                      2939     78     3196

 COOLING
  YESTERDAY        0                         0      0        0
  MONTH TO DATE    0                         0      0        0
  SINCE DEC 1      0                         0      0        0
  SINCE JAN 1      0                         0      0        0
..................................................................


WIND (MPH)
  RESULTANT WIND SPEED   7   RESULTANT WIND DIRECTION  NW (320)
  HIGHEST WIND SPEED    22   HIGHEST WIND DIRECTION     N (340)
  HIGHEST GUST SPEED    33   HIGHEST GUST DIRECTION    NW (330)
  AVERAGE WIND SPEED     8.4


SKY COVER
  POSSIBLE SUNSHINE  MM
  AVERAGE SKY COVER 0.6


WEATHER CONDITIONS
 THE FOLLOWING WEATHER WAS RECORDED YESTERDAY.
  LIGHT SNOW


RELATIVE HUMIDITY (PERCENT)
 HIGHEST    82          1200 AM
 LOWEST     49           100 PM
 AVERAGE    66

..........................................................


THE CINCINNATI OH CLIMATE NORMALS FOR TODAY
                         NORMAL    RECORD    YEAR
 MAXIMUM TEMPERATURE (F)   40        67      1917
 MINIMUM TEMPERATURE (F)   23       -12      2004


SUNRISE AND SUNSET
JANUARY 31 2015.......SUNRISE   746 AM EST   SUNSET   558 PM EST
FEBRUARY  1 2015......SUNRISE   745 AM EST   SUNSET   600 PM EST


-  INDICATES NEGATIVE NUMBERS.
R  INDICATES RECORD WAS SET OR TIED.
MM INDICATES DATA IS MISSING.
T  INDICATES TRACE AMOUNT.




$$
