000
CDUS41 KILN 220548
CLICVG


CLIMATE REPORT
NATIONAL WEATHER SERVICE WILMINGTON OH
1236 AM EST WED FEB 22 2017


...................................

...THE CINCINNATI OH CLIMATE SUMMARY FOR FEBRUARY 21 2017...

CLIMATE NORMAL PERIOD 1981 TO 2010
CLIMATE RECORD PERIOD 1869 TO 2017


WEATHER ITEM   OBSERVED TIME   RECORD YEAR NORMAL DEPARTURE LAST
                VALUE   (LST)  VALUE       VALUE  FROM      YEAR
                                                  NORMAL
..................................................................
TEMPERATURE (F)
 YESTERDAY
  MAXIMUM         67    352 PM  70    1930  45     22       59
  MINIMUM         49    604 AM -10    1885  27     22       41
  AVERAGE         58                        36     22       50

PRECIPITATION (IN)
  YESTERDAY        0.29          2.73 1874   0.10   0.19     1.57
  MONTH TO DATE    1.81                      2.12  -0.31     3.94
  SINCE DEC 1      9.91                      8.49   1.42    11.42
  SINCE JAN 1      5.48                      5.12   0.36     5.33

SNOWFALL (IN)
  YESTERDAY        0.0           5.9  2015   0.2   -0.2      0.0
  MONTH TO DATE    1.6                       5.2   -3.6      7.9
  SINCE DEC 1      8.0                      16.5   -8.5     16.4
  SINCE JUL 1      8.0                      17.3   -9.3     16.4
  SNOW DEPTH       0

DEGREE DAYS
 HEATING
  YESTERDAY        7                        29    -22       15
  MONTH TO DATE  487                       660   -173      650
  SINCE DEC 1   2304                      2672   -368     2289
  SINCE JUL 1   2986                      3632   -646     3034

 COOLING
  YESTERDAY        0                         0      0        0
  MONTH TO DATE    0                         0      0        0
  SINCE DEC 1      0                         0      0        0
  SINCE JAN 1      0                         0      0        0
..................................................................


WIND (MPH)
  RESULTANT WIND SPEED   5   RESULTANT WIND DIRECTION   S (170)
  HIGHEST WIND SPEED    15   HIGHEST WIND DIRECTION     S (190)
  HIGHEST GUST SPEED    20   HIGHEST GUST DIRECTION     S (190)
  AVERAGE WIND SPEED     6.5


SKY COVER
  POSSIBLE SUNSHINE  MM
  AVERAGE SKY COVER 0.9


WEATHER CONDITIONS
 THE FOLLOWING WEATHER WAS RECORDED YESTERDAY.
  RAIN
  LIGHT RAIN
  FOG


RELATIVE HUMIDITY (PERCENT)
 HIGHEST   100           700 PM
 LOWEST     52          1100 AM
 AVERAGE    76

..........................................................


THE CINCINNATI OH CLIMATE NORMALS FOR TODAY
                         NORMAL    RECORD    YEAR
 MAXIMUM TEMPERATURE (F)   45        71      1922
 MINIMUM TEMPERATURE (F)   28       -10      1963


SUNRISE AND SUNSET
FEBRUARY 22 2017......SUNRISE   721 AM EST   SUNSET   624 PM EST
FEBRUARY 23 2017......SUNRISE   719 AM EST   SUNSET   625 PM EST


-  INDICATES NEGATIVE NUMBERS.
R  INDICATES RECORD WAS SET OR TIED.
MM INDICATES DATA IS MISSING.
T  INDICATES TRACE AMOUNT.




$$
