000
CDUS41 KILN 240550
CLICVG


CLIMATE REPORT
NATIONAL WEATHER SERVICE WILMINGTON OH
143 AM EDT THU JUL 24 2014


...................................

...THE CINCINNATI OH CLIMATE SUMMARY FOR JULY 23 2014...

CLIMATE NORMAL PERIOD 1981 TO 2010
CLIMATE RECORD PERIOD 1869 TO 2014


WEATHER ITEM   OBSERVED TIME   RECORD YEAR NORMAL DEPARTURE LAST
                VALUE   (LST)  VALUE       VALUE  FROM      YEAR
                                                  NORMAL
..................................................................
TEMPERATURE (F)
 YESTERDAY
  MAXIMUM         83    352 PM 104    1934  86     -3       87
  MINIMUM         69   1159 PM  49    1947  66      3       69
  AVERAGE         76                        76      0       78

PRECIPITATION (IN)
  YESTERDAY        0.55          1.34 1989   0.13   0.42      T
  MONTH TO DATE    2.21                      2.77  -0.56     5.05
  SINCE JUN 1      8.43                      6.80   1.63    11.07
  SINCE JAN 1     25.90                     25.39   0.51    28.95

SNOWFALL (IN)
  YESTERDAY        0.0           0.0         0.0    0.0      0.0
  MONTH TO DATE    0.0                       0.0    0.0      0.0
  SINCE JUN 1      0.0                       0.0    0.0      0.0
  SINCE JUL 1      0.0                       0.0    0.0      0.0
  SNOW DEPTH       0

DEGREE DAYS
 HEATING
  YESTERDAY        0                         0      0        0
  MONTH TO DATE    2                         0      2        0
  SINCE JUN 1      5                        15    -10        1
  SINCE JUL 1      2                         0      2        0

 COOLING
  YESTERDAY       11                        11      0       13
  MONTH TO DATE  178                       251    -73      276
  SINCE JUN 1    452                       477    -25      515
  SINCE JAN 1    586                       571     15      654
..................................................................


WIND (MPH)
  RESULTANT WIND SPEED   2   RESULTANT WIND DIRECTION  NW (310)
  HIGHEST WIND SPEED    18   HIGHEST WIND DIRECTION     N (10)
  HIGHEST GUST SPEED    23   HIGHEST GUST DIRECTION     W (290)
  AVERAGE WIND SPEED     8.1


SKY COVER
  POSSIBLE SUNSHINE  MM
  AVERAGE SKY COVER 0.8


WEATHER CONDITIONS
 THE FOLLOWING WEATHER WAS RECORDED YESTERDAY.
  THUNDERSTORM
  HEAVY RAIN
  RAIN
  LIGHT RAIN
  FOG


RELATIVE HUMIDITY (PERCENT)
 HIGHEST    93           200 AM
 LOWEST     69           300 PM
 AVERAGE    81

..........................................................


THE CINCINNATI OH CLIMATE NORMALS FOR TODAY
                         NORMAL    RECORD    YEAR
 MAXIMUM TEMPERATURE (F)   86       106      1934
 MINIMUM TEMPERATURE (F)   66        54      1947


SUNRISE AND SUNSET
JULY 24 2014..........SUNRISE   632 AM EDT   SUNSET   858 PM EDT
JULY 25 2014..........SUNRISE   633 AM EDT   SUNSET   857 PM EDT


-  INDICATES NEGATIVE NUMBERS.
R  INDICATES RECORD WAS SET OR TIED.
MM INDICATES DATA IS MISSING.
T  INDICATES TRACE AMOUNT.




$$
