000
CDUS41 KILN 202201
CLICVG


CLIMATE REPORT
NATIONAL WEATHER SERVICE WILMINGTON OH
458 PM EST THU NOV 20 2014


...................................

...THE CINCINNATI OH CLIMATE SUMMARY FOR NOVEMBER 20 2014...
VALID TODAY AS OF 0400 PM LOCAL TIME.

CLIMATE NORMAL PERIOD 1981 TO 2010
CLIMATE RECORD PERIOD 1869 TO 2014


WEATHER ITEM   OBSERVED TIME   RECORD YEAR NORMAL DEPARTURE LAST
                VALUE   (LST)  VALUE       VALUE  FROM      YEAR
                                                  NORMAL
..................................................................
TEMPERATURE (F)
 TODAY
  MAXIMUM         32   1222 AM  75    1931  52    -20       51
                                      1906
  MINIMUM         23    830 AM  11    1914  35    -12       29
  AVERAGE         28                        43    -15       40

PRECIPITATION (IN)
  TODAY            T             1.52 1900   0.12  -0.12     0.00
  MONTH TO DATE    0.76                      2.22  -1.46     1.88
  SINCE SEP 1      7.22                      8.15  -0.93    11.21
  SINCE JAN 1     37.68                     37.94  -0.26    44.26

SNOWFALL (IN)
  TODAY            T             0.5  1967   0.0    0.0      0.0
  MONTH TO DATE    5.1                       0.2    4.9      0.7
  SINCE SEP 1      5.1                       0.6    4.5      0.7
  SINCE JUL 1      5.1                       0.6    4.5      0.7
  SNOW DEPTH       0

DEGREE DAYS
 HEATING
  TODAY           37                        22     15       25
  MONTH TO DATE  543                       357    186      388
  SINCE SEP 1    894                       719    175      717
  SINCE JUL 1    899                       719    180      721

 COOLING
  TODAY            0                         0      0        0
  MONTH TO DATE    0                         0      0        0
  SINCE SEP 1    131                       153    -22      174
  SINCE JAN 1   1077                      1121    -44     1150
..................................................................


WIND (MPH)
  HIGHEST WIND SPEED    21   HIGHEST WIND DIRECTION     W (270)
  HIGHEST GUST SPEED    26   HIGHEST GUST DIRECTION     W (270)
  AVERAGE WIND SPEED    11.8


SKY COVER
  POSSIBLE SUNSHINE  MM
  AVERAGE SKY COVER 0.6


WEATHER CONDITIONS
 THE FOLLOWING WEATHER WAS RECORDED TODAY.
  LIGHT SNOW


RELATIVE HUMIDITY (PERCENT)
 HIGHEST    63          1200 AM
 LOWEST     47           200 PM
 AVERAGE    55

..........................................................


THE CINCINNATI OH CLIMATE NORMALS FOR TOMORROW
                         NORMAL    RECORD    YEAR
 MAXIMUM TEMPERATURE (F)   51        75      1934
 MINIMUM TEMPERATURE (F)   34        11      1964


SUNRISE AND SUNSET
NOVEMBER 20 2014......SUNRISE   727 AM EST   SUNSET   521 PM EST
NOVEMBER 21 2014......SUNRISE   728 AM EST   SUNSET   521 PM EST


-  INDICATES NEGATIVE NUMBERS.
R  INDICATES RECORD WAS SET OR TIED.
MM INDICATES DATA IS MISSING.
T  INDICATES TRACE AMOUNT.




$$
