000
CDUS41 KILN 070553
CLICVG


CLIMATE REPORT
NATIONAL WEATHER SERVICE WILMINGTON OH
148 AM EDT TUE JUL 7 2015


...................................

...THE CINCINNATI OH CLIMATE SUMMARY FOR JULY 6 2015...

CLIMATE NORMAL PERIOD 1981 TO 2010
CLIMATE RECORD PERIOD 1869 TO 2015


WEATHER ITEM   OBSERVED TIME   RECORD YEAR NORMAL DEPARTURE LAST
                VALUE   (LST)  VALUE       VALUE  FROM      YEAR
                                                  NORMAL
..................................................................
TEMPERATURE (F)
 YESTERDAY
  MAXIMUM         84    429 PM 104    2012  86     -2       83
  MINIMUM         60    601 AM  50    1997  66     -6       57
                                      1972
  AVERAGE         72                        76     -4       70

PRECIPITATION (IN)
  YESTERDAY        0.00          1.43 1911   0.13  -0.13     0.00
  MONTH TO DATE    1.69                      0.69   1.00     0.61
  SINCE JUN 1      9.02                      4.72   4.30     6.83
  SINCE JAN 1     26.25                     23.31   2.94    24.30

SNOWFALL (IN)
  YESTERDAY        0.0           0.0         0.0    0.0      0.0
  MONTH TO DATE    0.0                       0.0    0.0      0.0
  SINCE JUN 1      0.0                       0.0    0.0      0.0
  SINCE JUL 1      0.0                       0.0    0.0      0.0
  SNOW DEPTH       0

DEGREE DAYS
 HEATING
  YESTERDAY        0                         0      0        0
  MONTH TO DATE    0                         0      0        0
  SINCE JUN 1     19                        15      4        3
  SINCE JUL 1      0                         0      0        0

 COOLING
  YESTERDAY        7                        11     -4        5
  MONTH TO DATE   42                        64    -22       36
  SINCE JUN 1    301                       290     11      310
  SINCE JAN 1    450                       384     66      444
..................................................................


WIND (MPH)
  RESULTANT WIND SPEED   3   RESULTANT WIND DIRECTION  SW (220)
  HIGHEST WIND SPEED    12   HIGHEST WIND DIRECTION    SW (210)
  HIGHEST GUST SPEED    16   HIGHEST GUST DIRECTION     W (260)
  AVERAGE WIND SPEED     4.3


SKY COVER
  POSSIBLE SUNSHINE  MM
  AVERAGE SKY COVER 0.3


WEATHER CONDITIONS
 THE FOLLOWING WEATHER WAS RECORDED YESTERDAY.
  FOG
  HAZE


RELATIVE HUMIDITY (PERCENT)
 HIGHEST    93           300 AM
 LOWEST     55           300 PM
 AVERAGE    74

..........................................................


THE CINCINNATI OH CLIMATE NORMALS FOR TODAY
                         NORMAL    RECORD    YEAR
 MAXIMUM TEMPERATURE (F)   86       104      2012
 MINIMUM TEMPERATURE (F)   66        51      1972


SUNRISE AND SUNSET
JULY  7 2015..........SUNRISE   620 AM EDT   SUNSET   907 PM EDT
JULY  8 2015..........SUNRISE   620 AM EDT   SUNSET   907 PM EDT


-  INDICATES NEGATIVE NUMBERS.
R  INDICATES RECORD WAS SET OR TIED.
MM INDICATES DATA IS MISSING.
T  INDICATES TRACE AMOUNT.




$$
