000
CDUS41 KILN 212051
CLICVG


CLIMATE REPORT
NATIONAL WEATHER SERVICE WILMINGTON OH
451 PM EDT TUE OCT 21 2014


...................................

...THE CINCINNATI OH CLIMATE SUMMARY FOR OCTOBER 21 2014...
VALID TODAY AS OF 0400 PM LOCAL TIME.

CLIMATE NORMAL PERIOD 1981 TO 2010
CLIMATE RECORD PERIOD 1869 TO 2014


WEATHER ITEM   OBSERVED TIME   RECORD YEAR NORMAL DEPARTURE LAST
                VALUE   (LST)  VALUE       VALUE  FROM      YEAR
                                                  NORMAL
..................................................................
TEMPERATURE (F)
 TODAY
  MAXIMUM         57   1138 AM  85    1953  64     -7       66
                                      1947
  MINIMUM         45    704 AM  20    1952  44      1       42
  AVERAGE         51                        54     -3       54

PRECIPITATION (IN)
  TODAY            0.00          1.46 1929   0.11  -0.11     0.06
  MONTH TO DATE    3.02                      2.24   0.78     4.38
  SINCE SEP 1      6.22                      4.87   1.35     8.03
  SINCE JAN 1     36.68                     34.66   2.02    41.08

SNOWFALL (IN)
  TODAY            0.0           0.0    MM   0.0    0.0      0.0
  MONTH TO DATE    0.0                       0.2   -0.2      0.0
  SINCE SEP 1      0.0                       0.2   -0.2      0.0
  SINCE JUL 1      0.0                       0.2   -0.2      0.0
  SNOW DEPTH       0

DEGREE DAYS
 HEATING
  TODAY           14                        11      3       11
  MONTH TO DATE  185                       176      9      122
  SINCE SEP 1    236                       234      2      148
  SINCE JUL 1    241                       234      7      152

 COOLING
  TODAY            0                         0      0        0
  MONTH TO DATE   13                        16     -3       30
  SINCE SEP 1    131                       153    -22      174
  SINCE JAN 1   1077                      1121    -44     1150
..................................................................


WIND (MPH)
  HIGHEST WIND SPEED    22   HIGHEST WIND DIRECTION    NW (330)
  HIGHEST GUST SPEED    25   HIGHEST GUST DIRECTION    NW (330)
  AVERAGE WIND SPEED     9.7


SKY COVER
  POSSIBLE SUNSHINE  MM
  AVERAGE SKY COVER 0.7


WEATHER CONDITIONS
 THE FOLLOWING WEATHER WAS RECORDED TODAY.
  FOG


RELATIVE HUMIDITY (PERCENT)
 HIGHEST    92           700 AM
 LOWEST     47          1200 PM
 AVERAGE    70

..........................................................


THE CINCINNATI OH CLIMATE NORMALS FOR TOMORROW
                         NORMAL    RECORD    YEAR
 MAXIMUM TEMPERATURE (F)   64        87      1947
 MINIMUM TEMPERATURE (F)   44        23      1987
                                             1930


SUNRISE AND SUNSET
OCTOBER 21 2014.......SUNRISE   754 AM EDT   SUNSET   652 PM EDT
OCTOBER 22 2014.......SUNRISE   755 AM EDT   SUNSET   650 PM EDT


-  INDICATES NEGATIVE NUMBERS.
R  INDICATES RECORD WAS SET OR TIED.
MM INDICATES DATA IS MISSING.
T  INDICATES TRACE AMOUNT.




$$
