000
CDUS41 KILN 232053
CLICVG


CLIMATE REPORT
NATIONAL WEATHER SERVICE WILMINGTON OH
452 PM EDT TUE SEP 23 2014


...................................

...THE CINCINNATI OH CLIMATE SUMMARY FOR SEPTEMBER 23 2014...
VALID TODAY AS OF 0400 PM LOCAL TIME.

CLIMATE NORMAL PERIOD 1981 TO 2010
CLIMATE RECORD PERIOD 1869 TO 2014


WEATHER ITEM   OBSERVED TIME   RECORD YEAR NORMAL DEPARTURE LAST
                VALUE   (LST)  VALUE       VALUE  FROM      YEAR
                                                  NORMAL
..................................................................
TEMPERATURE (F)
 TODAY
  MAXIMUM         73    325 PM  95    2010  75     -2       70
  MINIMUM         45    401 AM  34    1983  54     -9       49
  AVERAGE         59                        65     -6       60

PRECIPITATION (IN)
  TODAY            0.00          1.32 2000   0.09  -0.09     0.00
  MONTH TO DATE    3.18                      1.99   1.19     3.56
  SINCE SEP 1      3.18                      1.99   1.19     3.56
  SINCE JAN 1     33.64                     31.78   1.86    36.61

SNOWFALL (IN)
  TODAY            0.0          MM      MM   0.0    0.0      0.0
  MONTH TO DATE    0.0                       0.0    0.0      0.0
  SINCE SEP 1      0.0                       0.0    0.0      0.0
  SINCE JUL 1      0.0                       0.0    0.0      0.0
  SNOW DEPTH       0

DEGREE DAYS
 HEATING
  TODAY            6                         3      3        5
  MONTH TO DATE   51                        28     23       20
  SINCE SEP 1     51                        28     23       20
  SINCE JUL 1     56                        28     28       24

 COOLING
  TODAY            0                         3     -3        0
  MONTH TO DATE   94                       122    -28      136
  SINCE SEP 1     94                       122    -28      136
  SINCE JAN 1   1040                      1090    -50     1112
..................................................................


WIND (MPH)
  HIGHEST WIND SPEED    12   HIGHEST WIND DIRECTION     E (70)
  HIGHEST GUST SPEED    15   HIGHEST GUST DIRECTION     E (110)
  AVERAGE WIND SPEED     2.7


SKY COVER
  POSSIBLE SUNSHINE  MM
  AVERAGE SKY COVER 0.0


WEATHER CONDITIONS
 THE FOLLOWING WEATHER WAS RECORDED TODAY.
  FOG
  HAZE


RELATIVE HUMIDITY (PERCENT)
 HIGHEST    89           400 AM
 LOWEST     35           300 PM
 AVERAGE    62

..........................................................


THE CINCINNATI OH CLIMATE NORMALS FOR TOMORROW
                         NORMAL    RECORD    YEAR
 MAXIMUM TEMPERATURE (F)   75        94      2007
 MINIMUM TEMPERATURE (F)   54        33      1983


SUNRISE AND SUNSET
SEPTEMBER 23 2014.....SUNRISE   727 AM EDT   SUNSET   734 PM EDT
SEPTEMBER 24 2014.....SUNRISE   728 AM EDT   SUNSET   732 PM EDT


-  INDICATES NEGATIVE NUMBERS.
R  INDICATES RECORD WAS SET OR TIED.
MM INDICATES DATA IS MISSING.
T  INDICATES TRACE AMOUNT.




$$
