000
CDUS41 KILN 290543
CLICVG


CLIMATE REPORT
NATIONAL WEATHER SERVICE WILMINGTON OH
142 AM EDT TUE JUL 29 2014


...................................

...THE CINCINNATI OH CLIMATE SUMMARY FOR JULY 28 2014...

CLIMATE NORMAL PERIOD 1981 TO 2010
CLIMATE RECORD PERIOD 1869 TO 2014


WEATHER ITEM   OBSERVED TIME   RECORD YEAR NORMAL DEPARTURE LAST
                VALUE   (LST)  VALUE       VALUE  FROM      YEAR
                                                  NORMAL
..................................................................
TEMPERATURE (F)
 YESTERDAY
  MAXIMUM         74    448 PM 103    1930  86    -12       73
  MINIMUM         58   1159 PM  53    2013  66     -8       53
                                      1962
                                      1920
  AVERAGE         66                        76    -10       63

PRECIPITATION (IN)
  YESTERDAY        0.00          1.43 1915   0.12  -0.12     0.00
  MONTH TO DATE    2.83                      3.40  -0.57     5.37
  SINCE JUN 1      9.05                      7.43   1.62    11.39
  SINCE JAN 1     26.52                     26.02   0.50    29.27

SNOWFALL (IN)
  YESTERDAY        0.0           0.0    MM   0.0    0.0      0.0
  MONTH TO DATE    0.0                       0.0    0.0      0.0
  SINCE JUN 1      0.0                       0.0    0.0      0.0
  SINCE JUL 1      0.0                       0.0    0.0      0.0
  SNOW DEPTH       0

DEGREE DAYS
 HEATING
  YESTERDAY        0                         0      0        2
  MONTH TO DATE    2                         0      2        2
  SINCE JUN 1      5                        15    -10        3
  SINCE JUL 1      2                         0      2        2

 COOLING
  YESTERDAY        1                        11    -10        0
  MONTH TO DATE  206                       306   -100      293
  SINCE JUN 1    480                       532    -52      532
  SINCE JAN 1    614                       626    -12      671
..................................................................


WIND (MPH)
  RESULTANT WIND SPEED  10   RESULTANT WIND DIRECTION  NW (300)
  HIGHEST WIND SPEED    21   HIGHEST WIND DIRECTION     W (280)
  HIGHEST GUST SPEED    24   HIGHEST GUST DIRECTION    NW (320)
  AVERAGE WIND SPEED    10.3


SKY COVER
  POSSIBLE SUNSHINE  MM
  AVERAGE SKY COVER 0.5


WEATHER CONDITIONS
 THE FOLLOWING WEATHER WAS RECORDED YESTERDAY.
  NO SIGNIFICANT WEATHER WAS OBSERVED.


RELATIVE HUMIDITY (PERCENT)
 HIGHEST    90           700 AM
 LOWEST     53           700 PM
 AVERAGE    72

..........................................................


THE CINCINNATI OH CLIMATE NORMALS FOR TODAY
                         NORMAL    RECORD    YEAR
 MAXIMUM TEMPERATURE (F)   86       100      1940
 MINIMUM TEMPERATURE (F)   66        54      2013


SUNRISE AND SUNSET
JULY 29 2014..........SUNRISE   637 AM EDT   SUNSET   853 PM EDT
JULY 30 2014..........SUNRISE   638 AM EDT   SUNSET   852 PM EDT


-  INDICATES NEGATIVE NUMBERS.
R  INDICATES RECORD WAS SET OR TIED.
MM INDICATES DATA IS MISSING.
T  INDICATES TRACE AMOUNT.




$$
