000
CDUS41 KILN 270537
CLICVG


CLIMATE REPORT
NATIONAL WEATHER SERVICE WILMINGTON OH
136 AM EDT FRI MAR 27 2015


...................................

...THE CINCINNATI OH CLIMATE SUMMARY FOR MARCH 26 2015...

CLIMATE NORMAL PERIOD 1981 TO 2010
CLIMATE RECORD PERIOD 1869 TO 2015


WEATHER ITEM   OBSERVED TIME   RECORD YEAR NORMAL DEPARTURE LAST
                VALUE   (LST)  VALUE       VALUE  FROM      YEAR
                                                  NORMAL
..................................................................
TEMPERATURE (F)
 YESTERDAY
  MAXIMUM         54   1211 AM  82    1907  57     -3       41
  MINIMUM         32   1136 PM  13    1955  37     -5       17
  AVERAGE         43                        47     -4       29

PRECIPITATION (IN)
  YESTERDAY        0.68          2.07 1904   0.14   0.54      T
  MONTH TO DATE    6.23                      3.26   2.97     1.30
  SINCE MAR 1      6.23                      3.26   2.97     1.30
  SINCE JAN 1     10.38                      9.07   1.31     6.84

SNOWFALL (IN)
  YESTERDAY        0.0           1.0  1969   0.0    0.0       T
                                      1930
  MONTH TO DATE    4.9                       2.7    2.2      3.3
  SINCE MAR 1      4.9                       2.7    2.2      3.3
  SINCE JUL 1     29.9                      21.3    8.6     46.9
  SNOW DEPTH       0

DEGREE DAYS
 HEATING
  YESTERDAY       22                        18      4       36
  MONTH TO DATE  584                       581      3      687
  SINCE MAR 1    584                       581      3      687
  SINCE JUL 1   4811                      4408    403     4931

 COOLING
  YESTERDAY        0                         0      0        0
  MONTH TO DATE    0                         0      0        0
  SINCE MAR 1      0                         0      0        0
  SINCE JAN 1      0                         0      0        0
..................................................................


WIND (MPH)
  RESULTANT WIND SPEED   7   RESULTANT WIND DIRECTION   N (340)
  HIGHEST WIND SPEED    22   HIGHEST WIND DIRECTION     N (360)
  HIGHEST GUST SPEED    29   HIGHEST GUST DIRECTION    NW (310)
  AVERAGE WIND SPEED     9.5


SKY COVER
  POSSIBLE SUNSHINE  MM
  AVERAGE SKY COVER 1.0


WEATHER CONDITIONS
 THE FOLLOWING WEATHER WAS RECORDED YESTERDAY.
  HEAVY RAIN
  RAIN
  LIGHT RAIN
  FOG


RELATIVE HUMIDITY (PERCENT)
 HIGHEST   100           600 AM
 LOWEST     70           600 PM
 AVERAGE    85

..........................................................


THE CINCINNATI OH CLIMATE NORMALS FOR TODAY
                         NORMAL    RECORD    YEAR
 MAXIMUM TEMPERATURE (F)   58        85      1910
 MINIMUM TEMPERATURE (F)   37        14      1955


SUNRISE AND SUNSET
MARCH 27 2015.........SUNRISE   732 AM EDT   SUNSET   757 PM EDT
MARCH 28 2015.........SUNRISE   730 AM EDT   SUNSET   758 PM EDT


-  INDICATES NEGATIVE NUMBERS.
R  INDICATES RECORD WAS SET OR TIED.
MM INDICATES DATA IS MISSING.
T  INDICATES TRACE AMOUNT.




$$
