000
CDUS45 KCYS 050728
CLICYS


CLIMATE REPORT
NATIONAL WEATHER SERVICE CHEYENNE WY
128 AM MDT THU MAY 5 2016


...................................

...THE CHEYENNE WYOMING AIRPORT CLIMATE SUMMARY FOR MAY 4 2016...

CLIMATE NORMAL PERIOD 1981 TO 2010
CLIMATE RECORD PERIOD 1871 TO 2016


WEATHER ITEM   OBSERVED TIME   RECORD YEAR NORMAL DEPARTURE LAST
                VALUE   (LST)  VALUE       VALUE  FROM      YEAR
                                                  NORMAL
..................................................................
TEMPERATURE (F)
 YESTERDAY
  MAXIMUM         73    338 PM  84    2000  61     12       57
  MINIMUM         39    457 AM  23    1950  36      3       43
                                      1874
  AVERAGE         56                        49      7       50

PRECIPITATION (IN)
  YESTERDAY        0.00          0.88 1908   0.07  -0.07     0.01
  MONTH TO DATE    0.01                      0.27  -0.26     0.23
  SINCE JAN 1      6.60                      3.90   2.70     3.82

SNOWFALL (IN)
  YESTERDAY        0.0           9.0  1908   0.1   -0.1      0.0
  MONTH TO DATE    T                         0.6   -0.6      0.0
  SINCE JUL 1     90.1                      58.6   31.5     50.1
  SNOW DEPTH       0

DEGREE DAYS
 HEATING
  YESTERDAY        9                        16     -7       15
  MONTH TO DATE   78                        67     11       41
  SINCE MAR 1   1567                      1633    -66     1375
  SINCE JUL 1   6084                      6652   -568     6026

 COOLING
  YESTERDAY        0                         0      0        0
  MONTH TO DATE    0                         0      0        0
  SINCE MAR 1      0                         0      0        0
  SINCE JAN 1      0                         0      0        0
..................................................................


WIND (MPH)
  HIGHEST WIND SPEED    17   HIGHEST WIND DIRECTION     W (290)
  HIGHEST GUST SPEED    29   HIGHEST GUST DIRECTION    NW (310)
  AVERAGE WIND SPEED     7.7


SKY COVER
  AVERAGE SKY COVER 0.0


WEATHER CONDITIONS
 THE FOLLOWING WEATHER WAS RECORDED YESTERDAY.
  NO SIGNIFICANT WEATHER WAS OBSERVED.


RELATIVE HUMIDITY (PERCENT)
 HIGHEST    79           200 AM
 LOWEST     19           200 PM
 AVERAGE    49

..........................................................


THE CHEYENNE WYOMING AIRPORT CLIMATE NORMALS FOR TODAY
                         NORMAL    RECORD    YEAR
 MAXIMUM TEMPERATURE (F)   61        86      2000
 MINIMUM TEMPERATURE (F)   37        20      1917


SUNRISE AND SUNSET
MAY  5 2016...........SUNRISE   551 AM MDT   SUNSET   801 PM MDT
MAY  6 2016...........SUNRISE   550 AM MDT   SUNSET   802 PM MDT


-  INDICATES NEGATIVE NUMBERS.
R  INDICATES RECORD WAS SET OR TIED.
MM INDICATES DATA IS MISSING.
T  INDICATES TRACE AMOUNT.




$$
