000
CDUS45 KCYS 020326
CLICYS


CLIMATE REPORT
NATIONAL WEATHER SERVICE CHEYENNE WY
926 PM MDT WED JUL 1 2015


...................................

...THE CHEYENNE WYOMING AIRPORT CLIMATE SUMMARY FOR JULY 1 2015...
VALID TODAY AS OF 0900 PM LOCAL TIME.

CLIMATE NORMAL PERIOD 1981 TO 2010
CLIMATE RECORD PERIOD 1871 TO 2015


WEATHER ITEM   OBSERVED TIME   RECORD YEAR NORMAL DEPARTURE
                VALUE   (LST)  VALUE       VALUE  FROM
                                                  NORMAL
...............................................................
TEMPERATURE (F)
 TODAY
  MAXIMUM         84    129 PM  97    2002  81      3
  MINIMUM         60    556 PM  39    1968  53      7
  AVERAGE         72                        67      5

PRECIPITATION (IN)
  TODAY            0.33          0.77 1962   0.06   0.27
  MONTH TO DATE    0.33                      0.06   0.27
  SINCE JUN 1      1.86                      2.40  -0.54
  SINCE JAN 1     11.44                      8.37   3.07

SNOWFALL (IN)
  TODAY            0.0           1.0  1951   0.0    0.0
  MONTH TO DATE    0.0                       0.0    0.0
  SINCE JUL 1      0.0                       0.0    0.0
  SNOW DEPTH       0

DEGREE DAYS
 HEATING
  TODAY            0                               -1
  MONTH TO DATE    0                               -1
  SINCE JUN 1     36                              -99
  SINCE JUL 1      0                               -1

 COOLING
  TODAY            7                                3
  MONTH TO DATE    7                                3
  SINCE JUN 1     69                               18
  SINCE JAN 1     69                               15
...............................................................


WIND (MPH)
  HIGHEST WIND SPEED    24   HIGHEST WIND DIRECTION     N (20)
  HIGHEST GUST SPEED    34   HIGHEST GUST DIRECTION     N (20)
  AVERAGE WIND SPEED     8.0




RELATIVE HUMIDITY (PERCENT)
 HIGHEST    90
 LOWEST     36
 AVERAGE    63

..........................................................


THE CHEYENNE WYOMING AIRPORT CLIMATE NORMALS FOR TOMORROW
                         NORMAL    RECORD    YEAR
 MAXIMUM TEMPERATURE (F)   82        96      2001
                                             1990
                                             1881
 MINIMUM TEMPERATURE (F)   54        36      1908


SUNRISE AND SUNSET
JULY  1 2015..........SUNRISE   530 AM MDT   SUNSET   836 PM MDT
JULY  2 2015..........SUNRISE   531 AM MDT   SUNSET   836 PM MDT


-  INDICATES NEGATIVE NUMBERS.
R  INDICATES RECORD WAS SET OR TIED.
MM INDICATES DATA IS MISSING.
T  INDICATES TRACE AMOUNT.




$$
