000
CDUS45 KCYS 010732
CLICYS


CLIMATE REPORT
NATIONAL WEATHER SERVICE CHEYENNE WY
1231 AM MST SUN FEB 1 2015


...................................

...THE CHEYENNE WYOMING CLIMATE SUMMARY FOR JANUARY 31 2015...

CLIMATE NORMAL PERIOD 1981 TO 2010
CLIMATE RECORD PERIOD 1871 TO 2015


WEATHER ITEM   OBSERVED TIME   RECORD YEAR NORMAL DEPARTURE LAST
                VALUE   (LST)  VALUE       VALUE  FROM      YEAR
                                                  NORMAL
..................................................................
TEMPERATURE (F)
 YESTERDAY
  MAXIMUM         39    253 PM  63    1954  39      0       27
  MINIMUM         22   1159 PM -27    1951  18      4       13
  AVERAGE         31                        28      3       20

PRECIPITATION (IN)
  YESTERDAY        T             0.63 1883   0.01  -0.01     0.08
  MONTH TO DATE    0.06                      0.33  -0.27     1.01
  SINCE JAN 1      0.06                      0.33  -0.27     1.01

SNOWFALL (IN)
  YESTERDAY        T             6.3  1883   0.2   -0.2      1.1
  MONTH TO DATE    0.8                       5.9   -5.1     15.0
  SINCE JUL 1     23.4                      28.6   -5.2     40.7
  SNOW DEPTH       0

DEGREE DAYS
 HEATING
  YESTERDAY       34                        37     -3       45
  MONTH TO DATE 1018                      1123   -105     1124
  SINCE DEC 1   2123                      2279   -156     2320
  SINCE JUL 1   3721                      4027   -306     4024

 COOLING
  YESTERDAY        0                         0      0        0
  MONTH TO DATE    0                         0      0        0
  SINCE DEC 1      0                         0      0        0
  SINCE JAN 1      0                         0      0        0
..................................................................


WIND (MPH)
  HIGHEST WIND SPEED    32   HIGHEST WIND DIRECTION     N (360)
  HIGHEST GUST SPEED    40   HIGHEST GUST DIRECTION     N (10)
  AVERAGE WIND SPEED    11.3


SKY COVER
  AVERAGE SKY COVER 1.0


WEATHER CONDITIONS
 THE FOLLOWING WEATHER WAS RECORDED YESTERDAY.
  LIGHT SNOW
  FOG
  HAZE


RELATIVE HUMIDITY (PERCENT)
 HIGHEST    85           600 PM
 LOWEST     59           300 PM
 AVERAGE    72

..........................................................


THE CHEYENNE WYOMING CLIMATE NORMALS FOR TODAY
                         NORMAL    RECORD    YEAR
 MAXIMUM TEMPERATURE (F)   39        65      2003
 MINIMUM TEMPERATURE (F)   18       -25      1985


SUNRISE AND SUNSET
FEBRUARY  1 2015......SUNRISE   710 AM MST   SUNSET   516 PM MST
FEBRUARY  2 2015......SUNRISE   709 AM MST   SUNSET   517 PM MST


-  INDICATES NEGATIVE NUMBERS.
R  INDICATES RECORD WAS SET OR TIED.
MM INDICATES DATA IS MISSING.
T  INDICATES TRACE AMOUNT.




$$
