076
CDUS46 KSGX 270018
CLICZZ


CLIMATE REPORT
NATIONAL WEATHER SERVICE SAN DIEGO, CA
518 PM PDT MON SEP 26 2016


...................................

...THE CAMPO ASOS CA CLIMATE SUMMARY FOR SEPTEMBER 26 2016...
VALID TODAY AS OF 0500 PM LOCAL TIME.

CLIMATE NORMAL PERIOD 1981 TO 2010
CLIMATE RECORD PERIOD 1948 TO 2016


WEATHER ITEM   OBSERVED TIME   RECORD YEAR NORMAL DEPARTURE LAST
                VALUE   (LST)  VALUE       VALUE  FROM      YEAR
                                                  NORMAL
..................................................................
TEMPERATURE (F)
 TODAY
  MAXIMUM         82    356 PM  99    1989  86     -4       96
  MINIMUM         50    153 AM  36    1972  46      4       58
  AVERAGE         66                        66      0       77

PRECIPITATION (IN)
  TODAY            0.00          0.39 1997   0.01  -0.01     0.00
  MONTH TO DATE    1.00                      0.29   0.71     0.59
  SINCE OCT 1     10.32                     15.68  -5.36    10.71
  SINCE JAN 1      7.37                     11.46  -4.09     6.84

DEGREE DAYS
 HEATING
  TODAY            0                         2     -2        0
  MONTH TO DATE   37                        29      8        4
  SINCE SEP 1     37                        29      8        4
  SINCE JUL 1     37                        43     -6       14

 COOLING
  TODAY            1                         3     -2       12
  MONTH TO DATE   81                       150    -69      189
  SINCE SEP 1     81                       150    -69      189
  SINCE JAN 1    901                       800    101      879
..................................................................


WIND (MPH)
  RESULTANT WIND SPEED  11   RESULTANT WIND DIRECTION  NE (50)
  HIGHEST WIND SPEED    26   HIGHEST WIND DIRECTION    NE (40)
  HIGHEST GUST SPEED    35   HIGHEST GUST DIRECTION    NE (50)
  AVERAGE WIND SPEED    11.6


SKY COVER
  POSSIBLE SUNSHINE  MM
  AVERAGE SKY COVER 0.0



RELATIVE HUMIDITY (PERCENT)
 HIGHEST    61           200 AM
 LOWEST     18           800 AM
 AVERAGE    40

..........................................................


THE CAMPO ASOS CA CLIMATE NORMALS FOR TOMORROW
                         NORMAL    RECORD    YEAR
 MAXIMUM TEMPERATURE (F)   86        99      1992
 MINIMUM TEMPERATURE (F)   46        34      1988


SUNRISE AND SUNSET
SEPTEMBER 26 2016.....SUNRISE   637 AM PDT   SUNSET   636 PM PDT
SEPTEMBER 27 2016.....SUNRISE   638 AM PDT   SUNSET   635 PM PDT


-  INDICATES NEGATIVE NUMBERS.
R  INDICATES RECORD WAS SET OR TIED.
MM INDICATES DATA IS MISSING.
T  INDICATES TRACE AMOUNT.




$$
