000
CDUS46 KSGX 260119
CLICZZ


CLIMATE REPORT
NATIONAL WEATHER SERVICE SAN DIEGO, CA
519 PM PST SAT FEB 25 2017


...................................

...THE CAMPO ASOS CA CLIMATE SUMMARY FOR FEBRUARY 25 2017...
VALID TODAY AS OF 0500 PM LOCAL TIME.

CLIMATE NORMAL PERIOD 1981 TO 2010
CLIMATE RECORD PERIOD 1948 TO 2017


WEATHER ITEM   OBSERVED TIME   RECORD YEAR NORMAL DEPARTURE LAST
                VALUE   (LST)  VALUE       VALUE  FROM      YEAR
                                                  NORMAL
..................................................................
TEMPERATURE (F)
 TODAY
  MAXIMUM         59    242 PM  84    1968  65     -6       75
  MINIMUM         24    540 AM  20    1960  35    -11       33
  AVERAGE         42                        50     -8       54

PRECIPITATION (IN)
  TODAY            0.00          0.85 2003   0.11  -0.11     0.00
  MONTH TO DATE    1.25                      2.88  -1.63     0.20
  SINCE OCT 1     13.14                     10.08   3.06     6.75
  SINCE JAN 1      7.91                      5.86   2.05     3.80

DEGREE DAYS
 HEATING
  TODAY           23                        15      8       11
  MONTH TO DATE  414                       391     23      279
  SINCE DEC 1   1432                      1437     -5     1439
  SINCE JUL 1   1850                      2007   -157     1855

 COOLING
  TODAY            0                         0      0        0
  MONTH TO DATE    0                         0      0        0
  SINCE DEC 1      0                         0      0        0
  SINCE JAN 1      0                         0      0        0
..................................................................


WIND (MPH)
  RESULTANT WIND SPEED   2   RESULTANT WIND DIRECTION  SW (210)
  HIGHEST WIND SPEED    20   HIGHEST WIND DIRECTION    SW (230)
  HIGHEST GUST SPEED    23   HIGHEST GUST DIRECTION    SW (220)
  AVERAGE WIND SPEED     7.3


SKY COVER
  POSSIBLE SUNSHINE  MM
  AVERAGE SKY COVER 0.0



RELATIVE HUMIDITY (PERCENT)
 HIGHEST   100          1200 AM
 LOWEST     20          1000 AM
 AVERAGE    60

..........................................................


THE CAMPO ASOS CA CLIMATE NORMALS FOR TOMORROW
                         NORMAL    RECORD    YEAR
 MAXIMUM TEMPERATURE (F)   65        85      1986
 MINIMUM TEMPERATURE (F)   35        21      1977


SUNRISE AND SUNSET
FEBRUARY 25 2017......SUNRISE   618 AM PST   SUNSET   540 PM PST
FEBRUARY 26 2017......SUNRISE   617 AM PST   SUNSET   541 PM PST


-  INDICATES NEGATIVE NUMBERS.
R  INDICATES RECORD WAS SET OR TIED.
MM INDICATES DATA IS MISSING.
T  INDICATES TRACE AMOUNT.




$$
