000
CDUS46 KSGX 310022
CLICZZ


CLIMATE REPORT
NATIONAL WEATHER SERVICE SAN DIEGO, CA
522 PM PDT THU JUL 30 2015


...................................

...THE CAMPO ASOS CA CLIMATE SUMMARY FOR JULY 30 2015...
VALID TODAY AS OF 0500 PM LOCAL TIME.

CLIMATE NORMAL PERIOD 1981 TO 2010
CLIMATE RECORD PERIOD 1948 TO 2015


WEATHER ITEM   OBSERVED TIME   RECORD YEAR NORMAL DEPARTURE LAST
                VALUE   (LST)  VALUE       VALUE  FROM      YEAR
                                                  NORMAL
..................................................................
TEMPERATURE (F)
 TODAY
  MAXIMUM         92    142 PM 103    1972  95     -3       98
  MINIMUM         67    447 AM  41    1950  54     13       59
  AVERAGE         80                        74      6       79

PRECIPITATION (IN)
  TODAY            0.00          1.61 2003   0.01  -0.01     0.00
  MONTH TO DATE    0.51                      0.30   0.21     0.14
  SINCE OCT 1     10.11                     14.67  -4.56     5.15
  SINCE JAN 1      6.24                     10.45  -4.21     2.90

DEGREE DAYS
 HEATING
  TODAY            0                         0      0        0
  MONTH TO DATE   10                         4      6        0
  SINCE JUN 1     60                        60      0       28
  SINCE JUL 1     10                         4      6        0

 COOLING
  TODAY           15                         9      6       14
  MONTH TO DATE  169                       241    -72      271
  SINCE JUN 1    357                       333     24      331
  SINCE JAN 1    374                       363     11      383
..................................................................


WIND (MPH)
  RESULTANT WIND SPEED   4   RESULTANT WIND DIRECTION  SW (230)
  HIGHEST WIND SPEED    22   HIGHEST WIND DIRECTION    SW (220)
  HIGHEST GUST SPEED    34   HIGHEST GUST DIRECTION     N (360)
  AVERAGE WIND SPEED     7.2


SKY COVER
  POSSIBLE SUNSHINE  MM
  AVERAGE SKY COVER 0.0



RELATIVE HUMIDITY (PERCENT)
 HIGHEST    84          1200 AM
 LOWEST     32           200 PM
 AVERAGE    58

..........................................................


THE CAMPO ASOS CA CLIMATE NORMALS FOR TOMORROW
                         NORMAL    RECORD    YEAR
 MAXIMUM TEMPERATURE (F)   95       105      1972
 MINIMUM TEMPERATURE (F)   54        40      1950


SUNRISE AND SUNSET
JULY 30 2015..........SUNRISE   559 AM PDT   SUNSET   746 PM PDT
JULY 31 2015..........SUNRISE   559 AM PDT   SUNSET   745 PM PDT


-  INDICATES NEGATIVE NUMBERS.
R  INDICATES RECORD WAS SET OR TIED.
MM INDICATES DATA IS MISSING.
T  INDICATES TRACE AMOUNT.




$$
