000
CDUS46 KSGX 271430
CLICZZ


CLIMATE REPORT
NATIONAL WEATHER SERVICE SAN DIEGO, CA
730 AM PDT MON MAR 27 2017


...................................

...THE CAMPO ASOS CA CLIMATE SUMMARY FOR MARCH 26 2017...

CLIMATE NORMAL PERIOD 1981 TO 2010
CLIMATE RECORD PERIOD 1948 TO 2017


WEATHER ITEM   OBSERVED TIME   RECORD YEAR NORMAL DEPARTURE LAST
                VALUE   (LST)  VALUE       VALUE  FROM      YEAR
                                                  NORMAL
..................................................................
TEMPERATURE (F)
 YESTERDAY
  MAXIMUM         65    237 PM  86    1988  68     -3       75
  MINIMUM         46    538 AM  24    1964  36     10       33
  AVERAGE         56                        52      4       54

PRECIPITATION (IN)
  YESTERDAY        0.00          1.32 1991   0.06  -0.06     0.00
  MONTH TO DATE    0.11                      2.39  -2.28     0.59
  SINCE OCT 1     15.69                     12.82   2.87     7.34
  SINCE JAN 1     10.46                      8.60   1.86     4.39

DEGREE DAYS
 HEATING
  YESTERDAY        9                        13     -4       11
  MONTH TO DATE  249                       354   -105      303
  SINCE MAR 1    249                       354   -105      303
  SINCE JUL 1   2159                      2405   -246     2187

 COOLING
  YESTERDAY        0                         0      0        0
  MONTH TO DATE    0                         0      0        0
  SINCE MAR 1      0                         0      0        0
  SINCE JAN 1      0                         0      0        0
..................................................................


WIND (MPH)
  RESULTANT WIND SPEED   4   RESULTANT WIND DIRECTION   W (250)
  HIGHEST WIND SPEED    20   HIGHEST WIND DIRECTION    SW (220)
  HIGHEST GUST SPEED    23   HIGHEST GUST DIRECTION    SW (210)
  AVERAGE WIND SPEED     5.7


SKY COVER
  POSSIBLE SUNSHINE  MM
  AVERAGE SKY COVER 0.0



RELATIVE HUMIDITY (PERCENT)
 HIGHEST    96           700 PM
 LOWEST     52           200 PM
 AVERAGE    74

..........................................................


THE CAMPO ASOS CA CLIMATE NORMALS FOR TODAY
                         NORMAL    RECORD    YEAR
 MAXIMUM TEMPERATURE (F)   68        87      2015
 MINIMUM TEMPERATURE (F)   36        24      1975


SUNRISE AND SUNSET
MARCH 27 2017.........SUNRISE   640 AM PDT   SUNSET   703 PM PDT
MARCH 28 2017.........SUNRISE   639 AM PDT   SUNSET   703 PM PDT


-  INDICATES NEGATIVE NUMBERS.
R  INDICATES RECORD WAS SET OR TIED.
MM INDICATES DATA IS MISSING.
T  INDICATES TRACE AMOUNT.




$$
