000
CDUS46 KSGX 271437
CLICZZ


CLIMATE REPORT
NATIONAL WEATHER SERVICE SAN DIEGO, CA
633 AM PST TUE JAN 27 2015


...................................

...THE CAMPO ASOS CA CLIMATE SUMMARY FOR JANUARY 26 2015...

CLIMATE NORMAL PERIOD 1981 TO 2010
CLIMATE RECORD PERIOD 1948 TO 2015


WEATHER ITEM   OBSERVED TIME   RECORD YEAR NORMAL DEPARTURE LAST
                VALUE   (LST)  VALUE       VALUE  FROM      YEAR
                                                  NORMAL
..................................................................
TEMPERATURE (F)
 YESTERDAY
  MAXIMUM         63    244 AM  81    2012  63      0       67
  MINIMUM         45   1156 PM  22    2002  35     10       34
  AVERAGE         54                        49      5       51

PRECIPITATION (IN)
  YESTERDAY        0.11          1.12 1995   0.10   0.01     0.00
  MONTH TO DATE    0.33                      2.50  -2.17     0.00
  SINCE OCT 1      4.20                      6.72  -2.52     2.25
  SINCE JAN 1      0.33                      2.50  -2.17     0.00

SNOWFALL (IN)
  YESTERDAY       MM
  MONTH TO DATE    0.0
  SINCE JAN 1      0.0
  SINCE JUL 1      0.0
  SNOW DEPTH       0

DEGREE DAYS
 HEATING
  YESTERDAY       11                        16     -5       14
  MONTH TO DATE  368                       427    -59      302
  SINCE DEC 1    878                       963    -85      796
  SINCE JUL 1   1259                      1533   -274     1425

 COOLING
  YESTERDAY        0                         0      0        0
  MONTH TO DATE    0                         0      0        0
  SINCE DEC 1      0                         0      0        2
  SINCE JAN 1      0                         0      0        0
..................................................................


WIND (MPH)
  RESULTANT WIND SPEED  12   RESULTANT WIND DIRECTION   E (70)
  HIGHEST WIND SPEED    29   HIGHEST WIND DIRECTION    NE (60)
  HIGHEST GUST SPEED    35   HIGHEST GUST DIRECTION    NE (60)
  AVERAGE WIND SPEED    11.9


SKY COVER
  POSSIBLE SUNSHINE  MM
  AVERAGE SKY COVER 0.0



RELATIVE HUMIDITY (PERCENT)
 HIGHEST    89           700 PM
 LOWEST     23           400 AM
 AVERAGE    56

..........................................................


THE CAMPO ASOS CA CLIMATE NORMALS FOR TODAY
                         NORMAL    RECORD    YEAR
 MAXIMUM TEMPERATURE (F)   63        75      2003
                                             1967
 MINIMUM TEMPERATURE (F)   35        19      1979


SUNRISE AND SUNSET
JANUARY 27 2015.......SUNRISE   644 AM PST   SUNSET   514 PM PST
JANUARY 28 2015.......SUNRISE   643 AM PST   SUNSET   515 PM PST


-  INDICATES NEGATIVE NUMBERS.
R  INDICATES RECORD WAS SET OR TIED.
MM INDICATES DATA IS MISSING.
T  INDICATES TRACE AMOUNT.




$$
