000
CDUS46 KSGX 220016
CLICZZ


CLIMATE REPORT
NATIONAL WEATHER SERVICE SAN DIEGO, CA
516 PM PDT TUE OCT 21 2014


...................................

...THE CAMPO ASOS CA CLIMATE SUMMARY FOR OCTOBER 21 2014...
VALID TODAY AS OF 0500 PM LOCAL TIME.

CLIMATE NORMAL PERIOD 1981 TO 2010
CLIMATE RECORD PERIOD 1948 TO 2014


WEATHER ITEM   OBSERVED TIME   RECORD YEAR NORMAL DEPARTURE LAST
                VALUE   (LST)  VALUE       VALUE  FROM      YEAR
                                                  NORMAL
..................................................................
TEMPERATURE (F)
 TODAY
  MAXIMUM         81    134 PM  95    2003  78      3       84
  MINIMUM         44    454 AM  32    1950  41      3       33
  AVERAGE         63                        60      3       59

PRECIPITATION (IN)
  TODAY            0.00          0.55 1957   0.03  -0.03     0.00
  MONTH TO DATE    0.00                      0.51  -0.51     0.76
  SINCE JUL 1      2.03                      1.87   0.16     2.70
  SINCE JAN 1      4.79                     12.02  -7.23     7.48

SNOWFALL (IN)
  TODAY            0.0
  MONTH TO DATE    0.0
  SINCE JAN 1      0.0
  SINCE JUL 1      0.0
  SNOW DEPTH       0

DEGREE DAYS
 HEATING
  TODAY            2                         6     -4        6
  MONTH TO DATE   31                        90    -59      153
  SINCE SEP 1     46                       126    -80      194
  SINCE JUL 1     48                       140    -92      196

 COOLING
  TODAY            0                         0      0        0
  MONTH TO DATE   31                        27      4        2
  SINCE SEP 1    261                       188     73      192
  SINCE JAN 1    893                       838     55      909
..................................................................


WIND (MPH)
  RESULTANT WIND SPEED   2   RESULTANT WIND DIRECTION  SW (210)
  HIGHEST WIND SPEED    21   HIGHEST WIND DIRECTION    SW (220)
  HIGHEST GUST SPEED    26   HIGHEST GUST DIRECTION    SW (210)
  AVERAGE WIND SPEED     7.9


SKY COVER
  POSSIBLE SUNSHINE  MM
  AVERAGE SKY COVER 0.0



RELATIVE HUMIDITY (PERCENT)
 HIGHEST    93          1200 AM
 LOWEST     23          1100 AM
 AVERAGE    58

..........................................................


THE CAMPO ASOS CA CLIMATE NORMALS FOR TOMORROW
                         NORMAL    RECORD    YEAR
 MAXIMUM TEMPERATURE (F)   78        96      2003
 MINIMUM TEMPERATURE (F)   41        31      1966


SUNRISE AND SUNSET
OCTOBER 21 2014.......SUNRISE   654 AM PDT   SUNSET   606 PM PDT
OCTOBER 22 2014.......SUNRISE   655 AM PDT   SUNSET   605 PM PDT


-  INDICATES NEGATIVE NUMBERS.
R  INDICATES RECORD WAS SET OR TIED.
MM INDICATES DATA IS MISSING.
T  INDICATES TRACE AMOUNT.




$$
