000
CDUS46 KSGX 270017
CLICZZ


CLIMATE REPORT
NATIONAL WEATHER SERVICE SAN DIEGO, CA
517 PM PDT FRI AUG 26 2016


...................................

...THE CAMPO ASOS CA CLIMATE SUMMARY FOR AUGUST 26 2016...
VALID TODAY AS OF 0500 PM LOCAL TIME.

CLIMATE NORMAL PERIOD 1981 TO 2010
CLIMATE RECORD PERIOD 1948 TO 2016


WEATHER ITEM   OBSERVED TIME   RECORD YEAR NORMAL DEPARTURE LAST
                VALUE   (LST)  VALUE       VALUE  FROM      YEAR
                                                  NORMAL
..................................................................
TEMPERATURE (F)
 TODAY
  MAXIMUM         84    154 PM 104    1999  94    -10       96
  MINIMUM         49    456 AM  31    1973  52     -3       61
  AVERAGE         67                        73     -6       79

PRECIPITATION (IN)
  TODAY            0.00          0.45 1982   0.02  -0.02     0.00
  MONTH TO DATE    0.00                      0.60  -0.60     0.01
  SINCE OCT 1      9.32                     15.29  -5.97    10.12
  SINCE JAN 1      6.37                     11.07  -4.70     6.25

DEGREE DAYS
 HEATING
  TODAY            0                         0      0        0
  MONTH TO DATE    0                         0      0        0
  SINCE JUN 1     27                        63    -36       60
  SINCE JUL 1      0                         7     -7       10

 COOLING
  TODAY            2                         9     -7       14
  MONTH TO DATE  246                       234     12      241
  SINCE JUN 1    767                       576    191      609
  SINCE JAN 1    770                       606    164      626
..................................................................


WIND (MPH)
  RESULTANT WIND SPEED   5   RESULTANT WIND DIRECTION  SW (210)
  HIGHEST WIND SPEED    22   HIGHEST WIND DIRECTION    SW (220)
  HIGHEST GUST SPEED    26   HIGHEST GUST DIRECTION    SW (210)
  AVERAGE WIND SPEED    10.0


SKY COVER
  POSSIBLE SUNSHINE  MM
  AVERAGE SKY COVER 0.0



RELATIVE HUMIDITY (PERCENT)
 HIGHEST    72          1200 AM
 LOWEST     25           800 AM
 AVERAGE    49

..........................................................


THE CAMPO ASOS CA CLIMATE NORMALS FOR TOMORROW
                         NORMAL    RECORD    YEAR
 MAXIMUM TEMPERATURE (F)   94       105      1981
 MINIMUM TEMPERATURE (F)   52        35      1954


SUNRISE AND SUNSET
AUGUST 26 2016........SUNRISE   617 AM PDT   SUNSET   717 PM PDT
AUGUST 27 2016........SUNRISE   618 AM PDT   SUNSET   716 PM PDT


-  INDICATES NEGATIVE NUMBERS.
R  INDICATES RECORD WAS SET OR TIED.
MM INDICATES DATA IS MISSING.
T  INDICATES TRACE AMOUNT.




$$
