000
CDUS46 KSGX 190120
CLICZZ


CLIMATE REPORT
NATIONAL WEATHER SERVICE SAN DIEGO, CA
519 PM PST WED JAN 18 2017


...................................

...THE CAMPO ASOS CA CLIMATE SUMMARY FOR JANUARY 18 2017...
VALID TODAY AS OF 0500 PM LOCAL TIME.

CLIMATE NORMAL PERIOD 1981 TO 2010
CLIMATE RECORD PERIOD 1948 TO 2016


WEATHER ITEM   OBSERVED TIME   RECORD YEAR NORMAL DEPARTURE LAST
                VALUE   (LST)  VALUE       VALUE  FROM      YEAR
                                                  NORMAL
..................................................................
TEMPERATURE (F)
 TODAY
  MAXIMUM         59    123 PM  83    1971  63     -4       62
  MINIMUM         30    649 AM  18    1963  34     -4       36
  AVERAGE         45                        49     -4       49

PRECIPITATION (IN)
  TODAY            0.00          2.01 1988   0.09  -0.09     0.00
  MONTH TO DATE    1.58                      1.76  -0.18     2.93
  SINCE OCT 1      6.81                      5.98   0.83     5.88
  SINCE JAN 1      1.58                      1.76  -0.18     2.93

DEGREE DAYS
 HEATING
  TODAY           20                        16      4       16
  MONTH TO DATE  308                       299      9      355
  SINCE DEC 1    773                       835    -62      955
  SINCE JUL 1   1191                      1405   -214     1371

 COOLING
  TODAY            0                         0      0        0
  MONTH TO DATE    0                         0      0        0
  SINCE DEC 1      0                         0      0        0
  SINCE JAN 1      0                         0      0        0
..................................................................


WIND (MPH)
  RESULTANT WIND SPEED   2   RESULTANT WIND DIRECTION   S (200)
  HIGHEST WIND SPEED    20   HIGHEST WIND DIRECTION    SW (220)
  HIGHEST GUST SPEED    23   HIGHEST GUST DIRECTION    SW (220)
  AVERAGE WIND SPEED     7.0


SKY COVER
  POSSIBLE SUNSHINE  MM
  AVERAGE SKY COVER 0.0



RELATIVE HUMIDITY (PERCENT)
 HIGHEST    92           400 AM
 LOWEST     47          1200 PM
 AVERAGE    70

..........................................................


THE CAMPO ASOS CA CLIMATE NORMALS FOR TOMORROW
                         NORMAL    RECORD    YEAR
 MAXIMUM TEMPERATURE (F)   63        81      1971
 MINIMUM TEMPERATURE (F)   35        22      2002


SUNRISE AND SUNSET
JANUARY 18 2017.......SUNRISE   647 AM PST   SUNSET   506 PM PST
JANUARY 19 2017.......SUNRISE   647 AM PST   SUNSET   507 PM PST


-  INDICATES NEGATIVE NUMBERS.
R  INDICATES RECORD WAS SET OR TIED.
MM INDICATES DATA IS MISSING.
T  INDICATES TRACE AMOUNT.




$$
