000
CDUS46 KSGX 271417
CLICZZ


CLIMATE REPORT
NATIONAL WEATHER SERVICE SAN DIEGO, CA
717 AM PDT WED AUG 27 2014


...................................

...THE CAMPO ASOS CA CLIMATE SUMMARY FOR AUGUST 26 2014...

CLIMATE NORMAL PERIOD 1981 TO 2010
CLIMATE RECORD PERIOD 1948 TO 2014


WEATHER ITEM   OBSERVED TIME   RECORD YEAR NORMAL DEPARTURE LAST
                VALUE   (LST)  VALUE       VALUE  FROM      YEAR
                                                  NORMAL
..................................................................
TEMPERATURE (F)
 YESTERDAY
  MAXIMUM         90        MM 104    1999  94     -4       80
  MINIMUM         53        MM  31    1973  52      1       67
  AVERAGE         72                        73     -1       74

PRECIPITATION (IN)
  YESTERDAY        0.00          0.45 1982   0.02  -0.02     0.11
  MONTH TO DATE    0.48                      0.60  -0.12     0.16
  SINCE JUL 1      0.62                      0.92  -0.30     0.40
  SINCE JAN 1      3.38                     11.07  -7.69     5.18

SNOWFALL (IN)
  YESTERDAY        0.0
  MONTH TO DATE    0.0
  SINCE JAN 1      0.0
  SINCE JUL 1      0.0
  SNOW DEPTH       0

DEGREE DAYS
 HEATING
  YESTERDAY        0                         0      0        0
  MONTH TO DATE    2                         0      2        2
  SINCE JUN 1     30                        63    -33       30
  SINCE JUL 1      2                         7     -5        2

 COOLING
  YESTERDAY        7                         9     -2        9
  MONTH TO DATE  183                       234    -51      203
  SINCE JUN 1    529                       576    -47      623
  SINCE JAN 1    581                       606    -25      650
..................................................................


WIND (MPH)
  RESULTANT WIND SPEED   4   RESULTANT WIND DIRECTION  SW (230)
  HIGHEST WIND SPEED    22   HIGHEST WIND DIRECTION    SW (220)
  HIGHEST GUST SPEED    23   HIGHEST GUST DIRECTION    SW (220)
  AVERAGE WIND SPEED     8.1


SKY COVER
  POSSIBLE SUNSHINE  MM
  AVERAGE SKY COVER 0.0



RELATIVE HUMIDITY (PERCENT)
 HIGHEST    86           300 AM
 LOWEST     21          1100 AM
 AVERAGE    54

..........................................................


THE CAMPO ASOS CA CLIMATE NORMALS FOR TODAY
                         NORMAL    RECORD    YEAR
 MAXIMUM TEMPERATURE (F)   94       105      1981
 MINIMUM TEMPERATURE (F)   52        35      1954


SUNRISE AND SUNSET
AUGUST 27 2014........SUNRISE   617 AM PDT   SUNSET   717 PM PDT
AUGUST 28 2014........SUNRISE   618 AM PDT   SUNSET   715 PM PDT


-  INDICATES NEGATIVE NUMBERS.
R  INDICATES RECORD WAS SET OR TIED.
MM INDICATES DATA IS MISSING.
T  INDICATES TRACE AMOUNT.




$$
