000
CDUS46 KSGX 231421
CLICZZ


CLIMATE REPORT
NATIONAL WEATHER SERVICE SAN DIEGO, CA
720 AM PDT SAT MAY 23 2015


...................................

...THE CAMPO ASOS CA CLIMATE SUMMARY FOR MAY 22 2015...

CLIMATE NORMAL PERIOD 1981 TO 2010
CLIMATE RECORD PERIOD 1948 TO 2015


WEATHER ITEM   OBSERVED TIME   RECORD YEAR NORMAL DEPARTURE LAST
                VALUE   (LST)  VALUE       VALUE  FROM      YEAR
                                                  NORMAL
..................................................................
TEMPERATURE (F)
 YESTERDAY
  MAXIMUM         56    233 PM  95    1988  81    -25       69
  MINIMUM         48   1159 PM  29    1975  42      6       44
  AVERAGE         52                        62    -10       57

PRECIPITATION (IN)
  YESTERDAY        0.02          0.18 2006   0.01   0.01     0.00
  MONTH TO DATE    2.29                      0.16   2.13     0.01
  SINCE OCT 1      8.91                     14.24  -5.33     5.01
  SINCE JAN 1      5.04                     10.02  -4.98     2.76

SNOWFALL (IN)
  YESTERDAY       MM
  MONTH TO DATE    0.0
  SINCE MAR 1      0.0
  SINCE JUL 1      0.0
  SNOW DEPTH       0

DEGREE DAYS
 HEATING
  YESTERDAY       13                         4      9        8
  MONTH TO DATE  209                       123     86      129
  SINCE MAR 1    792                       840    -48      753
  SINCE JUL 1   2428                      2891   -463     2623

 COOLING
  YESTERDAY        0                         1     -1        0
  MONTH TO DATE    2                        17    -15       21
  SINCE MAR 1      7                        20    -13       31
  SINCE JAN 1      7                        20    -13       31
..................................................................


WIND (MPH)
  RESULTANT WIND SPEED  12   RESULTANT WIND DIRECTION   W (260)
  HIGHEST WIND SPEED    22   HIGHEST WIND DIRECTION    SW (230)
  HIGHEST GUST SPEED    27   HIGHEST GUST DIRECTION    SW (230)
  AVERAGE WIND SPEED    12.2


SKY COVER
  POSSIBLE SUNSHINE  MM
  AVERAGE SKY COVER 0.0



RELATIVE HUMIDITY (PERCENT)
 HIGHEST    93          1200 AM
 LOWEST     61           100 PM
 AVERAGE    77

..........................................................


THE CAMPO ASOS CA CLIMATE NORMALS FOR TODAY
                         NORMAL    RECORD    YEAR
 MAXIMUM TEMPERATURE (F)   81        94      1984
 MINIMUM TEMPERATURE (F)   43        30      1973


SUNRISE AND SUNSET
MAY 23 2015...........SUNRISE   543 AM PDT   SUNSET   743 PM PDT
MAY 24 2015...........SUNRISE   542 AM PDT   SUNSET   744 PM PDT


-  INDICATES NEGATIVE NUMBERS.
R  INDICATES RECORD WAS SET OR TIED.
MM INDICATES DATA IS MISSING.
T  INDICATES TRACE AMOUNT.




$$
