253
CDUS46 KSGX 130019
CLICZZ


CLIMATE REPORT
NATIONAL WEATHER SERVICE SAN DIEGO, CA
419 PM PST TUE DEC 12 2017


...................................

...THE CAMPO ASOS CA CLIMATE SUMMARY FOR DECEMBER 12 2017...
VALID TODAY AS OF 0400 PM LOCAL TIME.

CLIMATE NORMAL PERIOD 1981 TO 2010
CLIMATE RECORD PERIOD 1948 TO 2017


WEATHER ITEM   OBSERVED TIME   RECORD YEAR NORMAL DEPARTURE LAST
                VALUE   (LST)  VALUE       VALUE  FROM      YEAR
                                                  NORMAL
..................................................................
TEMPERATURE (F)
 TODAY
  MAXIMUM         72   1256 PM  81    1950  63      9       68
  MINIMUM         37    344 AM  21    1985  32      5       36
  AVERAGE         55                        48      7       52

PRECIPITATION (IN)
  TODAY            0.00          0.83 1951   0.07  -0.07     0.00
  MONTH TO DATE    0.00                      0.79  -0.79     0.00
  SINCE OCT 1      0.34                      2.74  -2.40     0.94
  SINCE JAN 1     12.06                     14.25  -2.19     8.32

DEGREE DAYS
 HEATING
  TODAY           10                        18     -8       13
  MONTH TO DATE  120                       202    -82      191
  SINCE DEC 1    120                       202    -82      191
  SINCE JUL 1    516                       772   -256      609

 COOLING
  TODAY            0                         0      0        0
  MONTH TO DATE    0                         0      0        0
  SINCE DEC 1      0                         0      0        0
  SINCE JAN 1   1087                       841    246      955
..................................................................


WIND (MPH)
  RESULTANT WIND SPEED  11   RESULTANT WIND DIRECTION  NE (50)
  HIGHEST WIND SPEED    29   HIGHEST WIND DIRECTION    NE (50)
  HIGHEST GUST SPEED    34   HIGHEST GUST DIRECTION    NE (50)
  AVERAGE WIND SPEED    11.9


SKY COVER
  POSSIBLE SUNSHINE  MM
  AVERAGE SKY COVER 0.0



RELATIVE HUMIDITY (PERCENT)
 HIGHEST    20           400 AM
 LOWEST      3          1200 PM
 AVERAGE    12

..........................................................


THE CAMPO ASOS CA CLIMATE NORMALS FOR TOMORROW
                         NORMAL    RECORD    YEAR
 MAXIMUM TEMPERATURE (F)   63        80      1988
 MINIMUM TEMPERATURE (F)   32        20      1979


SUNRISE AND SUNSET
DECEMBER 12 2017......SUNRISE   639 AM PST   SUNSET   441 PM PST
DECEMBER 13 2017......SUNRISE   639 AM PST   SUNSET   441 PM PST


-  INDICATES NEGATIVE NUMBERS.
R  INDICATES RECORD WAS SET OR TIED.
MM INDICATES DATA IS MISSING.
T  INDICATES TRACE AMOUNT.




$$
