000
CDUS43 KUNR 250832
CLID07


CLIMATE REPORT
NATIONAL WEATHER SERVICE RAPID CITY SD
231 AM MDT SUN JUN 25 2017


...................................

...THE FAITH SD CLIMATE SUMMARY FOR JUNE 24 2017...

CLIMATE NORMAL PERIOD 1981 TO 2010
CLIMATE RECORD PERIOD 9999 TO 9999


WEATHER ITEM   OBSERVED TIME   NORMAL DEPARTURE LAST
                VALUE   (LST)  VALUE  FROM      YEAR
                                      NORMAL
......................................................
TEMPERATURE (F)
 YESTERDAY
  MAXIMUM         72    336 PM  81     -9      102
  MINIMUM         45    350 AM  55    -10       63
  AVERAGE         59            68     -9       83

PRECIPITATION (IN)
  YESTERDAY        0.00          0.12  -0.12     0.02
  MONTH TO DATE    2.05          2.31  -0.26     1.12
  SINCE JUN 1      2.05          2.31  -0.26     1.12
  SINCE JAN 1      6.33          8.61  -2.28     7.97

DEGREE DAYS
 HEATING
  YESTERDAY        6             1      5        0
  MONTH TO DATE   19            83    -64       15
  SINCE JUN 1     19            83    -64       15
  SINCE JUL 1   7119          7702   -583     6578

 COOLING
  YESTERDAY        0             4     -4       18
  MONTH TO DATE  106            56     50      142
  SINCE JUN 1    106            56     50      142
  SINCE JAN 1    118            68     50      144
......................................................


WIND (MPH)
  HIGHEST WIND SPEED    30   HIGHEST WIND DIRECTION    NW (330)
  HIGHEST GUST SPEED    38   HIGHEST GUST DIRECTION    NW (320)
  AVERAGE WIND SPEED    14.2




RELATIVE HUMIDITY (PERCENT)
 HIGHEST    60          1200 AM
 LOWEST     20           300 PM
 AVERAGE    40

..........................................................




SUNRISE AND SUNSET
JUNE 25 2017..........SUNRISE   503 AM MDT   SUNSET   839 PM MDT
JUNE 26 2017..........SUNRISE   503 AM MDT   SUNSET   839 PM MDT


-  INDICATES NEGATIVE NUMBERS.
R  INDICATES RECORD WAS SET OR TIED.
MM INDICATES DATA IS MISSING.
T  INDICATES TRACE AMOUNT.




$$
