000
CDUS43 KUNR 050832
CLID07


CLIMATE REPORT
NATIONAL WEATHER SERVICE RAPID CITY SD
131 AM MST MON DEC 5 2016


...................................

...THE FAITH SD CLIMATE SUMMARY FOR DECEMBER 4 2016...

CLIMATE NORMAL PERIOD 1981 TO 2010
CLIMATE RECORD PERIOD 9999 TO 9999


WEATHER ITEM   OBSERVED TIME   NORMAL DEPARTURE LAST
                VALUE   (LST)  VALUE  FROM      YEAR
                                      NORMAL
......................................................
TEMPERATURE (F)
 YESTERDAY
  MAXIMUM         39    133 PM  33      6       43
  MINIMUM         26   1159 PM  13     13       24
  AVERAGE         33            23     10       34

PRECIPITATION (IN)
  YESTERDAY        0.00          0.01  -0.01     0.00
  MONTH TO DATE    0.00          0.04  -0.04     0.07
  SINCE DEC 1      0.00          0.04  -0.04     0.07
  SINCE JAN 1     14.10         17.30  -3.20    15.46

DEGREE DAYS
 HEATING
  YESTERDAY       32            42    -10       31
  MONTH TO DATE  154           166    -12      138
  SINCE DEC 1    154           166    -12      138
  SINCE JUL 1   1405          1949   -544     1524

 COOLING
  YESTERDAY        0             0      0        0
  MONTH TO DATE    0             0      0        0
  SINCE DEC 1      0             0      0        0
  SINCE JAN 1    734           635     99      691
......................................................


WIND (MPH)
  HIGHEST WIND SPEED    20   HIGHEST WIND DIRECTION     W (270)
  HIGHEST GUST SPEED    24   HIGHEST GUST DIRECTION     W (270)
  AVERAGE WIND SPEED    12.8




RELATIVE HUMIDITY (PERCENT)
 HIGHEST    92           300 AM
 LOWEST     70          1100 AM
 AVERAGE    81

..........................................................




SUNRISE AND SUNSET
DECEMBER  5 2016......SUNRISE   711 AM MST   SUNSET   407 PM MST
DECEMBER  6 2016......SUNRISE   712 AM MST   SUNSET   406 PM MST


-  INDICATES NEGATIVE NUMBERS.
R  INDICATES RECORD WAS SET OR TIED.
MM INDICATES DATA IS MISSING.
T  INDICATES TRACE AMOUNT.




$$
