000
CDUS43 KUNR 060904
CLID07


CLIMATE REPORT
NATIONAL WEATHER SERVICE RAPID CITY SD
203 AM MST SAT FEB 6 2016


...................................

...THE FAITH SD CLIMATE SUMMARY FOR FEBRUARY 5 2016...

CLIMATE NORMAL PERIOD 1981 TO 2010
CLIMATE RECORD PERIOD 9999 TO 9999


WEATHER ITEM   OBSERVED TIME   NORMAL DEPARTURE LAST
                VALUE   (LST)  VALUE  FROM      YEAR
                                      NORMAL
......................................................
TEMPERATURE (F)
 YESTERDAY
  MAXIMUM         41    340 PM  31     10       46
  MINIMUM         28   1144 PM  12     16        7
  AVERAGE         35            22     13       27

PRECIPITATION (IN)
  YESTERDAY        0.00          0.02  -0.02     0.00
  MONTH TO DATE    0.03          0.09  -0.06     0.07
  SINCE DEC 1      0.82          0.69   0.13     0.52
  SINCE JAN 1      0.29          0.29   0.00     0.24

DEGREE DAYS
 HEATING
  YESTERDAY       30            44    -14       38
  MONTH TO DATE  201           220    -19      257
  SINCE DEC 1   2837          2966   -129     2690
  SINCE JUL 1   4223          4749   -526     4566

 COOLING
  YESTERDAY        0             0      0        0
  MONTH TO DATE    0             0      0        0
  SINCE DEC 1      0             0      0        0
  SINCE JAN 1      0             0      0        0
......................................................


WIND (MPH)
  HIGHEST WIND SPEED    26   HIGHEST WIND DIRECTION    NW (330)
  HIGHEST GUST SPEED    34   HIGHEST GUST DIRECTION    NW (320)
  AVERAGE WIND SPEED    14.6




RELATIVE HUMIDITY (PERCENT)
 HIGHEST    78           400 AM
 LOWEST     50           200 PM
 AVERAGE    64

..........................................................




SUNRISE AND SUNSET
FEBRUARY  6 2016......SUNRISE   702 AM MST   SUNSET   503 PM MST
FEBRUARY  7 2016......SUNRISE   701 AM MST   SUNSET   504 PM MST


-  INDICATES NEGATIVE NUMBERS.
R  INDICATES RECORD WAS SET OR TIED.
MM INDICATES DATA IS MISSING.
T  INDICATES TRACE AMOUNT.




$$
