000
CDUS43 KUNR 180832
CLID07


CLIMATE REPORT
NATIONAL WEATHER SERVICE RAPID CITY SD
231 AM MDT WED OCT 18 2017


...................................

...THE FAITH SD CLIMATE SUMMARY FOR OCTOBER 17 2017...

CLIMATE NORMAL PERIOD 1981 TO 2010
CLIMATE RECORD PERIOD 9999 TO 9999


WEATHER ITEM   OBSERVED TIME   NORMAL DEPARTURE LAST
                VALUE   (LST)  VALUE  FROM      YEAR
                                      NORMAL
......................................................
TEMPERATURE (F)
 YESTERDAY
  MAXIMUM         80    221 PM  58     22       60
  MINIMUM         44    330 AM  35      9       45
  AVERAGE         62            46     16       53

PRECIPITATION (IN)
  YESTERDAY        0.00          0.06  -0.06     0.34
  MONTH TO DATE    0.11          0.67  -0.56     0.49
  SINCE SEP 1      1.08          2.03  -0.95     1.88
  SINCE JAN 1      9.55         15.85  -6.30    13.50

DEGREE DAYS
 HEATING
  YESTERDAY        3            19    -16       12
  MONTH TO DATE  270           266      4      229
  SINCE SEP 1    453           465    -12      341
  SINCE JUL 1    465           498    -33      370

 COOLING
  YESTERDAY        0             0      0        0
  MONTH TO DATE    0             0      0        2
  SINCE SEP 1     91            59     32       48
  SINCE JAN 1    755           634    121      734
......................................................


WIND (MPH)
  HIGHEST WIND SPEED    17   HIGHEST WIND DIRECTION    SW (230)
  HIGHEST GUST SPEED    24   HIGHEST GUST DIRECTION     W (250)
  AVERAGE WIND SPEED    11.2




RELATIVE HUMIDITY (PERCENT)
 HIGHEST    53           100 AM
 LOWEST     10           100 PM
 AVERAGE    32

..........................................................




SUNRISE AND SUNSET
OCTOBER 18 2017.......SUNRISE   708 AM MDT   SUNSET   557 PM MDT
OCTOBER 19 2017.......SUNRISE   709 AM MDT   SUNSET   556 PM MDT


-  INDICATES NEGATIVE NUMBERS.
R  INDICATES RECORD WAS SET OR TIED.
MM INDICATES DATA IS MISSING.
T  INDICATES TRACE AMOUNT.




$$
