000
CDUS43 KUNR 220851
CLID07


CLIMATE REPORT
NATIONAL WEATHER SERVICE RAPID CITY SD
249 AM MDT MON MAY 22 2017


...................................

...THE FAITH SD CLIMATE SUMMARY FOR MAY 21 2017...

CLIMATE NORMAL PERIOD 1981 TO 2010
CLIMATE RECORD PERIOD 9999 TO 9999


WEATHER ITEM   OBSERVED TIME   NORMAL DEPARTURE LAST
                VALUE   (LST)  VALUE  FROM      YEAR
                                      NORMAL
......................................................
TEMPERATURE (F)
 YESTERDAY
  MAXIMUM         69    145 PM  68      1       69
  MINIMUM         31    253 AM  45    -14       53
  AVERAGE         50            56     -6       61

PRECIPITATION (IN)
  YESTERDAY        0.00          0.11  -0.11     0.00
  MONTH TO DATE    1.12          2.05  -0.93     0.35
  SINCE MAR 1      3.17          4.66  -1.49     5.20
  SINCE JAN 1      4.19          5.28  -1.09     6.71

DEGREE DAYS
 HEATING
  YESTERDAY       15             9      6        4
  MONTH TO DATE  195           244    -49      234
  SINCE MAR 1   1668          1855   -187     1571
  SINCE JUL 1   7019          7543   -524     6517

 COOLING
  YESTERDAY        0             0      0        0
  MONTH TO DATE   12             0     12        0
  SINCE MAR 1     12             1     11        0
  SINCE JAN 1     12             1     11        0
......................................................


WIND (MPH)
  HIGHEST WIND SPEED    32   HIGHEST WIND DIRECTION     W (290)
  HIGHEST GUST SPEED    40   HIGHEST GUST DIRECTION     W (290)
  AVERAGE WIND SPEED    11.5




RELATIVE HUMIDITY (PERCENT)
 HIGHEST    96           100 AM
 LOWEST     27           100 PM
 AVERAGE    62

..........................................................




SUNRISE AND SUNSET
MAY 22 2017...........SUNRISE   512 AM MDT   SUNSET   819 PM MDT
MAY 23 2017...........SUNRISE   511 AM MDT   SUNSET   820 PM MDT


-  INDICATES NEGATIVE NUMBERS.
R  INDICATES RECORD WAS SET OR TIED.
MM INDICATES DATA IS MISSING.
T  INDICATES TRACE AMOUNT.




$$
