000
CDUS42 KMLB 180635
CLIDAB


CLIMATE REPORT
NATIONAL WEATHER SERVICE MELBOURNE FL
235 AM EDT FRI AUG 18 2017


...................................

...THE DAYTONA BEACH CLIMATE SUMMARY FOR AUGUST 17 2017...

CLIMATE NORMAL PERIOD 1981 TO 2010
CLIMATE RECORD PERIOD 1923 TO 2017


WEATHER ITEM   OBSERVED TIME   RECORD YEAR NORMAL DEPARTURE LAST
                VALUE   (LST)  VALUE       VALUE  FROM      YEAR
                                                  NORMAL
..................................................................
TEMPERATURE (F)
 YESTERDAY
  MAXIMUM         93   1142 AM  96    1990  90      3       91
                                      1955
  MINIMUM         76    630 AM  67    2000  73      3       76
                                      1938
                                      1937
  AVERAGE         85                        82      3       84

PRECIPITATION (IN)
  YESTERDAY        0.75          2.31 2002   0.20   0.55     0.00
  MONTH TO DATE    3.56                      3.32   0.24     1.12
  SINCE JUN 1     18.98                     14.98   4.00     5.40
  SINCE JAN 1     27.21                     30.05  -2.84    25.40

SNOWFALL (IN)
  YESTERDAY        0.0
  MONTH TO DATE    0.0
  SINCE JUL 1      0.0

DEGREE DAYS
 HEATING
  YESTERDAY        0                         0      0        0
  MONTH TO DATE    0                         0      0        0
  SINCE JUN 1      0                         0      0        0
  SINCE JUL 1      0                         0      0        0

 COOLING
  YESTERDAY       20                        17      3       19
  MONTH TO DATE  326                       289     37      319
  SINCE JUN 1   1358                      1251    107     1421
  SINCE JAN 1   2175                      1852    323     2195
..................................................................


WIND (MPH)
  HIGHEST WIND SPEED    16   HIGHEST WIND DIRECTION     W (290)
  HIGHEST GUST SPEED    20   HIGHEST GUST DIRECTION    NW (300)
  AVERAGE WIND SPEED     3.8


SKY COVER
  AVERAGE SKY COVER 0.3


WEATHER CONDITIONS
 THE FOLLOWING WEATHER WAS RECORDED YESTERDAY.
  THUNDERSTORM
  RAIN
  LIGHT RAIN
  FOG


RELATIVE HUMIDITY (PERCENT)
 HIGHEST   100           400 AM
 LOWEST     68          1100 AM
 AVERAGE    84

..........................................................


THE DAYTONA BEACH CLIMATE NORMALS FOR TODAY
                         NORMAL    RECORD    YEAR
 MAXIMUM TEMPERATURE (F)   90       101      1938
 MINIMUM TEMPERATURE (F)   73        66      2000


SUNRISE AND SUNSET
AUGUST 18 2017........SUNRISE   655 AM EDT   SUNSET   801 PM EDT
AUGUST 19 2017........SUNRISE   655 AM EDT   SUNSET   800 PM EDT


-  INDICATES NEGATIVE NUMBERS.
R  INDICATES RECORD WAS SET OR TIED.
MM INDICATES DATA IS MISSING.
T  INDICATES TRACE AMOUNT.




$$
