000
CDUS42 KMLB 282128
CLIDAB


CLIMATE REPORT
NATIONAL WEATHER SERVICE MELBOURNE FL
427 PM EST SAT FEB 28 2015


...................................

...THE DAYTONA BEACH CLIMATE SUMMARY FOR FEBRUARY 28 2015...
VALID TODAY AS OF 400 PM LOCAL TIME.

CLIMATE NORMAL PERIOD 1981 TO 2010
CLIMATE RECORD PERIOD 1923 TO 2015


WEATHER ITEM   OBSERVED TIME   RECORD YEAR NORMAL DEPARTURE LAST
                VALUE   (LST)  VALUE       VALUE  FROM      YEAR
                                                  NORMAL
..................................................................
TEMPERATURE (F)
 TODAY
  MAXIMUM         70   1218 PM  87    1971  72     -2       67
                                      1939
  MINIMUM         58   1213 AM  28    1943  52      6       46
  AVERAGE         64                        62      2       57

PRECIPITATION (IN)
  TODAY            0.26          1.66 2003   0.11   0.15     0.00
  MONTH TO DATE    2.61                      2.78  -0.17     3.81
  SINCE DEC 1      7.99                      8.15  -0.16     8.27
  SINCE JAN 1      5.16                      5.52  -0.36     6.58

SNOWFALL (IN)
  TODAY            0.0
  MONTH TO DATE    0.0
  SINCE JUL 1      0.0

DEGREE DAYS
 HEATING
  TODAY            1                         5     -4        8
  MONTH TO DATE  205                       166     39      119
  SINCE DEC 1    518                       608    -90      482
  SINCE JUL 1    647                       682    -35      513

 COOLING
  TODAY            0                         2     -2        0
  MONTH TO DATE    9                        36    -27       59
  SINCE DEC 1    123                       116      7      198
  SINCE JAN 1     40                        65    -25       84
..................................................................


WIND (MPH)
  HIGHEST WIND SPEED    17   HIGHEST WIND DIRECTION     E (90)
  HIGHEST GUST SPEED    25   HIGHEST GUST DIRECTION     E (100)
  AVERAGE WIND SPEED     7.6


SKY COVER
  AVERAGE SKY COVER 0.7


WEATHER CONDITIONS
 THE FOLLOWING WEATHER WAS RECORDED TODAY.
  LIGHT RAIN
  FOG


RELATIVE HUMIDITY (PERCENT)
 HIGHEST   100           500 AM
 LOWEST     73          1200 PM
 AVERAGE    87

..........................................................


THE DAYTONA BEACH CLIMATE NORMALS FOR TOMORROW
                         NORMAL    RECORD    YEAR
 MAXIMUM TEMPERATURE (F)   72        86      1971
 MINIMUM TEMPERATURE (F)   52        31      1984
                                             1941


SUNRISE AND SUNSET
FEBRUARY 28 2015......SUNRISE   651 AM EST   SUNSET   623 PM EST
MARCH  1 2015.........SUNRISE   650 AM EST   SUNSET   624 PM EST


-  INDICATES NEGATIVE NUMBERS.
R  INDICATES RECORD WAS SET OR TIED.
MM INDICATES DATA IS MISSING.
T  INDICATES TRACE AMOUNT.

&&

DAYTONA BEACH SURF TEMPERATURE 58

$$
