000
CDUS42 KMLB 160626
CLIDAB


CLIMATE REPORT
NATIONAL WEATHER SERVICE MELBOURNE FL
126 AM EST MON JAN 16 2017


...................................

...THE DAYTONA BEACH CLIMATE SUMMARY FOR JANUARY 15 2017...

CLIMATE NORMAL PERIOD 1981 TO 2010
CLIMATE RECORD PERIOD 1923 TO 2017


WEATHER ITEM   OBSERVED TIME   RECORD YEAR NORMAL DEPARTURE LAST
                VALUE   (LST)  VALUE       VALUE  FROM      YEAR
                                                  NORMAL
..................................................................
TEMPERATURE (F)
 YESTERDAY
  MAXIMUM         76    125 PM  92    1937  68      8       73
  MINIMUM         54    741 AM  24    1948  47      7       59
  AVERAGE         65                        58      7       66

PRECIPITATION (IN)
  YESTERDAY        0.00          2.55 1998   0.08  -0.08     0.94
  MONTH TO DATE    1.32                      1.32   0.00     1.74
  SINCE DEC 1      2.02                      3.95  -1.93     2.31
  SINCE JAN 1      1.32                      1.32   0.00     1.74

SNOWFALL (IN)
  YESTERDAY        0.0
  MONTH TO DATE    0.0
  SINCE JUL 1      0.0

DEGREE DAYS
 HEATING
  YESTERDAY        0                         8     -8        0
  MONTH TO DATE   64                       120    -56       84
  SINCE DEC 1    143                       312   -169      109
  SINCE JUL 1    180                       386   -206      121

 COOLING
  YESTERDAY        0                         1     -1        1
  MONTH TO DATE   30                        15     15       13
  SINCE DEC 1    138                        66     72      222
  SINCE JAN 1     30                        15     15       13
..................................................................


WIND (MPH)
  HIGHEST WIND SPEED    14   HIGHEST WIND DIRECTION    NE (50)
  HIGHEST GUST SPEED    16   HIGHEST GUST DIRECTION    NE (40)
  AVERAGE WIND SPEED     4.9


SKY COVER
  AVERAGE SKY COVER 0.5


WEATHER CONDITIONS
 THE FOLLOWING WEATHER WAS RECORDED YESTERDAY.
  FOG


RELATIVE HUMIDITY (PERCENT)
 HIGHEST   100          1200 AM
 LOWEST     60          1200 PM
 AVERAGE    80

..........................................................


THE DAYTONA BEACH CLIMATE NORMALS FOR TODAY
                         NORMAL    RECORD    YEAR
 MAXIMUM TEMPERATURE (F)   68        89      1937
 MINIMUM TEMPERATURE (F)   47        28      1983
                                             1927


SUNRISE AND SUNSET
JANUARY 16 2017.......SUNRISE   719 AM EST   SUNSET   549 PM EST
JANUARY 17 2017.......SUNRISE   719 AM EST   SUNSET   550 PM EST


-  INDICATES NEGATIVE NUMBERS.
R  INDICATES RECORD WAS SET OR TIED.
MM INDICATES DATA IS MISSING.
T  INDICATES TRACE AMOUNT.




$$
