000
CDUS42 KMLB 280635
CLIDAB


CLIMATE REPORT
NATIONAL WEATHER SERVICE MELBOURNE FL
135 AM EST SUN DEC 28 2014


...................................

...THE DAYTONA BEACH CLIMATE SUMMARY FOR DECEMBER 27 2014...

CLIMATE NORMAL PERIOD 1981 TO 2010
CLIMATE RECORD PERIOD 1923 TO 2014


WEATHER ITEM   OBSERVED TIME   RECORD YEAR NORMAL DEPARTURE LAST
                VALUE   (LST)  VALUE       VALUE  FROM      YEAR
                                                  NORMAL
..................................................................
TEMPERATURE (F)
 YESTERDAY
  MAXIMUM         78    315 PM  82    1941  69      9       68
  MINIMUM         61    605 AM  23    1985  48     13       62
  AVERAGE         70                        59     11       65

PRECIPITATION (IN)
  YESTERDAY        0.00          1.79 1981   0.09  -0.09     0.03
  MONTH TO DATE    2.78                      2.29   0.49     1.30
  SINCE DEC 1      2.78                      2.29   0.49     1.30
  SINCE JAN 1     63.77                     49.28  14.49    47.66

SNOWFALL (IN)
  YESTERDAY        0.0
  MONTH TO DATE    0.0
  SINCE JUL 1      0.0

DEGREE DAYS
 HEATING
  YESTERDAY        0                         8     -8        0
  MONTH TO DATE  114                       160    -46       65
  SINCE DEC 1    114                       160    -46       65
  SINCE JUL 1    243                       234      9       96

 COOLING
  YESTERDAY        5                         1      4        0
  MONTH TO DATE   68                        43     25      101
  SINCE DEC 1     68                        43     25      101
  SINCE JAN 1   3050                      2955     95     3243
..................................................................


WIND (MPH)
  HIGHEST WIND SPEED    12   HIGHEST WIND DIRECTION    NE (60)
  HIGHEST GUST SPEED    14   HIGHEST GUST DIRECTION    NE (50)
  AVERAGE WIND SPEED     4.4


SKY COVER
  AVERAGE SKY COVER 0.7


WEATHER CONDITIONS
 THE FOLLOWING WEATHER WAS RECORDED YESTERDAY.
  FOG


RELATIVE HUMIDITY (PERCENT)
 HIGHEST    93          1200 AM
 LOWEST     67           100 PM
 AVERAGE    80

..........................................................


THE DAYTONA BEACH CLIMATE NORMALS FOR TODAY
                         NORMAL    RECORD    YEAR
 MAXIMUM TEMPERATURE (F)   69        83      1988
 MINIMUM TEMPERATURE (F)   48        24      2010


SUNRISE AND SUNSET
DECEMBER 28 2014......SUNRISE   717 AM EST   SUNSET   535 PM EST
DECEMBER 29 2014......SUNRISE   717 AM EST   SUNSET   535 PM EST


-  INDICATES NEGATIVE NUMBERS.
R  INDICATES RECORD WAS SET OR TIED.
MM INDICATES DATA IS MISSING.
T  INDICATES TRACE AMOUNT.




$$
