000
CDUS42 KMLB 260642
CLIDAB


CLIMATE REPORT
NATIONAL WEATHER SERVICE MELBOURNE FL
241 AM EDT SAT JUL 26 2014


...................................

...THE DAYTONA BEACH CLIMATE SUMMARY FOR JULY 25 2014...

CLIMATE NORMAL PERIOD 1981 TO 2010
CLIMATE RECORD PERIOD 1923 TO 2014


WEATHER ITEM   OBSERVED TIME   RECORD YEAR NORMAL DEPARTURE LAST
                VALUE   (LST)  VALUE       VALUE  FROM      YEAR
                                                  NORMAL
..................................................................
TEMPERATURE (F)
 YESTERDAY
  MAXIMUM         92   1226 PM  99    1983  91      1       90
  MINIMUM         74   1159 PM  68    1965  73      1       76
                                      1951
                                      1939
  AVERAGE         83                        82      1       83

PRECIPITATION (IN)
  YESTERDAY        0.84          1.65 1966   0.19   0.65      T
  MONTH TO DATE    7.13                      4.67   2.46     6.39
  SINCE JUN 1     10.88                     10.50   0.38    13.79
  SINCE JAN 1     30.63                     25.57   5.06    28.62

SNOWFALL (IN)
  YESTERDAY        0.0
  MONTH TO DATE    0.0
  SINCE JUL 1      0.0

DEGREE DAYS
 HEATING
  YESTERDAY        0                         0      0        0
  MONTH TO DATE    0                         0      0        0
  SINCE JUN 1      0                         0      0        0
  SINCE JUL 1      0                         0      0        0

 COOLING
  YESTERDAY       18                        17      1       18
  MONTH TO DATE  405                       414     -9      405
  SINCE JUN 1    853                       861     -8      893
  SINCE JAN 1   1519                      1462     57     1545
..................................................................


WIND (MPH)
  HIGHEST WIND SPEED    29   HIGHEST WIND DIRECTION     W (280)
  HIGHEST GUST SPEED    47   HIGHEST GUST DIRECTION     W (270)
  AVERAGE WIND SPEED     5.5


SKY COVER
  AVERAGE SKY COVER 0.5


WEATHER CONDITIONS
 THE FOLLOWING WEATHER WAS RECORDED YESTERDAY.
  THUNDERSTORM
  HEAVY RAIN
  RAIN
  FOG


RELATIVE HUMIDITY (PERCENT)
 HIGHEST   100           100 AM
 LOWEST     56          1200 PM
 AVERAGE    78

..........................................................


THE DAYTONA BEACH CLIMATE NORMALS FOR TODAY
                         NORMAL    RECORD    YEAR
 MAXIMUM TEMPERATURE (F)   91        97      1992
 MINIMUM TEMPERATURE (F)   73        66      1939


SUNRISE AND SUNSET
JULY 26 2014..........SUNRISE   641 AM EDT   SUNSET   820 PM EDT
JULY 27 2014..........SUNRISE   642 AM EDT   SUNSET   819 PM EDT


-  INDICATES NEGATIVE NUMBERS.
R  INDICATES RECORD WAS SET OR TIED.
MM INDICATES DATA IS MISSING.
T  INDICATES TRACE AMOUNT.




$$
