000
CDUS42 KMLB 300635
CLIDAB


CLIMATE REPORT
NATIONAL WEATHER SERVICE MELBOURNE FL
235 AM EDT SUN APR 30 2017


...................................

...THE DAYTONA BEACH CLIMATE SUMMARY FOR APRIL 29 2017...

CLIMATE NORMAL PERIOD 1981 TO 2010
CLIMATE RECORD PERIOD 1923 TO 2017


WEATHER ITEM   OBSERVED TIME   RECORD YEAR NORMAL DEPARTURE LAST
                VALUE   (LST)  VALUE       VALUE  FROM      YEAR
                                                  NORMAL
..................................................................
TEMPERATURE (F)
 YESTERDAY
  MAXIMUM         85    257 PM  94    1968  82      3       85
  MINIMUM         74    618 AM  45    1928  61     13       68
  AVERAGE         80                        71      9       77

PRECIPITATION (IN)
  YESTERDAY        0.00          2.06 2014   0.05  -0.05     0.00
  MONTH TO DATE    1.22                      2.13  -0.91     2.16
  SINCE MAR 1      2.29                      6.37  -4.08     3.59
  SINCE JAN 1      6.30                     11.89  -5.59    14.30

SNOWFALL (IN)
  YESTERDAY        0.0
  MONTH TO DATE    0.0
  SINCE JUL 1      0.0

DEGREE DAYS
 HEATING
  YESTERDAY        0                         0      0        0
  MONTH TO DATE   13                        27    -14        5
  SINCE MAR 1     95                       124    -29       43
  SINCE JUL 1    401                       806   -405      508

 COOLING
  YESTERDAY       15                         7      8       12
  MONTH TO DATE  210                       138     72      191
  SINCE MAR 1    331                       215    116      371
  SINCE JAN 1    451                       280    171      421
..................................................................


WIND (MPH)
  HIGHEST WIND SPEED   173   HIGHEST WIND DIRECTION     E (90)
  HIGHEST GUST SPEED   173   HIGHEST GUST DIRECTION     E (90)
  AVERAGE WIND SPEED     7.9


SKY COVER
  AVERAGE SKY COVER 0.6


WEATHER CONDITIONS
 THE FOLLOWING WEATHER WAS RECORDED YESTERDAY.
  NO SIGNIFICANT WEATHER WAS OBSERVED.


RELATIVE HUMIDITY (PERCENT)
 HIGHEST   100           400 AM
 LOWEST     59           300 PM
 AVERAGE    80

..........................................................


THE DAYTONA BEACH CLIMATE NORMALS FOR TODAY
                         NORMAL    RECORD    YEAR
 MAXIMUM TEMPERATURE (F)   82        92      1953
 MINIMUM TEMPERATURE (F)   61        45      1940


SUNRISE AND SUNSET
APRIL 30 2017.........SUNRISE   643 AM EDT   SUNSET   800 PM EDT
MAY  1 2017...........SUNRISE   642 AM EDT   SUNSET   801 PM EDT


-  INDICATES NEGATIVE NUMBERS.
R  INDICATES RECORD WAS SET OR TIED.
MM INDICATES DATA IS MISSING.
T  INDICATES TRACE AMOUNT.




$$
