000
CDUS42 KMLB 300626
CLIDAB


CLIMATE REPORT
NATIONAL WEATHER SERVICE MELBOURNE FL
226 AM EDT MON MAY 30 2016


...................................

...THE DAYTONA BEACH CLIMATE SUMMARY FOR MAY 29 2016...

CLIMATE NORMAL PERIOD 1981 TO 2010
CLIMATE RECORD PERIOD 1923 TO 2016


WEATHER ITEM   OBSERVED TIME   RECORD YEAR NORMAL DEPARTURE LAST
                VALUE   (LST)  VALUE       VALUE  FROM      YEAR
                                                  NORMAL
..................................................................
TEMPERATURE (F)
 YESTERDAY
  MAXIMUM         89   1146 AM  95    1990  87      2       85
                                      1973
                                      1924
  MINIMUM         68    502 AM  53    1935  69     -1       71
  AVERAGE         79                        78      1       78

PRECIPITATION (IN)
  YESTERDAY        0.00          2.61 1983   0.16  -0.16     0.01
  MONTH TO DATE    4.52                      2.80   1.72     2.61
  SINCE MAR 1      8.11                      9.22  -1.11     8.90
  SINCE JAN 1     18.82                     14.74   4.08    14.33

SNOWFALL (IN)
  YESTERDAY        0.0
  MONTH TO DATE    0.0
  SINCE JUL 1      0.0

DEGREE DAYS
 HEATING
  YESTERDAY        0                         0      0        0
  MONTH TO DATE    0                         0      0        0
  SINCE MAR 1     43                       125    -82       35
  SINCE JUL 1    508                       807   -299      682

 COOLING
  YESTERDAY       14                        13      1       13
  MONTH TO DATE  309                       287     22      342
  SINCE MAR 1    693                       509    184      847
  SINCE JAN 1    743                       574    169      887
..................................................................


WIND (MPH)
  HIGHEST WIND SPEED    13   HIGHEST WIND DIRECTION     E (80)
  HIGHEST GUST SPEED    16   HIGHEST GUST DIRECTION    NE (50)
  AVERAGE WIND SPEED     6.0


SKY COVER
  AVERAGE SKY COVER 0.4


WEATHER CONDITIONS
 THE FOLLOWING WEATHER WAS RECORDED YESTERDAY.
  THUNDERSTORM


RELATIVE HUMIDITY (PERCENT)
 HIGHEST   100           200 AM
 LOWEST     50          1200 PM
 AVERAGE    75

..........................................................


THE DAYTONA BEACH CLIMATE NORMALS FOR TODAY
                         NORMAL    RECORD    YEAR
 MAXIMUM TEMPERATURE (F)   87        98      1945
 MINIMUM TEMPERATURE (F)   69        53      1935


SUNRISE AND SUNSET
MAY 30 2016...........SUNRISE   626 AM EDT   SUNSET   818 PM EDT
MAY 31 2016...........SUNRISE   626 AM EDT   SUNSET   819 PM EDT


-  INDICATES NEGATIVE NUMBERS.
R  INDICATES RECORD WAS SET OR TIED.
MM INDICATES DATA IS MISSING.
T  INDICATES TRACE AMOUNT.




$$
