000
CDUS41 KRNK 160924
CLIDAN


CLIMATE REPORT
NATIONAL WEATHER SERVICE BLACKSBURG VA
521 AM EDT WED APR 16 2014


...................................

...THE DANVILLE VA CLIMATE SUMMARY FOR APRIL 15 2014...

CLIMATE NORMAL PERIOD 1981 TO 2010
CLIMATE RECORD PERIOD 1948 TO 2014


WEATHER ITEM   OBSERVED TIME   RECORD YEAR NORMAL DEPARTURE LAST
                VALUE   (LST)  VALUE       VALUE  FROM      YEAR
                                                  NORMAL
..................................................................
TEMPERATURE (F)
 YESTERDAY
  MAXIMUM         69    135 PM  91    2006  70     -1       70
  MINIMUM         36   1159 PM  28    1950  47    -11       55
  AVERAGE         53                        58     -5

PRECIPITATION (IN)
  YESTERDAY        1.19          2.01 2007   0.10   1.09     0.16
  MONTH TO DATE    2.93                      1.83   1.10     1.96
  SINCE MAR 1      6.13                      5.94   0.19     4.51
  SINCE JAN 1     11.25                     12.37  -1.12    14.32

SNOWFALL (IN)
  YESTERDAY        0.0
  MONTH TO DATE    0.0
  SINCE MAR 1      5.5
  SINCE JUL 1     13.4
  SNOW DEPTH       0

DEGREE DAYS
 HEATING
  YESTERDAY       12                         8      4
  MONTH TO DATE   84                       145    -61
  SINCE MAR 1    729                       655     74
  SINCE JUL 1   3734                      3656     78

 COOLING
  YESTERDAY        0                         1     -1
  MONTH TO DATE   13                        14     -1
  SINCE MAR 1     13                        17     -4
  SINCE JAN 1     13                        17     -4
..................................................................


WIND (MPH)
  HIGHEST WIND SPEED    24   HIGHEST WIND DIRECTION    NW (320)
  HIGHEST GUST SPEED    33   HIGHEST GUST DIRECTION     N (350)
  AVERAGE WIND SPEED    10.9


SKY COVER
  POSSIBLE SUNSHINE  MM
  AVERAGE SKY COVER 0.9


WEATHER CONDITIONS
 THE FOLLOWING WEATHER WAS RECORDED YESTERDAY.
  HEAVY RAIN
  RAIN
  LIGHT RAIN
  FOG


RELATIVE HUMIDITY (PERCENT)
 HIGHEST    93           500 AM
 LOWEST     54          1000 PM
 AVERAGE    74

..........................................................


THE DANVILLE VA CLIMATE NORMALS FOR TODAY
                         NORMAL    RECORD    YEAR
 MAXIMUM TEMPERATURE (F)   70        92      2002
 MINIMUM TEMPERATURE (F)   47        27      1950


SUNRISE AND SUNSET
APRIL 16 2014.........SUNRISE   642 AM EDT   SUNSET   752 PM EDT
APRIL 17 2014.........SUNRISE   641 AM EDT   SUNSET   753 PM EDT


-  INDICATES NEGATIVE NUMBERS.
R  INDICATES RECORD WAS SET OR TIED.
MM INDICATES DATA IS MISSING.
T  INDICATES TRACE AMOUNT.


REMARKS:
DUE TO A POWER FAILURE CAUSING A MISSING LOW TEMPERATURE ON
JANUARY 22...THE SEASONAL TOTAL AND DEPARTURE FROM NORMAL FOR HDD
WILL BE CALCULATED WITHOUT DATA FROM THAT DATE.


$$
