756
CDUS41 KRNK 280813
CLIDAN


CLIMATE REPORT
NATIONAL WEATHER SERVICE BLACKSBURG VA
411 AM EDT TUE MAR 28 2017


...................................

...THE DANVILLE VA CLIMATE SUMMARY FOR MARCH 27 2017...

CLIMATE NORMAL PERIOD 1981 TO 2010
CLIMATE RECORD PERIOD 1948 TO 2017


WEATHER ITEM   OBSERVED TIME   RECORD YEAR NORMAL DEPARTURE LAST
                VALUE   (LST)  VALUE       VALUE  FROM      YEAR
                                                  NORMAL
..................................................................
TEMPERATURE (F)
 YESTERDAY
  MAXIMUM         76    400 PM  86    1950  63     13       56
  MINIMUM         55    252 AM  19    1955  41     14       51
  AVERAGE         66                        52     14       54

PRECIPITATION (IN)
  YESTERDAY        0.15          0.84 2016   0.16  -0.01     0.84
  MONTH TO DATE    1.54                      3.45  -1.91     1.90
  SINCE MAR 1      1.54                      3.45  -1.91     1.90
  SINCE JAN 1      6.31                      9.88  -3.57     8.75

SNOWFALL (IN)
  YESTERDAY        0.0                                       0.0
  MONTH TO DATE    T                                         0.0
  SINCE MAR 1      T                                         0.0
  SINCE JUL 1      8.8                                      11.1
  SNOW DEPTH       0

DEGREE DAYS
 HEATING
  YESTERDAY        0                        13    -13       11
  MONTH TO DATE  463                       461      2      266
  SINCE MAR 1    463                       461      2      266
  SINCE JUL 1   2919                      3462   -543     2728

 COOLING
  YESTERDAY        1                         0      1        0
  MONTH TO DATE    2                         0      2       21
  SINCE MAR 1      2                         0      2       21
  SINCE JAN 1      7                         0      7       21
..................................................................


WIND (MPH)
  HIGHEST WIND SPEED    15   HIGHEST WIND DIRECTION    SW (220)
  HIGHEST GUST SPEED    22   HIGHEST GUST DIRECTION    NW (310)
  AVERAGE WIND SPEED     4.5


SKY COVER
  AVERAGE SKY COVER 0.3


WEATHER CONDITIONS
 THE FOLLOWING WEATHER WAS RECORDED YESTERDAY.
  LIGHT RAIN
  FOG


RELATIVE HUMIDITY (PERCENT)
 HIGHEST    78           700 PM
 LOWEST     54           400 PM
 AVERAGE    66

..........................................................


THE DANVILLE VA CLIMATE NORMALS FOR TODAY
                         NORMAL    RECORD    YEAR
 MAXIMUM TEMPERATURE (F)   63        84      2007
                                             1989
 MINIMUM TEMPERATURE (F)   42        23      2001


SUNRISE AND SUNSET
MARCH 28 2017.........SUNRISE   709 AM EDT   SUNSET   736 PM EDT
MARCH 29 2017.........SUNRISE   707 AM EDT   SUNSET   737 PM EDT


-  INDICATES NEGATIVE NUMBERS.
R  INDICATES RECORD WAS SET OR TIED.
MM INDICATES DATA IS MISSING.
T  INDICATES TRACE AMOUNT.




$$
