000
CDUS41 KRNK 282151
CLIDAN


CLIMATE REPORT
NATIONAL WEATHER SERVICE BLACKSBURG VA
449 PM EST SAT FEB 28 2015


...................................

...THE DANVILLE VA CLIMATE SUMMARY FOR FEBRUARY 28 2015...
VALID TODAY AS OF 0400 PM LOCAL TIME.

CLIMATE NORMAL PERIOD 1981 TO 2010
CLIMATE RECORD PERIOD 1948 TO 2015


WEATHER ITEM   OBSERVED TIME   RECORD YEAR NORMAL DEPARTURE LAST
                VALUE   (LST)  VALUE       VALUE  FROM      YEAR
                                                  NORMAL
..................................................................
TEMPERATURE (F)
 TODAY
  MAXIMUM         36    442 PM  76    1962  54    -18       41
  MINIMUM         22    542 AM  16    1968  34    -12       24
  AVERAGE         29                        44    -15

PRECIPITATION (IN)
  TODAY            0.00          1.04 1989   0.10  -0.10     0.00
  MONTH TO DATE    2.28                      3.01  -0.73     1.83
  SINCE DEC 1      6.46                      9.70  -3.24     9.35
  SINCE JAN 1      3.79                      6.43  -2.64     5.12

SNOWFALL (IN)
  TODAY            0.0
  MONTH TO DATE    9.8
  SINCE DEC 1      9.8
  SINCE JUL 1      9.8
  SNOW DEPTH      MM

DEGREE DAYS
 HEATING
  TODAY           36                        21     15
  MONTH TO DATE  840                       674    166
  SINCE DEC 1   2334                      2292     42
  SINCE JUL 1   3094                      3001     93

 COOLING
  TODAY            0                         0      0
  MONTH TO DATE    0                         0      0
  SINCE DEC 1      0                         0      0
  SINCE JAN 1      0                         0      0
..................................................................


WIND (MPH)
  HIGHEST WIND SPEED    13   HIGHEST WIND DIRECTION    NE (40)
  HIGHEST GUST SPEED    16   HIGHEST GUST DIRECTION     E (80)
  AVERAGE WIND SPEED     6.3


SKY COVER
  POSSIBLE SUNSHINE  MM
  AVERAGE SKY COVER 0.2


WEATHER CONDITIONS
 THE FOLLOWING WEATHER WAS RECORDED TODAY.
  NO SIGNIFICANT WEATHER WAS OBSERVED.


RELATIVE HUMIDITY (PERCENT)
 HIGHEST    68           500 AM
 LOWEST     35           300 PM
 AVERAGE    52

..........................................................


THE DANVILLE VA CLIMATE NORMALS FOR TOMORROW
                         NORMAL    RECORD    YEAR
 MAXIMUM TEMPERATURE (F)   54        80      1972
 MINIMUM TEMPERATURE (F)   34        17      2002


SUNRISE AND SUNSET
FEBRUARY 28 2015......SUNRISE   650 AM EST   SUNSET   611 PM EST
MARCH  1 2015.........SUNRISE   648 AM EST   SUNSET   612 PM EST


-  INDICATES NEGATIVE NUMBERS.
R  INDICATES RECORD WAS SET OR TIED.
MM INDICATES DATA IS MISSING.
T  INDICATES TRACE AMOUNT.

REMARKS:
DUE TO AN EQUIPMENT FAILURE CAUSING MISSING TEMPERATURE DATA ON
FEBRUARY 15...ALL TEMPERATURE DATA AND HDD WILL BE CALCULATED
WITHOUT DATA FROM THIS DATE.


$$
