000
CDUS41 KRNK 212219
CLIDAN


CLIMATE REPORT
NATIONAL WEATHER SERVICE BLACKSBURG VA
513 PM EST WED FEB 21 2018


...................................

...THE DANVILLE VA CLIMATE SUMMARY FOR FEBRUARY 21 2018...
VALID TODAY AS OF 0500 PM LOCAL TIME.

CLIMATE NORMAL PERIOD 1981 TO 2010
CLIMATE RECORD PERIOD 1948 TO 2018


WEATHER ITEM   OBSERVED TIME   RECORD YEAR NORMAL DEPARTURE LAST
                VALUE   (LST)  VALUE       VALUE  FROM      YEAR
                                                  NORMAL
..................................................................
TEMPERATURE (F)
 TODAY
  MAXIMUM         79R   243 PM  75    2011  52     27       63
  MINIMUM         51    120 AM  11    1979  33     18       41
  AVERAGE         65                        42     23       52

PRECIPITATION (IN)
  TODAY            0.00          0.97 1954   0.09  -0.09     0.00
  MONTH TO DATE    2.27                      2.33  -0.06     0.69
  SINCE DEC 1      5.84                      9.02  -3.18     6.19
  SINCE JAN 1      5.10                      5.75  -0.65     4.57

SNOWFALL (IN)
  TODAY            0.0                                       0.0
  MONTH TO DATE    T                                          T
  SINCE DEC 1     13.7                                       8.8
  SINCE JUL 1     13.7                                       8.8
  SNOW DEPTH       0

DEGREE DAYS
 HEATING
  TODAY            0                        23    -23       13
  MONTH TO DATE  408                       521   -113      364
  SINCE DEC 1   1869                      2140   -271     1804
  SINCE JUL 1   2591                      2849   -258     2374

 COOLING
  TODAY            0                         0      0        0
  MONTH TO DATE    0                         0      0        5
  SINCE DEC 1      0                         0      0        5
  SINCE JAN 1      0                         0      0        5
..................................................................


WIND (MPH)
  HIGHEST WIND SPEED    18   HIGHEST WIND DIRECTION    SW (230)
  HIGHEST GUST SPEED    23   HIGHEST GUST DIRECTION    SW (230)
  AVERAGE WIND SPEED     5.7


SKY COVER
  AVERAGE SKY COVER 0.9


WEATHER CONDITIONS
 THE FOLLOWING WEATHER WAS RECORDED TODAY.
  FOG


RELATIVE HUMIDITY (PERCENT)
 HIGHEST   100          1200 AM
 LOWEST     56           300 PM
 AVERAGE    78

..........................................................


THE DANVILLE VA CLIMATE NORMALS FOR TOMORROW
                         NORMAL    RECORD    YEAR
 MAXIMUM TEMPERATURE (F)   52        73      1976
 MINIMUM TEMPERATURE (F)   33        10      1968


SUNRISE AND SUNSET
FEBRUARY 21 2018......SUNRISE   658 AM EST   SUNSET   604 PM EST
FEBRUARY 22 2018......SUNRISE   657 AM EST   SUNSET   605 PM EST


-  INDICATES NEGATIVE NUMBERS.
R  INDICATES RECORD WAS SET OR TIED.
MM INDICATES DATA IS MISSING.
T  INDICATES TRACE AMOUNT.

REMARKS:
DUE TO MISSING DATA FROM JANUARY 4-9 AND 21-22...ALL INFORMATION
WILL BE CALCULATED WITHOUT DATA FROM THESE DATES.

$$
