000
CDUS41 KRNK 290741
CLIDAN


CLIMATE REPORT
NATIONAL WEATHER SERVICE BLACKSBURG VA
337 AM EDT FRI MAY 29 2015


...................................

...THE DANVILLE VA CLIMATE SUMMARY FOR MAY 28 2015...

CLIMATE NORMAL PERIOD 1981 TO 2010
CLIMATE RECORD PERIOD 1948 TO 2015


WEATHER ITEM   OBSERVED TIME   RECORD YEAR NORMAL DEPARTURE LAST
                VALUE   (LST)  VALUE       VALUE  FROM      YEAR
                                                  NORMAL
..................................................................
TEMPERATURE (F)
 YESTERDAY
  MAXIMUM         89    152 PM  97    1965  80      9       89
  MINIMUM         66    529 AM  38    1961  60      6       64
  AVERAGE         78                        70      8       77

PRECIPITATION (IN)
  YESTERDAY        T             1.85 1996   0.14  -0.14     0.00
  MONTH TO DATE    1.09                      3.45  -2.36     4.48
  SINCE MAR 1      6.06                     11.02  -4.96    13.44
  SINCE JAN 1      9.85                     17.45  -7.60    18.56

SNOWFALL (IN)
  YESTERDAY        0.0                                       0.0
  MONTH TO DATE    0.0                                       0.0
  SINCE MAR 1      T                                         5.5
  SINCE JUL 1      9.8                                      13.4
  SNOW DEPTH       0

DEGREE DAYS
 HEATING
  YESTERDAY        0                         1     -1        0
  MONTH TO DATE   24                        66    -42       35
  SINCE MAR 1    680                       808   -128      889
  SINCE JUL 1   3774                      3809    -35     3894

 COOLING
  YESTERDAY       13                         5      8       12
  MONTH TO DATE  158                        92     66      131
  SINCE MAR 1    192                       126     66      146
  SINCE JAN 1    192                       126     66      146
..................................................................


WIND (MPH)
  HIGHEST WIND SPEED    16   HIGHEST WIND DIRECTION    NE (50)
  HIGHEST GUST SPEED    20   HIGHEST GUST DIRECTION    NE (50)
  AVERAGE WIND SPEED     4.5


SKY COVER
  AVERAGE SKY COVER 0.3


WEATHER CONDITIONS
 THE FOLLOWING WEATHER WAS RECORDED YESTERDAY.
  THUNDERSTORM
  LIGHT RAIN
  FOG


RELATIVE HUMIDITY (PERCENT)
 HIGHEST    93           200 AM
 LOWEST     46           100 PM
 AVERAGE    70

..........................................................


THE DANVILLE VA CLIMATE NORMALS FOR TODAY
                         NORMAL    RECORD    YEAR
 MAXIMUM TEMPERATURE (F)   80        93      1967
 MINIMUM TEMPERATURE (F)   60        45      2008


SUNRISE AND SUNSET
MAY 29 2015...........SUNRISE   602 AM EDT   SUNSET   828 PM EDT
MAY 30 2015...........SUNRISE   601 AM EDT   SUNSET   829 PM EDT


-  INDICATES NEGATIVE NUMBERS.
R  INDICATES RECORD WAS SET OR TIED.
MM INDICATES DATA IS MISSING.
T  INDICATES TRACE AMOUNT.

REMARKS:
DUE TO EQUIPMENT FAILURE RESULTING IN MISSING TEMPERATURE DATA ON
FEBRUARY 15...THE SEASONAL TOTAL AND DEPARTURE FROM NORMAL FOR HDD
WILL BE CALCULATED WITHOUT DATA FROM THIS DATE. ALSO...DUE TO A
TIPPING BUCKET FAILURE RESULTING IN MISSING PRECIPITATION DATA ON
MARCH 14 AND 19-20...THE SEASONAL AND ANNUAL TOTALS AND DEPARTURES
FROM NORMAL FOR PRECIPITATION WILL BE CALCULATED WITHOUT DATA FROM
THESE DATES.

$$
