000
CDUS41 KRNK 262109
CLIDAN


CLIMATE REPORT
NATIONAL WEATHER SERVICE BLACKSBURG VA
506 PM EDT FRI MAY 26 2017


...................................

...THE DANVILLE VA CLIMATE SUMMARY FOR MAY 26 2017...
VALID TODAY AS OF 0500 PM LOCAL TIME.

CLIMATE NORMAL PERIOD 1981 TO 2010
CLIMATE RECORD PERIOD 1948 TO 2017


WEATHER ITEM   OBSERVED TIME   RECORD YEAR NORMAL DEPARTURE LAST
                VALUE   (LST)  VALUE       VALUE  FROM      YEAR
                                                  NORMAL
..................................................................
TEMPERATURE (F)
 TODAY
  MAXIMUM         80    353 PM  96    1953  79      1       86
  MINIMUM         55    514 AM  44    2013  59     -4       58
                                      1963
  AVERAGE         68                        69     -1       72

PRECIPITATION (IN)
  TODAY            0.00          1.20 2001   0.14  -0.14     0.00
  MONTH TO DATE    5.93                      3.18   2.75     7.22
  SINCE MAR 1     16.12                     10.75   5.37    12.35
  SINCE JAN 1     20.89                     17.18   3.71    19.20

SNOWFALL (IN)
  TODAY            0.0                                       0.0
  MONTH TO DATE    0.0                                       0.0
  SINCE MAR 1      T                                         0.0
  SINCE JUL 1      8.8                                      11.1
  SNOW DEPTH       0

DEGREE DAYS
 HEATING
  TODAY            0                         1     -1        0
  MONTH TO DATE   72                        64      8       79
  SINCE MAR 1    686                       806   -120      599
  SINCE JUL 1   3142                      3807   -665     3061

 COOLING
  TODAY            3                         5     -2        7
  MONTH TO DATE   74                        82     -8       51
  SINCE MAR 1    152                       116     36       98
  SINCE JAN 1    157                       116     41       98
..................................................................


WIND (MPH)
  HIGHEST WIND SPEED    17   HIGHEST WIND DIRECTION     W (270)
  HIGHEST GUST SPEED    27   HIGHEST GUST DIRECTION     W (250)
  AVERAGE WIND SPEED    10.9


SKY COVER
  AVERAGE SKY COVER 0.2


WEATHER CONDITIONS
 THE FOLLOWING WEATHER WAS RECORDED TODAY.
  NO SIGNIFICANT WEATHER WAS OBSERVED.


RELATIVE HUMIDITY (PERCENT)
 HIGHEST    93           500 AM
 LOWEST     48           200 PM
 AVERAGE    71

..........................................................


THE DANVILLE VA CLIMATE NORMALS FOR TOMORROW
                         NORMAL    RECORD    YEAR
 MAXIMUM TEMPERATURE (F)   80        98      1965
 MINIMUM TEMPERATURE (F)   59        31      1961


SUNRISE AND SUNSET
MAY 26 2017...........SUNRISE   603 AM EDT   SUNSET   826 PM EDT
MAY 27 2017...........SUNRISE   602 AM EDT   SUNSET   827 PM EDT


-  INDICATES NEGATIVE NUMBERS.
R  INDICATES RECORD WAS SET OR TIED.
MM INDICATES DATA IS MISSING.
T  INDICATES TRACE AMOUNT.


$$

PW
