413
CDUS41 KRNK 121026
CLIDAN


CLIMATE REPORT
NATIONAL WEATHER SERVICE BLACKSBURG VA
506 AM EST TUE DEC 12 2017


...................................

...THE DANVILLE VA CLIMATE SUMMARY FOR DECEMBER 11 2017...

CLIMATE NORMAL PERIOD 1981 TO 2010
CLIMATE RECORD PERIOD 1948 TO 2017


WEATHER ITEM   OBSERVED TIME   RECORD YEAR NORMAL DEPARTURE LAST
                VALUE   (LST)  VALUE       VALUE  FROM      YEAR
                                                  NORMAL
..................................................................
TEMPERATURE (F)
 YESTERDAY
  MAXIMUM         49    422 PM  72    2015  51     -2       45
  MINIMUM         23    757 AM  14    1962  31     -8       19
  AVERAGE         36                        41     -5       32

PRECIPITATION (IN)
  YESTERDAY        0.00          2.04 2008   0.11  -0.11      T
  MONTH TO DATE    0.61                      1.25  -0.64     1.28
  SINCE DEC 1      0.61                      1.25  -0.64     1.28
  SINCE JAN 1     42.30                     42.39  -0.09    46.49

SNOWFALL (IN)
  YESTERDAY        0.0                                       0.0
  MONTH TO DATE    4.9                                       0.0
  SINCE DEC 1      4.9                                       0.0
  SINCE JUL 1      4.9                                       0.0
  SNOW DEPTH      MM

DEGREE DAYS
 HEATING
  YESTERDAY       29                        24      5       33
  MONTH TO DATE  253                       251      2      271
  SINCE DEC 1    253                       251      2      271
  SINCE JUL 1    975                       960     15      841

 COOLING
  YESTERDAY        0                         0      0        0
  MONTH TO DATE    0                         0      0        0
  SINCE DEC 1      0                         0      0        0
  SINCE JAN 1   1401                      1439    -38     1651
..................................................................


WIND (MPH)
  HIGHEST WIND SPEED    12   HIGHEST WIND DIRECTION    SW (230)
  HIGHEST GUST SPEED    15   HIGHEST GUST DIRECTION    SW (230)
  AVERAGE WIND SPEED     4.2


SKY COVER
  AVERAGE SKY COVER 0.0


WEATHER CONDITIONS
 THE FOLLOWING WEATHER WAS RECORDED YESTERDAY.
  NO SIGNIFICANT WEATHER WAS OBSERVED.


RELATIVE HUMIDITY (PERCENT)
 HIGHEST    96           700 AM
 LOWEST     46           200 PM
 AVERAGE    71

..........................................................


THE DANVILLE VA CLIMATE NORMALS FOR TODAY
                         NORMAL    RECORD    YEAR
 MAXIMUM TEMPERATURE (F)   50        79      2007
 MINIMUM TEMPERATURE (F)   31         2      1958


SUNRISE AND SUNSET
DECEMBER 12 2017......SUNRISE   720 AM EST   SUNSET   502 PM EST
DECEMBER 13 2017......SUNRISE   721 AM EST   SUNSET   502 PM EST


-  INDICATES NEGATIVE NUMBERS.
R  INDICATES RECORD WAS SET OR TIED.
MM INDICATES DATA IS MISSING.
T  INDICATES TRACE AMOUNT.

REMARKS:
DUE TO MISSING RAINFALL ON AUGUST 21-24...ALL PRECIPITATION DATA
WILL BE CALCULATED WITHOUT DATA FROM THESE DATES.


$$
