000
CDUS41 KRNK 270617
CLIDAN


CLIMATE REPORT
NATIONAL WEATHER SERVICE BLACKSBURG VA
217 AM EDT TUE SEP 27 2016


...................................

...THE DANVILLE VA CLIMATE SUMMARY FOR SEPTEMBER 26 2016...

CLIMATE NORMAL PERIOD 1981 TO 2010
CLIMATE RECORD PERIOD 1948 TO 2016


WEATHER ITEM   OBSERVED TIME   RECORD YEAR NORMAL DEPARTURE LAST
                VALUE   (LST)  VALUE       VALUE  FROM      YEAR
                                                  NORMAL
..................................................................
TEMPERATURE (F)
 YESTERDAY
  MAXIMUM         75    332 PM  94    1970  76     -1       67
  MINIMUM         65    716 AM  38    1950  56      9       62
  AVERAGE         70                        66      4       65

PRECIPITATION (IN)
  YESTERDAY        0.14          1.73 1989   0.13   0.01     1.17
  MONTH TO DATE    1.27                      3.42  -2.15     6.25
  SINCE SEP 1      1.27                      3.42  -2.15     6.25
  SINCE JAN 1     37.53                     33.71   3.82    34.55

SNOWFALL (IN)
  YESTERDAY        0.0                                       0.0
  MONTH TO DATE    0.0                                       0.0
  SINCE SEP 1      0.0                                       0.0
  SINCE JUL 1      0.0                                       0.0
  SNOW DEPTH       0

DEGREE DAYS
 HEATING
  YESTERDAY        0                         2     -2        0
  MONTH TO DATE    0                        17    -17        6
  SINCE SEP 1      0                        17    -17        6
  SINCE JUL 1      0                        17    -17        6

 COOLING
  YESTERDAY        5                         3      2        0
  MONTH TO DATE  271                       165    106      192
  SINCE SEP 1    271                       165    106      192
  SINCE JAN 1   1576                      1392    184     1586
..................................................................


WIND (MPH)
  HIGHEST WIND SPEED    10   HIGHEST WIND DIRECTION    SW (220)
  HIGHEST GUST SPEED    19   HIGHEST GUST DIRECTION     S (170)
  AVERAGE WIND SPEED     3.4


SKY COVER
  AVERAGE SKY COVER 0.8


WEATHER CONDITIONS
 THE FOLLOWING WEATHER WAS RECORDED YESTERDAY.
  LIGHT RAIN
  FOG


RELATIVE HUMIDITY (PERCENT)
 HIGHEST   100           900 PM
 LOWEST     73          1000 AM
 AVERAGE    87

..........................................................


THE DANVILLE VA CLIMATE NORMALS FOR TODAY
                         NORMAL    RECORD    YEAR
 MAXIMUM TEMPERATURE (F)   76        94      1986
 MINIMUM TEMPERATURE (F)   56        42      2001


SUNRISE AND SUNSET
SEPTEMBER 27 2016.....SUNRISE   710 AM EDT   SUNSET   706 PM EDT
SEPTEMBER 28 2016.....SUNRISE   710 AM EDT   SUNSET   704 PM EDT


-  INDICATES NEGATIVE NUMBERS.
R  INDICATES RECORD WAS SET OR TIED.
MM INDICATES DATA IS MISSING.
T  INDICATES TRACE AMOUNT.




$$
