000
CDUS41 KRNK 251038
CLIDAN


CLIMATE REPORT
NATIONAL WEATHER SERVICE BLACKSBURG VA
528 AM EST SUN JAN 25 2015


...................................

...THE DANVILLE VA CLIMATE SUMMARY FOR JANUARY 24 2015...

CLIMATE NORMAL PERIOD 1981 TO 2010
CLIMATE RECORD PERIOD 1948 TO 2015


WEATHER ITEM   OBSERVED TIME   RECORD YEAR NORMAL DEPARTURE LAST
                VALUE   (LST)  VALUE       VALUE  FROM      YEAR
                                                  NORMAL
..................................................................
TEMPERATURE (F)
 YESTERDAY
  MAXIMUM         48    315 PM  76    1967  46      2       26
  MINIMUM         33   1006 PM   4    1963  29      4        9
  AVERAGE         41                        38      3

PRECIPITATION (IN)
  YESTERDAY        0.23          1.53 1999   0.12   0.11     0.00
  MONTH TO DATE    1.47                      2.60  -1.13     3.25
  SINCE DEC 1      4.14                      5.87  -1.73     7.48
  SINCE JAN 1      1.47                      2.60  -1.13     3.25

SNOWFALL (IN)
  YESTERDAY        0.0
  MONTH TO DATE    0.0
  SINCE DEC 1      T
  SINCE JUL 1      T
  SNOW DEPTH       0

DEGREE DAYS
 HEATING
  YESTERDAY       24                        27     -3
  MONTH TO DATE  637                       659    -22
  SINCE DEC 1   1298                      1432   -134
  SINCE JUL 1   2058                      2141    -83

 COOLING
  YESTERDAY        0                         0      0
  MONTH TO DATE    0                         0      0
  SINCE DEC 1      0                         0      0
  SINCE JAN 1      0                         0      0
..................................................................


WIND (MPH)
  HIGHEST WIND SPEED    20   HIGHEST WIND DIRECTION     W (280)
  HIGHEST GUST SPEED    28   HIGHEST GUST DIRECTION     W (290)
  AVERAGE WIND SPEED     7.8


SKY COVER
  POSSIBLE SUNSHINE  MM
  AVERAGE SKY COVER 0.6


WEATHER CONDITIONS
 THE FOLLOWING WEATHER WAS RECORDED YESTERDAY.
  LIGHT RAIN
  FOG


RELATIVE HUMIDITY (PERCENT)
 HIGHEST    92           400 AM
 LOWEST     45           500 PM
 AVERAGE    69

..........................................................


THE DANVILLE VA CLIMATE NORMALS FOR TODAY
                         NORMAL    RECORD    YEAR
 MAXIMUM TEMPERATURE (F)   47        79      1967
 MINIMUM TEMPERATURE (F)   30        10      1963


SUNRISE AND SUNSET
JANUARY 25 2015.......SUNRISE   724 AM EST   SUNSET   535 PM EST
JANUARY 26 2015.......SUNRISE   724 AM EST   SUNSET   537 PM EST


-  INDICATES NEGATIVE NUMBERS.
R  INDICATES RECORD WAS SET OR TIED.
MM INDICATES DATA IS MISSING.
T  INDICATES TRACE AMOUNT.




$$
