000
CDUS41 KILN 260554
CLIDAY


CLIMATE REPORT
NATIONAL WEATHER SERVICE WILMINGTON OH
153 AM EDT TUE SEP 26 2017


...................................

...THE DAYTON OH CLIMATE SUMMARY FOR SEPTEMBER 25 2017...

CLIMATE NORMAL PERIOD 1981 TO 2010
CLIMATE RECORD PERIOD 1869 TO 2017


WEATHER ITEM   OBSERVED TIME   RECORD YEAR NORMAL DEPARTURE LAST
                VALUE   (LST)  VALUE       VALUE  FROM      YEAR
                                                  NORMAL
..................................................................
TEMPERATURE (F)
 YESTERDAY
  MAXIMUM         88    246 PM  94    1908  72     16       84
                                      1900
  MINIMUM         62    649 AM  35    1903  51     11       56
  AVERAGE         75                        62     13       70

PRECIPITATION (IN)
  YESTERDAY        0.00          2.19 1993   0.10  -0.10     0.00
  MONTH TO DATE    2.16                      2.77  -0.61     1.90
  SINCE SEP 1      2.16                      2.77  -0.61     1.90
  SINCE JAN 1     39.27                     31.08   8.19    28.43

SNOWFALL (IN)
  YESTERDAY        0.0          MM      MM   0.0    0.0      0.0
  MONTH TO DATE    0.0                       0.0    0.0      0.0
  SINCE SEP 1      0.0                       0.0    0.0      0.0
  SINCE JUL 1      0.0                       0.0    0.0      0.0
  SNOW DEPTH       0

DEGREE DAYS
 HEATING
  YESTERDAY        0                         5     -5        0
  MONTH TO DATE   58                        58      0        0
  SINCE SEP 1     58                        58      0        0
  SINCE JUL 1     63                        60      3        3

 COOLING
  YESTERDAY       10                         2      8        5
  MONTH TO DATE  102                        92     10      175
  SINCE SEP 1    102                        92     10      175
  SINCE JAN 1    851                       874    -23     1203
..................................................................


WIND (MPH)
  RESULTANT WIND SPEED   2   RESULTANT WIND DIRECTION   S (190)
  HIGHEST WIND SPEED    10   HIGHEST WIND DIRECTION     S (180)
  HIGHEST GUST SPEED    12   HIGHEST GUST DIRECTION     S (180)
  AVERAGE WIND SPEED     3.0



WEATHER CONDITIONS
 THE FOLLOWING WEATHER WAS RECORDED YESTERDAY.
  NO SIGNIFICANT WEATHER WAS OBSERVED.


RELATIVE HUMIDITY (PERCENT)
 HIGHEST    78           300 AM
 LOWEST     40           200 PM
 AVERAGE    59

..........................................................


THE DAYTON OH CLIMATE NORMALS FOR TODAY
                         NORMAL    RECORD    YEAR
 MAXIMUM TEMPERATURE (F)   72        96      1900
 MINIMUM TEMPERATURE (F)   51        35      1940
                                             1928


SUNRISE AND SUNSET
SEPTEMBER 26 2017.....SUNRISE   728 AM EDT   SUNSET   727 PM EDT
SEPTEMBER 27 2017.....SUNRISE   729 AM EDT   SUNSET   725 PM EDT


-  INDICATES NEGATIVE NUMBERS.
R  INDICATES RECORD WAS SET OR TIED.
MM INDICATES DATA IS MISSING.
T  INDICATES TRACE AMOUNT.




$$
