000
CDUS41 KILN 210630
CLIDAY


CLIMATE REPORT
NATIONAL WEATHER SERVICE WILMINGTON OH
119 AM EST SUN JAN 21 2018


...................................

...THE DAYTON OH CLIMATE SUMMARY FOR JANUARY 20 2018...

CLIMATE NORMAL PERIOD 1981 TO 2010
CLIMATE RECORD PERIOD 1869 TO 2018


WEATHER ITEM   OBSERVED TIME   RECORD YEAR NORMAL DEPARTURE LAST
                VALUE   (LST)  VALUE       VALUE  FROM      YEAR
                                                  NORMAL
..................................................................
TEMPERATURE (F)
 YESTERDAY
  MAXIMUM         45    357 PM  69    1906  35     10       57
  MINIMUM         30    417 AM -24    1985  20     10       41
  AVERAGE         38                        27     11       49

PRECIPITATION (IN)
  YESTERDAY        T             1.44 1935   0.08  -0.08     0.69
  MONTH TO DATE    1.53                      1.83  -0.30     3.23
  SINCE DEC 1      3.07                      4.95  -1.88     6.22
  SINCE JAN 1      1.53                      1.83  -0.30     3.23

SNOWFALL (IN)
  YESTERDAY        0.0           6.1  1978   0.3   -0.3      0.0
  MONTH TO DATE    5.8                       5.1    0.7      1.2
  SINCE DEC 1     14.4                       9.6    4.8      5.3
  SINCE JUL 1     14.4                      10.6    3.8      5.3
  SNOW DEPTH       3

DEGREE DAYS
 HEATING
  YESTERDAY       27                        38    -11       16
  MONTH TO DATE  903                       754    149      642
  SINCE DEC 1   2016                      1802    214     1710
  SINCE JUL 1   3023                      2913    110     2483

 COOLING
  YESTERDAY        0                         0      0        0
  MONTH TO DATE    0                         0      0        0
  SINCE DEC 1      0                         0      0        0
  SINCE JAN 1      0                         0      0        0
..................................................................


WIND (MPH)
  RESULTANT WIND SPEED  12   RESULTANT WIND DIRECTION  SW (220)
  HIGHEST WIND SPEED    22   HIGHEST WIND DIRECTION    SW (220)
  HIGHEST GUST SPEED    30   HIGHEST GUST DIRECTION    SW (210)
  AVERAGE WIND SPEED    11.9



WEATHER CONDITIONS
 THE FOLLOWING WEATHER WAS RECORDED YESTERDAY.
  LIGHT RAIN
  FOG


RELATIVE HUMIDITY (PERCENT)
 HIGHEST   100          1100 PM
 LOWEST     59          1100 AM
 AVERAGE    80

..........................................................


THE DAYTON OH CLIMATE NORMALS FOR TODAY
                         NORMAL    RECORD    YEAR
 MAXIMUM TEMPERATURE (F)   35        75      1906
 MINIMUM TEMPERATURE (F)   20       -20      1984


SUNRISE AND SUNSET
JANUARY 21 2018.......SUNRISE   753 AM EST   SUNSET   543 PM EST
JANUARY 22 2018.......SUNRISE   753 AM EST   SUNSET   544 PM EST


-  INDICATES NEGATIVE NUMBERS.
R  INDICATES RECORD WAS SET OR TIED.
MM INDICATES DATA IS MISSING.
T  INDICATES TRACE AMOUNT.




$$
