000
CDUS41 KILN 300633
CLIDAY


CLIMATE REPORT
NATIONAL WEATHER SERVICE WILMINGTON OH
232 AM EDT SUN AUG 30 2015


...................................

...THE DAYTON OH CLIMATE SUMMARY FOR AUGUST 29 2015...

CLIMATE NORMAL PERIOD 1981 TO 2010
CLIMATE RECORD PERIOD 1869 TO 2015


WEATHER ITEM   OBSERVED TIME   RECORD YEAR NORMAL DEPARTURE LAST
                VALUE   (LST)  VALUE       VALUE  FROM      YEAR
                                                  NORMAL
..................................................................
TEMPERATURE (F)
 YESTERDAY
  MAXIMUM         85    430 PM  96    1953  82      3       86
  MINIMUM         62    100 AM  41    1986  61      1       64
  AVERAGE         74                        71      3       75

PRECIPITATION (IN)
  YESTERDAY        T             1.06 2003   0.11  -0.11     0.05
  MONTH TO DATE    1.75                      2.78  -1.03     2.81
  SINCE JUN 1     14.23                     11.06   3.17     9.57
  SINCE JAN 1     29.55                     28.10   1.45    27.65

SNOWFALL (IN)
  YESTERDAY        0.0                       0.0    0.0      0.0
  MONTH TO DATE    0.0                       0.0    0.0      0.0
  SINCE JUN 1      0.0                       0.0    0.0      0.0
  SINCE JUL 1      0.0                       0.0    0.0      0.0
  SNOW DEPTH       0

DEGREE DAYS
 HEATING
  YESTERDAY        0                         0      0        0
  MONTH TO DATE    9                         0      9        3
  SINCE JUN 1     29                        22      7        9
  SINCE JUL 1      9                         0      9        7

 COOLING
  YESTERDAY        9                         7      2       10
  MONTH TO DATE  171                       231    -60      260
  SINCE JUN 1    704                       700      4      715
  SINCE JAN 1    879                       770    109      844
..................................................................


WIND (MPH)
  RESULTANT WIND SPEED   6   RESULTANT WIND DIRECTION   S (200)
  HIGHEST WIND SPEED    14   HIGHEST WIND DIRECTION    SE (150)
  HIGHEST GUST SPEED    18   HIGHEST GUST DIRECTION     W (250)
  AVERAGE WIND SPEED     7.4



WEATHER CONDITIONS
 THE FOLLOWING WEATHER WAS RECORDED YESTERDAY.
  THUNDERSTORM
  LIGHT RAIN


RELATIVE HUMIDITY (PERCENT)
 HIGHEST    90           200 AM
 LOWEST     55           100 PM
 AVERAGE    73

..........................................................


THE DAYTON OH CLIMATE NORMALS FOR TODAY
                         NORMAL    RECORD    YEAR
 MAXIMUM TEMPERATURE (F)   81        96      1953
                                             1898
 MINIMUM TEMPERATURE (F)   61        43      1986
                                             1976


SUNRISE AND SUNSET
AUGUST 30 2015........SUNRISE   703 AM EDT   SUNSET   812 PM EDT
AUGUST 31 2015........SUNRISE   703 AM EDT   SUNSET   810 PM EDT


-  INDICATES NEGATIVE NUMBERS.
R  INDICATES RECORD WAS SET OR TIED.
MM INDICATES DATA IS MISSING.
T  INDICATES TRACE AMOUNT.




$$
