000
CDUS41 KILN 060533
CLIDAY


CLIMATE REPORT
NATIONAL WEATHER SERVICE WILMINGTON OH
1233 AM EST SAT FEB 6 2016


...................................

...THE DAYTON OH CLIMATE SUMMARY FOR FEBRUARY 5 2016...

CLIMATE NORMAL PERIOD 1981 TO 2010
CLIMATE RECORD PERIOD 1869 TO 2016


WEATHER ITEM   OBSERVED TIME   RECORD YEAR NORMAL DEPARTURE LAST
                VALUE   (LST)  VALUE       VALUE  FROM      YEAR
                                                  NORMAL
..................................................................
TEMPERATURE (F)
 YESTERDAY
  MAXIMUM         40    329 PM  65    1927  36      4       23
  MINIMUM         18    458 AM  -9    1979  21     -3        9
                                      1917
  AVERAGE         29                        29      0       16

PRECIPITATION (IN)
  YESTERDAY        0.00          1.43 1908   0.08  -0.08      T
  MONTH TO DATE    1.23                      0.41   0.82     0.51
  SINCE DEC 1      7.12                      6.24   0.88     6.27
  SINCE JAN 1      2.73                      3.12  -0.39     3.48

SNOWFALL (IN)
  YESTERDAY        0.0           7.7  2010   0.3   -0.3       T
  MONTH TO DATE    T                         1.2   -1.2      1.0
  SINCE DEC 1      5.0                      13.6   -8.6      8.8
  SINCE JUL 1      5.0                      14.6   -9.6     12.9
  SNOW DEPTH       0

DEGREE DAYS
 HEATING
  YESTERDAY       36                        36      0       49
  MONTH TO DATE  142                       182    -40      185
  SINCE DEC 1   1937                      2394   -457     2291
  SINCE JUL 1   2773                      3505   -732     3507

 COOLING
  YESTERDAY        0                         0      0        0
  MONTH TO DATE    0                         0      0        0
  SINCE DEC 1      0                         0      0        0
  SINCE JAN 1      0                         0      0        0
..................................................................


WIND (MPH)
  RESULTANT WIND SPEED   6   RESULTANT WIND DIRECTION  SW (220)
  HIGHEST WIND SPEED    17   HIGHEST WIND DIRECTION    SW (220)
  HIGHEST GUST SPEED    23   HIGHEST GUST DIRECTION    SW (220)
  AVERAGE WIND SPEED     7.4



WEATHER CONDITIONS
 THE FOLLOWING WEATHER WAS RECORDED YESTERDAY.
  NO SIGNIFICANT WEATHER WAS OBSERVED.


RELATIVE HUMIDITY (PERCENT)
 HIGHEST    92           300 AM
 LOWEST     40           400 PM
 AVERAGE    66

..........................................................


THE DAYTON OH CLIMATE NORMALS FOR TODAY
                         NORMAL    RECORD    YEAR
 MAXIMUM TEMPERATURE (F)   37        61      2008
                                             1925
 MINIMUM TEMPERATURE (F)   21        -8      1977


SUNRISE AND SUNSET
FEBRUARY  6 2016......SUNRISE   741 AM EST   SUNSET   602 PM EST
FEBRUARY  7 2016......SUNRISE   739 AM EST   SUNSET   603 PM EST


-  INDICATES NEGATIVE NUMBERS.
R  INDICATES RECORD WAS SET OR TIED.
MM INDICATES DATA IS MISSING.
T  INDICATES TRACE AMOUNT.




$$
