000
CDUS41 KILN 050530
CLIDAY


CLIMATE REPORT
NATIONAL WEATHER SERVICE WILMINGTON OH
1230 AM EST THU MAR 5 2015


...................................

...THE DAYTON OH CLIMATE SUMMARY FOR MARCH 4 2015...

CLIMATE NORMAL PERIOD 1981 TO 2010
CLIMATE RECORD PERIOD 1869 TO 2015


WEATHER ITEM   OBSERVED TIME   RECORD YEAR NORMAL DEPARTURE LAST
                VALUE   (LST)  VALUE       VALUE  FROM      YEAR
                                                  NORMAL
..................................................................
TEMPERATURE (F)
 YESTERDAY
  MAXIMUM         37    102 AM  77    1976  45     -8       33
  MINIMUM         21   1159 PM   1    2002  27     -6        6
  AVERAGE         29                        36     -7       20

PRECIPITATION (IN)
  YESTERDAY        0.39          2.87 1964   0.08   0.31     0.00
  MONTH TO DATE    1.10                      0.34   0.76     0.24
  SINCE MAR 1      1.10                      0.34   0.76     0.24
  SINCE JAN 1      5.46                      5.29   0.17     5.22

SNOWFALL (IN)
  YESTERDAY        0.5           3.3  1993   0.1    0.4      0.0
  MONTH TO DATE    5.0                       0.6    4.4      2.7
  SINCE MAR 1      5.0                       0.6    4.4      2.7
  SINCE JUL 1     27.0                      19.9    7.1     48.1
  SNOW DEPTH       2

DEGREE DAYS
 HEATING
  YESTERDAY       36                        29      7       45
  MONTH TO DATE  148                       118     30      168
  SINCE MAR 1    148                       118     30      168
  SINCE JUL 1   4711                      4393    318     4767

 COOLING
  YESTERDAY        0                         0      0        0
  MONTH TO DATE    0                         0      0        0
  SINCE MAR 1      0                         0      0        0
  SINCE JAN 1      0                         0      0        0
..................................................................


WIND (MPH)
  RESULTANT WIND SPEED   9   RESULTANT WIND DIRECTION  NW (310)
  HIGHEST WIND SPEED    23   HIGHEST WIND DIRECTION     N (350)
  HIGHEST GUST SPEED    27   HIGHEST GUST DIRECTION     N (350)
  AVERAGE WIND SPEED    10.3



WEATHER CONDITIONS
 THE FOLLOWING WEATHER WAS RECORDED YESTERDAY.
  RAIN
  LIGHT RAIN
  SNOW
  LIGHT SNOW
  FOG
  HAZE


RELATIVE HUMIDITY (PERCENT)
 HIGHEST   100           400 AM
 LOWEST     62          1000 PM
 AVERAGE    81

..........................................................


THE DAYTON OH CLIMATE NORMALS FOR TODAY
                         NORMAL    RECORD    YEAR
 MAXIMUM TEMPERATURE (F)   45        77      1983
 MINIMUM TEMPERATURE (F)   28        -1      1978


SUNRISE AND SUNSET
MARCH  5 2015.........SUNRISE   704 AM EST   SUNSET   633 PM EST
MARCH  6 2015.........SUNRISE   703 AM EST   SUNSET   634 PM EST


-  INDICATES NEGATIVE NUMBERS.
R  INDICATES RECORD WAS SET OR TIED.
MM INDICATES DATA IS MISSING.
T  INDICATES TRACE AMOUNT.




$$
