000
CDUS41 KILN 290543
CLIDAY


CLIMATE REPORT
NATIONAL WEATHER SERVICE WILMINGTON OH
142 AM EDT TUE JUL 29 2014


...................................

...THE DAYTON OH CLIMATE SUMMARY FOR JULY 28 2014...

CLIMATE NORMAL PERIOD 1981 TO 2010
CLIMATE RECORD PERIOD 1869 TO 2014


WEATHER ITEM   OBSERVED TIME   RECORD YEAR NORMAL DEPARTURE LAST
                VALUE   (LST)  VALUE       VALUE  FROM      YEAR
                                                  NORMAL
..................................................................
TEMPERATURE (F)
 YESTERDAY
  MAXIMUM         77    154 PM 102    1901  83     -6       71
  MINIMUM         56   1159 PM  53    2013  64     -8       53
  AVERAGE         67                        74     -7       62

PRECIPITATION (IN)
  YESTERDAY        0.00          1.66 1896   0.12  -0.12     0.00
  MONTH TO DATE    3.22                      3.78  -0.56     3.56
  SINCE JUN 1      6.75                      7.95  -1.20     6.68
  SINCE JAN 1     24.83                     24.99  -0.16    20.98

SNOWFALL (IN)
  YESTERDAY        0.0           0.0    MM   0.0    0.0      0.0
  MONTH TO DATE    0.0                       0.0    0.0      0.0
  SINCE JUN 1      0.0                       0.0    0.0      0.0
  SINCE JUL 1      0.0                       0.0    0.0      0.0
  SNOW DEPTH       0

DEGREE DAYS
 HEATING
  YESTERDAY        0                         0      0        3
  MONTH TO DATE    2                         0      2        3
  SINCE JUN 1      4                        22    -18       14
  SINCE JUL 1      2                         0      2        3

 COOLING
  YESTERDAY        2                         9     -7        0
  MONTH TO DATE  182                       252    -70      280
  SINCE JUN 1    445                       442      3      488
  SINCE JAN 1    574                       512     62      619
..................................................................


WIND (MPH)
  RESULTANT WIND SPEED  12   RESULTANT WIND DIRECTION  NW (310)
  HIGHEST WIND SPEED    21   HIGHEST WIND DIRECTION    NW (330)
  HIGHEST GUST SPEED    26   HIGHEST GUST DIRECTION     N (340)
  AVERAGE WIND SPEED    12.1



WEATHER CONDITIONS
 THE FOLLOWING WEATHER WAS RECORDED YESTERDAY.
  NO SIGNIFICANT WEATHER WAS OBSERVED.


RELATIVE HUMIDITY (PERCENT)
 HIGHEST    84           700 AM
 LOWEST     49           500 PM
 AVERAGE    67

..........................................................


THE DAYTON OH CLIMATE NORMALS FOR TODAY
                         NORMAL    RECORD    YEAR
 MAXIMUM TEMPERATURE (F)   83       100      1901
 MINIMUM TEMPERATURE (F)   64        51      1968


SUNRISE AND SUNSET
JULY 29 2014..........SUNRISE   633 AM EDT   SUNSET   853 PM EDT
JULY 30 2014..........SUNRISE   634 AM EDT   SUNSET   852 PM EDT


-  INDICATES NEGATIVE NUMBERS.
R  INDICATES RECORD WAS SET OR TIED.
MM INDICATES DATA IS MISSING.
T  INDICATES TRACE AMOUNT.




$$
