000
CDUS41 KILN 180540
CLIDAY


CLIMATE REPORT
NATIONAL WEATHER SERVICE WILMINGTON OH
1239 AM EST SAT NOV 18 2017


...................................

...THE DAYTON OH CLIMATE SUMMARY FOR NOVEMBER 17 2017...

CLIMATE NORMAL PERIOD 1981 TO 2010
CLIMATE RECORD PERIOD 1869 TO 2017


WEATHER ITEM   OBSERVED TIME   RECORD YEAR NORMAL DEPARTURE LAST
                VALUE   (LST)  VALUE       VALUE  FROM      YEAR
                                                  NORMAL
..................................................................
TEMPERATURE (F)
 YESTERDAY
  MAXIMUM         50   1159 PM  78    1958  51     -1       70
  MINIMUM         35    736 AM   9    1959  34      1       38
  AVERAGE         43                        42      1       54

PRECIPITATION (IN)
  YESTERDAY        T             2.00 1993   0.12  -0.12     0.00
  MONTH TO DATE    5.28                      1.85   3.43     0.07
  SINCE SEP 1     11.44                      8.08   3.36     5.25
  SINCE JAN 1     48.55                     36.39  12.16    31.78

SNOWFALL (IN)
  YESTERDAY        0.0           4.5  1980   0.0    0.0      0.0
  MONTH TO DATE    T                         0.2   -0.2      0.0
  SINCE SEP 1      T                         0.6   -0.6      0.0
  SINCE JUL 1      T                         0.6   -0.6      0.0
  SNOW DEPTH       0

DEGREE DAYS
 HEATING
  YESTERDAY       22                        23     -1       11
  MONTH TO DATE  357                       328     29      246
  SINCE SEP 1    697                       773    -76      484
  SINCE JUL 1    702                       775    -73      487

 COOLING
  YESTERDAY        0                         0      0        0
  MONTH TO DATE    0                         0      0        5
  SINCE SEP 1    150                       109     41      219
  SINCE JAN 1    899                       891      8     1247
..................................................................


WIND (MPH)
  RESULTANT WIND SPEED  10   RESULTANT WIND DIRECTION  SE (150)
  HIGHEST WIND SPEED    21   HIGHEST WIND DIRECTION     S (180)
  HIGHEST GUST SPEED    26   HIGHEST GUST DIRECTION     S (190)
  AVERAGE WIND SPEED    11.2



WEATHER CONDITIONS
 THE FOLLOWING WEATHER WAS RECORDED YESTERDAY.
  LIGHT RAIN


RELATIVE HUMIDITY (PERCENT)
 HIGHEST    89           900 AM
 LOWEST     60           200 PM
 AVERAGE    75

..........................................................


THE DAYTON OH CLIMATE NORMALS FOR TODAY
                         NORMAL    RECORD    YEAR
 MAXIMUM TEMPERATURE (F)   50        75      2016
                                             1930
 MINIMUM TEMPERATURE (F)   34        10      2014


SUNRISE AND SUNSET
NOVEMBER 18 2017......SUNRISE   725 AM EST   SUNSET   518 PM EST
NOVEMBER 19 2017......SUNRISE   727 AM EST   SUNSET   518 PM EST


-  INDICATES NEGATIVE NUMBERS.
R  INDICATES RECORD WAS SET OR TIED.
MM INDICATES DATA IS MISSING.
T  INDICATES TRACE AMOUNT.




$$
